Google
Edit File: tukarposisi.com.lifetimefee.com-ssl_log
114.119.156.115 - - [31/May/2026:19:14:52 +0700] "GET /airlangga-kenang-istri-wiranto-sosok-yang-baik-5952.html HTTP/1.1" 404 212 "https://tukarposisi.com/sitemap-news-39.xml" "Mozilla/5.0 (Linux; Android 7.0;) AppleWebKit/537.36 (HTML, like Gecko) Mobile Safari/537.36 (compatible; PetalBot;+https://webmaster.petalsearch.com/site/petalbot)"
114.119.146.120 - - [31/May/2026:19:16:12 +0700] "GET /airasia-kembali-dinobatkan-sebagai-maskapai-berbiaya-hemat-terbaik-dunia-2025-8210.html HTTP/1.1" 404 212 "https://tukarposisi.com/sitemap-54.xml" "Mozilla/5.0 (Linux; Android 7.0;) AppleWebKit/537.36 (HTML, like Gecko) Mobile Safari/537.36 (compatible; PetalBot;+https://webmaster.petalsearch.com/site/petalbot)"
114.119.158.106 - - [31/May/2026:19:17:38 +0700] "GET /air-intelijen-dan-politik-krisis-sunyi-yang-mengubah-peta-kekuasaan-9021.html HTTP/1.1" 404 212 "https://tukarposisi.com/sitemap-news-60.xml" "Mozilla/5.0 (Linux; Android 7.0;) AppleWebKit/537.36 (HTML, like Gecko) Mobile Safari/537.36 (compatible; PetalBot;+https://webmaster.petalsearch.com/site/petalbot)"
114.119.153.106 - - [31/May/2026:19:19:19 +0700] "GET /ai-diperkirakan-bakal-dorong-laba-perbankan-global-ke-usd-2-triliun-pada-2028-337.html HTTP/1.1" 404 212 "https://tukarposisi.com/sitemap-news-2.xml" "Mozilla/5.0 (Linux; Android 7.0;) AppleWebKit/537.36 (HTML, like Gecko) Mobile Safari/537.36 (compatible; PetalBot;+https://webmaster.petalsearch.com/site/petalbot)"
114.119.128.62 - - [31/May/2026:19:20:24 +0700] "GET /ai-dan-masa-depan-kredibilitas-media-dibahas-di-philosophy-book-fair-2025-2051.html HTTP/1.1" 404 212 "https://tukarposisi.com/sitemap-news-13.xml" "Mozilla/5.0 (Linux; Android 7.0;) AppleWebKit/537.36 (HTML, like Gecko) Mobile Safari/537.36 (compatible; PetalBot;+https://webmaster.petalsearch.com/site/petalbot)"
114.119.156.115 - - [31/May/2026:19:21:47 +0700] "GET /ai-dan-hi-co-scan-jadi-andalan-baru-bea-cukai-bongkar-manipulasi-ekspor-8263.html HTTP/1.1" 404 212 "https://tukarposisi.com/sitemap-55.xml" "Mozilla/5.0 (Linux; Android 7.0;) AppleWebKit/537.36 (HTML, like Gecko) Mobile Safari/537.36 (compatible; PetalBot;+https://webmaster.petalsearch.com/site/petalbot)"
114.119.146.120 - - [31/May/2026:19:23:10 +0700] "GET /ahy-ungkap-opsi-skema-restrukturisasi-kereta-cepat-whoosh-2613.html HTTP/1.1" 404 212 "https://tukarposisi.com/sitemap-news-17.xml" "Mozilla/5.0 (Linux; Android 7.0;) AppleWebKit/537.36 (HTML, like Gecko) Mobile Safari/537.36 (compatible; PetalBot;+https://webmaster.petalsearch.com/site/petalbot)"
114.119.152.86 - - [31/May/2026:19:24:35 +0700] "GET /ahli-sosiologi-sebut-tak-ada-pelanggaran-etik-dari-ucapan-adies-sahroni-2589.html HTTP/1.1" 404 212 "https://tukarposisi.com/sitemap-news-17.xml" "Mozilla/5.0 (Linux; Android 7.0;) AppleWebKit/537.36 (HTML, like Gecko) Mobile Safari/537.36 (compatible; PetalBot;+https://webmaster.petalsearch.com/site/petalbot)"
114.119.153.106 - - [31/May/2026:19:25:56 +0700] "GET /ahli-gizi-sarankan-tidak-minum-minuman-manis-untuk-hilangkan-dehidrasi-4636.html HTTP/1.1" 404 212 "https://tukarposisi.com/sitemap-news-30.xml" "Mozilla/5.0 (Linux; Android 7.0;) AppleWebKit/537.36 (HTML, like Gecko) Mobile Safari/537.36 (compatible; PetalBot;+https://webmaster.petalsearch.com/site/petalbot)"
114.119.146.120 - - [31/May/2026:19:27:37 +0700] "GET /ahli-gizi-makan-gorengan-berlebihan-bisa-picu-masalah-kesehatan-kulit-5201.html HTTP/1.1" 404 212 "https://tukarposisi.com/sitemap-news-34.xml" "Mozilla/5.0 (Linux; Android 7.0;) AppleWebKit/537.36 (HTML, like Gecko) Mobile Safari/537.36 (compatible; PetalBot;+https://webmaster.petalsearch.com/site/petalbot)"
114.119.146.120 - - [31/May/2026:19:28:44 +0700] "GET /agrinas-pangan-bangun-16-752-koperasi-desa-merah-putih-pakai-dana-desa-rp-210-t-8934.html HTTP/1.1" 404 212 "https://tukarposisi.com/sitemap-news-59.xml" "Mozilla/5.0 (Linux; Android 7.0;) AppleWebKit/537.36 (HTML, like Gecko) Mobile Safari/537.36 (compatible; PetalBot;+https://webmaster.petalsearch.com/site/petalbot)"
114.119.152.86 - - [31/May/2026:19:30:12 +0700] "GET /agrinas-anggarkan-rp-1-6-miliar-untuk-bangun-1-koperasi-desa-merah-putih-6503.html HTTP/1.1" 404 277 "https://tukarposisi.com/sitemap-news-43.xml" "Mozilla/5.0 (Linux; Android 7.0;) AppleWebKit/537.36 (KHTML, like Gecko) Mobile Safari/537.36 (compatible; PetalBot;+https://webmaster.petalsearch.com/site/petalbot)"
114.119.146.120 - - [31/May/2026:19:31:30 +0700] "GET /afc-enggan-ambil-tindakan-meski-banding-malaysia-ditolak-fifa-tunggu-hasil-cas-3772.html HTTP/1.1" 404 212 "https://tukarposisi.com/sitemap-news-25.xml" "Mozilla/5.0 (Linux; Android 7.0;) AppleWebKit/537.36 (HTML, like Gecko) Mobile Safari/537.36 (compatible; PetalBot;+https://webmaster.petalsearch.com/site/petalbot)"
114.119.151.151 - - [31/May/2026:19:32:55 +0700] "GET /advokat-soesilo-ira-puspadewi-dkk-temui-keluarga-usai-bebas-dari-rutan-kpk-9550.html HTTP/1.1" 404 212 "https://tukarposisi.com/sitemap-news-63.xml" "Mozilla/5.0 (Linux; Android 7.0;) AppleWebKit/537.36 (HTML, like Gecko) Mobile Safari/537.36 (compatible; PetalBot;+https://webmaster.petalsearch.com/site/petalbot)"
114.119.156.115 - - [31/May/2026:19:34:26 +0700] "GET /admedika-kolaborasi-dengan-waste4change-wujudkan-kantor-zero-waste-4391.html HTTP/1.1" 404 212 "https://tukarposisi.com/sitemap-news-29.xml" "Mozilla/5.0 (Linux; Android 7.0;) AppleWebKit/537.36 (HTML, like Gecko) Mobile Safari/537.36 (compatible; PetalBot;+https://webmaster.petalsearch.com/site/petalbot)"
114.119.128.55 - - [31/May/2026:19:35:41 +0700] "GET /adly-fairuz-digugat-cerai-angbeen-rishi-818.html HTTP/1.1" 404 212 "https://tukarposisi.com/sitemap-news-5.xml" "Mozilla/5.0 (Linux; Android 7.0;) AppleWebKit/537.36 (HTML, like Gecko) Mobile Safari/537.36 (compatible; PetalBot;+https://webmaster.petalsearch.com/site/petalbot)"
114.119.152.86 - - [31/May/2026:19:37:06 +0700] "GET /adat-bali-dan-peran-polisi-adat-dalam-menjaga-keharmonisan-masyarakat-4472.html HTTP/1.1" 404 212 "https://tukarposisi.com/sitemap-news-29.xml" "Mozilla/5.0 (Linux; Android 7.0;) AppleWebKit/537.36 (HTML, like Gecko) Mobile Safari/537.36 (compatible; PetalBot;+https://webmaster.petalsearch.com/site/petalbot)"
114.119.153.106 - - [31/May/2026:19:38:28 +0700] "GET /ada-upacara-pujawali-objek-wisata-pura-lempuyang-di-bali-ditutup-5-hari-6723.html HTTP/1.1" 404 212 "https://tukarposisi.com/sitemap-news-44.xml" "Mozilla/5.0 (Linux; Android 7.0;) AppleWebKit/537.36 (HTML, like Gecko) Mobile Safari/537.36 (compatible; PetalBot;+https://webmaster.petalsearch.com/site/petalbot)"
103.6.117.75 - - [31/May/2026:19:38:49 +0700] "GET /wp-content/uploads/2014/05/TIPS-MEMAKAN-MAKANAN-PEDAS.jpg HTTP/1.1" 404 355 "-" "Mozilla/5.0 (Macintosh; Intel Mac OS X 10_15_4) AppleWebKit/537.36 (KHTML, like Gecko) Chrome/81.0.4044.138 Safari/537.36"
17.241.75.141 - - [31/May/2026:19:39:24 +0700] "GET /sitemap-news-5.xml HTTP/1.1" 404 277 "-" "Mozilla/5.0 (Macintosh; Intel Mac OS X 10_15_7) AppleWebKit/605.1.15 (KHTML, like Gecko) Version/17.4 Safari/605.1.15 (Applebot/0.1; +http://www.apple.com/go/applebot)"
114.119.151.151 - - [31/May/2026:19:39:51 +0700] "GET /ada-upacara-kerajaan-grand-palace-thailand-ditutup-untuk-umum-hingga-8-november-1978.html HTTP/1.1" 404 212 "https://tukarposisi.com/sitemap-news-13.xml" "Mozilla/5.0 (Linux; Android 7.0;) AppleWebKit/537.36 (HTML, like Gecko) Mobile Safari/537.36 (compatible; PetalBot;+https://webmaster.petalsearch.com/site/petalbot)"
17.246.19.66 - - [31/May/2026:19:40:05 +0700] "GET /sitemap-news-1.xml HTTP/1.1" 404 277 "-" "Mozilla/5.0 (Macintosh; Intel Mac OS X 10_15_7) AppleWebKit/605.1.15 (KHTML, like Gecko) Version/17.4 Safari/605.1.15 (Applebot/0.1; +http://www.apple.com/go/applebot)"
114.119.152.86 - - [31/May/2026:19:41:15 +0700] "GET /ada-supermoon-puncak-fase-purnama-terjadi-malam-ini-3329.html HTTP/1.1" 404 212 "https://tukarposisi.com/sitemap-news-22.xml" "Mozilla/5.0 (Linux; Android 7.0;) AppleWebKit/537.36 (HTML, like Gecko) Mobile Safari/537.36 (compatible; PetalBot;+https://webmaster.petalsearch.com/site/petalbot)"
114.119.152.86 - - [31/May/2026:19:42:40 +0700] "GET /ada-siswa-smp-positif-narkoba-ini-yang-dilakukan-wali-kota-surabaya-5590.html HTTP/1.1" 404 212 "https://tukarposisi.com/sitemap-news-37.xml" "Mozilla/5.0 (Linux; Android 7.0;) AppleWebKit/537.36 (HTML, like Gecko) Mobile Safari/537.36 (compatible; PetalBot;+https://webmaster.petalsearch.com/site/petalbot)"
17.241.219.136 - - [31/May/2026:19:43:08 +0700] "GET /sitemap-news-3.xml HTTP/1.1" 404 277 "-" "Mozilla/5.0 (Macintosh; Intel Mac OS X 10_15_7) AppleWebKit/605.1.15 (KHTML, like Gecko) Version/17.4 Safari/605.1.15 (Applebot/0.1; +http://www.apple.com/go/applebot)"
114.119.156.115 - - [31/May/2026:19:44:02 +0700] "GET /ada-perpres-79-2025-kawasan-legislatif-hingga-yudikatif-di-ikn-segera-dibangun-1830.html HTTP/1.1" 404 212 "https://tukarposisi.com/sitemap-news-12.xml" "Mozilla/5.0 (Linux; Android 7.0;) AppleWebKit/537.36 (HTML, like Gecko) Mobile Safari/537.36 (compatible; PetalBot;+https://webmaster.petalsearch.com/site/petalbot)"
114.119.128.62 - - [31/May/2026:19:45:28 +0700] "GET /ada-genangan-akibat-hujan-deras-sejumlah-rute-transjakarta-alami-gangguan-1505.html HTTP/1.1" 404 212 "https://tukarposisi.com/sitemap-news-10.xml" "Mozilla/5.0 (Linux; Android 7.0;) AppleWebKit/537.36 (HTML, like Gecko) Mobile Safari/537.36 (compatible; PetalBot;+https://webmaster.petalsearch.com/site/petalbot)"
114.119.151.151 - - [31/May/2026:19:46:51 +0700] "GET /ada-demo-buruh-di-depan-dpr-cek-perubahan-rute-transjakarta-3527.html HTTP/1.1" 404 212 "https://tukarposisi.com/sitemap-news-23.xml" "Mozilla/5.0 (Linux; Android 7.0;) AppleWebKit/537.36 (HTML, like Gecko) Mobile Safari/537.36 (compatible; PetalBot;+https://webmaster.petalsearch.com/site/petalbot)"
114.119.153.106 - - [31/May/2026:19:48:13 +0700] "GET /acha-septriasa-membayangkan-bridgia-saat-dalami-peran-di-air-mata-mualaf-7242.html HTTP/1.1" 404 212 "https://tukarposisi.com/sitemap-news-48.xml" "Mozilla/5.0 (Linux; Android 7.0;) AppleWebKit/537.36 (HTML, like Gecko) Mobile Safari/537.36 (compatible; PetalBot;+https://webmaster.petalsearch.com/site/petalbot)"
114.119.158.106 - - [31/May/2026:19:49:39 +0700] "GET /abh-ledakan-sman-72-aktif-di-ekskul-karya-ilmiah-remaja-pernah-wakili-sekolah-7766.html HTTP/1.1" 404 212 "https://tukarposisi.com/sitemap-news-51.xml" "Mozilla/5.0 (Linux; Android 7.0;) AppleWebKit/537.36 (HTML, like Gecko) Mobile Safari/537.36 (compatible; PetalBot;+https://webmaster.petalsearch.com/site/petalbot)"
114.119.156.115 - - [31/May/2026:19:51:00 +0700] "GET /abdul-mu-ti-ukbi-dan-indeks-pembangunan-kebahasaan-jadi-alat-ukur-nasional-795.html HTTP/1.1" 404 212 "https://tukarposisi.com/sitemap-news-5.xml" "Mozilla/5.0 (Linux; Android 7.0;) AppleWebKit/537.36 (HTML, like Gecko) Mobile Safari/537.36 (compatible; PetalBot;+https://webmaster.petalsearch.com/site/petalbot)"
114.119.151.151 - - [31/May/2026:19:52:25 +0700] "GET /abdul-mu-ti-di-unesco-indonesia-komitmen-perkuat-perlindungan-bagi-jurnalis-2901.html HTTP/1.1" 404 212 "https://tukarposisi.com/sitemap-news-19.xml" "Mozilla/5.0 (Linux; Android 7.0;) AppleWebKit/537.36 (HTML, like Gecko) Mobile Safari/537.36 (compatible; PetalBot;+https://webmaster.petalsearch.com/site/petalbot)"
114.119.146.120 - - [31/May/2026:19:53:50 +0700] "GET /abdul-mu-ti-belum-semua-siswa-sman-72-jakarta-siap-mental-kembali-ke-sekolah-5895.html HTTP/1.1" 404 212 "https://tukarposisi.com/sitemap-news-39.xml" "Mozilla/5.0 (Linux; Android 7.0;) AppleWebKit/537.36 (HTML, like Gecko) Mobile Safari/537.36 (compatible; PetalBot;+https://webmaster.petalsearch.com/site/petalbot)"
114.119.158.106 - - [31/May/2026:19:55:14 +0700] "GET /a-detainee-of-all-eras-the-prominent-case-of-egyptian-activist-alaa-abdelfattah HTTP/1.1" 404 212 "https://tukarposisi.com/author/lacy-streich-sr" "Mozilla/5.0 (Linux; Android 7.0;) AppleWebKit/537.36 (HTML, like Gecko) Mobile Safari/537.36 (compatible; PetalBot;+https://webmaster.petalsearch.com/site/petalbot)"
114.119.146.120 - - [31/May/2026:19:56:38 +0700] "GET /?page=96 HTTP/1.1" 200 265 "https://tukarposisi.com/in-egypt-both-sexual-harassment-and-child-marriages-continue-to-plague-the-country" "Mozilla/5.0 (Linux; Android 7.0;) AppleWebKit/537.36 (HTML, like Gecko) Mobile Safari/537.36 (compatible; PetalBot;+https://webmaster.petalsearch.com/site/petalbot)"
114.119.156.115 - - [31/May/2026:19:58:00 +0700] "GET /?page=45 HTTP/1.1" 200 265 "https://tukarposisi.com/?page=18" "Mozilla/5.0 (Linux; Android 7.0;) AppleWebKit/537.36 (HTML, like Gecko) Mobile Safari/537.36 (compatible; PetalBot;+https://webmaster.petalsearch.com/site/petalbot)"
114.119.128.62 - - [31/May/2026:19:59:23 +0700] "GET /?page=36 HTTP/1.1" 200 265 "https://tukarposisi.com/?page=33" "Mozilla/5.0 (Linux; Android 7.0;) AppleWebKit/537.36 (HTML, like Gecko) Mobile Safari/537.36 (compatible; PetalBot;+https://webmaster.petalsearch.com/site/petalbot)"
114.119.156.115 - - [31/May/2026:20:00:47 +0700] "GET /?page=35 HTTP/1.1" 200 265 "https://tukarposisi.com/?page=33" "Mozilla/5.0 (Linux; Android 7.0;) AppleWebKit/537.36 (HTML, like Gecko) Mobile Safari/537.36 (compatible; PetalBot;+https://webmaster.petalsearch.com/site/petalbot)"
114.119.151.151 - - [31/May/2026:20:02:12 +0700] "GET /?page=31 HTTP/1.1" 200 265 "https://tukarposisi.com/?page=33" "Mozilla/5.0 (Linux; Android 7.0;) AppleWebKit/537.36 (HTML, like Gecko) Mobile Safari/537.36 (compatible; PetalBot;+https://webmaster.petalsearch.com/site/petalbot)"
114.119.146.120 - - [31/May/2026:20:03:34 +0700] "GET /?page=30 HTTP/1.1" 200 265 "https://tukarposisi.com/?page=33" "Mozilla/5.0 (Linux; Android 7.0;) AppleWebKit/537.36 (HTML, like Gecko) Mobile Safari/537.36 (compatible; PetalBot;+https://webmaster.petalsearch.com/site/petalbot)"
114.119.151.151 - - [31/May/2026:20:04:57 +0700] "GET /?page=21 HTTP/1.1" 200 265 "https://tukarposisi.com/?page=18" "Mozilla/5.0 (Linux; Android 7.0;) AppleWebKit/537.36 (HTML, like Gecko) Mobile Safari/537.36 (compatible; PetalBot;+https://webmaster.petalsearch.com/site/petalbot)"
114.119.156.115 - - [31/May/2026:20:06:21 +0700] "GET /?page=19 HTTP/1.1" 200 265 "https://tukarposisi.com/?page=18" "Mozilla/5.0 (Linux; Android 7.0;) AppleWebKit/537.36 (HTML, like Gecko) Mobile Safari/537.36 (compatible; PetalBot;+https://webmaster.petalsearch.com/site/petalbot)"
114.119.146.120 - - [31/May/2026:20:07:52 +0700] "GET /sitemap-news-57.xml HTTP/1.1" 404 212 "https://tukarposisi.com/sitemap-news-57.xml" "Mozilla/5.0 (Linux; Android 7.0;) AppleWebKit/537.36 (HTML, like Gecko) Mobile Safari/537.36 (compatible; PetalBot;+https://webmaster.petalsearch.com/site/petalbot)"
114.119.146.120 - - [31/May/2026:20:09:09 +0700] "GET /abh-pelaku-ledakan-sman-72-keluar-dari-rs-kini-berada-di-rumah-aman-9684.html HTTP/1.1" 404 212 "https://tukarposisi.com/kudeta-guinea-bissau-presiden-kabur-ke-senegal-militer-rebut-kekuasaan-9378.html" "Mozilla/5.0 (Linux; Android 7.0;) AppleWebKit/537.36 (HTML, like Gecko) Mobile Safari/537.36 (compatible; PetalBot;+https://webmaster.petalsearch.com/site/petalbot)"
114.119.151.151 - - [31/May/2026:20:10:32 +0700] "GET /?page=13 HTTP/1.1" 200 265 "https://tukarposisi.com/?page=10" "Mozilla/5.0 (Linux; Android 7.0;) AppleWebKit/537.36 (HTML, like Gecko) Mobile Safari/537.36 (compatible; PetalBot;+https://webmaster.petalsearch.com/site/petalbot)"
103.6.117.75 - - [31/May/2026:20:10:34 +0700] "GET /wp-content/uploads/2014/06/teman-yang-hobi-berhutang.jpg HTTP/1.1" 404 355 "-" "Mozilla/5.0 (Macintosh; Intel Mac OS X 10_15_4) AppleWebKit/537.36 (KHTML, like Gecko) Chrome/81.0.4044.138 Safari/537.36"
114.119.156.115 - - [31/May/2026:20:12:00 +0700] "GET /?C=D%3BO%3DA HTTP/1.1" 200 350 "https://tukarposisi.com/" "Mozilla/5.0 (Linux; Android 7.0;) AppleWebKit/537.36 (KHTML, like Gecko) Mobile Safari/537.36 (compatible; PetalBot;+https://webmaster.petalsearch.com/site/petalbot)"
114.119.152.86 - - [31/May/2026:20:13:19 +0700] "GET /?C=D%3BO%3DA HTTP/1.1" 200 265 "https://tukarposisi.com/" "Mozilla/5.0 (Linux; Android 7.0;) AppleWebKit/537.36 (HTML, like Gecko) Mobile Safari/537.36 (compatible; PetalBot;+https://webmaster.petalsearch.com/site/petalbot)"
114.119.128.62 - - [31/May/2026:20:14:42 +0700] "GET /994-barang-tertinggal-di-stasiun-daop-6-yogya-ada-tumbler-hingga-laptop-9543.html HTTP/1.1" 404 212 "https://tukarposisi.com/sitemap-news-63.xml" "Mozilla/5.0 (Linux; Android 7.0;) AppleWebKit/537.36 (HTML, like Gecko) Mobile Safari/537.36 (compatible; PetalBot;+https://webmaster.petalsearch.com/site/petalbot)"
114.119.153.106 - - [31/May/2026:20:16:05 +0700] "GET /79-pelajar-mempawah-ikuti-kader-bela-negara-di-rindam-xii-tanjungpura-1838.html HTTP/1.1" 404 212 "https://tukarposisi.com/sitemap-news-12.xml" "Mozilla/5.0 (Linux; Android 7.0;) AppleWebKit/537.36 (HTML, like Gecko) Mobile Safari/537.36 (compatible; PetalBot;+https://webmaster.petalsearch.com/site/petalbot)"
114.119.152.86 - - [31/May/2026:20:17:29 +0700] "GET /7-umkm-binaan-telkom-ikuti-trade-expo-indonesia-2025-ekspansi-ke-pasar-global-2925.html HTTP/1.1" 404 212 "https://tukarposisi.com/sitemap-news-19.xml" "Mozilla/5.0 (Linux; Android 7.0;) AppleWebKit/537.36 (HTML, like Gecko) Mobile Safari/537.36 (compatible; PetalBot;+https://webmaster.petalsearch.com/site/petalbot)"
114.119.153.106 - - [31/May/2026:20:18:52 +0700] "GET /7-titik-kritis-kehalalan-sereal-yang-perlu-diketahui-konsumen-muslim-1844.html HTTP/1.1" 404 212 "https://tukarposisi.com/sitemap-news-12.xml" "Mozilla/5.0 (Linux; Android 7.0;) AppleWebKit/537.36 (HTML, like Gecko) Mobile Safari/537.36 (compatible; PetalBot;+https://webmaster.petalsearch.com/site/petalbot)"
114.119.128.62 - - [31/May/2026:20:20:16 +0700] "GET /7-terdakwa-kasus-mafia-tanah-mbah-tupon-jalani-sidang-vonis-20-november-4742.html HTTP/1.1" 404 212 "https://tukarposisi.com/sitemap-news-31.xml" "Mozilla/5.0 (Linux; Android 7.0;) AppleWebKit/537.36 (HTML, like Gecko) Mobile Safari/537.36 (compatible; PetalBot;+https://webmaster.petalsearch.com/site/petalbot)"
114.119.152.86 - - [31/May/2026:20:21:40 +0700] "GET /7-jam-polisi-geledah-rumah-siswa-sman-72-dus-bergambar-pistol-disita-4244.html HTTP/1.1" 404 212 "https://tukarposisi.com/sitemap-news-28.xml" "Mozilla/5.0 (Linux; Android 7.0;) AppleWebKit/537.36 (HTML, like Gecko) Mobile Safari/537.36 (compatible; PetalBot;+https://webmaster.petalsearch.com/site/petalbot)"
140.245.59.138 - - [31/May/2026:20:21:40 +0700] "GET /wp-login.php HTTP/1.1" 404 31 "https://duckduckgo.com/" "Mozilla/5.0 (Macintosh; Intel Mac OS X 13_6_1) AppleWebKit/537.36 (KHTML, like Gecko) Chrome/119.0.0.0 Safari/537.36"
140.245.59.138 - - [31/May/2026:20:21:41 +0700] "GET /wp-admin/ HTTP/1.1" 404 212 "https://duckduckgo.com/" "Mozilla/5.0 (Macintosh; Intel Mac OS X 13_6_1) AppleWebKit/537.36 (KHTML, like Gecko) Chrome/118.0.0.0 Safari/537.36"
114.119.152.86 - - [31/May/2026:20:23:03 +0700] "GET /66-perempuan-lebih-utamakan-beli-produk-asli-lazmall-bisa-jadi-solusi-3622.html HTTP/1.1" 404 212 "https://tukarposisi.com/sitemap-news-24.xml" "Mozilla/5.0 (Linux; Android 7.0;) AppleWebKit/537.36 (HTML, like Gecko) Mobile Safari/537.36 (compatible; PetalBot;+https://webmaster.petalsearch.com/site/petalbot)"
114.119.158.106 - - [31/May/2026:20:24:26 +0700] "GET /60-ribu-tiket-persija-vs-psim-malam-ini-ludes-pengendara-diminta-hindari-gbk-9471.html HTTP/1.1" 404 212 "https://tukarposisi.com/sitemap-news-63.xml" "Mozilla/5.0 (Linux; Android 7.0;) AppleWebKit/537.36 (HTML, like Gecko) Mobile Safari/537.36 (compatible; PetalBot;+https://webmaster.petalsearch.com/site/petalbot)"
114.119.151.151 - - [31/May/2026:20:25:50 +0700] "GET /6-perusahaan-berinvestasi-di-kek-batang-rp-456-76-m-ada-pabrik-sepatu-restoran-2116.html HTTP/1.1" 404 212 "https://tukarposisi.com/sitemap-news-14.xml" "Mozilla/5.0 (Linux; Android 7.0;) AppleWebKit/537.36 (HTML, like Gecko) Mobile Safari/537.36 (compatible; PetalBot;+https://webmaster.petalsearch.com/site/petalbot)"
114.119.152.86 - - [31/May/2026:20:27:17 +0700] "GET /6-mahasiswa-hanyut-di-sungai-kendal-uin-semarang-evaluasi-program-kkn-3008.html HTTP/1.1" 404 212 "https://tukarposisi.com/sitemap-news-20.xml" "Mozilla/5.0 (Linux; Android 7.0;) AppleWebKit/537.36 (HTML, like Gecko) Mobile Safari/537.36 (compatible; PetalBot;+https://webmaster.petalsearch.com/site/petalbot)"
114.119.151.151 - - [31/May/2026:20:28:37 +0700] "GET /56-perempuan-meninggal-tiap-hari-karena-kanker-serviks-apa-penyebabnya-8158.html HTTP/1.1" 404 212 "https://tukarposisi.com/sitemap-54.xml" "Mozilla/5.0 (Linux; Android 7.0;) AppleWebKit/537.36 (HTML, like Gecko) Mobile Safari/537.36 (compatible; PetalBot;+https://webmaster.petalsearch.com/site/petalbot)"
114.119.156.115 - - [31/May/2026:20:30:03 +0700] "GET /pemerintah-larang-impor-pakaian-bekas-pedagang-di-manado-mengaku-belum-siap-6888.html HTTP/1.1" 404 212 "https://tukarposisi.com/sitemap-news-45.xml" "Mozilla/5.0 (Linux; Android 7.0;) AppleWebKit/537.36 (HTML, like Gecko) Mobile Safari/537.36 (compatible; PetalBot;+https://webmaster.petalsearch.com/site/petalbot)"
17.246.19.188 - - [31/May/2026:20:30:50 +0700] "GET /sitemap-news-6.xml HTTP/1.1" 404 277 "-" "Mozilla/5.0 (Macintosh; Intel Mac OS X 10_15_7) AppleWebKit/605.1.15 (KHTML, like Gecko) Version/17.4 Safari/605.1.15 (Applebot/0.1; +http://www.apple.com/go/applebot)"
114.119.128.62 - - [31/May/2026:20:31:25 +0700] "GET /55-tahun-suzuki-indonesia-investasi-rp-22-triliun-dan-4-pabrik-beroperasi-6630.html HTTP/1.1" 404 212 "https://tukarposisi.com/sitemap-news-44.xml" "Mozilla/5.0 (Linux; Android 7.0;) AppleWebKit/537.36 (HTML, like Gecko) Mobile Safari/537.36 (compatible; PetalBot;+https://webmaster.petalsearch.com/site/petalbot)"
114.119.152.86 - - [31/May/2026:20:32:47 +0700] "GET /5-wn-china-tewas-kecelakaan-di-bali-sopir-minibus-jadi-tersangka-8221.html HTTP/1.1" 404 212 "https://tukarposisi.com/sitemap-54.xml" "Mozilla/5.0 (Linux; Android 7.0;) AppleWebKit/537.36 (HTML, like Gecko) Mobile Safari/537.36 (compatible; PetalBot;+https://webmaster.petalsearch.com/site/petalbot)"
114.119.158.106 - - [31/May/2026:20:34:24 +0700] "GET /5-tahun-menikah-dengan-rey-mbayang-dinda-hauw-cemburunya-lebih-dewasa-1682.html HTTP/1.1" 404 212 "https://tukarposisi.com/sitemap-news-11.xml" "Mozilla/5.0 (Linux; Android 7.0;) AppleWebKit/537.36 (HTML, like Gecko) Mobile Safari/537.36 (compatible; PetalBot;+https://webmaster.petalsearch.com/site/petalbot)"
114.119.156.115 - - [31/May/2026:20:35:34 +0700] "GET /5-rumah-di-kelurahan-makasar-jaktim-amblas-akibat-abrasi-selokan-tua-3080.html HTTP/1.1" 404 212 "https://tukarposisi.com/sitemap-news-20.xml" "Mozilla/5.0 (Linux; Android 7.0;) AppleWebKit/537.36 (HTML, like Gecko) Mobile Safari/537.36 (compatible; PetalBot;+https://webmaster.petalsearch.com/site/petalbot)"
114.119.128.55 - - [31/May/2026:20:36:59 +0700] "GET /5-resep-jahe-untuk-minuman-saat-musim-hujan-yang-hangat-dan-sehat-2016.html HTTP/1.1" 404 212 "https://tukarposisi.com/sitemap-news-13.xml" "Mozilla/5.0 (Linux; Android 7.0;) AppleWebKit/537.36 (HTML, like Gecko) Mobile Safari/537.36 (compatible; PetalBot;+https://webmaster.petalsearch.com/site/petalbot)"
114.119.151.151 - - [31/May/2026:20:38:26 +0700] "GET /5-olahraga-yang-direkomendasikan-untuk-balita-agar-tumbuh-aktif-dan-sehat-1122.html HTTP/1.1" 404 277 "https://tukarposisi.com/sitemap-news-7.xml" "Mozilla/5.0 (Linux; Android 7.0;) AppleWebKit/537.36 (KHTML, like Gecko) Mobile Safari/537.36 (compatible; PetalBot;+https://webmaster.petalsearch.com/site/petalbot)"
114.119.146.120 - - [31/May/2026:20:39:46 +0700] "GET /5-korban-pelecehan-dokter-iril-terima-restitusi-rp-12-30-juta-879.html HTTP/1.1" 404 212 "https://tukarposisi.com/sitemap-news-5.xml" "Mozilla/5.0 (Linux; Android 7.0;) AppleWebKit/537.36 (HTML, like Gecko) Mobile Safari/537.36 (compatible; PetalBot;+https://webmaster.petalsearch.com/site/petalbot)"
114.119.156.115 - - [31/May/2026:20:41:46 +0700] "GET /5-berita-populer-tengku-dewi-soal-anak-andrew-andika-nikah-sejak-juli-4523.html HTTP/1.1" 404 212 "https://tukarposisi.com/sitemap-news-30.xml" "Mozilla/5.0 (Linux; Android 7.0;) AppleWebKit/537.36 (HTML, like Gecko) Mobile Safari/537.36 (compatible; PetalBot;+https://webmaster.petalsearch.com/site/petalbot)"
114.119.158.106 - - [31/May/2026:20:42:39 +0700] "GET /5-berita-populer-raisa-hamish-daud-soal-perceraian-kekasih-tentang-ammar-zoni-272.html HTTP/1.1" 404 212 "https://tukarposisi.com/sitemap-news-1.xml" "Mozilla/5.0 (Linux; Android 7.0;) AppleWebKit/537.36 (HTML, like Gecko) Mobile Safari/537.36 (compatible; PetalBot;+https://webmaster.petalsearch.com/site/petalbot)"
114.119.128.55 - - [31/May/2026:20:43:55 +0700] "GET /5-berita-populer-mudy-taylor-meninggal-kpi-sanksi-ipar-adalah-maut-the-series-8985.html HTTP/1.1" 404 212 "https://tukarposisi.com/sitemap-news-59.xml" "Mozilla/5.0 (Linux; Android 7.0;) AppleWebKit/537.36 (HTML, like Gecko) Mobile Safari/537.36 (compatible; PetalBot;+https://webmaster.petalsearch.com/site/petalbot)"
114.119.146.120 - - [31/May/2026:20:45:20 +0700] "GET /5-berita-populer-inara-rusli-syok-raffi-kasih-hadiah-pernikahan-untuk-fahmi-bo-8309.html HTTP/1.1" 404 212 "https://tukarposisi.com/sitemap-55.xml" "Mozilla/5.0 (Linux; Android 7.0;) AppleWebKit/537.36 (HTML, like Gecko) Mobile Safari/537.36 (compatible; PetalBot;+https://webmaster.petalsearch.com/site/petalbot)"
114.119.152.86 - - [31/May/2026:20:46:44 +0700] "GET /5-berita-populer-fahmi-bo-rujuk-al-ghazali-umumkan-kehamilan-istri-7832.html HTTP/1.1" 404 212 "https://tukarposisi.com/sitemap-52.xml" "Mozilla/5.0 (Linux; Android 7.0;) AppleWebKit/537.36 (HTML, like Gecko) Mobile Safari/537.36 (compatible; PetalBot;+https://webmaster.petalsearch.com/site/petalbot)"
114.119.153.106 - - [31/May/2026:20:48:07 +0700] "GET /45-ribu-tenaga-kerja-kena-phk-selama-januari-september-2025-jateng-terbanyak-7215.html HTTP/1.1" 404 212 "https://tukarposisi.com/sitemap-news-48.xml" "Mozilla/5.0 (Linux; Android 7.0;) AppleWebKit/537.36 (HTML, like Gecko) Mobile Safari/537.36 (compatible; PetalBot;+https://webmaster.petalsearch.com/site/petalbot)"
114.119.151.151 - - [31/May/2026:20:49:34 +0700] "GET /4-ruko-di-danau-sentarum-pontianak-terbakar-diduga-api-dari-setrika-7759.html HTTP/1.1" 404 277 "https://tukarposisi.com/sitemap-news-51.xml" "Mozilla/5.0 (Linux; Android 7.0;) AppleWebKit/537.36 (KHTML, like Gecko) Mobile Safari/537.36 (compatible; PetalBot;+https://webmaster.petalsearch.com/site/petalbot)"
114.119.128.62 - - [31/May/2026:20:50:55 +0700] "GET /4-pentolan-masyarakat-pati-bersatu-ditangkap-polisi-1909.html HTTP/1.1" 404 212 "https://tukarposisi.com/sitemap-news-12.xml" "Mozilla/5.0 (Linux; Android 7.0;) AppleWebKit/537.36 (HTML, like Gecko) Mobile Safari/537.36 (compatible; PetalBot;+https://webmaster.petalsearch.com/site/petalbot)"
114.119.156.115 - - [31/May/2026:20:52:18 +0700] "GET /yusril-sebut-penerima-amnesti-dan-abolisi-salah-satunya-terkait-kasus-narkoba-5209.html HTTP/1.1" 404 212 "https://tukarposisi.com/sitemap-news-34.xml" "Mozilla/5.0 (Linux; Android 7.0;) AppleWebKit/537.36 (HTML, like Gecko) Mobile Safari/537.36 (compatible; PetalBot;+https://webmaster.petalsearch.com/site/petalbot)"
114.119.152.86 - - [31/May/2026:20:53:47 +0700] "GET /atep-wajar-banyak-yang-inginkan-shin-tae-yong-balik-latih-timnas-1219.html HTTP/1.1" 404 212 "https://tukarposisi.com/sitemap-news-8.xml" "Mozilla/5.0 (Linux; Android 7.0;) AppleWebKit/537.36 (HTML, like Gecko) Mobile Safari/537.36 (compatible; PetalBot;+https://webmaster.petalsearch.com/site/petalbot)"
114.119.128.62 - - [31/May/2026:20:55:05 +0700] "GET /4-pelaku-penculikan-bilqis-dibekuk-asal-makassar-sukoharjo-dan-jambi-4589.html HTTP/1.1" 404 212 "https://tukarposisi.com/sitemap-news-30.xml" "Mozilla/5.0 (Linux; Android 7.0;) AppleWebKit/537.36 (HTML, like Gecko) Mobile Safari/537.36 (compatible; PetalBot;+https://webmaster.petalsearch.com/site/petalbot)"
114.119.153.106 - - [31/May/2026:20:56:30 +0700] "GET /4-mahasiwa-gugat-uu-md3-ke-mk-minta-rakyat-bisa-pecat-anggota-dpr-6869.html HTTP/1.1" 404 212 "https://tukarposisi.com/sitemap-news-45.xml" "Mozilla/5.0 (Linux; Android 7.0;) AppleWebKit/537.36 (HTML, like Gecko) Mobile Safari/537.36 (compatible; PetalBot;+https://webmaster.petalsearch.com/site/petalbot)"
114.119.152.86 - - [31/May/2026:20:57:54 +0700] "GET /4-kota-mulai-lelang-pltsa-investasi-per-proyek-tembus-rp-3-triliun-7306.html HTTP/1.1" 404 212 "https://tukarposisi.com/bri-dukung-prabu-expo-2025-dorong-transformasi-teknologi-untuk-umkm-naik-kelas-6182.html" "Mozilla/5.0 (Linux; Android 7.0;) AppleWebKit/537.36 (HTML, like Gecko) Mobile Safari/537.36 (compatible; PetalBot;+https://webmaster.petalsearch.com/site/petalbot)"
114.119.146.120 - - [31/May/2026:20:59:16 +0700] "GET /4-jam-geledah-rumah-dinas-gubernur-riau-penyidik-kpk-bawa-beberapa-koper-3582.html HTTP/1.1" 404 212 "https://tukarposisi.com/sitemap-news-23.xml" "Mozilla/5.0 (Linux; Android 7.0;) AppleWebKit/537.36 (HTML, like Gecko) Mobile Safari/537.36 (compatible; PetalBot;+https://webmaster.petalsearch.com/site/petalbot)"
114.119.158.106 - - [31/May/2026:21:00:41 +0700] "GET /4-hal-yang-diperhatikan-staf-hotel-saat-membersihkan-kamar-tamu-7699.html HTTP/1.1" 404 212 "https://tukarposisi.com/sitemap-news-51.xml" "Mozilla/5.0 (Linux; Android 7.0;) AppleWebKit/537.36 (HTML, like Gecko) Mobile Safari/537.36 (compatible; PetalBot;+https://webmaster.petalsearch.com/site/petalbot)"
198.235.24.56 - - [31/May/2026:21:00:42 +0700] "GET / HTTP/1.1" 200 658 "-" "Hello from Palo Alto Networks, find out more about our scans in https://docs-cortex.paloaltonetworks.com/r/1/Cortex-Xpanse/Scanning-activity"
54.198.74.35 - - [31/May/2026:21:00:49 +0700] "GET /robots.txt HTTP/1.1" 404 277 "-" "NVBot"
54.198.74.35 - - [31/May/2026:21:00:49 +0700] "GET /.well-known/tdmrep.json HTTP/1.1" 404 277 "-" "NVBot"
114.119.153.106 - - [31/May/2026:21:02:03 +0700] "GET /4-hal-yang-diperhatikan-staf-hotel-saat-membersihkan-kamar-tamu-7699.html HTTP/1.1" 404 212 "https://tukarposisi.com/sitemap-news-51.xml" "Mozilla/5.0 (Linux; Android 7.0;) AppleWebKit/537.36 (HTML, like Gecko) Mobile Safari/537.36 (compatible; PetalBot;+https://webmaster.petalsearch.com/site/petalbot)"
114.119.158.106 - - [31/May/2026:21:03:39 +0700] "GET /4-gardu-listrik-terbakar-di-medan-kerugian-capai-rp-400-juta-5283.html HTTP/1.1" 404 212 "https://tukarposisi.com/sitemap-news-35.xml" "Mozilla/5.0 (Linux; Android 7.0;) AppleWebKit/537.36 (HTML, like Gecko) Mobile Safari/537.36 (compatible; PetalBot;+https://webmaster.petalsearch.com/site/petalbot)"
114.119.158.106 - - [31/May/2026:21:04:51 +0700] "GET /3-tempat-yoga-ramah-pemula-favorit-teman-kumparan-5110.html HTTP/1.1" 404 212 "https://tukarposisi.com/sitemap-news-34.xml" "Mozilla/5.0 (Linux; Android 7.0;) AppleWebKit/537.36 (HTML, like Gecko) Mobile Safari/537.36 (compatible; PetalBot;+https://webmaster.petalsearch.com/site/petalbot)"
114.119.128.62 - - [31/May/2026:21:06:15 +0700] "GET /3-remaja-smp-di-yogya-diduga-klitih-ditangkap-warga-5986.html HTTP/1.1" 404 212 "https://tukarposisi.com/sitemap-news-39.xml" "Mozilla/5.0 (Linux; Android 7.0;) AppleWebKit/537.36 (HTML, like Gecko) Mobile Safari/537.36 (compatible; PetalBot;+https://webmaster.petalsearch.com/site/petalbot)"
114.119.128.62 - - [31/May/2026:21:07:38 +0700] "GET /3-rekomendasi-toko-kacamata-online-pilihan-teman-kumparan-6229.html HTTP/1.1" 404 212 "https://tukarposisi.com/sitemap-news-41.xml" "Mozilla/5.0 (Linux; Android 7.0;) AppleWebKit/537.36 (HTML, like Gecko) Mobile Safari/537.36 (compatible; PetalBot;+https://webmaster.petalsearch.com/site/petalbot)"
114.119.156.115 - - [31/May/2026:21:09:01 +0700] "GET /3-pengedar-vape-berisi-etomidate-ke-club-malam-di-pik-diciduk-bareskrim-3744.html HTTP/1.1" 404 212 "https://tukarposisi.com/sitemap-news-24.xml" "Mozilla/5.0 (Linux; Android 7.0;) AppleWebKit/537.36 (HTML, like Gecko) Mobile Safari/537.36 (compatible; PetalBot;+https://webmaster.petalsearch.com/site/petalbot)"
114.119.128.55 - - [31/May/2026:21:10:24 +0700] "GET /3-alasan-harga-bra-bisa-semahal-pakaian-luar-5232.html HTTP/1.1" 404 212 "https://tukarposisi.com/sitemap-news-34.xml" "Mozilla/5.0 (Linux; Android 7.0;) AppleWebKit/537.36 (HTML, like Gecko) Mobile Safari/537.36 (compatible; PetalBot;+https://webmaster.petalsearch.com/site/petalbot)"
114.119.128.62 - - [31/May/2026:21:11:48 +0700] "GET /29-klaster-masalah-baru-di-rkuhap-jadi-bahasan-komisi-iii-4908.html HTTP/1.1" 404 212 "https://tukarposisi.com/sitemap-news-32.xml" "Mozilla/5.0 (Linux; Android 7.0;) AppleWebKit/537.36 (HTML, like Gecko) Mobile Safari/537.36 (compatible; PetalBot;+https://webmaster.petalsearch.com/site/petalbot)"
66.249.75.200 - - [31/May/2026:21:12:25 +0700] "GET /robots.txt HTTP/1.1" 404 212 "-" "Mozilla/5.0 (compatible; Googlebot/2.1; +http://www.google.com/bot.html)"
66.249.75.200 - - [31/May/2026:21:12:25 +0700] "GET /wp-content/uploads/2024/02/JalanSutera-Logo-White.svg HTTP/1.1" 404 212 "https://jalansutera.com/" "Mozilla/5.0 (Linux; Android 6.0.1; Nexus 5X Build/MMB29P) AppleWebKit/537.36 (KHTML, like Gecko) Chrome/148.0.7778.96 Mobile Safari/537.36 (compatible; Googlebot/2.1; +http://www.google.com/bot.html)"
114.119.128.62 - - [31/May/2026:21:13:11 +0700] "GET /27-tahun-majukan-negeri-bank-mandiri-wujudkan-komitmen-sosial-bagi-60-000-warga-3420.html HTTP/1.1" 404 212 "https://tukarposisi.com/sitemap-news-22.xml" "Mozilla/5.0 (Linux; Android 7.0;) AppleWebKit/537.36 (HTML, like Gecko) Mobile Safari/537.36 (compatible; PetalBot;+https://webmaster.petalsearch.com/site/petalbot)"
114.119.128.55 - - [31/May/2026:21:14:38 +0700] "GET /26-peserta-ikuti-semai-karya-2025-perkuat-jurnalisme-advokasi-7666.html HTTP/1.1" 404 212 "https://tukarposisi.com/sitemap-news-51.xml" "Mozilla/5.0 (Linux; Android 7.0;) AppleWebKit/537.36 (HTML, like Gecko) Mobile Safari/537.36 (compatible; PetalBot;+https://webmaster.petalsearch.com/site/petalbot)"
114.119.153.106 - - [31/May/2026:21:16:12 +0700] "GET /22-orang-tewas-dalam-serangan-terbaru-israel-ke-gaza-6962.html HTTP/1.1" 404 212 "https://tukarposisi.com/sitemap-news-46.xml" "Mozilla/5.0 (Linux; Android 7.0;) AppleWebKit/537.36 (HTML, like Gecko) Mobile Safari/537.36 (compatible; PetalBot;+https://webmaster.petalsearch.com/site/petalbot)"
114.119.128.62 - - [31/May/2026:21:17:22 +0700] "GET /22-makam-di-desa-bantur-malang-dirusak-orang-tak-dikenal-2057.html HTTP/1.1" 404 212 "https://tukarposisi.com/sitemap-news-13.xml" "Mozilla/5.0 (Linux; Android 7.0;) AppleWebKit/537.36 (HTML, like Gecko) Mobile Safari/537.36 (compatible; PetalBot;+https://webmaster.petalsearch.com/site/petalbot)"
114.119.146.120 - - [31/May/2026:21:18:45 +0700] "GET /20-inspirasi-nama-anak-perempuan-estetik-yang-penuh-makna-2428.html HTTP/1.1" 404 212 "https://tukarposisi.com/sitemap-news-16.xml" "Mozilla/5.0 (Linux; Android 7.0;) AppleWebKit/537.36 (HTML, like Gecko) Mobile Safari/537.36 (compatible; PetalBot;+https://webmaster.petalsearch.com/site/petalbot)"
114.119.146.120 - - [31/May/2026:21:20:09 +0700] "GET /20-gong-milik-desa-adat-di-bali-digondol-maling-polisi-buru-pelaku-9408.html HTTP/1.1" 404 212 "https://tukarposisi.com/sitemap-news-62.xml" "Mozilla/5.0 (Linux; Android 7.0;) AppleWebKit/537.36 (HTML, like Gecko) Mobile Safari/537.36 (compatible; PetalBot;+https://webmaster.petalsearch.com/site/petalbot)"
114.119.151.151 - - [31/May/2026:21:21:34 +0700] "GET /2-tersangka-vape-berisi-etomidate-wn-malaysia-polisi-ungkap-perannya-4919.html HTTP/1.1" 404 212 "https://tukarposisi.com/sitemap-news-32.xml" "Mozilla/5.0 (Linux; Android 7.0;) AppleWebKit/537.36 (HTML, like Gecko) Mobile Safari/537.36 (compatible; PetalBot;+https://webmaster.petalsearch.com/site/petalbot)"
114.119.156.115 - - [31/May/2026:21:22:55 +0700] "GET /2-sekolah-di-lubuklinggau-terlibat-tawuran-140-siswa-diamankan-6753.html HTTP/1.1" 404 212 "https://tukarposisi.com/sitemap-news-45.xml" "Mozilla/5.0 (Linux; Android 7.0;) AppleWebKit/537.36 (HTML, like Gecko) Mobile Safari/537.36 (compatible; PetalBot;+https://webmaster.petalsearch.com/site/petalbot)"
114.119.151.151 - - [31/May/2026:21:24:25 +0700] "GET /2-remaja-di-ogan-ilir-jadi-korban-pencabulan-tetangga-sendiri-1440.html HTTP/1.1" 404 212 "https://tukarposisi.com/sitemap-news-9.xml" "Mozilla/5.0 (Linux; Android 7.0;) AppleWebKit/537.36 (HTML, like Gecko) Mobile Safari/537.36 (compatible; PetalBot;+https://webmaster.petalsearch.com/site/petalbot)"
114.119.151.151 - - [31/May/2026:21:25:45 +0700] "GET /2-orang-alami-luka-bakar-serius-imbas-truk-bbm-terguling-dan-terbakar-di-cianjur-2234.html HTTP/1.1" 404 212 "https://tukarposisi.com/sitemap-news-14.xml" "Mozilla/5.0 (Linux; Android 7.0;) AppleWebKit/537.36 (HTML, like Gecko) Mobile Safari/537.36 (compatible; PetalBot;+https://webmaster.petalsearch.com/site/petalbot)"
114.119.128.55 - - [31/May/2026:21:27:08 +0700] "GET /2-lapangan-di-kota-yogya-akan-direnovasi-rumputnya-setara-gbk-863.html HTTP/1.1" 404 212 "https://tukarposisi.com/sitemap-news-5.xml" "Mozilla/5.0 (Linux; Android 7.0;) AppleWebKit/537.36 (HTML, like Gecko) Mobile Safari/537.36 (compatible; PetalBot;+https://webmaster.petalsearch.com/site/petalbot)"
103.6.117.75 - - [31/May/2026:21:28:25 +0700] "GET /wp-content/uploads/2014/05/Its-bad-dude.jpg HTTP/1.1" 404 355 "-" "Mozilla/5.0 (Macintosh; Intel Mac OS X 10_15_4) AppleWebKit/537.36 (KHTML, like Gecko) Chrome/81.0.4044.138 Safari/537.36"
103.6.117.75 - - [31/May/2026:21:28:30 +0700] "GET /wp-content/uploads/2014/05/Its-bad-dude.jpg HTTP/1.1" 404 355 "-" "Mozilla/5.0 (Macintosh; Intel Mac OS X 10_15_4) AppleWebKit/537.36 (KHTML, like Gecko) Chrome/81.0.4044.138 Safari/537.36"
114.119.156.115 - - [31/May/2026:21:28:42 +0700] "GET /2-guru-di-luwu-utara-direhabilitasi-nama-baiknya-ucapkan-terima-kasih-ke-prabowo-5017.html HTTP/1.1" 404 212 "https://tukarposisi.com/sitemap-news-33.xml" "Mozilla/5.0 (Linux; Android 7.0;) AppleWebKit/537.36 (HTML, like Gecko) Mobile Safari/537.36 (compatible; PetalBot;+https://webmaster.petalsearch.com/site/petalbot)"
114.119.151.151 - - [31/May/2026:21:29:56 +0700] "GET /2-bocah-di-cipinang-luka-ditabrak-mobil-yang-hendak-parkir-5903.html HTTP/1.1" 404 212 "https://tukarposisi.com/sitemap-news-39.xml" "Mozilla/5.0 (Linux; Android 7.0;) AppleWebKit/537.36 (HTML, like Gecko) Mobile Safari/537.36 (compatible; PetalBot;+https://webmaster.petalsearch.com/site/petalbot)"
114.119.151.151 - - [31/May/2026:21:31:19 +0700] "GET /2-695-peserta-ramaikan-milklife-soccer-challenge-jakarta-seri-1-2025-26-7716.html HTTP/1.1" 404 212 "https://tukarposisi.com/sitemap-news-51.xml" "Mozilla/5.0 (Linux; Android 7.0;) AppleWebKit/537.36 (HTML, like Gecko) Mobile Safari/537.36 (compatible; PetalBot;+https://webmaster.petalsearch.com/site/petalbot)"
114.119.128.62 - - [31/May/2026:21:32:42 +0700] "GET /1983-jatuhnya-junta-militer-dan-jalan-terjal-argentina-menuju-demokratisasi-7639.html HTTP/1.1" 404 212 "https://tukarposisi.com/sitemap-news-50.xml" "Mozilla/5.0 (Linux; Android 7.0;) AppleWebKit/537.36 (HTML, like Gecko) Mobile Safari/537.36 (compatible; PetalBot;+https://webmaster.petalsearch.com/site/petalbot)"
47.128.33.141 - - [31/May/2026:21:32:47 +0700] "GET /robots.txt HTTP/1.1" 404 277 "-" "Mozilla/5.0 (Linux; Android 5.0) AppleWebKit/537.36 (KHTML, like Gecko) Mobile Safari/537.36 (compatible; Bytespider; spider-feedback@bytedance.com)"
114.119.152.86 - - [31/May/2026:21:34:07 +0700] "GET /16-perjalanan-kereta-api-dibatalkan-imbas-banjir-semarang-siang-ini-1022.html HTTP/1.1" 404 212 "https://tukarposisi.com/sitemap-news-6.xml" "Mozilla/5.0 (Linux; Android 7.0;) AppleWebKit/537.36 (HTML, like Gecko) Mobile Safari/537.36 (compatible; PetalBot;+https://webmaster.petalsearch.com/site/petalbot)"
114.119.153.106 - - [31/May/2026:21:35:42 +0700] "GET /15-tahun-pengakuan-unesco-pertunjukkan-angklung-digital-hadir-di-as-7165.html HTTP/1.1" 404 212 "https://tukarposisi.com/sitemap-news-47.xml" "Mozilla/5.0 (Linux; Android 7.0;) AppleWebKit/537.36 (HTML, like Gecko) Mobile Safari/537.36 (compatible; PetalBot;+https://webmaster.petalsearch.com/site/petalbot)"
114.119.128.62 - - [31/May/2026:21:36:53 +0700] "GET /menkes-ingatkan-kki-utamakan-kepentingan-warga-dibanding-organisasi-profesi-8447.html HTTP/1.1" 404 212 "https://tukarposisi.com/sitemap-news-56.xml" "Mozilla/5.0 (Linux; Android 7.0;) AppleWebKit/537.36 (HTML, like Gecko) Mobile Safari/537.36 (compatible; PetalBot;+https://webmaster.petalsearch.com/site/petalbot)"
114.119.128.55 - - [31/May/2026:21:38:17 +0700] "GET /12-alat-musik-suarakan-harmoni-etnik-dan-modern-di-binua-quantum-7686.html HTTP/1.1" 404 212 "https://tukarposisi.com/sitemap-news-51.xml" "Mozilla/5.0 (Linux; Android 7.0;) AppleWebKit/537.36 (HTML, like Gecko) Mobile Safari/537.36 (compatible; PetalBot;+https://webmaster.petalsearch.com/site/petalbot)"
114.119.156.115 - - [31/May/2026:21:39:41 +0700] "GET /115-stnk-dan-46-bpkb-disita-dari-kasus-polisi-yang-curi-mobil-polisi-di-lampung-1072.html HTTP/1.1" 404 212 "https://tukarposisi.com/sitemap-news-7.xml" "Mozilla/5.0 (Linux; Android 7.0;) AppleWebKit/537.36 (HTML, like Gecko) Mobile Safari/537.36 (compatible; PetalBot;+https://webmaster.petalsearch.com/site/petalbot)"
114.119.146.120 - - [31/May/2026:21:41:02 +0700] "GET /111-stasiun-pemantau-kualitas-udara-perkuat-langkah-hijau-jakarta-6498.html HTTP/1.1" 404 212 "https://tukarposisi.com/sitemap-news-43.xml" "Mozilla/5.0 (Linux; Android 7.0;) AppleWebKit/537.36 (HTML, like Gecko) Mobile Safari/537.36 (compatible; PetalBot;+https://webmaster.petalsearch.com/site/petalbot)"
114.119.128.62 - - [31/May/2026:21:42:26 +0700] "GET /11-daerah-di-sumsel-siaga-bencana-di-musim-hujan-3474.html HTTP/1.1" 404 212 "https://tukarposisi.com/sitemap-news-23.xml" "Mozilla/5.0 (Linux; Android 7.0;) AppleWebKit/537.36 (HTML, like Gecko) Mobile Safari/537.36 (compatible; PetalBot;+https://webmaster.petalsearch.com/site/petalbot)"
114.119.151.151 - - [31/May/2026:21:43:50 +0700] "GET /106-penunggak-pajak-akhirnya-bayar-rp-11-9-triliun-ke-kas-negara-8664.html HTTP/1.1" 404 212 "https://tukarposisi.com/sitemap-news-57.xml" "Mozilla/5.0 (Linux; Android 7.0;) AppleWebKit/537.36 (HTML, like Gecko) Mobile Safari/537.36 (compatible; PetalBot;+https://webmaster.petalsearch.com/site/petalbot)"
114.119.128.62 - - [31/May/2026:21:45:13 +0700] "GET /1-siswi-yang-diculik-di-nigeria-berhasil-kabur-24-lainnya-masih-diculik-7192.html HTTP/1.1" 404 212 "https://tukarposisi.com/sitemap-news-47.xml" "Mozilla/5.0 (Linux; Android 7.0;) AppleWebKit/537.36 (HTML, like Gecko) Mobile Safari/537.36 (compatible; PetalBot;+https://webmaster.petalsearch.com/site/petalbot)"
114.119.128.55 - - [31/May/2026:21:46:37 +0700] "GET /1-500-personel-gabungan-amankan-konser-blackpink-hari-ke-2-di-gbk-2227.html HTTP/1.1" 404 212 "https://tukarposisi.com/sitemap-news-14.xml" "Mozilla/5.0 (Linux; Android 7.0;) AppleWebKit/537.36 (HTML, like Gecko) Mobile Safari/537.36 (compatible; PetalBot;+https://webmaster.petalsearch.com/site/petalbot)"
114.119.151.151 - - [31/May/2026:21:49:25 +0700] "GET /1-2-juta-agenbrilink-catat-transaksi-rp-1-294-triliun-dalam-9-bulan-5344.html HTTP/1.1" 404 212 "https://tukarposisi.com/sitemap-news-35.xml" "Mozilla/5.0 (Linux; Android 7.0;) AppleWebKit/537.36 (HTML, like Gecko) Mobile Safari/537.36 (compatible; PetalBot;+https://webmaster.petalsearch.com/site/petalbot)"
45.198.224.96 - - [31/May/2026:21:54:41 +0700] "GET /wp-login.php HTTP/1.1" 404 47 "-" "Mozilla/5.0 (Windows NT 10.0; Win64; x64) AppleWebKit/537.36"
114.119.151.151 - - [31/May/2026:21:59:09 +0700] "GET /1-39-juta-turis-mancanegara-melancong-ke-indonesia-hingga-september-2025-2616.html HTTP/1.1" 404 212 "https://tukarposisi.com/sitemap-news-17.xml" "Mozilla/5.0 (Linux; Android 7.0;) AppleWebKit/537.36 (HTML, like Gecko) Mobile Safari/537.36 (compatible; PetalBot;+https://webmaster.petalsearch.com/site/petalbot)"
114.119.151.151 - - [31/May/2026:22:18:40 +0700] "GET /sitemap-26.xml HTTP/1.1" 404 212 "https://tukarposisi.com/sitemap-26.xml" "Mozilla/5.0 (Linux; Android 7.0;) AppleWebKit/537.36 (HTML, like Gecko) Mobile Safari/537.36 (compatible; PetalBot;+https://webmaster.petalsearch.com/site/petalbot)"
114.119.128.62 - - [31/May/2026:22:20:03 +0700] "GET /profil-mochtar-kusumaatmadja-pencetus-wawasan-nusantara-resmi-jadi-pahlawan-4612.html HTTP/1.1" 404 212 "https://tukarposisi.com/sitemap-news-30.xml" "Mozilla/5.0 (Linux; Android 7.0;) AppleWebKit/537.36 (HTML, like Gecko) Mobile Safari/537.36 (compatible; PetalBot;+https://webmaster.petalsearch.com/site/petalbot)"
163.245.192.91 - - [31/May/2026:22:24:42 +0700] "GET / HTTP/1.1" 200 350 "-" "Mozilla/5.0 (Windows NT 10.0; Win64; x64) AppleWebKit/537.36 (KHTML, like Gecko) Chrome/125.0.0.0 Safari/537.36"
103.6.117.75 - - [31/May/2026:22:24:46 +0700] "GET /wp-content/uploads/2014/06/teman-yang-hobi-berhutang.jpg HTTP/1.1" 404 355 "-" "Mozilla/5.0 (Macintosh; Intel Mac OS X 10_15_4) AppleWebKit/537.36 (KHTML, like Gecko) Chrome/81.0.4044.138 Safari/537.36"
43.207.138.200 - - [31/May/2026:22:31:51 +0700] "GET / HTTP/1.1" 200 658 "-" "longlist-research/1.0"
17.241.219.37 - - [31/May/2026:22:38:38 +0700] "GET /robots.txt HTTP/1.1" 404 277 "-" "Mozilla/5.0 (Macintosh; Intel Mac OS X 10_15_7) AppleWebKit/605.1.15 (KHTML, like Gecko) Version/17.4 Safari/605.1.15 (Applebot/0.1; +http://www.apple.com/go/applebot)"
17.241.219.37 - - [31/May/2026:22:38:38 +0700] "GET /sitemap-news-4.xml HTTP/1.1" 404 277 "-" "Mozilla/5.0 (Macintosh; Intel Mac OS X 10_15_7) AppleWebKit/605.1.15 (KHTML, like Gecko) Version/17.4 Safari/605.1.15 (Applebot/0.1; +http://www.apple.com/go/applebot)"
114.119.128.55 - - [31/May/2026:22:39:32 +0700] "GET /foto-bermain-dengan-10-pemain-persib-tekuk-dewa-united-di-super-league-7641.html HTTP/1.1" 404 212 "https://tukarposisi.com/sitemap-news-50.xml" "Mozilla/5.0 (Linux; Android 7.0;) AppleWebKit/537.36 (HTML, like Gecko) Mobile Safari/537.36 (compatible; PetalBot;+https://webmaster.petalsearch.com/site/petalbot)"
17.241.219.135 - - [31/May/2026:22:41:47 +0700] "GET /sitemap-news-1.xml HTTP/1.1" 404 277 "-" "Mozilla/5.0 (Macintosh; Intel Mac OS X 10_15_7) AppleWebKit/605.1.15 (KHTML, like Gecko) Version/17.4 Safari/605.1.15 (Applebot/0.1; +http://www.apple.com/go/applebot)"
114.119.128.55 - - [31/May/2026:22:50:41 +0700] "GET /sensus-ekonomi-2026-pendataan-konvensional-menuju-big-data-ekonomi-nasional-6252.html HTTP/1.1" 404 212 "https://tukarposisi.com/sitemap-news-41.xml" "Mozilla/5.0 (Linux; Android 7.0;) AppleWebKit/537.36 (HTML, like Gecko) Mobile Safari/537.36 (compatible; PetalBot;+https://webmaster.petalsearch.com/site/petalbot)"
114.119.158.106 - - [31/May/2026:22:52:03 +0700] "GET /refleksi-hari-sumpah-pemuda-di-tengah-tumpukan-sampah-moral-dan-luka-sosial-759.html HTTP/1.1" 404 212 "https://tukarposisi.com/sitemap-news-5.xml" "Mozilla/5.0 (Linux; Android 7.0;) AppleWebKit/537.36 (HTML, like Gecko) Mobile Safari/537.36 (compatible; PetalBot;+https://webmaster.petalsearch.com/site/petalbot)"
114.119.128.55 - - [31/May/2026:22:53:26 +0700] "GET /foto-timnas-u-22-matangkan-persiapan-jelang-sea-games-2025-8910.html HTTP/1.1" 404 212 "https://tukarposisi.com/sitemap-news-59.xml" "Mozilla/5.0 (Linux; Android 7.0;) AppleWebKit/537.36 (HTML, like Gecko) Mobile Safari/537.36 (compatible; PetalBot;+https://webmaster.petalsearch.com/site/petalbot)"
40.77.167.28 - - [31/May/2026:23:02:19 +0700] "GET /cast/menik-gooneratne/ HTTP/1.1" 404 212 "-" "Mozilla/5.0 AppleWebKit/537.36 (KHTML, like Gecko; compatible; bingbot/2.0; +http://www.bing.com/bingbot.htm) Chrome/116.0.1938.76 Safari/537.36"
216.73.216.255 - - [31/May/2026:23:17:36 +0700] "GET /robots.txt HTTP/1.1" 404 212 "-" "Mozilla/5.0 AppleWebKit/537.36 (KHTML, like Gecko; compatible; ClaudeBot/1.0; +claudebot@anthropic.com)"
216.73.216.255 - - [31/May/2026:23:17:37 +0700] "GET / HTTP/1.1" 200 265 "-" "Mozilla/5.0 AppleWebKit/537.36 (KHTML, like Gecko; compatible; ClaudeBot/1.0; +claudebot@anthropic.com)"
114.119.128.62 - - [31/May/2026:23:29:39 +0700] "GET /polisi-abh-pelaku-ledakan-sman-72-keluar-icu-segera-diperiksa-6108.html HTTP/1.1" 404 212 "https://tukarposisi.com/sitemap-news-40.xml" "Mozilla/5.0 (Linux; Android 7.0;) AppleWebKit/537.36 (HTML, like Gecko) Mobile Safari/537.36 (compatible; PetalBot;+https://webmaster.petalsearch.com/site/petalbot)"
17.241.227.247 - - [31/May/2026:23:40:00 +0700] "GET /sitemap-news-2.xml HTTP/1.1" 404 277 "-" "Mozilla/5.0 (Macintosh; Intel Mac OS X 10_15_7) AppleWebKit/605.1.15 (KHTML, like Gecko) Version/17.4 Safari/605.1.15 (Applebot/0.1; +http://www.apple.com/go/applebot)"
51.68.236.68 - - [31/May/2026:23:59:13 +0700] "GET /robots.txt HTTP/1.1" 404 212 "-" "Mozilla/5.0 (compatible; MJ12bot/v2.0.5; http://mj12bot.com/)"
51.68.236.68 - - [31/May/2026:23:59:13 +0700] "GET / HTTP/1.1" 200 265 "-" "Mozilla/5.0 (compatible; MJ12bot/v2.0.5; http://mj12bot.com/)"
114.119.128.62 - - [01/Jun/2026:00:21:06 +0700] "GET /pengawasan-notaris-diperketat-kemenkum-gelar-pemeriksaan-protokol-di-mempawah-7130.html HTTP/1.1" 404 212 "https://tukarposisi.com/sitemap-news-47.xml" "Mozilla/5.0 (Linux; Android 7.0;) AppleWebKit/537.36 (HTML, like Gecko) Mobile Safari/537.36 (compatible; PetalBot;+https://webmaster.petalsearch.com/site/petalbot)"
17.246.19.69 - - [01/Jun/2026:00:38:00 +0700] "GET /sitemap-news-5.xml HTTP/1.1" 404 277 "-" "Mozilla/5.0 (Macintosh; Intel Mac OS X 10_15_7) AppleWebKit/605.1.15 (KHTML, like Gecko) Version/17.4 Safari/605.1.15 (Applebot/0.1; +http://www.apple.com/go/applebot)"
104.210.140.139 - - [01/Jun/2026:00:40:03 +0700] "GET /robots.txt HTTP/1.1" 404 212 "-" "Mozilla/5.0 (Macintosh; Intel Mac OS X 10_15_7) AppleWebKit/537.36 (KHTML, like Gecko) Chrome/131.0.0.0 Safari/537.36; compatible; OAI-SearchBot/1.0; +https://openai.com/searchbot"
