Google
Edit File: tukarposisi.com.lifetimefee.com
216.244.66.203 - - [31/May/2026:19:27:03 +0700] "GET /robots.txt HTTP/1.1" 404 355 "-" "Mozilla/5.0 (compatible; DotBot/1.2; +https://opensiteexplorer.org/dotbot; help@moz.com)"
216.244.66.203 - - [31/May/2026:19:31:15 +0700] "GET /rupslb-astra-angkat-dua-komisaris-dan-satu-direktur-ini-daftarnya-6706.html HTTP/1.1" 404 355 "-" "Mozilla/5.0 (compatible; DotBot/1.2; +https://opensiteexplorer.org/dotbot; help@moz.com)"
216.244.66.203 - - [31/May/2026:19:31:22 +0700] "GET /foto-asa-siswa-di-pandeglang-tetap-menuntut-ilmu-walaupun-menempuh-jalur-lumpur-7290.html HTTP/1.1" 404 355 "-" "Mozilla/5.0 (compatible; DotBot/1.2; +https://opensiteexplorer.org/dotbot; help@moz.com)"
216.244.66.203 - - [31/May/2026:19:31:35 +0700] "GET /tambang-grasberg-mulai-beroperasi-kuartal-ii-2026-freeport-yakin-produksi-naik-7674.html HTTP/1.1" 404 355 "-" "Mozilla/5.0 (compatible; DotBot/1.2; +https://opensiteexplorer.org/dotbot; help@moz.com)"
216.244.66.203 - - [31/May/2026:19:31:57 +0700] "GET /3-pabrik-singkong-langgar-pergub-harga-acuan-pemprov-layangkan-surat-teguran-7259.html HTTP/1.1" 404 355 "-" "Mozilla/5.0 (compatible; DotBot/1.2; +https://opensiteexplorer.org/dotbot; help@moz.com)"
216.244.66.203 - - [31/May/2026:19:31:59 +0700] "GET /pohon-tumbang-tiang-listrik-roboh-di-cawang-jalan-macet-rute-transj-terdampak-7150.html HTTP/1.1" 404 355 "-" "Mozilla/5.0 (compatible; DotBot/1.2; +https://opensiteexplorer.org/dotbot; help@moz.com)"
216.244.66.203 - - [31/May/2026:19:32:02 +0700] "GET /ramai-buruh-bermalam-di-stasiun-krl-cikarang-diminta-layani-penumpang-24-jam-6463.html HTTP/1.1" 404 355 "-" "Mozilla/5.0 (compatible; DotBot/1.2; +https://opensiteexplorer.org/dotbot; help@moz.com)"
216.244.66.203 - - [31/May/2026:19:33:18 +0700] "GET /search?q=Bri+Sabet+Penghargaan+Bergengsi+Di+Asia HTTP/1.1" 404 355 "-" "Mozilla/5.0 (compatible; DotBot/1.2; +https://opensiteexplorer.org/dotbot; help@moz.com)"
216.244.66.203 - - [31/May/2026:19:33:42 +0700] "GET /search?q=Foto+Aksi+Gotong+Royong+Warga+Saat HTTP/1.1" 404 355 "-" "Mozilla/5.0 (compatible; DotBot/1.2; +https://opensiteexplorer.org/dotbot; help@moz.com)"
103.6.117.75 - - [31/May/2026:19:38:48 +0700] "GET /wp-content/uploads/2014/05/TIPS-MEMAKAN-MAKANAN-PEDAS.jpg HTTP/1.1" 404 355 "-" "Mozilla/5.0 (Macintosh; Intel Mac OS X 10_15_4) AppleWebKit/537.36 (KHTML, like Gecko) Chrome/81.0.4044.138 Safari/537.36"
43.166.255.102 - - [31/May/2026:19:59:27 +0700] "GET / HTTP/1.1" 200 350 "-" "Mozilla/5.0 (iPhone; CPU iPhone OS 13_2_3 like Mac OS X) AppleWebKit/605.1.15 (KHTML, like Gecko) Version/13.0.3 Mobile/15E148 Safari/604.1"
173.252.82.1 - - [31/May/2026:20:06:09 +0700] "GET /robots.txt HTTP/1.1" 404 355 "-" "facebookexternalhit/1.1 (+http://www.facebook.com/externalhit_uatext.php)"
103.6.117.75 - - [31/May/2026:20:10:33 +0700] "GET /wp-content/uploads/2014/06/teman-yang-hobi-berhutang.jpg HTTP/1.1" 404 355 "-" "Mozilla/5.0 (Macintosh; Intel Mac OS X 10_15_4) AppleWebKit/537.36 (KHTML, like Gecko) Chrome/81.0.4044.138 Safari/537.36"
216.244.66.203 - - [31/May/2026:20:10:54 +0700] "GET /robots.txt HTTP/1.1" 404 355 "-" "Mozilla/5.0 (compatible; DotBot/1.2; +https://opensiteexplorer.org/dotbot; help@moz.com)"
216.244.66.203 - - [31/May/2026:20:14:59 +0700] "GET /menteri-p2mi-pmi-hanya-pekerja-rumah-tangga-itu-paradigma-lama-6489.html HTTP/1.1" 404 355 "-" "Mozilla/5.0 (compatible; DotBot/1.2; +https://opensiteexplorer.org/dotbot; help@moz.com)"
216.244.66.203 - - [31/May/2026:20:15:09 +0700] "GET /waka-bgn-minta-kodim-ternak-ayam-dan-tanam-sayur-untuk-bahan-baku-mbg-7261.html HTTP/1.1" 404 355 "-" "Mozilla/5.0 (compatible; DotBot/1.2; +https://opensiteexplorer.org/dotbot; help@moz.com)"
216.244.66.203 - - [31/May/2026:20:17:14 +0700] "GET /search?q=Istana+Soal+Pembatasan+Game+Online+Tolong HTTP/1.1" 404 355 "-" "Mozilla/5.0 (compatible; DotBot/1.2; +https://opensiteexplorer.org/dotbot; help@moz.com)"
216.244.66.203 - - [31/May/2026:20:18:59 +0700] "GET /search?q=Gubernur+Sumsel+Ingatkan+Kesiapsiagakan+Di+Puncak HTTP/1.1" 404 355 "-" "Mozilla/5.0 (compatible; DotBot/1.2; +https://opensiteexplorer.org/dotbot; help@moz.com)"
89.238.174.3 - - [31/May/2026:20:19:53 +0700] "GET /members/laurentedesco9/ HTTP/1.1" 404 212 "http://www.tukarposisi.com/" "Mozilla/5.0 (X11; Linux x86_64; rv:147.0) Gecko/20100101 Firefox/147.0"
89.238.174.3 - - [31/May/2026:20:19:53 +0700] "GET / HTTP/1.1" 200 265 "-" "Mozilla/5.0 (X11; Linux x86_64; rv:147.0) Gecko/20100101 Firefox/147.0"
89.238.174.3 - - [31/May/2026:20:19:54 +0700] "GET /?C=M;O=A HTTP/1.1" 200 269 "http://www.tukarposisi.com" "Mozilla/5.0 (X11; Linux x86_64; rv:147.0) Gecko/20100101 Firefox/147.0"
140.245.59.138 - - [31/May/2026:20:21:40 +0700] "GET /wp-login.php HTTP/1.1" 404 31 "https://wordpress.org/" "Mozilla/5.0 (Windows NT 11.0; Win64; x64) AppleWebKit/537.36 (KHTML, like Gecko) Chrome/119.0.0.0 Safari/537.36"
216.244.66.203 - - [31/May/2026:20:54:21 +0700] "GET /robots.txt HTTP/1.1" 404 355 "-" "Mozilla/5.0 (compatible; DotBot/1.2; +https://opensiteexplorer.org/dotbot; help@moz.com)"
216.244.66.203 - - [31/May/2026:20:58:08 +0700] "GET /bpom-sebut-label-air-pegunungan-sudah-diverifikasi-ketat-le-minerale-termasuk-7591.html HTTP/1.1" 404 355 "-" "Mozilla/5.0 (compatible; DotBot/1.2; +https://opensiteexplorer.org/dotbot; help@moz.com)"
216.244.66.203 - - [31/May/2026:21:00:51 +0700] "GET /search?q=Foto+Startup+Uganda+Sulap+Tanduk+Sapi HTTP/1.1" 404 355 "-" "Mozilla/5.0 (compatible; DotBot/1.2; +https://opensiteexplorer.org/dotbot; help@moz.com)"
216.244.66.203 - - [31/May/2026:21:01:02 +0700] "GET /search?q=Pramono+Bakal+Pangkas+Pohon+Rawan+Tumbang HTTP/1.1" 404 355 "-" "Mozilla/5.0 (compatible; DotBot/1.2; +https://opensiteexplorer.org/dotbot; help@moz.com)"
144.76.19.157 - - [31/May/2026:21:05:09 +0700] "GET /robots.txt HTTP/1.1" 404 277 "-" "Mozilla/5.0 (compatible; SERankingBacklinksBot/1.0; +https://seranking.com/backlinks-crawler)"
144.76.19.157 - - [31/May/2026:21:05:10 +0700] "GET /groups/discover-holistic-treatment/ HTTP/1.1" 404 277 "-" "Mozilla/5.0 (compatible; SERankingBacklinksBot/1.0; +https://seranking.com/backlinks-crawler)"
103.6.117.75 - - [31/May/2026:21:28:24 +0700] "GET /wp-content/uploads/2014/05/Its-bad-dude.jpg HTTP/1.1" 404 355 "-" "Mozilla/5.0 (Macintosh; Intel Mac OS X 10_15_4) AppleWebKit/537.36 (KHTML, like Gecko) Chrome/81.0.4044.138 Safari/537.36"
103.6.117.75 - - [31/May/2026:21:28:29 +0700] "GET /wp-content/uploads/2014/05/Its-bad-dude.jpg HTTP/1.1" 404 355 "-" "Mozilla/5.0 (Macintosh; Intel Mac OS X 10_15_4) AppleWebKit/537.36 (KHTML, like Gecko) Chrome/81.0.4044.138 Safari/537.36"
43.166.226.57 - - [31/May/2026:21:30:13 +0700] "GET / HTTP/1.1" 200 350 "-" "Mozilla/5.0 (iPhone; CPU iPhone OS 13_2_3 like Mac OS X) AppleWebKit/605.1.15 (KHTML, like Gecko) Version/13.0.3 Mobile/15E148 Safari/604.1"
216.244.66.203 - - [31/May/2026:21:37:37 +0700] "GET /robots.txt HTTP/1.1" 404 355 "-" "Mozilla/5.0 (compatible; DotBot/1.2; +https://opensiteexplorer.org/dotbot; help@moz.com)"
216.244.66.203 - - [31/May/2026:21:41:28 +0700] "GET /fatima-bosch-dari-meksiko-raih-mahkota-miss-universe-2025-7814.html HTTP/1.1" 404 355 "-" "Mozilla/5.0 (compatible; DotBot/1.2; +https://opensiteexplorer.org/dotbot; help@moz.com)"
216.244.66.203 - - [31/May/2026:21:41:42 +0700] "GET /bri-sabet-3-penghargaan-bergengsi-di-asia-sustainability-reporting-awards-2025-6509.html HTTP/1.1" 404 355 "-" "Mozilla/5.0 (compatible; DotBot/1.2; +https://opensiteexplorer.org/dotbot; help@moz.com)"
216.244.66.203 - - [31/May/2026:21:42:06 +0700] "GET /bareskrim-musnahkan-51-57-ha-ladang-ganja-di-aceh-setara-155-2-ton-siap-edar-6957.html HTTP/1.1" 404 355 "-" "Mozilla/5.0 (compatible; DotBot/1.2; +https://opensiteexplorer.org/dotbot; help@moz.com)"
216.244.66.203 - - [31/May/2026:21:42:41 +0700] "GET /pramono-bicara-air-laut-di-pantai-mutiara-hampir-setara-jalan-rob-sudah-turun-7413.html HTTP/1.1" 404 355 "-" "Mozilla/5.0 (compatible; DotBot/1.2; +https://opensiteexplorer.org/dotbot; help@moz.com)"
216.244.66.203 - - [31/May/2026:21:44:06 +0700] "GET /search?q=Kapal+Margana+Sakti+Tenggelam+Di+Kubu HTTP/1.1" 404 355 "-" "Mozilla/5.0 (compatible; DotBot/1.2; +https://opensiteexplorer.org/dotbot; help@moz.com)"
114.119.146.120 - - [31/May/2026:21:51:00 +0700] "GET /uploads/jccms/image/20171011/20171011143703_89689.jpg HTTP/1.1" 404 277 "http://www.tukarposisi.com/uploads/jccms/image/20171011/20171011143703_89689.jpg" "Mozilla/5.0 (Linux; Android 7.0;) AppleWebKit/537.36 (HTML, like Gecko) Mobile Safari/537.36 (compatible; PetalBot;+https://webmaster.petalsearch.com/site/petalbot)"
114.119.151.151 - - [31/May/2026:21:52:12 +0700] "GET /uploads/allimg/c191120/15J23154455230-4N45.jpg HTTP/1.1" 404 277 "http://www.tukarposisi.com/uploads/allimg/c191120/15J23154455230-4N45.jpg" "Mozilla/5.0 (Linux; Android 7.0;) AppleWebKit/537.36 (HTML, like Gecko) Mobile Safari/537.36 (compatible; PetalBot;+https://webmaster.petalsearch.com/site/petalbot)"
114.119.151.151 - - [31/May/2026:21:53:34 +0700] "GET /uploads/allimg/c191120/15J2314SVX0-c003.jpg HTTP/1.1" 404 277 "http://www.tukarposisi.com/uploads/allimg/c191120/15J2314SVX0-c003.jpg" "Mozilla/5.0 (Linux; Android 7.0;) AppleWebKit/537.36 (HTML, like Gecko) Mobile Safari/537.36 (compatible; PetalBot;+https://webmaster.petalsearch.com/site/petalbot)"
114.119.146.120 - - [31/May/2026:21:54:58 +0700] "GET /uploads/allimg/c191120/15J23110A9E0-5V25.jpg HTTP/1.1" 404 277 "http://www.tukarposisi.com/uploads/allimg/c191120/15J23110A9E0-5V25.jpg" "Mozilla/5.0 (Linux; Android 7.0;) AppleWebKit/537.36 (HTML, like Gecko) Mobile Safari/537.36 (compatible; PetalBot;+https://webmaster.petalsearch.com/site/petalbot)"
114.119.151.151 - - [31/May/2026:21:56:22 +0700] "GET /robots.txt HTTP/1.1" 404 277 "http://www.tukarposisi.com/robots.txt" "Mozilla/5.0 (Linux; Android 7.0;) AppleWebKit/537.36 (HTML, like Gecko) Mobile Safari/537.36 (compatible; PetalBot;+https://webmaster.petalsearch.com/site/petalbot)"
114.119.128.62 - - [31/May/2026:21:57:45 +0700] "GET /wp-content/uploads/2019/04/logo.png HTTP/1.1" 404 277 "http://tukarposisi.com/wp-content/uploads/2019/04/logo.png" "Mozilla/5.0 (Linux; Android 7.0;) AppleWebKit/537.36 (HTML, like Gecko) Mobile Safari/537.36 (compatible; PetalBot;+https://webmaster.petalsearch.com/site/petalbot)"
114.119.128.62 - - [31/May/2026:22:00:32 +0700] "GET /uploads/allimg/c191120/15J231555WF-236208.jpg HTTP/1.1" 404 277 "http://tukarposisi.com/uploads/allimg/c191120/15J231555WF-236208.jpg" "Mozilla/5.0 (Linux; Android 7.0;) AppleWebKit/537.36 (HTML, like Gecko) Mobile Safari/537.36 (compatible; PetalBot;+https://webmaster.petalsearch.com/site/petalbot)"
114.119.146.120 - - [31/May/2026:22:02:01 +0700] "GET /uploads/allimg/c191120/15J23155415P-101G8.jpg HTTP/1.1" 404 277 "http://tukarposisi.com/uploads/allimg/c191120/15J23155415P-101G8.jpg" "Mozilla/5.0 (Linux; Android 7.0;) AppleWebKit/537.36 (HTML, like Gecko) Mobile Safari/537.36 (compatible; PetalBot;+https://webmaster.petalsearch.com/site/petalbot)"
114.119.128.55 - - [31/May/2026:22:03:20 +0700] "GET /uploads/allimg/c191120/15J23154495L0-H045.jpg HTTP/1.1" 404 277 "http://tukarposisi.com/uploads/allimg/c191120/15J23154495L0-H045.jpg" "Mozilla/5.0 (Linux; Android 7.0;) AppleWebKit/537.36 (HTML, like Gecko) Mobile Safari/537.36 (compatible; PetalBot;+https://webmaster.petalsearch.com/site/petalbot)"
114.119.158.106 - - [31/May/2026:22:04:43 +0700] "GET /uploads/allimg/c191120/15J23153CCF-E235.jpg HTTP/1.1" 404 277 "http://tukarposisi.com/uploads/allimg/c191120/15J23153CCF-E235.jpg" "Mozilla/5.0 (Linux; Android 7.0;) AppleWebKit/537.36 (HTML, like Gecko) Mobile Safari/537.36 (compatible; PetalBot;+https://webmaster.petalsearch.com/site/petalbot)"
43.157.98.187 - - [31/May/2026:22:05:41 +0700] "GET / HTTP/1.1" 200 350 "-" "Mozilla/5.0 (iPhone; CPU iPhone OS 13_2_3 like Mac OS X) AppleWebKit/605.1.15 (KHTML, like Gecko) Version/13.0.3 Mobile/15E148 Safari/604.1"
114.119.156.115 - - [31/May/2026:22:06:07 +0700] "GET /uploads/allimg/c191120/15J23153CCF-E235.jpg HTTP/1.1" 404 277 "http://tukarposisi.com/uploads/allimg/c191120/15J23153CCF-E235.jpg" "Mozilla/5.0 (Linux; Android 7.0;) AppleWebKit/537.36 (HTML, like Gecko) Mobile Safari/537.36 (compatible; PetalBot;+https://webmaster.petalsearch.com/site/petalbot)"
114.119.156.115 - - [31/May/2026:22:07:30 +0700] "GET /uploads/allimg/c191120/15J23153B41P-511P.jpg HTTP/1.1" 404 277 "http://tukarposisi.com/uploads/allimg/c191120/15J23153B41P-511P.jpg" "Mozilla/5.0 (Linux; Android 7.0;) AppleWebKit/537.36 (HTML, like Gecko) Mobile Safari/537.36 (compatible; PetalBot;+https://webmaster.petalsearch.com/site/petalbot)"
114.119.158.106 - - [31/May/2026:22:08:55 +0700] "GET /uploads/allimg/c191120/15J23152X2310-5HL.jpg HTTP/1.1" 404 277 "http://tukarposisi.com/uploads/allimg/c191120/15J23152X2310-5HL.jpg" "Mozilla/5.0 (Linux; Android 7.0;) AppleWebKit/537.36 (HTML, like Gecko) Mobile Safari/537.36 (compatible; PetalBot;+https://webmaster.petalsearch.com/site/petalbot)"
114.119.146.120 - - [31/May/2026:22:10:17 +0700] "GET /uploads/allimg/c191120/15J2314Y13G0-95P7.jpg HTTP/1.1" 404 277 "http://tukarposisi.com/uploads/allimg/c191120/15J2314Y13G0-95P7.jpg" "Mozilla/5.0 (Linux; Android 7.0;) AppleWebKit/537.36 (HTML, like Gecko) Mobile Safari/537.36 (compatible; PetalBot;+https://webmaster.petalsearch.com/site/petalbot)"
114.119.152.86 - - [31/May/2026:22:11:56 +0700] "GET /uploads/allimg/c191120/15J2314Xc030-Q0c.jpg HTTP/1.1" 404 277 "http://tukarposisi.com/uploads/allimg/c191120/15J2314Xc030-Q0c.jpg" "Mozilla/5.0 (Linux; Android 7.0;) AppleWebKit/537.36 (HTML, like Gecko) Mobile Safari/537.36 (compatible; PetalBot;+https://webmaster.petalsearch.com/site/petalbot)"
114.119.152.86 - - [31/May/2026:22:14:28 +0700] "GET /uploads/allimg/c191120/15J2314Q4GP-4N24.png HTTP/1.1" 404 277 "http://tukarposisi.com/uploads/allimg/c191120/15J2314Q4GP-4N24.png" "Mozilla/5.0 (Linux; Android 7.0;) AppleWebKit/537.36 (HTML, like Gecko) Mobile Safari/537.36 (compatible; PetalBot;+https://webmaster.petalsearch.com/site/petalbot)"
203.175.97.237 - - [31/May/2026:22:15:31 +0700] "GET /groups/effortless-advice-of-gel-shoe-inserts-some-thoughts/ HTTP/1.1" 404 212 "http://www.tukarposisi.com/" "Mozilla/5.0 (Windows NT 10.0; Win64; x64; rv:114.0) Gecko/20100101 Firefox/114.0"
203.175.97.237 - - [31/May/2026:22:15:31 +0700] "GET / HTTP/1.1" 200 265 "-" "Mozilla/5.0 (Windows NT 10.0; Win64; x64; rv:114.0) Gecko/20100101 Firefox/114.0"
203.175.97.237 - - [31/May/2026:22:15:32 +0700] "GET /?C=M;O=A HTTP/1.1" 200 269 "http://www.tukarposisi.com" "Mozilla/5.0 (Windows NT 10.0; Win64; x64; rv:114.0) Gecko/20100101 Firefox/114.0"
114.119.146.120 - - [31/May/2026:22:15:51 +0700] "GET /uploads/allimg/c191120/15J2314PGc0-11M6.jpg HTTP/1.1" 404 277 "http://tukarposisi.com/uploads/allimg/c191120/15J2314PGc0-11M6.jpg" "Mozilla/5.0 (Linux; Android 7.0;) AppleWebKit/537.36 (HTML, like Gecko) Mobile Safari/537.36 (compatible; PetalBot;+https://webmaster.petalsearch.com/site/petalbot)"
114.119.128.62 - - [31/May/2026:22:17:16 +0700] "GET /uploads/allimg/c191120/15J2314M53530-M925.jpg HTTP/1.1" 404 277 "http://tukarposisi.com/uploads/allimg/c191120/15J2314M53530-M925.jpg" "Mozilla/5.0 (Linux; Android 7.0;) AppleWebKit/537.36 (HTML, like Gecko) Mobile Safari/537.36 (compatible; PetalBot;+https://webmaster.petalsearch.com/site/petalbot)"
216.244.66.203 - - [31/May/2026:22:21:02 +0700] "GET /robots.txt HTTP/1.1" 404 355 "-" "Mozilla/5.0 (compatible; DotBot/1.2; +https://opensiteexplorer.org/dotbot; help@moz.com)"
114.119.151.151 - - [31/May/2026:22:21:31 +0700] "GET /uploads/allimg/c191120/15J231491L230-45D4.jpg HTTP/1.1" 404 277 "http://tukarposisi.com/uploads/allimg/c191120/15J231491L230-45D4.jpg" "Mozilla/5.0 (Linux; Android 7.0;) AppleWebKit/537.36 (HTML, like Gecko) Mobile Safari/537.36 (compatible; PetalBot;+https://webmaster.petalsearch.com/site/petalbot)"
114.119.128.55 - - [31/May/2026:22:22:55 +0700] "GET /uploads/allimg/c191120/15J231463P060-19649.jpg HTTP/1.1" 404 277 "http://tukarposisi.com/uploads/allimg/c191120/15J231463P060-19649.jpg" "Mozilla/5.0 (Linux; Android 7.0;) AppleWebKit/537.36 (HTML, like Gecko) Mobile Safari/537.36 (compatible; PetalBot;+https://webmaster.petalsearch.com/site/petalbot)"
114.119.158.106 - - [31/May/2026:22:24:13 +0700] "GET /uploads/allimg/c191120/15J23146154060-V317.jpg HTTP/1.1" 404 277 "http://tukarposisi.com/uploads/allimg/c191120/15J23146154060-V317.jpg" "Mozilla/5.0 (Linux; Android 7.0;) AppleWebKit/537.36 (HTML, like Gecko) Mobile Safari/537.36 (compatible; PetalBot;+https://webmaster.petalsearch.com/site/petalbot)"
103.6.117.75 - - [31/May/2026:22:24:45 +0700] "GET /wp-content/uploads/2014/06/teman-yang-hobi-berhutang.jpg HTTP/1.1" 404 355 "-" "Mozilla/5.0 (Macintosh; Intel Mac OS X 10_15_4) AppleWebKit/537.36 (KHTML, like Gecko) Chrome/81.0.4044.138 Safari/537.36"
216.244.66.203 - - [31/May/2026:22:25:17 +0700] "GET /pura-pura-bantu-angkat-belanjaan-perempuan-pria-di-sleman-curi-iphone-16-plus-6553.html HTTP/1.1" 404 355 "-" "Mozilla/5.0 (compatible; DotBot/1.2; +https://opensiteexplorer.org/dotbot; help@moz.com)"
216.244.66.203 - - [31/May/2026:22:25:29 +0700] "GET /search?q=Pegiat+Ekonomi+Kreatif+Di+Pontianak+Kini HTTP/1.1" 404 355 "-" "Mozilla/5.0 (compatible; DotBot/1.2; +https://opensiteexplorer.org/dotbot; help@moz.com)"
114.119.151.151 - - [31/May/2026:22:25:36 +0700] "GET /uploads/allimg/c191120/15J23146101T0-31295.jpg HTTP/1.1" 404 277 "http://tukarposisi.com/uploads/allimg/c191120/15J23146101T0-31295.jpg" "Mozilla/5.0 (Linux; Android 7.0;) AppleWebKit/537.36 (HTML, like Gecko) Mobile Safari/537.36 (compatible; PetalBot;+https://webmaster.petalsearch.com/site/petalbot)"
216.244.66.203 - - [31/May/2026:22:25:46 +0700] "GET /ihsg-diperkirakan-cenderung-stabil-sentimen-the-fed-melemah-6978.html HTTP/1.1" 404 355 "-" "Mozilla/5.0 (compatible; DotBot/1.2; +https://opensiteexplorer.org/dotbot; help@moz.com)"
216.244.66.203 - - [31/May/2026:22:26:03 +0700] "GET /tinjau-longsor-di-cilacap-mendagri-penanganannya-sistematis-logistik-cukup-6763.html HTTP/1.1" 404 355 "-" "Mozilla/5.0 (compatible; DotBot/1.2; +https://opensiteexplorer.org/dotbot; help@moz.com)"
216.244.66.203 - - [31/May/2026:22:26:19 +0700] "GET /wall-street-menguat-didorong-laporan-kinerja-nvidia-6973.html HTTP/1.1" 404 355 "-" "Mozilla/5.0 (compatible; DotBot/1.2; +https://opensiteexplorer.org/dotbot; help@moz.com)"
216.244.66.203 - - [31/May/2026:22:26:40 +0700] "GET /super-league-bali-united-ditahan-imbang-persis-solo-tanpa-gol-7982.html HTTP/1.1" 404 355 "-" "Mozilla/5.0 (compatible; DotBot/1.2; +https://opensiteexplorer.org/dotbot; help@moz.com)"
114.119.151.151 - - [31/May/2026:22:26:59 +0700] "GET /uploads/allimg/c191120/15J23145503120-1033R.png HTTP/1.1" 404 277 "http://tukarposisi.com/uploads/allimg/c191120/15J23145503120-1033R.png" "Mozilla/5.0 (Linux; Android 7.0;) AppleWebKit/537.36 (HTML, like Gecko) Mobile Safari/537.36 (compatible; PetalBot;+https://webmaster.petalsearch.com/site/petalbot)"
216.244.66.203 - - [31/May/2026:22:27:02 +0700] "GET /search?q=Di+Forum+Investasi+Bbk+Airlangga+Bicara HTTP/1.1" 404 355 "-" "Mozilla/5.0 (compatible; DotBot/1.2; +https://opensiteexplorer.org/dotbot; help@moz.com)"
216.244.66.203 - - [31/May/2026:22:27:32 +0700] "GET /search?q=Ada+Siswa+Smp+Positif+Narkoba+Ini HTTP/1.1" 404 355 "-" "Mozilla/5.0 (compatible; DotBot/1.2; +https://opensiteexplorer.org/dotbot; help@moz.com)"
216.244.66.203 - - [31/May/2026:22:28:01 +0700] "GET /search?q=Foto+Kemeriahan+Hut+Ke+Korps+Marinir HTTP/1.1" 404 355 "-" "Mozilla/5.0 (compatible; DotBot/1.2; +https://opensiteexplorer.org/dotbot; help@moz.com)"
114.119.152.86 - - [31/May/2026:22:28:22 +0700] "GET /uploads/allimg/c191120/15J2314514640-4b53.jpg HTTP/1.1" 404 277 "http://tukarposisi.com/uploads/allimg/c191120/15J2314514640-4b53.jpg" "Mozilla/5.0 (Linux; Android 7.0;) AppleWebKit/537.36 (HTML, like Gecko) Mobile Safari/537.36 (compatible; PetalBot;+https://webmaster.petalsearch.com/site/petalbot)"
216.244.66.203 - - [31/May/2026:22:29:04 +0700] "GET /search?q=Jelang+Hadapi+Persiraja+Pemain+Sumsel+United HTTP/1.1" 404 355 "-" "Mozilla/5.0 (compatible; DotBot/1.2; +https://opensiteexplorer.org/dotbot; help@moz.com)"
114.119.156.115 - - [31/May/2026:22:29:47 +0700] "GET /uploads/allimg/c191120/15J231445C530-2211C.jpg HTTP/1.1" 404 277 "http://tukarposisi.com/uploads/allimg/c191120/15J231445C530-2211C.jpg" "Mozilla/5.0 (Linux; Android 7.0;) AppleWebKit/537.36 (HTML, like Gecko) Mobile Safari/537.36 (compatible; PetalBot;+https://webmaster.petalsearch.com/site/petalbot)"
114.119.146.120 - - [31/May/2026:22:31:10 +0700] "GET /uploads/allimg/c191120/15J2314450NP-1HL8.png HTTP/1.1" 404 277 "http://tukarposisi.com/uploads/allimg/c191120/15J2314450NP-1HL8.png" "Mozilla/5.0 (Linux; Android 7.0;) AppleWebKit/537.36 (HTML, like Gecko) Mobile Safari/537.36 (compatible; PetalBot;+https://webmaster.petalsearch.com/site/petalbot)"
114.119.128.62 - - [31/May/2026:22:32:33 +0700] "GET /uploads/allimg/c191120/15J2314405K20-1L320.jpg HTTP/1.1" 404 277 "http://tukarposisi.com/uploads/allimg/c191120/15J2314405K20-1L320.jpg" "Mozilla/5.0 (Linux; Android 7.0;) AppleWebKit/537.36 (HTML, like Gecko) Mobile Safari/537.36 (compatible; PetalBot;+https://webmaster.petalsearch.com/site/petalbot)"
114.119.128.62 - - [31/May/2026:22:33:57 +0700] "GET /uploads/allimg/c191120/15J23143562010-19A0.jpg HTTP/1.1" 404 277 "http://tukarposisi.com/uploads/allimg/c191120/15J23143562010-19A0.jpg" "Mozilla/5.0 (Linux; Android 7.0;) AppleWebKit/537.36 (HTML, like Gecko) Mobile Safari/537.36 (compatible; PetalBot;+https://webmaster.petalsearch.com/site/petalbot)"
114.119.152.86 - - [31/May/2026:22:35:20 +0700] "GET /uploads/allimg/c191120/15J2314322CZ-M4L.png HTTP/1.1" 404 277 "http://tukarposisi.com/uploads/allimg/c191120/15J2314322CZ-M4L.png" "Mozilla/5.0 (Linux; Android 7.0;) AppleWebKit/537.36 (HTML, like Gecko) Mobile Safari/537.36 (compatible; PetalBot;+https://webmaster.petalsearch.com/site/petalbot)"
114.119.156.115 - - [31/May/2026:22:36:43 +0700] "GET /uploads/allimg/c191120/15J231432020-51501.jpg HTTP/1.1" 404 277 "http://tukarposisi.com/uploads/allimg/c191120/15J231432020-51501.jpg" "Mozilla/5.0 (Linux; Android 7.0;) AppleWebKit/537.36 (HTML, like Gecko) Mobile Safari/537.36 (compatible; PetalBot;+https://webmaster.petalsearch.com/site/petalbot)"
3.139.242.79 - - [31/May/2026:22:37:39 +0700] "GET / HTTP/1.1" 200 350 "-" "visionheight.com/scan Mozilla/5.0 (Macintosh; Intel Mac OS X 10_15_7) Chrome/126.0.0.0 Safari/537.36"
114.119.158.106 - - [31/May/2026:22:38:08 +0700] "GET /uploads/allimg/c191120/15J2313W23S0-641Q.jpg HTTP/1.1" 404 277 "http://tukarposisi.com/uploads/allimg/c191120/15J2313W23S0-641Q.jpg" "Mozilla/5.0 (Linux; Android 7.0;) AppleWebKit/537.36 (HTML, like Gecko) Mobile Safari/537.36 (compatible; PetalBot;+https://webmaster.petalsearch.com/site/petalbot)"
43.164.129.191 - - [31/May/2026:22:39:58 +0700] "GET / HTTP/1.1" 200 350 "-" "Mozilla/5.0 (iPhone; CPU iPhone OS 13_2_3 like Mac OS X) AppleWebKit/605.1.15 (KHTML, like Gecko) Version/13.0.3 Mobile/15E148 Safari/604.1"
114.119.152.86 - - [31/May/2026:22:40:54 +0700] "GET /uploads/allimg/c191120/15J23125A330-2BD.jpg HTTP/1.1" 404 277 "http://tukarposisi.com/uploads/allimg/c191120/15J23125A330-2BD.jpg" "Mozilla/5.0 (Linux; Android 7.0;) AppleWebKit/537.36 (HTML, like Gecko) Mobile Safari/537.36 (compatible; PetalBot;+https://webmaster.petalsearch.com/site/petalbot)"
114.119.146.120 - - [31/May/2026:22:42:18 +0700] "GET /uploads/allimg/c191120/15J231253Y640-251X4.jpg HTTP/1.1" 404 277 "http://tukarposisi.com/uploads/allimg/c191120/15J231253Y640-251X4.jpg" "Mozilla/5.0 (Linux; Android 7.0;) AppleWebKit/537.36 (HTML, like Gecko) Mobile Safari/537.36 (compatible; PetalBot;+https://webmaster.petalsearch.com/site/petalbot)"
114.119.146.120 - - [31/May/2026:22:43:41 +0700] "GET /uploads/allimg/c191120/15J23125292Q0-196234.jpg HTTP/1.1" 404 277 "http://tukarposisi.com/uploads/allimg/c191120/15J23125292Q0-196234.jpg" "Mozilla/5.0 (Linux; Android 7.0;) AppleWebKit/537.36 (HTML, like Gecko) Mobile Safari/537.36 (compatible; PetalBot;+https://webmaster.petalsearch.com/site/petalbot)"
114.119.151.151 - - [31/May/2026:22:45:05 +0700] "GET /uploads/allimg/c191120/15J231250Yc0-41c9.jpg HTTP/1.1" 404 277 "http://tukarposisi.com/uploads/allimg/c191120/15J231250Yc0-41c9.jpg" "Mozilla/5.0 (Linux; Android 7.0;) AppleWebKit/537.36 (HTML, like Gecko) Mobile Safari/537.36 (compatible; PetalBot;+https://webmaster.petalsearch.com/site/petalbot)"
114.119.152.86 - - [31/May/2026:22:46:28 +0700] "GET /uploads/allimg/c191120/15J23124S41F-226494.jpg HTTP/1.1" 404 277 "http://tukarposisi.com/uploads/allimg/c191120/15J23124S41F-226494.jpg" "Mozilla/5.0 (Linux; Android 7.0;) AppleWebKit/537.36 (HTML, like Gecko) Mobile Safari/537.36 (compatible; PetalBot;+https://webmaster.petalsearch.com/site/petalbot)"
114.119.158.106 - - [31/May/2026:22:47:52 +0700] "GET /uploads/allimg/c191120/15J23124M2Q0-1B123.jpg HTTP/1.1" 404 277 "http://tukarposisi.com/uploads/allimg/c191120/15J23124M2Q0-1B123.jpg" "Mozilla/5.0 (Linux; Android 7.0;) AppleWebKit/537.36 (HTML, like Gecko) Mobile Safari/537.36 (compatible; PetalBot;+https://webmaster.petalsearch.com/site/petalbot)"
114.119.153.106 - - [31/May/2026:22:49:16 +0700] "GET /uploads/allimg/c191120/15J23124K64F-154313.png HTTP/1.1" 404 277 "http://tukarposisi.com/uploads/allimg/c191120/15J23124K64F-154313.png" "Mozilla/5.0 (Linux; Android 7.0;) AppleWebKit/537.36 (HTML, like Gecko) Mobile Safari/537.36 (compatible; PetalBot;+https://webmaster.petalsearch.com/site/petalbot)"
114.119.156.115 - - [31/May/2026:22:57:36 +0700] "GET /uploads/allimg/c191120/15J231242522Z-1J4I.jpg HTTP/1.1" 404 277 "http://tukarposisi.com/uploads/allimg/c191120/15J231242522Z-1J4I.jpg" "Mozilla/5.0 (Linux; Android 7.0;) AppleWebKit/537.36 (HTML, like Gecko) Mobile Safari/537.36 (compatible; PetalBot;+https://webmaster.petalsearch.com/site/petalbot)"
114.119.151.151 - - [31/May/2026:22:59:01 +0700] "GET /uploads/allimg/c191120/15J2312420KF-12B62.jpg HTTP/1.1" 404 277 "http://tukarposisi.com/uploads/allimg/c191120/15J2312420KF-12B62.jpg" "Mozilla/5.0 (Linux; Android 7.0;) AppleWebKit/537.36 (HTML, like Gecko) Mobile Safari/537.36 (compatible; PetalBot;+https://webmaster.petalsearch.com/site/petalbot)"
114.119.158.106 - - [31/May/2026:23:00:25 +0700] "GET /uploads/allimg/c191120/15J2312416040-102260.jpg HTTP/1.1" 404 277 "http://tukarposisi.com/uploads/allimg/c191120/15J2312416040-102260.jpg" "Mozilla/5.0 (Linux; Android 7.0;) AppleWebKit/537.36 (HTML, like Gecko) Mobile Safari/537.36 (compatible; PetalBot;+https://webmaster.petalsearch.com/site/petalbot)"
114.119.146.120 - - [31/May/2026:23:01:55 +0700] "GET /uploads/allimg/c191120/15J2312413UP-U2C.jpg HTTP/1.1" 404 277 "http://tukarposisi.com/uploads/allimg/c191120/15J2312413UP-U2C.jpg" "Mozilla/5.0 (Linux; Android 7.0;) AppleWebKit/537.36 (HTML, like Gecko) Mobile Safari/537.36 (compatible; PetalBot;+https://webmaster.petalsearch.com/site/petalbot)"
114.119.156.115 - - [31/May/2026:23:03:11 +0700] "GET /uploads/allimg/c191120/15J231240122Z-1Y96.jpg HTTP/1.1" 404 277 "http://tukarposisi.com/uploads/allimg/c191120/15J231240122Z-1Y96.jpg" "Mozilla/5.0 (Linux; Android 7.0;) AppleWebKit/537.36 (HTML, like Gecko) Mobile Safari/537.36 (compatible; PetalBot;+https://webmaster.petalsearch.com/site/petalbot)"
114.119.153.106 - - [31/May/2026:23:04:34 +0700] "GET /uploads/allimg/c191120/15J2312344GZ-14XZ.jpg HTTP/1.1" 404 277 "http://tukarposisi.com/uploads/allimg/c191120/15J2312344GZ-14XZ.jpg" "Mozilla/5.0 (Linux; Android 7.0;) AppleWebKit/537.36 (HTML, like Gecko) Mobile Safari/537.36 (compatible; PetalBot;+https://webmaster.petalsearch.com/site/petalbot)"
216.244.66.203 - - [31/May/2026:23:04:38 +0700] "GET /robots.txt HTTP/1.1" 404 355 "-" "Mozilla/5.0 (compatible; DotBot/1.2; +https://opensiteexplorer.org/dotbot; help@moz.com)"
114.119.153.106 - - [31/May/2026:23:05:58 +0700] "GET /uploads/allimg/c191120/15J2312343KZ-1331R.jpg HTTP/1.1" 404 277 "http://tukarposisi.com/uploads/allimg/c191120/15J2312343KZ-1331R.jpg" "Mozilla/5.0 (Linux; Android 7.0;) AppleWebKit/537.36 (HTML, like Gecko) Mobile Safari/537.36 (compatible; PetalBot;+https://webmaster.petalsearch.com/site/petalbot)"
205.210.31.177 - - [31/May/2026:23:06:06 +0700] "GET /.well-known/security.txt HTTP/1.1" 404 355 "-" "Hello from Palo Alto Networks, find out more about our scans in https://docs-cortex.paloaltonetworks.com/r/1/Cortex-Xpanse/Scanning-activity"
114.119.128.55 - - [31/May/2026:23:07:21 +0700] "GET /uploads/allimg/c191120/15J23122c22F-XY8.jpg HTTP/1.1" 404 277 "http://tukarposisi.com/uploads/allimg/c191120/15J23122c22F-XY8.jpg" "Mozilla/5.0 (Linux; Android 7.0;) AppleWebKit/537.36 (HTML, like Gecko) Mobile Safari/537.36 (compatible; PetalBot;+https://webmaster.petalsearch.com/site/petalbot)"
114.119.151.151 - - [31/May/2026:23:08:45 +0700] "GET /uploads/allimg/c191120/15J23114413540-52551.jpg HTTP/1.1" 404 277 "http://tukarposisi.com/uploads/allimg/c191120/15J23114413540-52551.jpg" "Mozilla/5.0 (Linux; Android 7.0;) AppleWebKit/537.36 (HTML, like Gecko) Mobile Safari/537.36 (compatible; PetalBot;+https://webmaster.petalsearch.com/site/petalbot)"
216.244.66.203 - - [31/May/2026:23:09:41 +0700] "GET /akhir-pelarian-pelaku-love-scamming-penganiaya-pacar-di-depok-6641.html HTTP/1.1" 404 355 "-" "Mozilla/5.0 (compatible; DotBot/1.2; +https://opensiteexplorer.org/dotbot; help@moz.com)"
216.244.66.203 - - [31/May/2026:23:09:46 +0700] "GET /antusiasme-membeludak-mlsc-seri-1-2025-26-diikuti-hampir-28-ribu-anak-7952.html HTTP/1.1" 404 355 "-" "Mozilla/5.0 (compatible; DotBot/1.2; +https://opensiteexplorer.org/dotbot; help@moz.com)"
114.119.128.55 - - [31/May/2026:23:10:09 +0700] "GET /uploads/allimg/c191120/15J23113505340-IX0.jpg HTTP/1.1" 404 277 "http://tukarposisi.com/uploads/allimg/c191120/15J23113505340-IX0.jpg" "Mozilla/5.0 (Linux; Android 7.0;) AppleWebKit/537.36 (HTML, like Gecko) Mobile Safari/537.36 (compatible; PetalBot;+https://webmaster.petalsearch.com/site/petalbot)"
216.244.66.203 - - [31/May/2026:23:11:23 +0700] "GET /search?q=Polri+Terima+Laporan+Soal+Police+Brutality HTTP/1.1" 404 355 "-" "Mozilla/5.0 (compatible; DotBot/1.2; +https://opensiteexplorer.org/dotbot; help@moz.com)"
114.119.128.55 - - [31/May/2026:23:11:32 +0700] "GET /uploads/allimg/c191120/15J23113494540-63635.jpg HTTP/1.1" 404 277 "http://tukarposisi.com/uploads/allimg/c191120/15J23113494540-63635.jpg" "Mozilla/5.0 (Linux; Android 7.0;) AppleWebKit/537.36 (HTML, like Gecko) Mobile Safari/537.36 (compatible; PetalBot;+https://webmaster.petalsearch.com/site/petalbot)"
216.244.66.203 - - [31/May/2026:23:11:36 +0700] "GET /search?q=Harga+Minyak+Mentah+Naik+Lebih+Dari HTTP/1.1" 404 355 "-" "Mozilla/5.0 (compatible; DotBot/1.2; +https://opensiteexplorer.org/dotbot; help@moz.com)"
216.244.66.203 - - [31/May/2026:23:11:39 +0700] "GET /search?q=Ri+Siapkan+Ribu+Pasukan+Untuk+Misi HTTP/1.1" 404 355 "-" "Mozilla/5.0 (compatible; DotBot/1.2; +https://opensiteexplorer.org/dotbot; help@moz.com)"
216.244.66.203 - - [31/May/2026:23:11:47 +0700] "GET /search?q=Cerita+Kpk+Saat+Tangkap+Gubernur+Papua HTTP/1.1" 404 355 "-" "Mozilla/5.0 (compatible; DotBot/1.2; +https://opensiteexplorer.org/dotbot; help@moz.com)"
216.244.66.203 - - [31/May/2026:23:11:57 +0700] "GET /search?q=Konflik+As+Venezuela+Antara+Perang+Dingin HTTP/1.1" 404 355 "-" "Mozilla/5.0 (compatible; DotBot/1.2; +https://opensiteexplorer.org/dotbot; help@moz.com)"
216.244.66.203 - - [31/May/2026:23:12:04 +0700] "GET /search?q=Subtitle+Buat+Nyaman+Bisa+Buat+Ketergantungan HTTP/1.1" 404 355 "-" "Mozilla/5.0 (compatible; DotBot/1.2; +https://opensiteexplorer.org/dotbot; help@moz.com)"
114.119.128.62 - - [31/May/2026:23:12:56 +0700] "GET /uploads/allimg/c191120/15J23113439320-33518.jpg HTTP/1.1" 404 277 "http://tukarposisi.com/uploads/allimg/c191120/15J23113439320-33518.jpg" "Mozilla/5.0 (Linux; Android 7.0;) AppleWebKit/537.36 (HTML, like Gecko) Mobile Safari/537.36 (compatible; PetalBot;+https://webmaster.petalsearch.com/site/petalbot)"
114.119.152.86 - - [31/May/2026:23:14:20 +0700] "GET /uploads/allimg/c191120/15J23112009E0-31008.jpg HTTP/1.1" 404 277 "http://tukarposisi.com/uploads/allimg/c191120/15J23112009E0-31008.jpg" "Mozilla/5.0 (Linux; Android 7.0;) AppleWebKit/537.36 (HTML, like Gecko) Mobile Safari/537.36 (compatible; PetalBot;+https://webmaster.petalsearch.com/site/petalbot)"
114.119.158.106 - - [31/May/2026:23:15:43 +0700] "GET /uploads/allimg/c191120/15J2311112BF-149135.png HTTP/1.1" 404 277 "http://tukarposisi.com/uploads/allimg/c191120/15J2311112BF-149135.png" "Mozilla/5.0 (Linux; Android 7.0;) AppleWebKit/537.36 (HTML, like Gecko) Mobile Safari/537.36 (compatible; PetalBot;+https://webmaster.petalsearch.com/site/petalbot)"
114.119.152.86 - - [31/May/2026:23:17:06 +0700] "GET /uploads/allimg/c191120/15J23111104X0-13C12.png HTTP/1.1" 404 277 "http://tukarposisi.com/uploads/allimg/c191120/15J23111104X0-13C12.png" "Mozilla/5.0 (Linux; Android 7.0;) AppleWebKit/537.36 (HTML, like Gecko) Mobile Safari/537.36 (compatible; PetalBot;+https://webmaster.petalsearch.com/site/petalbot)"
114.119.146.120 - - [31/May/2026:23:18:30 +0700] "GET /uploads/allimg/c191120/15J231106132F-15428.jpg HTTP/1.1" 404 277 "http://tukarposisi.com/uploads/allimg/c191120/15J231106132F-15428.jpg" "Mozilla/5.0 (Linux; Android 7.0;) AppleWebKit/537.36 (HTML, like Gecko) Mobile Safari/537.36 (compatible; PetalBot;+https://webmaster.petalsearch.com/site/petalbot)"
114.119.153.106 - - [31/May/2026:23:19:54 +0700] "GET /uploads/allimg/c191120/15J231103A450-J054.jpg HTTP/1.1" 404 277 "http://tukarposisi.com/uploads/allimg/c191120/15J231103A450-J054.jpg" "Mozilla/5.0 (Linux; Android 7.0;) AppleWebKit/537.36 (HTML, like Gecko) Mobile Safari/537.36 (compatible; PetalBot;+https://webmaster.petalsearch.com/site/petalbot)"
114.119.128.62 - - [31/May/2026:23:21:17 +0700] "GET /uploads/allimg/c191120/15J23110315440-12645.jpg HTTP/1.1" 404 277 "http://tukarposisi.com/uploads/allimg/c191120/15J23110315440-12645.jpg" "Mozilla/5.0 (Linux; Android 7.0;) AppleWebKit/537.36 (HTML, like Gecko) Mobile Safari/537.36 (compatible; PetalBot;+https://webmaster.petalsearch.com/site/petalbot)"
114.119.128.62 - - [31/May/2026:23:22:40 +0700] "GET /uploads/allimg/c191120/15J230YY340-129344.jpg HTTP/1.1" 404 277 "http://tukarposisi.com/uploads/allimg/c191120/15J230YY340-129344.jpg" "Mozilla/5.0 (Linux; Android 7.0;) AppleWebKit/537.36 (HTML, like Gecko) Mobile Safari/537.36 (compatible; PetalBot;+https://webmaster.petalsearch.com/site/petalbot)"
114.119.158.106 - - [31/May/2026:23:24:04 +0700] "GET /uploads/allimg/c191120/15J230YUO20-aG0.jpg HTTP/1.1" 404 277 "http://tukarposisi.com/uploads/allimg/c191120/15J230YUO20-aG0.jpg" "Mozilla/5.0 (Linux; Android 7.0;) AppleWebKit/537.36 (HTML, like Gecko) Mobile Safari/537.36 (compatible; PetalBot;+https://webmaster.petalsearch.com/site/petalbot)"
114.119.128.55 - - [31/May/2026:23:25:28 +0700] "GET /uploads/allimg/c191120/15J2241255Q50-15M42.jpg HTTP/1.1" 404 277 "http://tukarposisi.com/uploads/allimg/c191120/15J2241255Q50-15M42.jpg" "Mozilla/5.0 (Linux; Android 7.0;) AppleWebKit/537.36 (HTML, like Gecko) Mobile Safari/537.36 (compatible; PetalBot;+https://webmaster.petalsearch.com/site/petalbot)"
114.119.146.120 - - [31/May/2026:23:26:52 +0700] "GET /uploads/allimg/c191120/15J224124G3F-112119.png HTTP/1.1" 404 277 "http://tukarposisi.com/uploads/allimg/c191120/15J224124G3F-112119.png" "Mozilla/5.0 (Linux; Android 7.0;) AppleWebKit/537.36 (HTML, like Gecko) Mobile Safari/537.36 (compatible; PetalBot;+https://webmaster.petalsearch.com/site/petalbot)"
114.119.146.120 - - [31/May/2026:23:28:22 +0700] "GET /uploads/allimg/c191120/15J22412440Y0-YF2.jpg HTTP/1.1" 404 277 "http://tukarposisi.com/uploads/allimg/c191120/15J22412440Y0-YF2.jpg" "Mozilla/5.0 (Linux; Android 7.0;) AppleWebKit/537.36 (HTML, like Gecko) Mobile Safari/537.36 (compatible; PetalBot;+https://webmaster.petalsearch.com/site/petalbot)"
114.119.128.55 - - [31/May/2026:23:31:02 +0700] "GET /uploads/allimg/c191120/15J22412421240-K318.jpg HTTP/1.1" 404 277 "http://tukarposisi.com/uploads/allimg/c191120/15J22412421240-K318.jpg" "Mozilla/5.0 (Linux; Android 7.0;) AppleWebKit/537.36 (HTML, like Gecko) Mobile Safari/537.36 (compatible; PetalBot;+https://webmaster.petalsearch.com/site/petalbot)"
114.119.153.106 - - [31/May/2026:23:32:25 +0700] "GET /uploads/allimg/c191120/15J22412403I0-62500.jpg HTTP/1.1" 404 277 "http://tukarposisi.com/uploads/allimg/c191120/15J22412403I0-62500.jpg" "Mozilla/5.0 (Linux; Android 7.0;) AppleWebKit/537.36 (HTML, like Gecko) Mobile Safari/537.36 (compatible; PetalBot;+https://webmaster.petalsearch.com/site/petalbot)"
114.119.128.62 - - [31/May/2026:23:33:48 +0700] "GET /uploads/191120/1-191120160439251.jpg HTTP/1.1" 404 277 "http://tukarposisi.com/uploads/191120/1-191120160439251.jpg" "Mozilla/5.0 (Linux; Android 7.0;) AppleWebKit/537.36 (HTML, like Gecko) Mobile Safari/537.36 (compatible; PetalBot;+https://webmaster.petalsearch.com/site/petalbot)"
114.119.152.86 - - [31/May/2026:23:35:12 +0700] "GET /robots.txt HTTP/1.1" 404 277 "http://tukarposisi.com/robots.txt" "Mozilla/5.0 (Linux; Android 7.0;) AppleWebKit/537.36 (HTML, like Gecko) Mobile Safari/537.36 (compatible; PetalBot;+https://webmaster.petalsearch.com/site/petalbot)"
114.119.158.106 - - [31/May/2026:23:36:37 +0700] "GET /moban/39/uploads/allimg/180525/1_05251310334204.jpg HTTP/1.1" 404 277 "http://tukarposisi.com/moban/39/uploads/allimg/180525/1_05251310334204.jpg" "Mozilla/5.0 (Linux; Android 7.0;) AppleWebKit/537.36 (HTML, like Gecko) Mobile Safari/537.36 (compatible; PetalBot;+https://webmaster.petalsearch.com/site/petalbot)"
114.119.152.86 - - [31/May/2026:23:38:04 +0700] "GET /moban/39/uploads/allimg/180525/1_0525130IY107.jpg HTTP/1.1" 404 277 "http://tukarposisi.com/moban/39/uploads/allimg/180525/1_0525130IY107.jpg" "Mozilla/5.0 (Linux; Android 7.0;) AppleWebKit/537.36 (HTML, like Gecko) Mobile Safari/537.36 (compatible; PetalBot;+https://webmaster.petalsearch.com/site/petalbot)"
114.119.151.151 - - [31/May/2026:23:39:24 +0700] "GET /moban/39/uploads/allimg/180525/1_05251100009594.jpg HTTP/1.1" 404 277 "http://tukarposisi.com/moban/39/uploads/allimg/180525/1_05251100009594.jpg" "Mozilla/5.0 (Linux; Android 7.0;) AppleWebKit/537.36 (HTML, like Gecko) Mobile Safari/537.36 (compatible; PetalBot;+https://webmaster.petalsearch.com/site/petalbot)"
114.119.156.115 - - [31/May/2026:23:40:47 +0700] "GET /moban/39/uploads/allimg/180525/1_05251059319563.jpg HTTP/1.1" 404 277 "http://tukarposisi.com/moban/39/uploads/allimg/180525/1_05251059319563.jpg" "Mozilla/5.0 (Linux; Android 7.0;) AppleWebKit/537.36 (HTML, like Gecko) Mobile Safari/537.36 (compatible; PetalBot;+https://webmaster.petalsearch.com/site/petalbot)"
114.119.128.62 - - [31/May/2026:23:42:11 +0700] "GET /moban/39/images/index2_80.jpg HTTP/1.1" 404 277 "http://tukarposisi.com/moban/39/images/index2_80.jpg" "Mozilla/5.0 (Linux; Android 7.0;) AppleWebKit/537.36 (HTML, like Gecko) Mobile Safari/537.36 (compatible; PetalBot;+https://webmaster.petalsearch.com/site/petalbot)"
114.119.153.106 - - [31/May/2026:23:43:34 +0700] "GET /?C=S%3BO%3DA HTTP/1.1" 200 350 "http://tukarposisi.com/" "Mozilla/5.0 (Linux; Android 7.0;) AppleWebKit/537.36 (HTML, like Gecko) Mobile Safari/537.36 (compatible; PetalBot;+https://webmaster.petalsearch.com/site/petalbot)"
216.244.66.203 - - [31/May/2026:23:48:58 +0700] "GET /robots.txt HTTP/1.1" 404 355 "-" "Mozilla/5.0 (compatible; DotBot/1.2; +https://opensiteexplorer.org/dotbot; help@moz.com)"
216.244.66.203 - - [31/May/2026:23:53:32 +0700] "GET /search?q=Teror+Di+Sman+Jakarta++ HTTP/1.1" 404 355 "-" "Mozilla/5.0 (compatible; DotBot/1.2; +https://opensiteexplorer.org/dotbot; help@moz.com)"
216.244.66.203 - - [31/May/2026:23:53:38 +0700] "GET /atas-permintaan-pangeran-mbs-trump-akan-berupaya-akhiri-perang-sudan-6976.html HTTP/1.1" 404 355 "-" "Mozilla/5.0 (compatible; DotBot/1.2; +https://opensiteexplorer.org/dotbot; help@moz.com)"
216.244.66.203 - - [31/May/2026:23:53:47 +0700] "GET /foto-jepang-kerahkan-drone-untuk-atasi-teror-beruang-6487.html HTTP/1.1" 404 355 "-" "Mozilla/5.0 (compatible; DotBot/1.2; +https://opensiteexplorer.org/dotbot; help@moz.com)"
216.244.66.203 - - [31/May/2026:23:53:57 +0700] "GET /search?q=Menhan+Defence+Supporting+Economy+Jaga+Sda HTTP/1.1" 404 355 "-" "Mozilla/5.0 (compatible; DotBot/1.2; +https://opensiteexplorer.org/dotbot; help@moz.com)"
216.244.66.203 - - [31/May/2026:23:54:00 +0700] "GET /search?q=Ilmuwan+Temukan+Kawah+Meteorit+Modern+Terbesar HTTP/1.1" 404 355 "-" "Mozilla/5.0 (compatible; DotBot/1.2; +https://opensiteexplorer.org/dotbot; help@moz.com)"
216.244.66.203 - - [31/May/2026:23:56:48 +0700] "GET /search?q=Menperin+Minta+Industri+Percepat+Transformasi+Digital HTTP/1.1" 404 355 "-" "Mozilla/5.0 (compatible; DotBot/1.2; +https://opensiteexplorer.org/dotbot; help@moz.com)"
43.166.250.187 - - [01/Jun/2026:00:19:49 +0700] "GET / HTTP/1.1" 200 350 "-" "Mozilla/5.0 (iPhone; CPU iPhone OS 13_2_3 like Mac OS X) AppleWebKit/605.1.15 (KHTML, like Gecko) Version/13.0.3 Mobile/15E148 Safari/604.1"
216.244.66.203 - - [01/Jun/2026:00:33:37 +0700] "GET /robots.txt HTTP/1.1" 404 355 "-" "Mozilla/5.0 (compatible; DotBot/1.2; +https://opensiteexplorer.org/dotbot; help@moz.com)"
216.244.66.203 - - [01/Jun/2026:00:37:32 +0700] "GET /dpr-mulai-bahas-kratom-kalbar-akan-diajukan-ke-ruu-komoditas-strategis-7543.html HTTP/1.1" 404 355 "-" "Mozilla/5.0 (compatible; DotBot/1.2; +https://opensiteexplorer.org/dotbot; help@moz.com)"
216.244.66.203 - - [01/Jun/2026:00:37:43 +0700] "GET /search?q=Serba+Serbi+Rapat+Polri+Di+Dpr HTTP/1.1" 404 355 "-" "Mozilla/5.0 (compatible; DotBot/1.2; +https://opensiteexplorer.org/dotbot; help@moz.com)"
216.244.66.203 - - [01/Jun/2026:00:38:00 +0700] "GET /australian-open-hantam-jepang-ana-trias-pastikan-all-indonesian-final-7653.html HTTP/1.1" 404 355 "-" "Mozilla/5.0 (compatible; DotBot/1.2; +https://opensiteexplorer.org/dotbot; help@moz.com)"
216.244.66.203 - - [01/Jun/2026:00:38:03 +0700] "GET /hasil-liga-inggris-chelsea-tundukkan-burnley-di-turf-moor-7777.html HTTP/1.1" 404 355 "-" "Mozilla/5.0 (compatible; DotBot/1.2; +https://opensiteexplorer.org/dotbot; help@moz.com)"
216.244.66.203 - - [01/Jun/2026:00:39:39 +0700] "GET /search?q=Saat+Warga+Di+Osaka+Lebih+Senang HTTP/1.1" 404 355 "-" "Mozilla/5.0 (compatible; DotBot/1.2; +https://opensiteexplorer.org/dotbot; help@moz.com)"
104.210.140.133 - - [01/Jun/2026:00:40:07 +0700] "GET /robots.txt HTTP/1.1" 404 212 "-" "Mozilla/5.0 (Macintosh; Intel Mac OS X 10_15_7) AppleWebKit/537.36 (KHTML, like Gecko) Chrome/131.0.0.0 Safari/537.36; compatible; OAI-SearchBot/1.0; +https://openai.com/searchbot"
162.14.81.106 - - [01/Jun/2026:01:01:44 +0700] "GET / HTTP/1.1" 200 350 "-" "Mozilla/5.0 (iPhone; CPU iPhone OS 13_2_3 like Mac OS X) AppleWebKit/605.1.15 (KHTML, like Gecko) Version/13.0.3 Mobile/15E148 Safari/604.1"
216.244.66.203 - - [01/Jun/2026:01:17:32 +0700] "GET /robots.txt HTTP/1.1" 404 355 "-" "Mozilla/5.0 (compatible; DotBot/1.2; +https://opensiteexplorer.org/dotbot; help@moz.com)"
216.244.66.203 - - [01/Jun/2026:01:21:17 +0700] "GET /super-league-sempat-tertunda-karena-lapangan-tergenang-persija-hajar-persik-7288.html HTTP/1.1" 404 355 "-" "Mozilla/5.0 (compatible; DotBot/1.2; +https://opensiteexplorer.org/dotbot; help@moz.com)"
216.244.66.203 - - [01/Jun/2026:01:21:37 +0700] "GET /search?q=Google+Luncurkan+Gemini+Diklaim+Jadi+Model HTTP/1.1" 404 355 "-" "Mozilla/5.0 (compatible; DotBot/1.2; +https://opensiteexplorer.org/dotbot; help@moz.com)"
216.244.66.203 - - [01/Jun/2026:01:21:41 +0700] "GET /search?q=Produksi+Suzuki+Indonesia+Tembus+Juta+Mobil HTTP/1.1" 404 355 "-" "Mozilla/5.0 (compatible; DotBot/1.2; +https://opensiteexplorer.org/dotbot; help@moz.com)"
216.244.66.203 - - [01/Jun/2026:01:21:44 +0700] "GET /search?q=Operasi+Zebra+Krakatau+Resmi+Dimulai+Pelanggaran HTTP/1.1" 404 355 "-" "Mozilla/5.0 (compatible; DotBot/1.2; +https://opensiteexplorer.org/dotbot; help@moz.com)"
216.244.66.203 - - [01/Jun/2026:01:21:47 +0700] "GET /pramono-bertemu-danantara-di-balai-kota-bahas-renovasi-kota-tua-7272.html HTTP/1.1" 404 355 "-" "Mozilla/5.0 (compatible; DotBot/1.2; +https://opensiteexplorer.org/dotbot; help@moz.com)"
216.244.66.203 - - [01/Jun/2026:01:23:18 +0700] "GET /search?q=Wakapolri+Bicara+Rapor+Merah+Polri+Ada HTTP/1.1" 404 355 "-" "Mozilla/5.0 (compatible; DotBot/1.2; +https://opensiteexplorer.org/dotbot; help@moz.com)"
216.244.66.203 - - [01/Jun/2026:01:23:26 +0700] "GET /search?q=Astronom+Deteksi+Sinyal+Radio+Pertama+Dari HTTP/1.1" 404 355 "-" "Mozilla/5.0 (compatible; DotBot/1.2; +https://opensiteexplorer.org/dotbot; help@moz.com)"
216.244.66.203 - - [01/Jun/2026:01:23:28 +0700] "GET /search?q=Imf+Sebut+Ri+Harus+Lakukan+Ini HTTP/1.1" 404 355 "-" "Mozilla/5.0 (compatible; DotBot/1.2; +https://opensiteexplorer.org/dotbot; help@moz.com)"
216.244.66.203 - - [01/Jun/2026:01:23:29 +0700] "GET /search?q=Waka+Bgn+Minta+Kodim+Ternak+Ayam HTTP/1.1" 404 355 "-" "Mozilla/5.0 (compatible; DotBot/1.2; +https://opensiteexplorer.org/dotbot; help@moz.com)"
216.244.66.203 - - [01/Jun/2026:01:23:42 +0700] "GET /search?q=Marak+Kecelakaan+Tronton+Wako+Edi+Desak HTTP/1.1" 404 355 "-" "Mozilla/5.0 (compatible; DotBot/1.2; +https://opensiteexplorer.org/dotbot; help@moz.com)"
216.244.66.203 - - [01/Jun/2026:01:23:49 +0700] "GET /search?q=Kejari+Bandar+Lampung+Setor+Uang+Pengganti HTTP/1.1" 404 355 "-" "Mozilla/5.0 (compatible; DotBot/1.2; +https://opensiteexplorer.org/dotbot; help@moz.com)"
216.244.66.203 - - [01/Jun/2026:01:23:50 +0700] "GET /search?q=Ledakan+Picu+Kebakaran+Besar+Di+Argentina HTTP/1.1" 404 355 "-" "Mozilla/5.0 (compatible; DotBot/1.2; +https://opensiteexplorer.org/dotbot; help@moz.com)"
49.51.243.95 - - [01/Jun/2026:01:52:54 +0700] "GET / HTTP/1.1" 200 350 "-" "Mozilla/5.0 (iPhone; CPU iPhone OS 13_2_3 like Mac OS X) AppleWebKit/605.1.15 (KHTML, like Gecko) Version/13.0.3 Mobile/15E148 Safari/604.1"
136.109.199.103 - - [01/Jun/2026:01:57:49 +0700] "HEAD /wordpress/ HTTP/1.1" 404 0 "-" "Mozilla/5.0 (Macintosh; Intel Mac OS X 13_5) AppleWebKit/605.1.15 (KHTML, like Gecko) Version/16.5 Safari/605.1.15"
136.109.199.103 - - [01/Jun/2026:01:57:49 +0700] "HEAD / HTTP/1.1" 200 0 "-" "Mozilla/5.0 (Windows NT 10.0; Win64; x64) AppleWebKit/537.36 (KHTML, like Gecko) Chrome/127.0.6534.42 Safari/537.36"
136.109.199.103 - - [01/Jun/2026:01:57:49 +0700] "HEAD /old/ HTTP/1.1" 404 0 "-" "Mozilla/5.0 (X11; Linux x86_64; rv:127.0) Gecko/20100101 Firefox/127.0"
136.109.199.103 - - [01/Jun/2026:01:57:49 +0700] "HEAD /backup/ HTTP/1.1" 404 0 "-" "Mozilla/5.0 (Linux; Android 11; moto g31) AppleWebKit/537.36 (KHTML, like Gecko) Chrome/122.0.6261.96 Mobile Safari/537.36"
136.109.199.103 - - [01/Jun/2026:01:57:49 +0700] "HEAD /wp/ HTTP/1.1" 404 0 "-" "Mozilla/5.0 (iPhone; CPU iPhone OS 16_7 like Mac OS X) AppleWebKit/605.1.15 (KHTML, like Gecko) Version/16.7 Mobile/15E148 Safari/604.1"
136.109.199.103 - - [01/Jun/2026:01:57:49 +0700] "HEAD /new/ HTTP/1.1" 404 0 "-" "Mozilla/5.0 (Linux; Android 13; Pixel 7a) AppleWebKit/537.36 (KHTML, like Gecko) Chrome/124.0.6367.82 Mobile Safari/537.36"
136.109.199.103 - - [01/Jun/2026:01:57:49 +0700] "HEAD /blog/ HTTP/1.1" 404 0 "-" "Mozilla/5.0 (X11; Linux x86_64) AppleWebKit/537.36 (KHTML, like Gecko) Chrome/125.0.6422.76 Safari/537.36"
216.244.66.203 - - [01/Jun/2026:02:01:46 +0700] "GET /robots.txt HTTP/1.1" 404 355 "-" "Mozilla/5.0 (compatible; DotBot/1.2; +https://opensiteexplorer.org/dotbot; help@moz.com)"
216.244.66.203 - - [01/Jun/2026:02:05:38 +0700] "GET /kemensos-perkuat-fondasi-care-economy-lewat-perawatan-sosial-berbasis-komunitas-7530.html HTTP/1.1" 404 355 "-" "Mozilla/5.0 (compatible; DotBot/1.2; +https://opensiteexplorer.org/dotbot; help@moz.com)"
216.244.66.203 - - [01/Jun/2026:02:05:54 +0700] "GET /pelatih-persik-sorot-kinerja-wasit-usai-dikalahkan-persija-7541.html HTTP/1.1" 404 355 "-" "Mozilla/5.0 (compatible; DotBot/1.2; +https://opensiteexplorer.org/dotbot; help@moz.com)"
216.244.66.203 - - [01/Jun/2026:02:05:59 +0700] "GET /work-life-balance-doktrin-yang-bisa-gagal-membuat-hidup-bahagia-6977.html HTTP/1.1" 404 355 "-" "Mozilla/5.0 (compatible; DotBot/1.2; +https://opensiteexplorer.org/dotbot; help@moz.com)"
216.244.66.203 - - [01/Jun/2026:02:06:02 +0700] "GET /search?q=Pertamina+Garap+Lapangan+Migas+Baru+Dalam HTTP/1.1" 404 355 "-" "Mozilla/5.0 (compatible; DotBot/1.2; +https://opensiteexplorer.org/dotbot; help@moz.com)"
216.244.66.203 - - [01/Jun/2026:02:06:05 +0700] "GET /search?q=Polandia+Gempar+Ledakan+Rel+Kereta+Diduga HTTP/1.1" 404 355 "-" "Mozilla/5.0 (compatible; DotBot/1.2; +https://opensiteexplorer.org/dotbot; help@moz.com)"
216.244.66.203 - - [01/Jun/2026:02:06:07 +0700] "GET /kemenhaj-buka-seleksi-petugas-haji-daerah-7320.html HTTP/1.1" 404 355 "-" "Mozilla/5.0 (compatible; DotBot/1.2; +https://opensiteexplorer.org/dotbot; help@moz.com)"
216.244.66.203 - - [01/Jun/2026:02:06:09 +0700] "GET /search?q=Saat+Prabowo+Bicara+Digitalisasi+Pendidikan+Gaya HTTP/1.1" 404 355 "-" "Mozilla/5.0 (compatible; DotBot/1.2; +https://opensiteexplorer.org/dotbot; help@moz.com)"
216.244.66.203 - - [01/Jun/2026:02:06:11 +0700] "GET /nova-arianto-ungkap-tantangan-utama-jadi-pelatih-timnas-u-20-7684.html HTTP/1.1" 404 355 "-" "Mozilla/5.0 (compatible; DotBot/1.2; +https://opensiteexplorer.org/dotbot; help@moz.com)"
216.244.66.203 - - [01/Jun/2026:02:06:12 +0700] "GET /ojk-nilai-minat-bank-asing-masuk-ke-perbankan-ri-masih-terbuka-lebar-7737.html HTTP/1.1" 404 355 "-" "Mozilla/5.0 (compatible; DotBot/1.2; +https://opensiteexplorer.org/dotbot; help@moz.com)"
