57.141.0.65 - - [30/May/2026:21:30:49 +0700] "GET /av.php?path=%2Fhome%2Fangker%2Fmail%2F.spam%2Fcur&file=1768964569.M418038P986534.server-619288.prediksijaya.com%2CS%3D5587%2CW%3D5682%3A2%2Ca&action=view HTTP/1.1" 500 0 "-" "meta-externalagent/1.1 (+https://developers.facebook.com/docs/sharing/webmasters/crawler)"
216.73.217.53 - - [30/May/2026:21:30:52 +0700] "GET /av.php?action=chmodfolder&folder=memory65&path=%2F%2Fsys%2Fdevices%2Fsystem%2Fnode%2Fnode0%2Fmemory6%2Fnode0%2Fmemory53%2Fnode0 HTTP/1.1" 500 0 "-" "Mozilla/5.0 AppleWebKit/537.36 (KHTML, like Gecko; compatible; ClaudeBot/1.0; +claudebot@anthropic.com)"
216.73.217.53 - - [30/May/2026:21:30:57 +0700] "GET /av.php?action=chmodfolder&folder=memory65&path=%2F%2Fsys%2Fdevices%2Fsystem%2Fnode%2Fnode0%2Fmemory52%2Fnode0%2Fmemory36%2Fnode0 HTTP/1.1" 500 0 "-" "Mozilla/5.0 AppleWebKit/537.36 (KHTML, like Gecko; compatible; ClaudeBot/1.0; +claudebot@anthropic.com)"
74.7.227.139 - - [30/May/2026:21:31:00 +0700] "GET /goods.php?detail/0160011027302 HTTP/1.1" 200 30 "https://toyotasurabayanet.com/goods.php?detail/031034954652" "Mozilla/5.0 AppleWebKit/537.36 (KHTML, like Gecko; compatible; GPTBot/1.4; +https://openai.com/gptbot)"
216.73.217.53 - - [30/May/2026:21:31:02 +0700] "GET /av.php?action=chmodfolder&folder=memory35&path=%2F%2Fsys%2Fdevices%2Fsystem%2Fnode%2Fnode0%2Fmemory67%2Fnode0%2Fmemory67%2Fnode0 HTTP/1.1" 500 0 "-" "Mozilla/5.0 AppleWebKit/537.36 (KHTML, like Gecko; compatible; ClaudeBot/1.0; +claudebot@anthropic.com)"
74.7.227.139 - - [30/May/2026:21:31:04 +0700] "GET /goods.php?detail/129024021378 HTTP/1.1" 200 17017 "https://toyotasurabayanet.com/goods.php?detail/155048642086" "Mozilla/5.0 AppleWebKit/537.36 (KHTML, like Gecko; compatible; GPTBot/1.4; +https://openai.com/gptbot)"
216.73.217.53 - - [30/May/2026:21:31:07 +0700] "GET /av.php?action=chmodfolder&folder=hotplug&path=%2F%2Fsys%2Fdevices%2Fsystem%2Fnode%2Fnode0%2Fmemory42%2Fnode0%2Fmemory46%2Fnode0%2Fcpu1 HTTP/1.1" 500 0 "-" "Mozilla/5.0 AppleWebKit/537.36 (KHTML, like Gecko; compatible; ClaudeBot/1.0; +claudebot@anthropic.com)"
74.7.227.139 - - [30/May/2026:21:31:08 +0700] "GET /goods.php?detail/154005286892 HTTP/1.1" 200 17742 "https://toyotasurabayanet.com/goods.php?detail/154040777845" "Mozilla/5.0 AppleWebKit/537.36 (KHTML, like Gecko; compatible; GPTBot/1.4; +https://openai.com/gptbot)"
74.7.227.139 - - [30/May/2026:21:31:08 +0700] "GET /goods.php?detail/144002740443 HTTP/1.1" 200 16425 "https://toyotasurabayanet.com/goods.php?detail/104038937033" "Mozilla/5.0 AppleWebKit/537.36 (KHTML, like Gecko; compatible; GPTBot/1.4; +https://openai.com/gptbot)"
74.7.227.139 - - [30/May/2026:21:31:09 +0700] "GET /goods.php?detail/1040383812566 HTTP/1.1" 200 16917 "https://toyotasurabayanet.com/goods.php?detail/104038937033" "Mozilla/5.0 AppleWebKit/537.36 (KHTML, like Gecko; compatible; GPTBot/1.4; +https://openai.com/gptbot)"
74.7.227.139 - - [30/May/2026:21:31:10 +0700] "GET /goods.php?detail/135001902088 HTTP/1.1" 200 16792 "https://toyotasurabayanet.com/goods.php?detail/1350018961854" "Mozilla/5.0 AppleWebKit/537.36 (KHTML, like Gecko; compatible; GPTBot/1.4; +https://openai.com/gptbot)"
74.7.227.28 - - [30/May/2026:21:31:10 +0700] "GET /av.php?action=chmodfile&file=install.php&path=//var/softaculous/fork/php81 HTTP/1.1" 500 0 "https://toyotasurabayanet.com.lifetimefee.com/av.php?path=%2F%2Fvar%2Fsoftaculous%2Ffork%2Fphp81" "Mozilla/5.0 AppleWebKit/537.36 (KHTML, like Gecko; compatible; GPTBot/1.4; +https://openai.com/gptbot)"
216.73.217.53 - - [30/May/2026:21:31:12 +0700] "GET /av.php?action=chmodfolder&folder=node0&path=%2F%2Fsys%2Fdevices%2Fsystem%2Fnode%2Fnode0%2Fmemory34%2Fnode0%2Fmemory38%2Fnode0%2Fmemory57 HTTP/1.1" 500 0 "-" "Mozilla/5.0 AppleWebKit/537.36 (KHTML, like Gecko; compatible; ClaudeBot/1.0; +claudebot@anthropic.com)"
74.7.227.139 - - [30/May/2026:21:31:14 +0700] "GET /goods.php?detail/2440313197284 HTTP/1.1" 200 17991 "https://toyotasurabayanet.com/goods.php?detail/225003882549" "Mozilla/5.0 AppleWebKit/537.36 (KHTML, like Gecko; compatible; GPTBot/1.4; +https://openai.com/gptbot)"
74.7.227.139 - - [30/May/2026:21:31:14 +0700] "GET /goods.php?detail/294022048274 HTTP/1.1" 200 16753 "https://toyotasurabayanet.com/goods.php?detail/222043710983" "Mozilla/5.0 AppleWebKit/537.36 (KHTML, like Gecko; compatible; GPTBot/1.4; +https://openai.com/gptbot)"
74.7.227.139 - - [30/May/2026:21:31:16 +0700] "GET /goods.php?detail/2460015636331 HTTP/1.1" 200 17641 "https://toyotasurabayanet.com/goods.php?detail/047049010043" "Mozilla/5.0 AppleWebKit/537.36 (KHTML, like Gecko; compatible; GPTBot/1.4; +https://openai.com/gptbot)"
216.73.217.53 - - [30/May/2026:21:31:17 +0700] "GET /av.php?action=chmodfolder&folder=node0&path=%2F%2Fsys%2Fdevices%2Fsystem%2Fnode%2Fnode0%2Fmemory34%2Fnode0%2Fmemory57%2Fnode0%2Fmemory38 HTTP/1.1" 500 0 "-" "Mozilla/5.0 AppleWebKit/537.36 (KHTML, like Gecko; compatible; ClaudeBot/1.0; +claudebot@anthropic.com)"
74.7.227.138 - - [30/May/2026:21:31:18 +0700] "GET /av.php?action=view&file=install.js&path=%2F%2Fvar%2Fsoftaculous%2Fmyadmin49 HTTP/1.1" 500 0 "https://mail.toyotasurabayanet.com/av.php?path=%2F%2Fvar%2Fsoftaculous%2Fmyadmin49" "Mozilla/5.0 AppleWebKit/537.36 (KHTML, like Gecko; compatible; GPTBot/1.4; +https://openai.com/gptbot)"
74.7.227.139 - - [30/May/2026:21:31:19 +0700] "GET /goods.php?detail/2030471533015 HTTP/1.1" 200 17090 "https://toyotasurabayanet.com/goods.php?detail/036003449405" "Mozilla/5.0 AppleWebKit/537.36 (KHTML, like Gecko; compatible; GPTBot/1.4; +https://openai.com/gptbot)"
114.119.148.197 - - [30/May/2026:21:31:22 +0700] "GET /resources/show_id-189 HTTP/1.1" 500 0 "-" "Mozilla/5.0 (Linux; Android 7.0;) AppleWebKit/537.36 (KHTML, like Gecko) Mobile Safari/537.36 (compatible; PetalBot;+https://webmaster.petalsearch.com/site/petalbot)"
216.73.217.53 - - [30/May/2026:21:31:22 +0700] "GET /av.php?action=chmodfolder&folder=node0&path=%2F%2Fsys%2Fdevices%2Fsystem%2Fnode%2Fnode0%2Fmemory38%2Fnode0%2Fmemory34%2Fnode0%2Fmemory57 HTTP/1.1" 500 0 "-" "Mozilla/5.0 AppleWebKit/537.36 (KHTML, like Gecko; compatible; ClaudeBot/1.0; +claudebot@anthropic.com)"
74.7.227.139 - - [30/May/2026:21:31:23 +0700] "GET /goods.php?detail/164049561615 HTTP/1.1" 200 17115 "https://toyotasurabayanet.com/goods.php?detail/106017251577" "Mozilla/5.0 AppleWebKit/537.36 (KHTML, like Gecko; compatible; GPTBot/1.4; +https://openai.com/gptbot)"
216.73.217.53 - - [30/May/2026:21:31:27 +0700] "GET /av.php?action=chmodfolder&folder=memory58&path=%2F%2Fsys%2Fdevices%2Fsystem%2Fnode%2Fnode0%2Fmemory37%2Fnode0 HTTP/1.1" 500 0 "-" "Mozilla/5.0 AppleWebKit/537.36 (KHTML, like Gecko; compatible; ClaudeBot/1.0; +claudebot@anthropic.com)"
74.7.227.139 - - [30/May/2026:21:31:27 +0700] "GET /goods.php?detail/046004012058 HTTP/1.1" 200 17386 "https://toyotasurabayanet.com/goods.php?detail/046039188749" "Mozilla/5.0 AppleWebKit/537.36 (KHTML, like Gecko; compatible; GPTBot/1.4; +https://openai.com/gptbot)"
74.7.227.139 - - [30/May/2026:21:31:29 +0700] "GET /goods.php?detail/220041572712 HTTP/1.1" 200 18751 "https://toyotasurabayanet.com/goods.php?detail/245000791692" "Mozilla/5.0 AppleWebKit/537.36 (KHTML, like Gecko; compatible; GPTBot/1.4; +https://openai.com/gptbot)"
74.7.227.139 - - [30/May/2026:21:31:31 +0700] "GET /goods.php?detail/153017978571 HTTP/1.1" 200 17201 "https://toyotasurabayanet.com/goods.php?detail/153038170064" "Mozilla/5.0 AppleWebKit/537.36 (KHTML, like Gecko; compatible; GPTBot/1.4; +https://openai.com/gptbot)"
216.73.217.53 - - [30/May/2026:21:31:32 +0700] "GET /av.php?action=chmodfolder&folder=node0&path=%2F%2Fsys%2Fdevices%2Fsystem%2Fnode%2Fnode0%2Fmemory61%2Fnode0%2Fmemory34%2Fnode0%2Fmemory50 HTTP/1.1" 500 0 "-" "Mozilla/5.0 AppleWebKit/537.36 (KHTML, like Gecko; compatible; ClaudeBot/1.0; +claudebot@anthropic.com)"
74.7.227.139 - - [30/May/2026:21:31:32 +0700] "GET /goods.php?detail/1070268426977 HTTP/1.1" 200 17824 "https://toyotasurabayanet.com/goods.php?detail/258004408761" "Mozilla/5.0 AppleWebKit/537.36 (KHTML, like Gecko; compatible; GPTBot/1.4; +https://openai.com/gptbot)"
216.73.217.53 - - [30/May/2026:21:31:37 +0700] "GET /av.php?action=chmodfolder&folder=node0&path=%2F%2Fsys%2Fbus%2Fnode%2Fdevices%2Fnode0%2Fcpu0%2Fnode0%2Fcpu1 HTTP/1.1" 500 0 "-" "Mozilla/5.0 AppleWebKit/537.36 (KHTML, like Gecko; compatible; ClaudeBot/1.0; +claudebot@anthropic.com)"
74.7.227.139 - - [30/May/2026:21:31:38 +0700] "GET /goods.php?detail/2950038305834 HTTP/1.1" 200 18119 "https://toyotasurabayanet.com/goods.php?detail/055020471922" "Mozilla/5.0 AppleWebKit/537.36 (KHTML, like Gecko; compatible; GPTBot/1.4; +https://openai.com/gptbot)"
216.73.217.53 - - [30/May/2026:21:31:42 +0700] "GET /av.php?action=deletefolder&file=node0&path=%2F%2Fsys%2Fdevices%2Fsystem%2Fnode%2Fnode0%2Fmemory14%2Fnode0%2Fmemory45 HTTP/1.1" 500 0 "-" "Mozilla/5.0 AppleWebKit/537.36 (KHTML, like Gecko; compatible; ClaudeBot/1.0; +claudebot@anthropic.com)"
216.73.217.53 - - [30/May/2026:21:31:47 +0700] "GET /av.php?action=chmodfolder&folder=memory4&path=%2F%2Fsys%2Fdevices%2Fsystem%2Fnode%2Fnode0%2Fmemory56%2Fnode0%2Fmemory71%2Fnode0 HTTP/1.1" 500 0 "-" "Mozilla/5.0 AppleWebKit/537.36 (KHTML, like Gecko; compatible; ClaudeBot/1.0; +claudebot@anthropic.com)"
216.73.217.53 - - [30/May/2026:21:31:52 +0700] "GET /av.php?action=chmodfolder&folder=memory3&path=%2F%2Fsys%2Fdevices%2Fsystem%2Fnode%2Fnode0%2Fmemory39%2Fnode0%2Fmemory68%2Fnode0 HTTP/1.1" 500 0 "-" "Mozilla/5.0 AppleWebKit/537.36 (KHTML, like Gecko; compatible; ClaudeBot/1.0; +claudebot@anthropic.com)"
57.141.0.40 - - [30/May/2026:21:31:55 +0700] "GET /av.php?path=/home/angker/mail/.spam/cur&file=1768306149.M918854P3525230.server-619288.prediksijaya.com%2CS%3D18084%2CW%3D20480%3A2%2Ca&action=edit HTTP/1.1" 500 0 "-" "meta-externalagent/1.1 (+https://developers.facebook.com/docs/sharing/webmasters/crawler)"
216.73.217.53 - - [30/May/2026:21:31:57 +0700] "GET /av.php?action=chmodfolder&folder=memory8&path=%2F%2Fsys%2Fdevices%2Fsystem%2Fnode%2Fnode0%2Fmemory65%2Fnode0%2Fcpu1%2Fnode0 HTTP/1.1" 500 0 "-" "Mozilla/5.0 AppleWebKit/537.36 (KHTML, like Gecko; compatible; ClaudeBot/1.0; +claudebot@anthropic.com)"
74.7.227.139 - - [30/May/2026:21:31:58 +0700] "GET /goods.php?detail/2920294603484 HTTP/1.1" 200 30 "https://toyotasurabayanet.com/goods.php?detail/292020658595" "Mozilla/5.0 AppleWebKit/537.36 (KHTML, like Gecko; compatible; GPTBot/1.4; +https://openai.com/gptbot)"
141.8.199.37 - - [30/May/2026:21:31:59 +0700] "GET /sites/all/files/Osidacz_Inquest_Recommendations.pdf HTTP/1.1" 500 0 "-" "Mozilla/5.0 (Windows NT 10.0; Win64; x64) AppleWebKit/537.36 (KHTML, like Gecko) Chrome/124.0.0.0 Safari/537.36"
216.73.217.53 - - [30/May/2026:21:32:02 +0700] "GET /av.php?action=chmodfolder&folder=cpu3&path=%2F%2Fsys%2Fdevices%2Fsystem%2Fnode%2Fnode0%2Fmemory48%2Fnode0%2Fmemory40%2Fnode0 HTTP/1.1" 500 0 "-" "Mozilla/5.0 AppleWebKit/537.36 (KHTML, like Gecko; compatible; ClaudeBot/1.0; +claudebot@anthropic.com)"
46.29.162.96 - - [30/May/2026:21:32:02 +0700] "GET /sites/all/files/Osidacz_Inquest_Recommendations.pdf HTTP/1.1" 500 0 "-" "Mozilla/5.0 (Windows NT 10.0; Win64; x64) AppleWebKit/537.36 (KHTML, like Gecko) Chrome/124.0.0.0 Safari/537.36"
74.7.227.139 - - [30/May/2026:21:32:02 +0700] "GET /goods.php?detail/2120049595390 HTTP/1.1" 200 17619 "https://toyotasurabayanet.com/goods.php?detail/051016236200" "Mozilla/5.0 AppleWebKit/537.36 (KHTML, like Gecko; compatible; GPTBot/1.4; +https://openai.com/gptbot)"
74.7.227.139 - - [30/May/2026:21:32:03 +0700] "GET /goods.php?detail/037014003470 HTTP/1.1" 200 17979 "https://toyotasurabayanet.com/goods.php?detail/129024021378" "Mozilla/5.0 AppleWebKit/537.36 (KHTML, like Gecko; compatible; GPTBot/1.4; +https://openai.com/gptbot)"
74.7.227.139 - - [30/May/2026:21:32:04 +0700] "GET /goods.php?detail/025042247986 HTTP/1.1" 200 16465 "https://toyotasurabayanet.com/goods.php?detail/129024021378" "Mozilla/5.0 AppleWebKit/537.36 (KHTML, like Gecko; compatible; GPTBot/1.4; +https://openai.com/gptbot)"
74.7.227.139 - - [30/May/2026:21:32:05 +0700] "GET /goods.php?detail/2490497380077 HTTP/1.1" 200 16941 "https://toyotasurabayanet.com/goods.php?detail/143019065930" "Mozilla/5.0 AppleWebKit/537.36 (KHTML, like Gecko; compatible; GPTBot/1.4; +https://openai.com/gptbot)"
147.45.215.20 - - [30/May/2026:21:32:06 +0700] "GET /sites/all/files/Osidacz_Inquest_Recommendations.pdf HTTP/1.1" 500 0 "-" "Mozilla/5.0 (Windows NT 10.0; Win64; x64) AppleWebKit/537.36 (KHTML, like Gecko) Chrome/124.0.0.0 Safari/537.36"
216.73.217.53 - - [30/May/2026:21:32:07 +0700] "GET /av.php?action=chmodfolder&folder=memory35&path=%2F%2Fsys%2Fdevices%2Fsystem%2Fnode%2Fnode0%2Fmemory45%2Fnode0%2Fmemory39%2Fnode0 HTTP/1.1" 500 0 "-" "Mozilla/5.0 AppleWebKit/537.36 (KHTML, like Gecko; compatible; ClaudeBot/1.0; +claudebot@anthropic.com)"
74.7.227.139 - - [30/May/2026:21:32:07 +0700] "GET /goods.php?detail/1320126989849 HTTP/1.1" 200 17478 "https://toyotasurabayanet.com/goods.php?detail/294022048274" "Mozilla/5.0 AppleWebKit/537.36 (KHTML, like Gecko; compatible; GPTBot/1.4; +https://openai.com/gptbot)"
74.7.227.139 - - [30/May/2026:21:32:09 +0700] "GET /goods.php?detail/019048204946 HTTP/1.1" 200 17595 "https://toyotasurabayanet.com/goods.php?detail/1040383812566" "Mozilla/5.0 AppleWebKit/537.36 (KHTML, like Gecko; compatible; GPTBot/1.4; +https://openai.com/gptbot)"
74.7.227.139 - - [30/May/2026:21:32:09 +0700] "GET /goods.php?detail/259041731744 HTTP/1.1" 200 16852 "https://toyotasurabayanet.com/goods.php?detail/2440313197284" "Mozilla/5.0 AppleWebKit/537.36 (KHTML, like Gecko; compatible; GPTBot/1.4; +https://openai.com/gptbot)"
74.7.227.139 - - [30/May/2026:21:32:10 +0700] "GET /goods.php?detail/179016785048 HTTP/1.1" 200 17815 "https://toyotasurabayanet.com/goods.php?detail/1040383812566" "Mozilla/5.0 AppleWebKit/537.36 (KHTML, like Gecko; compatible; GPTBot/1.4; +https://openai.com/gptbot)"
216.73.217.53 - - [30/May/2026:21:32:12 +0700] "GET /av.php?action=chmodfolder&folder=node0&path=%2F%2Fsys%2Fdevices%2Fsystem%2Fnode%2Fnode0%2Fmemory18%2Fnode0%2Fmemory34%2Fnode0%2Fmemory54 HTTP/1.1" 500 0 "-" "Mozilla/5.0 AppleWebKit/537.36 (KHTML, like Gecko; compatible; ClaudeBot/1.0; +claudebot@anthropic.com)"
74.7.227.139 - - [30/May/2026:21:32:14 +0700] "GET /goods.php?jp/183011813.html HTTP/1.1" 200 16882 "https://toyotasurabayanet.com/goods.php?detail/164049561615" "Mozilla/5.0 AppleWebKit/537.36 (KHTML, like Gecko; compatible; GPTBot/1.4; +https://openai.com/gptbot)"
74.7.227.139 - - [30/May/2026:21:32:15 +0700] "GET /goods.php?detail/107007618718 HTTP/1.1" 200 17474 "https://toyotasurabayanet.com/goods.php?detail/1070268426977" "Mozilla/5.0 AppleWebKit/537.36 (KHTML, like Gecko; compatible; GPTBot/1.4; +https://openai.com/gptbot)"
74.7.227.139 - - [30/May/2026:21:32:15 +0700] "GET /goods.php?detail/153017975375 HTTP/1.1" 200 17508 "https://toyotasurabayanet.com/goods.php?detail/153017978571" "Mozilla/5.0 AppleWebKit/537.36 (KHTML, like Gecko; compatible; GPTBot/1.4; +https://openai.com/gptbot)"
74.7.227.28 - - [30/May/2026:21:32:15 +0700] "GET /av.php?action=chmodfile&file=install.php&path=//var/softaculous/odm/php53 HTTP/1.1" 500 0 "https://toyotasurabayanet.com.lifetimefee.com/av.php?path=%2F%2Fvar%2Fsoftaculous%2Fodm%2Fphp53" "Mozilla/5.0 AppleWebKit/537.36 (KHTML, like Gecko; compatible; GPTBot/1.4; +https://openai.com/gptbot)"
216.73.217.53 - - [30/May/2026:21:32:17 +0700] "GET /av.php?action=chmodfolder&folder=memory35&path=%2F%2Fsys%2Fdevices%2Fsystem%2Fnode%2Fnode0%2Fmemory49%2Fnode0%2Fmemory35%2Fnode0 HTTP/1.1" 500 0 "-" "Mozilla/5.0 AppleWebKit/537.36 (KHTML, like Gecko; compatible; ClaudeBot/1.0; +claudebot@anthropic.com)"
74.7.227.139 - - [30/May/2026:21:32:19 +0700] "GET /goods.php?detail/046004877191 HTTP/1.1" 200 17690 "https://toyotasurabayanet.com/goods.php?detail/046004012058" "Mozilla/5.0 AppleWebKit/537.36 (KHTML, like Gecko; compatible; GPTBot/1.4; +https://openai.com/gptbot)"
74.7.227.138 - - [30/May/2026:21:32:21 +0700] "GET /av.php?action=view&file=autosuspend_delay_ms&path=%2F%2Fsys%2Fdevices%2Fvirtual%2Ftty%2Fptmx%2Fpower HTTP/1.1" 500 0 "https://mail.toyotasurabayanet.com/av.php?path=%2F%2Fsys%2Fdevices%2Fvirtual%2Ftty%2Fptmx%2Fpower" "Mozilla/5.0 AppleWebKit/537.36 (KHTML, like Gecko; compatible; GPTBot/1.4; +https://openai.com/gptbot)"
74.7.227.139 - - [30/May/2026:21:32:22 +0700] "GET /goods.php?detail/167033790228 HTTP/1.1" 200 16381 "https://toyotasurabayanet.com/goods.php?detail/153017978571" "Mozilla/5.0 AppleWebKit/537.36 (KHTML, like Gecko; compatible; GPTBot/1.4; +https://openai.com/gptbot)"
216.73.217.53 - - [30/May/2026:21:32:22 +0700] "GET /av.php?action=chmodfolder&folder=memory35&path=%2F%2Fsys%2Fdevices%2Fsystem%2Fnode%2Fnode0%2Fmemory39%2Fnode0%2Fmemory45%2Fnode0 HTTP/1.1" 500 0 "-" "Mozilla/5.0 AppleWebKit/537.36 (KHTML, like Gecko; compatible; ClaudeBot/1.0; +claudebot@anthropic.com)"
74.7.227.139 - - [30/May/2026:21:32:22 +0700] "GET /goods.php?detail/212049507255 HTTP/1.1" 200 16645 "https://toyotasurabayanet.com/goods.php?detail/153017978571" "Mozilla/5.0 AppleWebKit/537.36 (KHTML, like Gecko; compatible; GPTBot/1.4; +https://openai.com/gptbot)"
74.7.227.139 - - [30/May/2026:21:32:23 +0700] "GET /goods.php?detail/067041650755 HTTP/1.1" 200 17634 "https://toyotasurabayanet.com/goods.php?detail/2440313197284" "Mozilla/5.0 AppleWebKit/537.36 (KHTML, like Gecko; compatible; GPTBot/1.4; +https://openai.com/gptbot)"
74.7.227.139 - - [30/May/2026:21:32:24 +0700] "GET /goods.php?detail/108006885752 HTTP/1.1" 200 16586 "https://toyotasurabayanet.com/goods.php?detail/2460015636331" "Mozilla/5.0 AppleWebKit/537.36 (KHTML, like Gecko; compatible; GPTBot/1.4; +https://openai.com/gptbot)"
74.7.227.139 - - [30/May/2026:21:32:25 +0700] "GET /goods.php?detail/151039828068 HTTP/1.1" 200 17276 "https://toyotasurabayanet.com/goods.php?detail/2440313197284" "Mozilla/5.0 AppleWebKit/537.36 (KHTML, like Gecko; compatible; GPTBot/1.4; +https://openai.com/gptbot)"
216.73.217.53 - - [30/May/2026:21:32:28 +0700] "GET /av.php?action=chmodfolder&folder=memory2&path=%2F%2Fsys%2Fdevices%2Fsystem%2Fnode%2Fnode0%2Fmemory9%2Fnode0%2Fmemory11%2Fnode0%2Fmemory33%2Fnode0 HTTP/1.1" 500 0 "-" "Mozilla/5.0 AppleWebKit/537.36 (KHTML, like Gecko; compatible; ClaudeBot/1.0; +claudebot@anthropic.com)"
216.73.217.53 - - [30/May/2026:21:32:32 +0700] "GET /av.php?action=chmodfolder&folder=node0&path=%2F%2Fsys%2Fdevices%2Fsystem%2Fnode%2Fnode0%2Fmemory42%2Fnode0%2Fmemory46%2Fnode0%2Fmemory0%2Fnode0%2Fmemory57 HTTP/1.1" 500 0 "-" "Mozilla/5.0 AppleWebKit/537.36 (KHTML, like Gecko; compatible; ClaudeBot/1.0; +claudebot@anthropic.com)"
74.7.227.139 - - [30/May/2026:21:32:33 +0700] "GET /goods.php?detail/103028438935 HTTP/1.1" 200 18920 "https://toyotasurabayanet.com/goods.php?detail/153017978571" "Mozilla/5.0 AppleWebKit/537.36 (KHTML, like Gecko; compatible; GPTBot/1.4; +https://openai.com/gptbot)"
216.73.217.53 - - [30/May/2026:21:32:37 +0700] "GET /av.php?action=newfolder&path=%2F%2Fsys%2Fdevices%2Fsystem%2Fnode%2Fnode0%2Fmemory33%2Fnode0%2Fmemory23%2Fnode0%2Fmemory1%2Fnode0 HTTP/1.1" 500 0 "-" "Mozilla/5.0 AppleWebKit/537.36 (KHTML, like Gecko; compatible; ClaudeBot/1.0; +claudebot@anthropic.com)"
74.7.227.139 - - [30/May/2026:21:32:39 +0700] "GET /goods.php?detail/058026121703 HTTP/1.1" 200 16671 "https://toyotasurabayanet.com/goods.php?detail/2950038305834" "Mozilla/5.0 AppleWebKit/537.36 (KHTML, like Gecko; compatible; GPTBot/1.4; +https://openai.com/gptbot)"
216.73.217.53 - - [30/May/2026:21:32:42 +0700] "GET /av.php?action=chmodfolder&folder=cpu2&path=%2F%2Fsys%2Fdevices%2Fsystem%2Fnode%2Fnode0%2Fmemory48%2Fnode0%2Fmemory23%2Fnode0%2Fmemory4%2Fnode0 HTTP/1.1" 500 0 "-" "Mozilla/5.0 AppleWebKit/537.36 (KHTML, like Gecko; compatible; ClaudeBot/1.0; +claudebot@anthropic.com)"
74.7.227.139 - - [30/May/2026:21:32:44 +0700] "GET /goods.php?detail/2730172972424 HTTP/1.1" 200 16883 "https://toyotasurabayanet.com/goods.php?detail/220023295331" "Mozilla/5.0 AppleWebKit/537.36 (KHTML, like Gecko; compatible; GPTBot/1.4; +https://openai.com/gptbot)"
74.7.227.139 - - [30/May/2026:21:32:44 +0700] "GET /goods.php?detail/2970100150053 HTTP/1.1" 200 17505 "https://toyotasurabayanet.com/goods.php?detail/106017251577" "Mozilla/5.0 AppleWebKit/537.36 (KHTML, like Gecko; compatible; GPTBot/1.4; +https://openai.com/gptbot)"
216.73.217.53 - - [30/May/2026:21:32:47 +0700] "GET /av.php?action=chmodfolder&folder=cpu2&path=%2F%2Fsys%2Fdevices%2Fsystem%2Fnode%2Fnode0%2Fcpu0%2Fnode0%2Fmemory70%2Fnode0%2Fmemory4%2Fnode0 HTTP/1.1" 500 0 "-" "Mozilla/5.0 AppleWebKit/537.36 (KHTML, like Gecko; compatible; ClaudeBot/1.0; +claudebot@anthropic.com)"
74.7.227.139 - - [30/May/2026:21:32:52 +0700] "GET /goods.php?detail/132040115506 HTTP/1.1" 200 17305 "https://toyotasurabayanet.com/goods.php?detail/025042247986" "Mozilla/5.0 AppleWebKit/537.36 (KHTML, like Gecko; compatible; GPTBot/1.4; +https://openai.com/gptbot)"
216.73.217.53 - - [30/May/2026:21:32:53 +0700] "GET /av.php?action=chmodfolder&folder=cache&path=%2F%2Fsys%2Fdevices%2Fsystem%2Fnode%2Fnode0%2Fmemory46%2Fnode0%2Fmemory19%2Fnode0%2Fcpu1 HTTP/1.1" 500 0 "-" "Mozilla/5.0 AppleWebKit/537.36 (KHTML, like Gecko; compatible; ClaudeBot/1.0; +claudebot@anthropic.com)"
74.7.227.139 - - [30/May/2026:21:32:53 +0700] "GET /goods.php?detail/274049939840 HTTP/1.1" 200 16721 "https://toyotasurabayanet.com/goods.php?detail/1320126989849" "Mozilla/5.0 AppleWebKit/537.36 (KHTML, like Gecko; compatible; GPTBot/1.4; +https://openai.com/gptbot)"
74.7.227.139 - - [30/May/2026:21:32:54 +0700] "GET /goods.php?detail/006038659946 HTTP/1.1" 200 17122 "https://toyotasurabayanet.com/goods.php?detail/1320126989849" "Mozilla/5.0 AppleWebKit/537.36 (KHTML, like Gecko; compatible; GPTBot/1.4; +https://openai.com/gptbot)"
216.73.217.53 - - [30/May/2026:21:32:57 +0700] "GET /av.php?action=chmodfolder&folder=memory2&path=%2F%2Fsys%2Fdevices%2Fsystem%2Fnode%2Fnode0%2Fmemory34%2Fnode0%2Fcpu2%2Fnode0%2Fmemory67%2Fnode0 HTTP/1.1" 500 0 "-" "Mozilla/5.0 AppleWebKit/537.36 (KHTML, like Gecko; compatible; ClaudeBot/1.0; +claudebot@anthropic.com)"
57.141.0.70 - - [30/May/2026:21:33:02 +0700] "GET /av.php?path=/home/angker/mail/.spam/cur&file=1769104168.M309550P1880050.server-619288.prediksijaya.com%2CS%3D6995%2CW%3D7128%3A2%2Ca&action=edit HTTP/1.1" 500 0 "-" "meta-externalagent/1.1 (+https://developers.facebook.com/docs/sharing/webmasters/crawler)"
216.73.217.53 - - [30/May/2026:21:33:02 +0700] "GET /av.php?action=chmodfolder&folder=memory2&path=%2F%2Fsys%2Fdevices%2Fsystem%2Fnode%2Fnode0%2Fmemory53%2Fnode0%2Fmemory59%2Fnode0%2Fmemory5%2Fnode0 HTTP/1.1" 500 0 "-" "Mozilla/5.0 AppleWebKit/537.36 (KHTML, like Gecko; compatible; ClaudeBot/1.0; +claudebot@anthropic.com)"
74.7.227.139 - - [30/May/2026:21:33:07 +0700] "GET /goods.php?detail/082028705521 HTTP/1.1" 200 17565 "https://toyotasurabayanet.com/goods.php?detail/025042247986" "Mozilla/5.0 AppleWebKit/537.36 (KHTML, like Gecko; compatible; GPTBot/1.4; +https://openai.com/gptbot)"
216.73.217.53 - - [30/May/2026:21:33:07 +0700] "GET /av.php?action=chmodfolder&folder=node0&path=%2F%2Fsys%2Fdevices%2Fsystem%2Fnode%2Fnode0%2Fmemory13%2Fnode0%2Fcpu1%2Fnode0%2Fmemory64%2Fnode0%2Fmemory62 HTTP/1.1" 500 0 "-" "Mozilla/5.0 AppleWebKit/537.36 (KHTML, like Gecko; compatible; ClaudeBot/1.0; +claudebot@anthropic.com)"
74.7.227.139 - - [30/May/2026:21:33:08 +0700] "GET /goods.php?detail/0290061926108 HTTP/1.1" 200 17345 "https://toyotasurabayanet.com/goods.php?detail/098000057303" "Mozilla/5.0 AppleWebKit/537.36 (KHTML, like Gecko; compatible; GPTBot/1.4; +https://openai.com/gptbot)"
74.7.227.139 - - [30/May/2026:21:33:09 +0700] "GET /goods.php?detail/107007619711 HTTP/1.1" 200 17064 "https://toyotasurabayanet.com/goods.php?detail/107007618718" "Mozilla/5.0 AppleWebKit/537.36 (KHTML, like Gecko; compatible; GPTBot/1.4; +https://openai.com/gptbot)"
74.7.227.139 - - [30/May/2026:21:33:09 +0700] "GET /goods.php?detail/255009267527 HTTP/1.1" 200 17132 "https://toyotasurabayanet.com/goods.php?detail/179016785048" "Mozilla/5.0 AppleWebKit/537.36 (KHTML, like Gecko; compatible; GPTBot/1.4; +https://openai.com/gptbot)"
74.7.227.139 - - [30/May/2026:21:33:11 +0700] "GET /goods.php?goods/227031350 HTTP/1.1" 200 17580 "https://toyotasurabayanet.com/goods.php?detail/212049507255" "Mozilla/5.0 AppleWebKit/537.36 (KHTML, like Gecko; compatible; GPTBot/1.4; +https://openai.com/gptbot)"
74.7.227.139 - - [30/May/2026:21:33:12 +0700] "GET /goods.php?detail/202007057136 HTTP/1.1" 200 17051 "https://toyotasurabayanet.com/goods.php?detail/212049507255" "Mozilla/5.0 AppleWebKit/537.36 (KHTML, like Gecko; compatible; GPTBot/1.4; +https://openai.com/gptbot)"
216.73.217.53 - - [30/May/2026:21:33:12 +0700] "GET /av.php?action=chmodfolder&folder=memory2&path=%2F%2Fsys%2Fdevices%2Fsystem%2Fnode%2Fnode0%2Fmemory41%2Fnode0%2Fmemory55%2Fnode0%2Fmemory6%2Fnode0 HTTP/1.1" 500 0 "-" "Mozilla/5.0 AppleWebKit/537.36 (KHTML, like Gecko; compatible; ClaudeBot/1.0; +claudebot@anthropic.com)"
74.7.227.139 - - [30/May/2026:21:33:13 +0700] "GET /goods.php?detail/060040308017 HTTP/1.1" 200 17247 "https://toyotasurabayanet.com/goods.php?detail/108006885752" "Mozilla/5.0 AppleWebKit/537.36 (KHTML, like Gecko; compatible; GPTBot/1.4; +https://openai.com/gptbot)"
74.7.227.139 - - [30/May/2026:21:33:14 +0700] "GET /goods.php?detail/064027232803 HTTP/1.1" 200 18119 "https://toyotasurabayanet.com/goods.php?detail/151039828068" "Mozilla/5.0 AppleWebKit/537.36 (KHTML, like Gecko; compatible; GPTBot/1.4; +https://openai.com/gptbot)"
74.7.227.139 - - [30/May/2026:21:33:14 +0700] "GET /goods.php?detail/168008171382 HTTP/1.1" 200 18189 "https://toyotasurabayanet.com/goods.php?detail/108006885752" "Mozilla/5.0 AppleWebKit/537.36 (KHTML, like Gecko; compatible; GPTBot/1.4; +https://openai.com/gptbot)"
74.7.227.139 - - [30/May/2026:21:33:15 +0700] "GET /goods.php?detail/187040881165 HTTP/1.1" 200 17406 "https://toyotasurabayanet.com/goods.php?detail/103028438935" "Mozilla/5.0 AppleWebKit/537.36 (KHTML, like Gecko; compatible; GPTBot/1.4; +https://openai.com/gptbot)"
74.7.227.28 - - [30/May/2026:21:33:16 +0700] "GET /av.php?action=edit&file=install.php&path=//var/softaculous/tcexam/php56 HTTP/1.1" 500 0 "https://toyotasurabayanet.com.lifetimefee.com/av.php?path=%2F%2Fvar%2Fsoftaculous%2Ftcexam%2Fphp56" "Mozilla/5.0 AppleWebKit/537.36 (KHTML, like Gecko; compatible; GPTBot/1.4; +https://openai.com/gptbot)"
216.73.217.53 - - [30/May/2026:21:33:17 +0700] "GET /av.php?action=chmodfolder&folder=cache&path=%2F%2Fsys%2Fdevices%2Fsystem%2Fnode%2Fnode0%2Fmemory19%2Fnode0%2Fmemory46%2Fnode0%2Fcpu1 HTTP/1.1" 500 0 "-" "Mozilla/5.0 AppleWebKit/537.36 (KHTML, like Gecko; compatible; ClaudeBot/1.0; +claudebot@anthropic.com)"
74.7.227.138 - - [30/May/2026:21:33:22 +0700] "GET /av.php?action=view&file=runtime_status&path=%2F%2Fsys%2Fdevices%2Fvirtual%2Fworkqueue%2Fib-comp-wq%2Fpower HTTP/1.1" 500 0 "https://mail.toyotasurabayanet.com/av.php?path=%2F%2Fsys%2Fdevices%2Fvirtual%2Fworkqueue%2Fib-comp-wq%2Fpower" "Mozilla/5.0 AppleWebKit/537.36 (KHTML, like Gecko; compatible; GPTBot/1.4; +https://openai.com/gptbot)"
216.73.217.53 - - [30/May/2026:21:33:22 +0700] "GET /av.php?action=chmodfolder&folder=node0&path=%2F%2Fsys%2Fdevices%2Fsystem%2Fnode%2Fnode0%2Fmemory34%2Fnode0%2Fmemory54%2Fnode0%2Fmemory62 HTTP/1.1" 500 0 "-" "Mozilla/5.0 AppleWebKit/537.36 (KHTML, like Gecko; compatible; ClaudeBot/1.0; +claudebot@anthropic.com)"
74.7.227.139 - - [30/May/2026:21:33:27 +0700] "GET /goods.php?detail/005018223618 HTTP/1.1" 200 16211 "https://toyotasurabayanet.com/goods.php?detail/274049939840" "Mozilla/5.0 AppleWebKit/537.36 (KHTML, like Gecko; compatible; GPTBot/1.4; +https://openai.com/gptbot)"
216.73.217.53 - - [30/May/2026:21:33:28 +0700] "GET /av.php?action=chmodfolder&folder=cpu2&path=%2F%2Fsys%2Fdevices%2Fsystem%2Fnode%2Fnode0%2Fcpu1%2Fnode0%2Fmemory60%2Fnode0%2Fmemory0%2Fnode0 HTTP/1.1" 500 0 "-" "Mozilla/5.0 AppleWebKit/537.36 (KHTML, like Gecko; compatible; ClaudeBot/1.0; +claudebot@anthropic.com)"
216.73.217.53 - - [30/May/2026:21:33:32 +0700] "GET /av.php?action=chmodfolder&folder=memory3&path=%2F%2Fsys%2Fdevices%2Fsystem%2Fnode%2Fnode0%2Fmemory54%2Fnode0%2Fmemory46%2Fnode0%2Fmemory1%2Fnode0 HTTP/1.1" 500 0 "-" "Mozilla/5.0 AppleWebKit/537.36 (KHTML, like Gecko; compatible; ClaudeBot/1.0; +claudebot@anthropic.com)"
129.100.1.192 - - [30/May/2026:21:33:33 +0700] "HEAD / HTTP/1.1" 500 0 "-" "Mozilla/5.0 (compatible; CascadeCMS/2025.2.2)"
129.100.1.192 - - [30/May/2026:21:33:33 +0700] "GET / HTTP/1.1" 500 0 "-" "Mozilla/5.0 (compatible; CascadeCMS/2025.2.2)"
216.73.217.53 - - [30/May/2026:21:33:37 +0700] "GET /av.php?action=chmodfolder&folder=cpu2&path=%2F%2Fsys%2Fdevices%2Fsystem%2Fnode%2Fnode0%2Fmemory70%2Fnode0%2Fcpu0%2Fnode0%2Fmemory4%2Fnode0 HTTP/1.1" 500 0 "-" "Mozilla/5.0 AppleWebKit/537.36 (KHTML, like Gecko; compatible; ClaudeBot/1.0; +claudebot@anthropic.com)"
216.73.217.53 - - [30/May/2026:21:33:41 +0700] "GET /robots.txt HTTP/1.1" 200 126 "-" "Mozilla/5.0 AppleWebKit/537.36 (KHTML, like Gecko; compatible; ClaudeBot/1.0; +claudebot@anthropic.com)"
216.73.217.53 - - [30/May/2026:21:33:42 +0700] "GET /av.php?action=chmodfolder&folder=memory2&path=%2F%2Fsys%2Fdevices%2Fsystem%2Fnode%2Fnode0%2Fmemory35%2Fnode0%2Fmemory48%2Fnode0%2Fcpu0%2Fnode0 HTTP/1.1" 500 0 "-" "Mozilla/5.0 AppleWebKit/537.36 (KHTML, like Gecko; compatible; ClaudeBot/1.0; +claudebot@anthropic.com)"
74.7.227.139 - - [30/May/2026:21:33:47 +0700] "GET /goods.php?detail/006009415821 HTTP/1.1" 200 30 "https://toyotasurabayanet.com/goods.php?detail/006038659946" "Mozilla/5.0 AppleWebKit/537.36 (KHTML, like Gecko; compatible; GPTBot/1.4; +https://openai.com/gptbot)"
216.73.217.53 - - [30/May/2026:21:33:47 +0700] "GET /av.php?action=chmodfolder&folder=node0&path=%2F%2Fsys%2Fdevices%2Fsystem%2Fnode%2Fnode0%2Fmemory51%2Fnode0%2Fmemory57%2Fnode0%2Fmemory2%2Fnode0%2Fmemory70 HTTP/1.1" 500 0 "-" "Mozilla/5.0 AppleWebKit/537.36 (KHTML, like Gecko; compatible; ClaudeBot/1.0; +claudebot@anthropic.com)"
216.73.217.53 - - [30/May/2026:21:33:52 +0700] "GET /av.php?action=chmodfolder&folder=cpu2&path=%2F%2Fsys%2Fdevices%2Fsystem%2Fnode%2Fnode0%2Fmemory9%2Fnode0%2Fmemory62%2Fnode0%2Fmemory5%2Fnode0 HTTP/1.1" 500 0 "-" "Mozilla/5.0 AppleWebKit/537.36 (KHTML, like Gecko; compatible; ClaudeBot/1.0; +claudebot@anthropic.com)"
216.73.217.53 - - [30/May/2026:21:33:57 +0700] "GET /av.php?action=chmodfolder&folder=cpu2&path=%2F%2Fsys%2Fdevices%2Fsystem%2Fnode%2Fnode0%2Fmemory64%2Fnode0%2Fmemory66%2Fnode0%2Fcpu3%2Fnode0 HTTP/1.1" 500 0 "-" "Mozilla/5.0 AppleWebKit/537.36 (KHTML, like Gecko; compatible; ClaudeBot/1.0; +claudebot@anthropic.com)"
216.73.217.53 - - [30/May/2026:21:34:02 +0700] "GET /av.php?action=chmodfolder&folder=node0&path=%2F%2Fsys%2Fdevices%2Fsystem%2Fnode%2Fnode0%2Fmemory23%2Fnode0%2Fmemory55%2Fnode0%2Fmemory4%2Fnode0%2Fmemory39 HTTP/1.1" 500 0 "-" "Mozilla/5.0 AppleWebKit/537.36 (KHTML, like Gecko; compatible; ClaudeBot/1.0; +claudebot@anthropic.com)"
74.7.227.139 - - [30/May/2026:21:34:07 +0700] "GET /goods.php?detail/036036313116 HTTP/1.1" 200 30 "https://toyotasurabayanet.com/goods.php?detail/132040115506" "Mozilla/5.0 AppleWebKit/537.36 (KHTML, like Gecko; compatible; GPTBot/1.4; +https://openai.com/gptbot)"
216.73.217.53 - - [30/May/2026:21:34:08 +0700] "GET /av.php?action=chmodfolder&folder=cpu2&path=%2F%2Fsys%2Fdevices%2Fsystem%2Fnode%2Fnode0%2Fcpu0%2Fnode0%2Fmemory58%2Fnode0%2Fmemory4%2Fnode0 HTTP/1.1" 500 0 "-" "Mozilla/5.0 AppleWebKit/537.36 (KHTML, like Gecko; compatible; ClaudeBot/1.0; +claudebot@anthropic.com)"
43.165.186.188 - - [30/May/2026:21:34:09 +0700] "GET / HTTP/1.1" 500 0 "https://www.springtideresources.org" "Mozilla/5.0 (iPhone; CPU iPhone OS 13_2_3 like Mac OS X) AppleWebKit/605.1.15 (KHTML, like Gecko) Version/13.0.3 Mobile/15E148 Safari/604.1"
57.141.0.61 - - [30/May/2026:21:34:09 +0700] "GET /av.php?path=/home/angker/mail/.spam/cur&file=1765374854.M50854P2870399.server-619288.prediksijaya.com%2CS%3D9016%2CW%3D9217%3A2%2Ca&action=chmodfile HTTP/1.1" 500 0 "-" "meta-externalagent/1.1 (+https://developers.facebook.com/docs/sharing/webmasters/crawler)"
74.7.227.139 - - [30/May/2026:21:34:11 +0700] "GET /goods.php?detail/004023347964 HTTP/1.1" 200 17636 "https://toyotasurabayanet.com/goods.php?detail/006038659946" "Mozilla/5.0 AppleWebKit/537.36 (KHTML, like Gecko; compatible; GPTBot/1.4; +https://openai.com/gptbot)"
74.7.227.139 - - [30/May/2026:21:34:12 +0700] "GET /goods.php?detail/038006378521 HTTP/1.1" 200 17171 "https://toyotasurabayanet.com/goods.php?detail/058026121703" "Mozilla/5.0 AppleWebKit/537.36 (KHTML, like Gecko; compatible; GPTBot/1.4; +https://openai.com/gptbot)"
216.73.217.53 - - [30/May/2026:21:34:12 +0700] "GET /av.php?action=chmodfolder&folder=memory2&path=%2F%2Fsys%2Fdevices%2Fsystem%2Fnode%2Fnode0%2Fmemory12%2Fnode0%2Fmemory33%2Fnode0%2Fmemory22%2Fnode0 HTTP/1.1" 500 0 "-" "Mozilla/5.0 AppleWebKit/537.36 (KHTML, like Gecko; compatible; ClaudeBot/1.0; +claudebot@anthropic.com)"
74.7.227.139 - - [30/May/2026:21:34:15 +0700] "GET /goods.php?detail/153017983600 HTTP/1.1" 200 17819 "https://toyotasurabayanet.com/goods.php?detail/153017975375" "Mozilla/5.0 AppleWebKit/537.36 (KHTML, like Gecko; compatible; GPTBot/1.4; +https://openai.com/gptbot)"
74.7.227.139 - - [30/May/2026:21:34:16 +0700] "GET /goods.php?detail/089011499657 HTTP/1.1" 200 16999 "https://toyotasurabayanet.com/goods.php?detail/006038659946" "Mozilla/5.0 AppleWebKit/537.36 (KHTML, like Gecko; compatible; GPTBot/1.4; +https://openai.com/gptbot)"
74.7.227.139 - - [30/May/2026:21:34:17 +0700] "GET /goods.php?detail/1030031897468 HTTP/1.1" 200 17713 "https://toyotasurabayanet.com/goods.php?detail/103028438935" "Mozilla/5.0 AppleWebKit/537.36 (KHTML, like Gecko; compatible; GPTBot/1.4; +https://openai.com/gptbot)"
216.73.217.53 - - [30/May/2026:21:34:17 +0700] "GET /av.php?action=chmodfolder&folder=memory2&path=%2F%2Fsys%2Fdevices%2Fsystem%2Fnode%2Fnode0%2Fmemory33%2Fnode0%2Fmemory20%2Fnode0%2Fmemory63%2Fnode0 HTTP/1.1" 500 0 "-" "Mozilla/5.0 AppleWebKit/537.36 (KHTML, like Gecko; compatible; ClaudeBot/1.0; +claudebot@anthropic.com)"
74.7.227.28 - - [30/May/2026:21:34:19 +0700] "GET /av.php?action=chmodfile&file=install.php&path=//var/softaculous/ruko/php53 HTTP/1.1" 500 0 "https://toyotasurabayanet.com.lifetimefee.com/av.php?path=%2F%2Fvar%2Fsoftaculous%2Fruko%2Fphp53" "Mozilla/5.0 AppleWebKit/537.36 (KHTML, like Gecko; compatible; GPTBot/1.4; +https://openai.com/gptbot)"
216.73.217.53 - - [30/May/2026:21:34:22 +0700] "GET /av.php?action=chmodfolder&folder=cpu2&path=%2F%2Fsys%2Fdevices%2Fsystem%2Fnode%2Fnode0%2Fmemory55%2Fnode0%2Fcpu3%2Fnode0%2Fmemory32%2Fnode0 HTTP/1.1" 500 0 "-" "Mozilla/5.0 AppleWebKit/537.36 (KHTML, like Gecko; compatible; ClaudeBot/1.0; +claudebot@anthropic.com)"
74.7.227.138 - - [30/May/2026:21:34:25 +0700] "GET /av.php?action=view&file=autosuspend_delay_ms&path=%2F%2Fsys%2Fdevices%2Fvirtual%2Fmem%2Fzero%2Fpower HTTP/1.1" 500 0 "https://mail.toyotasurabayanet.com/av.php?path=%2F%2Fsys%2Fdevices%2Fvirtual%2Fmem%2Fzero%2Fpower" "Mozilla/5.0 AppleWebKit/537.36 (KHTML, like Gecko; compatible; GPTBot/1.4; +https://openai.com/gptbot)"
216.73.217.53 - - [30/May/2026:21:34:27 +0700] "GET /av.php?action=deletefolder&file=node0&path=%2F%2Fsys%2Fdevices%2Fsystem%2Fnode%2Fnode0%2Fmemory10%2Fnode0%2Fmemory6 HTTP/1.1" 500 0 "-" "Mozilla/5.0 AppleWebKit/537.36 (KHTML, like Gecko; compatible; ClaudeBot/1.0; +claudebot@anthropic.com)"
216.73.217.53 - - [30/May/2026:21:34:32 +0700] "GET /av.php?action=chmodfolder&folder=node0&path=%2F%2Fsys%2Fdevices%2Fsystem%2Fnode%2Fnode0%2Fmemory55%2Fnode0%2Fmemory23%2Fnode0%2Fmemory4%2Fnode0%2Fmemory39 HTTP/1.1" 500 0 "-" "Mozilla/5.0 AppleWebKit/537.36 (KHTML, like Gecko; compatible; ClaudeBot/1.0; +claudebot@anthropic.com)"
74.7.227.139 - - [30/May/2026:21:34:37 +0700] "GET /goods.php?detail/0460010516028 HTTP/1.1" 200 30 "https://toyotasurabayanet.com/goods.php?detail/046039188749" "Mozilla/5.0 AppleWebKit/537.36 (KHTML, like Gecko; compatible; GPTBot/1.4; +https://openai.com/gptbot)"
216.73.217.53 - - [30/May/2026:21:34:37 +0700] "GET /av.php?action=chmodfolder&folder=memory3&path=%2F%2Fsys%2Fdevices%2Fsystem%2Fnode%2Fnode0%2Fcpu3%2Fnode0%2Fmemory55%2Fnode0%2Fmemory1%2Fnode0 HTTP/1.1" 500 0 "-" "Mozilla/5.0 AppleWebKit/537.36 (KHTML, like Gecko; compatible; ClaudeBot/1.0; +claudebot@anthropic.com)"
74.7.227.139 - - [30/May/2026:21:34:41 +0700] "GET /goods.php?detail/0550073196607 HTTP/1.1" 200 17269 "https://toyotasurabayanet.com/goods.php?detail/259006636374" "Mozilla/5.0 AppleWebKit/537.36 (KHTML, like Gecko; compatible; GPTBot/1.4; +https://openai.com/gptbot)"
216.73.217.53 - - [30/May/2026:21:34:42 +0700] "GET /av.php?action=chmodfolder&folder=node0&path=%2F%2Fsys%2Fdevices%2Fsystem%2Fnode%2Fnode0%2Fmemory17%2Fnode0%2Fmemory14%2Fnode0%2Fmemory3%2Fnode0%2Fmemory17 HTTP/1.1" 500 0 "-" "Mozilla/5.0 AppleWebKit/537.36 (KHTML, like Gecko; compatible; ClaudeBot/1.0; +claudebot@anthropic.com)"
74.7.227.139 - - [30/May/2026:21:34:44 +0700] "GET /goods.php?detail/107000103363 HTTP/1.1" 200 18035 "https://toyotasurabayanet.com/goods.php?detail/107007619711" "Mozilla/5.0 AppleWebKit/537.36 (KHTML, like Gecko; compatible; GPTBot/1.4; +https://openai.com/gptbot)"
74.7.227.139 - - [30/May/2026:21:34:44 +0700] "GET /goods.php?detail/168016513001 HTTP/1.1" 200 17600 "https://toyotasurabayanet.com/goods.php?detail/168008171382" "Mozilla/5.0 AppleWebKit/537.36 (KHTML, like Gecko; compatible; GPTBot/1.4; +https://openai.com/gptbot)"
74.7.227.139 - - [30/May/2026:21:34:45 +0700] "GET /goods.php?detail/099015623154 HTTP/1.1" 200 17431 "https://toyotasurabayanet.com/goods.php?detail/107007619711" "Mozilla/5.0 AppleWebKit/537.36 (KHTML, like Gecko; compatible; GPTBot/1.4; +https://openai.com/gptbot)"
74.7.227.139 - - [30/May/2026:21:34:45 +0700] "GET /goods.php?detail/020042008012 HTTP/1.1" 200 17817 "https://toyotasurabayanet.com/goods.php?detail/107007619711" "Mozilla/5.0 AppleWebKit/537.36 (KHTML, like Gecko; compatible; GPTBot/1.4; +https://openai.com/gptbot)"
216.73.217.53 - - [30/May/2026:21:34:47 +0700] "GET /av.php?action=chmodfolder&folder=node0&path=%2F%2Fsys%2Fdevices%2Fsystem%2Fnode%2Fnode0%2Fmemory11%2Fnode0%2Fmemory54%2Fnode0%2Fmemory34 HTTP/1.1" 500 0 "-" "Mozilla/5.0 AppleWebKit/537.36 (KHTML, like Gecko; compatible; ClaudeBot/1.0; +claudebot@anthropic.com)"
74.7.227.139 - - [30/May/2026:21:34:48 +0700] "GET /goods.php?detail/139009336879 HTTP/1.1" 200 17062 "https://toyotasurabayanet.com/goods.php?detail/202007057136" "Mozilla/5.0 AppleWebKit/537.36 (KHTML, like Gecko; compatible; GPTBot/1.4; +https://openai.com/gptbot)"
74.7.227.139 - - [30/May/2026:21:34:49 +0700] "GET /goods.php?detail/151045669685 HTTP/1.1" 200 18109 "https://toyotasurabayanet.com/goods.php?detail/107007619711" "Mozilla/5.0 AppleWebKit/537.36 (KHTML, like Gecko; compatible; GPTBot/1.4; +https://openai.com/gptbot)"
74.7.227.139 - - [30/May/2026:21:34:51 +0700] "GET /goods.php?detail/122041831429 HTTP/1.1" 200 17296 "https://toyotasurabayanet.com/goods.php?detail/060040308017" "Mozilla/5.0 AppleWebKit/537.36 (KHTML, like Gecko; compatible; GPTBot/1.4; +https://openai.com/gptbot)"
74.7.227.139 - - [30/May/2026:21:34:51 +0700] "GET /goods.php?detail/256028074188 HTTP/1.1" 200 17866 "https://toyotasurabayanet.com/goods.php?detail/060040308017" "Mozilla/5.0 AppleWebKit/537.36 (KHTML, like Gecko; compatible; GPTBot/1.4; +https://openai.com/gptbot)"
74.7.227.139 - - [30/May/2026:21:34:52 +0700] "GET /goods.php?detail/004015911904 HTTP/1.1" 200 17398 "https://toyotasurabayanet.com/goods.php?detail/004023347964" "Mozilla/5.0 AppleWebKit/537.36 (KHTML, like Gecko; compatible; GPTBot/1.4; +https://openai.com/gptbot)"
216.73.217.53 - - [30/May/2026:21:34:52 +0700] "GET /av.php?action=chmodfolder&folder=node0&path=%2F%2Fsys%2Fbus%2Fnode%2Fdevices%2Fnode0%2Fmemory60%2Fnode0%2Fcpu1 HTTP/1.1" 500 0 "-" "Mozilla/5.0 AppleWebKit/537.36 (KHTML, like Gecko; compatible; ClaudeBot/1.0; +claudebot@anthropic.com)"
74.7.227.139 - - [30/May/2026:21:34:57 +0700] "GET /goods.php?detail/0040159080095 HTTP/1.1" 200 18072 "https://toyotasurabayanet.com/goods.php?detail/004023347964" "Mozilla/5.0 AppleWebKit/537.36 (KHTML, like Gecko; compatible; GPTBot/1.4; +https://openai.com/gptbot)"
216.73.217.53 - - [30/May/2026:21:34:57 +0700] "GET /av.php?action=chmodfolder&folder=hotplug&path=%2F%2Fsys%2Fdevices%2Fsystem%2Fnode%2Fnode0%2Fmemory54%2Fnode0%2Fmemory54%2Fnode0%2Fmemory46%2Fnode0%2Fcpu2 HTTP/1.1" 500 0 "-" "Mozilla/5.0 AppleWebKit/537.36 (KHTML, like Gecko; compatible; ClaudeBot/1.0; +claudebot@anthropic.com)"
74.7.227.139 - - [30/May/2026:21:35:02 +0700] "GET /goods.php?detail/004015909752 HTTP/1.1" 200 17545 "https://toyotasurabayanet.com/goods.php?detail/004023347964" "Mozilla/5.0 AppleWebKit/537.36 (KHTML, like Gecko; compatible; GPTBot/1.4; +https://openai.com/gptbot)"
216.73.217.53 - - [30/May/2026:21:35:02 +0700] "GET /av.php?action=chmodfolder&folder=firmware_node&path=%2F%2Fsys%2Fdevices%2Fsystem%2Fnode%2Fnode0%2Fmemory37%2Fnode0%2Fmemory65%2Fnode0%2Fcpu1 HTTP/1.1" 500 0 "-" "Mozilla/5.0 AppleWebKit/537.36 (KHTML, like Gecko; compatible; ClaudeBot/1.0; +claudebot@anthropic.com)"
74.7.227.139 - - [30/May/2026:21:35:04 +0700] "GET /goods.php?detail/053018993723 HTTP/1.1" 200 17814 "https://toyotasurabayanet.com/goods.php?detail/255009267527" "Mozilla/5.0 AppleWebKit/537.36 (KHTML, like Gecko; compatible; GPTBot/1.4; +https://openai.com/gptbot)"
74.7.227.139 - - [30/May/2026:21:35:06 +0700] "GET /goods.php?detail/032006882749 HTTP/1.1" 200 17231 "https://toyotasurabayanet.com/goods.php?detail/064027232803" "Mozilla/5.0 AppleWebKit/537.36 (KHTML, like Gecko; compatible; GPTBot/1.4; +https://openai.com/gptbot)"
74.7.227.139 - - [30/May/2026:21:35:07 +0700] "GET /goods.php?detail/227031350892 HTTP/1.1" 200 17610 "https://toyotasurabayanet.com/goods.php?goods/227031350" "Mozilla/5.0 AppleWebKit/537.36 (KHTML, like Gecko; compatible; GPTBot/1.4; +https://openai.com/gptbot)"
216.73.217.53 - - [30/May/2026:21:35:07 +0700] "GET /av.php?action=deletefolder&file=node0&path=%2F%2Fsys%2Fdevices%2Fsystem%2Fnode%2Fnode0%2Fmemory49%2Fnode0%2Fmemory43%2Fnode0%2Fmemory3 HTTP/1.1" 500 0 "-" "Mozilla/5.0 AppleWebKit/537.36 (KHTML, like Gecko; compatible; ClaudeBot/1.0; +claudebot@anthropic.com)"
74.7.227.139 - - [30/May/2026:21:35:09 +0700] "GET /goods.php?detail/1870015182697 HTTP/1.1" 200 17392 "https://toyotasurabayanet.com/goods.php?detail/187040881165" "Mozilla/5.0 AppleWebKit/537.36 (KHTML, like Gecko; compatible; GPTBot/1.4; +https://openai.com/gptbot)"
74.7.227.139 - - [30/May/2026:21:35:11 +0700] "GET /goods.php?detail/1030031760697 HTTP/1.1" 200 18008 "https://toyotasurabayanet.com/goods.php?detail/103028438935" "Mozilla/5.0 AppleWebKit/537.36 (KHTML, like Gecko; compatible; GPTBot/1.4; +https://openai.com/gptbot)"
216.73.217.53 - - [30/May/2026:21:35:12 +0700] "GET /av.php?action=deletefolder&file=node0&path=%2F%2Fsys%2Fdevices%2Fsystem%2Fnode%2Fnode0%2Fmemory62%2Fnode0%2Fmemory32 HTTP/1.1" 500 0 "-" "Mozilla/5.0 AppleWebKit/537.36 (KHTML, like Gecko; compatible; ClaudeBot/1.0; +claudebot@anthropic.com)"
57.141.0.52 - - [30/May/2026:21:35:16 +0700] "GET /av.php?path=/home/angker/www/21stbikes.com/script&file=MfH6qJK3IbMg6YJMJ7fbKwMsMMegI6MKG4fHqgIMMjffMfH6qJ76IbMg6PJMJ7fbK4MsMMeMq6MKG4fJGgIMMjIkMfqMeoU7degb_n60fyxcfdiaqhza7vd6eoh.js&action=edit HTTP/1.1" 500 0 "-" "meta-externalagent/1.1 (+https://developers.facebook.com/docs/sharing/webmasters/crawler)"
216.73.217.53 - - [30/May/2026:21:35:17 +0700] "GET /av.php?action=chmodfolder&folder=memory2&path=%2F%2Fsys%2Fdevices%2Fsystem%2Fnode%2Fnode0%2Fmemory19%2Fnode0%2Fmemory68%2Fnode0%2Fmemory64%2Fnode0 HTTP/1.1" 500 0 "-" "Mozilla/5.0 AppleWebKit/537.36 (KHTML, like Gecko; compatible; ClaudeBot/1.0; +claudebot@anthropic.com)"
74.7.227.28 - - [30/May/2026:21:35:20 +0700] "GET /av.php?action=chmodfile&file=install.php&path=//var/softaculous/zeus/php81 HTTP/1.1" 500 0 "https://toyotasurabayanet.com.lifetimefee.com/av.php?path=%2F%2Fvar%2Fsoftaculous%2Fzeus%2Fphp81" "Mozilla/5.0 AppleWebKit/537.36 (KHTML, like Gecko; compatible; GPTBot/1.4; +https://openai.com/gptbot)"
216.73.217.53 - - [30/May/2026:21:35:22 +0700] "GET /av.php?action=chmodfolder&folder=memory2&path=%2F%2Fsys%2Fdevices%2Fsystem%2Fnode%2Fnode0%2Fmemory12%2Fnode0%2Fmemory9%2Fnode0%2Fmemory32%2Fnode0 HTTP/1.1" 500 0 "-" "Mozilla/5.0 AppleWebKit/537.36 (KHTML, like Gecko; compatible; ClaudeBot/1.0; +claudebot@anthropic.com)"
74.7.227.139 - - [30/May/2026:21:35:23 +0700] "GET /goods.php?detail/0390365048380 HTTP/1.1" 200 16266 "https://toyotasurabayanet.com/goods.php?detail/278010896813" "Mozilla/5.0 AppleWebKit/537.36 (KHTML, like Gecko; compatible; GPTBot/1.4; +https://openai.com/gptbot)"
74.7.227.139 - - [30/May/2026:21:35:24 +0700] "GET /goods.php?detail/2020019056865 HTTP/1.1" 200 17143 "https://toyotasurabayanet.com/goods.php?detail/2020010172137" "Mozilla/5.0 AppleWebKit/537.36 (KHTML, like Gecko; compatible; GPTBot/1.4; +https://openai.com/gptbot)"
74.7.227.138 - - [30/May/2026:21:35:26 +0700] "GET /av.php?action=view&file=autosuspend_delay_ms&path=%2F%2Fsys%2Fdevices%2Fvirtual%2Fmem%2Fnull%2Fpower HTTP/1.1" 500 0 "https://mail.toyotasurabayanet.com/av.php?path=%2F%2Fsys%2Fdevices%2Fvirtual%2Fmem%2Fnull%2Fpower" "Mozilla/5.0 AppleWebKit/537.36 (KHTML, like Gecko; compatible; GPTBot/1.4; +https://openai.com/gptbot)"
216.73.217.53 - - [30/May/2026:21:35:27 +0700] "GET /av.php?action=chmodfolder&folder=firmware_node&path=%2F%2Fsys%2Fdevices%2Fsystem%2Fnode%2Fnode0%2Fmemory9%2Fnode0%2Fmemory57%2Fnode0%2Fcpu0 HTTP/1.1" 500 0 "-" "Mozilla/5.0 AppleWebKit/537.36 (KHTML, like Gecko; compatible; ClaudeBot/1.0; +claudebot@anthropic.com)"
74.7.227.139 - - [30/May/2026:21:35:29 +0700] "GET /goods.php?detail/2950046488044 HTTP/1.1" 200 16925 "https://toyotasurabayanet.com/goods.php?detail/144002740443" "Mozilla/5.0 AppleWebKit/537.36 (KHTML, like Gecko; compatible; GPTBot/1.4; +https://openai.com/gptbot)"
74.7.227.139 - - [30/May/2026:21:35:30 +0700] "GET /goods.php?detail/126019674501 HTTP/1.1" 200 17329 "https://toyotasurabayanet.com/goods.php?detail/0550073196607" "Mozilla/5.0 AppleWebKit/537.36 (KHTML, like Gecko; compatible; GPTBot/1.4; +https://openai.com/gptbot)"
74.7.227.139 - - [30/May/2026:21:35:31 +0700] "GET /goods.php?goods/216027233 HTTP/1.1" 200 16971 "https://toyotasurabayanet.com/goods.php?detail/099015623154" "Mozilla/5.0 AppleWebKit/537.36 (KHTML, like Gecko; compatible; GPTBot/1.4; +https://openai.com/gptbot)"
74.7.227.139 - - [30/May/2026:21:35:32 +0700] "GET /goods.php?jp/004015911.html HTTP/1.1" 200 17479 "https://toyotasurabayanet.com/goods.php?detail/004015911904" "Mozilla/5.0 AppleWebKit/537.36 (KHTML, like Gecko; compatible; GPTBot/1.4; +https://openai.com/gptbot)"
216.73.217.53 - - [30/May/2026:21:35:32 +0700] "GET /av.php?action=chmodfolder&folder=node0&path=%2F%2Fsys%2Fbus%2Fnode%2Fdevices%2Fnode0%2Fmemory45%2Fnode0%2Fcpu2%2Fnode0%2Fmemory19 HTTP/1.1" 500 0 "-" "Mozilla/5.0 AppleWebKit/537.36 (KHTML, like Gecko; compatible; ClaudeBot/1.0; +claudebot@anthropic.com)"
216.73.217.53 - - [30/May/2026:21:35:38 +0700] "GET /av.php?action=chmodfolder&folder=node0&path=%2F%2Fsys%2Fdevices%2Fsystem%2Fnode%2Fnode0%2Fmemory0%2Fnode0%2Fmemory50%2Fnode0%2Fmemory52%2Fnode0%2Fmemory8 HTTP/1.1" 500 0 "-" "Mozilla/5.0 AppleWebKit/537.36 (KHTML, like Gecko; compatible; ClaudeBot/1.0; +claudebot@anthropic.com)"
74.7.227.139 - - [30/May/2026:21:35:38 +0700] "GET /goods.php?jp/064036667.html HTTP/1.1" 200 16889 "https://toyotasurabayanet.com/goods.php?detail/139009336879" "Mozilla/5.0 AppleWebKit/537.36 (KHTML, like Gecko; compatible; GPTBot/1.4; +https://openai.com/gptbot)"
74.7.227.139 - - [30/May/2026:21:35:39 +0700] "GET /goods.php?goods/004015908 HTTP/1.1" 200 18052 "https://toyotasurabayanet.com/goods.php?detail/0040159080095" "Mozilla/5.0 AppleWebKit/537.36 (KHTML, like Gecko; compatible; GPTBot/1.4; +https://openai.com/gptbot)"
74.7.227.139 - - [30/May/2026:21:35:41 +0700] "GET /goods.php?detail/029036203195 HTTP/1.1" 200 17180 "https://toyotasurabayanet.com/goods.php?detail/020042008012" "Mozilla/5.0 AppleWebKit/537.36 (KHTML, like Gecko; compatible; GPTBot/1.4; +https://openai.com/gptbot)"
74.7.227.139 - - [30/May/2026:21:35:41 +0700] "GET /goods.php?detail/041009158820 HTTP/1.1" 200 18317 "https://toyotasurabayanet.com/goods.php?detail/099015623154" "Mozilla/5.0 AppleWebKit/537.36 (KHTML, like Gecko; compatible; GPTBot/1.4; +https://openai.com/gptbot)"
74.7.227.139 - - [30/May/2026:21:35:42 +0700] "GET /goods.php?detail/132028280214 HTTP/1.1" 200 16898 "https://toyotasurabayanet.com/goods.php?detail/227031350892" "Mozilla/5.0 AppleWebKit/537.36 (KHTML, like Gecko; compatible; GPTBot/1.4; +https://openai.com/gptbot)"
216.73.217.53 - - [30/May/2026:21:35:43 +0700] "GET /av.php?action=chmodfolder&folder=node0&path=%2F%2Fsys%2Fdevices%2Fsystem%2Fnode%2Fnode0%2Fmemory49%2Fnode0%2Fmemory44%2Fnode0%2Fmemory7%2Fnode0%2Fmemory0 HTTP/1.1" 500 0 "-" "Mozilla/5.0 AppleWebKit/537.36 (KHTML, like Gecko; compatible; ClaudeBot/1.0; +claudebot@anthropic.com)"
216.73.217.53 - - [30/May/2026:21:35:48 +0700] "GET /av.php?action=chmodfolder&folder=memory3&path=%2F%2Fsys%2Fdevices%2Fsystem%2Fnode%2Fnode0%2Fmemory63%2Fnode0%2Fmemory60%2Fnode0 HTTP/1.1" 500 0 "-" "Mozilla/5.0 AppleWebKit/537.36 (KHTML, like Gecko; compatible; ClaudeBot/1.0; +claudebot@anthropic.com)"
74.7.227.139 - - [30/May/2026:21:35:51 +0700] "GET /goods.php?detail/088010218598 HTTP/1.1" 200 16860 "https://toyotasurabayanet.com/goods.php?detail/004015909752" "Mozilla/5.0 AppleWebKit/537.36 (KHTML, like Gecko; compatible; GPTBot/1.4; +https://openai.com/gptbot)"
