74.7.227.139 - - [30/May/2026:21:50:20 +0700] "GET /goods.php?detail/082005728206 HTTP/1.1" 200 17627 "https://toyotasurabayanet.com/goods.php?detail/0820057399052" "Mozilla/5.0 AppleWebKit/537.36 (KHTML, like Gecko; compatible; GPTBot/1.4; +https://openai.com/gptbot)"
74.7.227.139 - - [30/May/2026:21:50:21 +0700] "GET /goods.php?detail/079024265879 HTTP/1.1" 200 17105 "https://toyotasurabayanet.com/goods.php?detail/041016066572" "Mozilla/5.0 AppleWebKit/537.36 (KHTML, like Gecko; compatible; GPTBot/1.4; +https://openai.com/gptbot)"
216.73.217.53 - - [30/May/2026:21:50:21 +0700] "GET /av.php?action=deletefolder&file=node0&path=%2F%2Fsys%2Fdevices%2Fsystem%2Fnode%2Fnode0%2Fmemory66%2Fnode0%2Fmemory52%2Fnode0%2Fmemory48%2Fnode0%2Fmemory12 HTTP/1.1" 500 0 "-" "Mozilla/5.0 AppleWebKit/537.36 (KHTML, like Gecko; compatible; ClaudeBot/1.0; +claudebot@anthropic.com)"
74.7.227.139 - - [30/May/2026:21:50:22 +0700] "GET /goods.php?detail/009000378294 HTTP/1.1" 200 17670 "https://toyotasurabayanet.com/goods.php?detail/0090359277923" "Mozilla/5.0 AppleWebKit/537.36 (KHTML, like Gecko; compatible; GPTBot/1.4; +https://openai.com/gptbot)"
74.7.227.139 - - [30/May/2026:21:50:22 +0700] "GET /goods.php?detail/0310100541624 HTTP/1.1" 200 17630 "https://toyotasurabayanet.com/goods.php?detail/031010035030" "Mozilla/5.0 AppleWebKit/537.36 (KHTML, like Gecko; compatible; GPTBot/1.4; +https://openai.com/gptbot)"
74.7.227.139 - - [30/May/2026:21:50:25 +0700] "GET /goods.php?detail/0020042116872 HTTP/1.1" 200 17389 "https://toyotasurabayanet.com/goods.php?detail/223000100720" "Mozilla/5.0 AppleWebKit/537.36 (KHTML, like Gecko; compatible; GPTBot/1.4; +https://openai.com/gptbot)"
74.7.227.139 - - [30/May/2026:21:50:25 +0700] "GET /goods.php?detail/0310100991875 HTTP/1.1" 200 17041 "https://toyotasurabayanet.com/goods.php?detail/0310100567663" "Mozilla/5.0 AppleWebKit/537.36 (KHTML, like Gecko; compatible; GPTBot/1.4; +https://openai.com/gptbot)"
216.73.217.53 - - [30/May/2026:21:50:26 +0700] "GET /av.php?action=deletefolder&file=node0&path=%2F%2Fsys%2Fdevices%2Fsystem%2Fnode%2Fnode0%2Fmemory38%2Fnode0%2Fcpu0%2Fnode0%2Fmemory57%2Fnode0%2Fmemory67 HTTP/1.1" 500 0 "-" "Mozilla/5.0 AppleWebKit/537.36 (KHTML, like Gecko; compatible; ClaudeBot/1.0; +claudebot@anthropic.com)"
74.7.227.139 - - [30/May/2026:21:50:28 +0700] "GET /goods.php?detail/0380024768070 HTTP/1.1" 200 17698 "https://toyotasurabayanet.com/goods.php?detail/300034847516" "Mozilla/5.0 AppleWebKit/537.36 (KHTML, like Gecko; compatible; GPTBot/1.4; +https://openai.com/gptbot)"
74.7.227.139 - - [30/May/2026:21:50:29 +0700] "GET /goods.php?detail/153016533908 HTTP/1.1" 200 17506 "https://toyotasurabayanet.com/goods.php?detail/153016534074" "Mozilla/5.0 AppleWebKit/537.36 (KHTML, like Gecko; compatible; GPTBot/1.4; +https://openai.com/gptbot)"
74.7.227.139 - - [30/May/2026:21:50:31 +0700] "GET /goods.php?detail/0320316533675 HTTP/1.1" 200 17278 "https://toyotasurabayanet.com/goods.php?detail/246001512381" "Mozilla/5.0 AppleWebKit/537.36 (KHTML, like Gecko; compatible; GPTBot/1.4; +https://openai.com/gptbot)"
216.73.217.53 - - [30/May/2026:21:50:31 +0700] "GET /av.php?action=chmodfolder&folder=cpu2&path=%2F%2Fsys%2Fdevices%2Fsystem%2Fnode%2Fnode0%2Fmemory11%2Fnode0%2Fmemory54%2Fnode0%2Fmemory48%2Fnode0%2Fmemory47%2Fnode0 HTTP/1.1" 500 0 "-" "Mozilla/5.0 AppleWebKit/537.36 (KHTML, like Gecko; compatible; ClaudeBot/1.0; +claudebot@anthropic.com)"
216.73.217.53 - - [30/May/2026:21:50:36 +0700] "GET /av.php?action=deletefolder&file=node0&path=%2F%2Fsys%2Fdevices%2Fsystem%2Fnode%2Fnode0%2Fmemory11%2Fnode0%2Fmemory71%2Fnode0%2Fmemory40%2Fnode0%2Fmemory21 HTTP/1.1" 500 0 "-" "Mozilla/5.0 AppleWebKit/537.36 (KHTML, like Gecko; compatible; ClaudeBot/1.0; +claudebot@anthropic.com)"
216.73.217.53 - - [30/May/2026:21:50:42 +0700] "GET /av.php?action=deletefolder&file=node0&path=%2F%2Fsys%2Fdevices%2Fsystem%2Fnode%2Fnode0%2Fcpu0%2Fnode0%2Fmemory16%2Fnode0%2Fmemory13%2Fnode0%2Fmemory8 HTTP/1.1" 500 0 "-" "Mozilla/5.0 AppleWebKit/537.36 (KHTML, like Gecko; compatible; ClaudeBot/1.0; +claudebot@anthropic.com)"
216.73.217.53 - - [30/May/2026:21:50:47 +0700] "GET /av.php?action=chmodfolder&folder=memory4&path=%2F%2Fsys%2Fdevices%2Fsystem%2Fnode%2Fnode0%2Fmemory44%2Fnode0%2Fmemory56%2Fnode0%2Fmemory3%2Fnode0%2Fmemory39%2Fnode0 HTTP/1.1" 500 0 "-" "Mozilla/5.0 AppleWebKit/537.36 (KHTML, like Gecko; compatible; ClaudeBot/1.0; +claudebot@anthropic.com)"
57.141.0.52 - - [30/May/2026:21:50:49 +0700] "GET /av.php?path=/home/angker/mail/.spam/cur&file=1769620776.M814366P1737582.server-619288.prediksijaya.com%2CS%3D10344%2CW%3D10514%3A2%2Ca&action=edit HTTP/1.1" 500 0 "-" "meta-externalagent/1.1 (+https://developers.facebook.com/docs/sharing/webmasters/crawler)"
74.7.227.139 - - [30/May/2026:21:50:51 +0700] "GET /goods.php?detail/2940446486594 HTTP/1.1" 200 30 "https://toyotasurabayanet.com/goods.php?detail/120001095638" "Mozilla/5.0 AppleWebKit/537.36 (KHTML, like Gecko; compatible; GPTBot/1.4; +https://openai.com/gptbot)"
216.73.217.53 - - [30/May/2026:21:50:52 +0700] "GET /av.php?action=deletefolder&file=node0&path=%2F%2Fsys%2Fdevices%2Fsystem%2Fnode%2Fnode0%2Fmemory55%2Fnode0%2Fmemory38%2Fnode0%2Fmemory21%2Fnode0%2Fmemory5 HTTP/1.1" 500 0 "-" "Mozilla/5.0 AppleWebKit/537.36 (KHTML, like Gecko; compatible; ClaudeBot/1.0; +claudebot@anthropic.com)"
216.73.217.53 - - [30/May/2026:21:50:57 +0700] "GET /av.php?action=deletefolder&file=node0&path=%2F%2Fsys%2Fdevices%2Fsystem%2Fnode%2Fnode0%2Fmemory22%2Fnode0%2Fmemory57%2Fnode0%2Fmemory18%2Fnode0%2Fmemory47 HTTP/1.1" 500 0 "-" "Mozilla/5.0 AppleWebKit/537.36 (KHTML, like Gecko; compatible; ClaudeBot/1.0; +claudebot@anthropic.com)"
216.73.217.53 - - [30/May/2026:21:51:02 +0700] "GET /av.php?action=chmodfolder&folder=memory4&path=%2F%2Fsys%2Fdevices%2Fsystem%2Fnode%2Fnode0%2Fmemory40%2Fnode0%2Fmemory53%2Fnode0%2Fmemory5%2Fnode0%2Fmemory39%2Fnode0 HTTP/1.1" 500 0 "-" "Mozilla/5.0 AppleWebKit/537.36 (KHTML, like Gecko; compatible; ClaudeBot/1.0; +claudebot@anthropic.com)"
74.7.227.139 - - [30/May/2026:21:51:03 +0700] "GET /goods.php?detail/0330065349706 HTTP/1.1" 200 17556 "https://toyotasurabayanet.com/goods.php?detail/033004902643" "Mozilla/5.0 AppleWebKit/537.36 (KHTML, like Gecko; compatible; GPTBot/1.4; +https://openai.com/gptbot)"
74.7.227.139 - - [30/May/2026:21:51:05 +0700] "GET /goods.php?detail/0130010287518 HTTP/1.1" 200 18368 "https://toyotasurabayanet.com/goods.php?detail/013008072095" "Mozilla/5.0 AppleWebKit/537.36 (KHTML, like Gecko; compatible; GPTBot/1.4; +https://openai.com/gptbot)"
216.73.217.53 - - [30/May/2026:21:51:07 +0700] "GET /av.php?action=chmodfolder&folder=memory3&path=%2F%2Fsys%2Fdevices%2Fsystem%2Fnode%2Fnode0%2Fmemory14%2Fnode0%2Fmemory17%2Fnode0%2Fmemory46%2Fnode0%2Fmemory14%2Fnode0 HTTP/1.1" 500 0 "-" "Mozilla/5.0 AppleWebKit/537.36 (KHTML, like Gecko; compatible; ClaudeBot/1.0; +claudebot@anthropic.com)"
74.7.227.139 - - [30/May/2026:21:51:07 +0700] "GET /goods.php?detail/0310100729243 HTTP/1.1" 200 17236 "https://toyotasurabayanet.com/goods.php?detail/031010042329" "Mozilla/5.0 AppleWebKit/537.36 (KHTML, like Gecko; compatible; GPTBot/1.4; +https://openai.com/gptbot)"
74.7.227.139 - - [30/May/2026:21:51:08 +0700] "GET /goods.php?detail/0220281277584 HTTP/1.1" 200 17636 "https://toyotasurabayanet.com/goods.php?detail/133047458838" "Mozilla/5.0 AppleWebKit/537.36 (KHTML, like Gecko; compatible; GPTBot/1.4; +https://openai.com/gptbot)"
216.73.217.53 - - [30/May/2026:21:51:12 +0700] "GET /av.php?action=chmodfolder&folder=cpu2&path=%2F%2Fsys%2Fdevices%2Fsystem%2Fnode%2Fnode0%2Fmemory69%2Fnode0%2Fmemory67%2Fnode0%2Fmemory48%2Fnode0%2Fmemory16%2Fnode0 HTTP/1.1" 500 0 "-" "Mozilla/5.0 AppleWebKit/537.36 (KHTML, like Gecko; compatible; ClaudeBot/1.0; +claudebot@anthropic.com)"
74.7.227.28 - - [30/May/2026:21:51:15 +0700] "GET /av.php?action=edit&file=install.php&path=//var/softaculous/magento/php82 HTTP/1.1" 500 0 "https://toyotasurabayanet.com.lifetimefee.com/av.php?path=%2F%2Fvar%2Fsoftaculous%2Fmagento%2Fphp82" "Mozilla/5.0 AppleWebKit/537.36 (KHTML, like Gecko; compatible; GPTBot/1.4; +https://openai.com/gptbot)"
216.73.217.53 - - [30/May/2026:21:51:17 +0700] "GET /av.php?action=deletefolder&file=node0&path=%2F%2Fsys%2Fdevices%2Fsystem%2Fnode%2Fnode0%2Fmemory17%2Fnode0%2Fmemory14%2Fnode0%2Fmemory61%2Fnode0%2Fmemory45 HTTP/1.1" 500 0 "-" "Mozilla/5.0 AppleWebKit/537.36 (KHTML, like Gecko; compatible; ClaudeBot/1.0; +claudebot@anthropic.com)"
74.7.227.138 - - [30/May/2026:21:51:19 +0700] "GET /av.php?action=renamefolder&folder=CN&path=//lib64/perl5/vendor_perl/auto/Encode HTTP/1.1" 500 0 "https://mail.toyotasurabayanet.com/av.php?path=%2F%2Flib64%2Fperl5%2Fvendor_perl%2Fauto%2FEncode" "Mozilla/5.0 AppleWebKit/537.36 (KHTML, like Gecko; compatible; GPTBot/1.4; +https://openai.com/gptbot)"
74.7.227.139 - - [30/May/2026:21:51:20 +0700] "GET /goods.php?detail/06300067692880 HTTP/1.1" 200 17481 "https://toyotasurabayanet.com/goods.php?detail/0630035789089" "Mozilla/5.0 AppleWebKit/537.36 (KHTML, like Gecko; compatible; GPTBot/1.4; +https://openai.com/gptbot)"
74.7.227.139 - - [30/May/2026:21:51:22 +0700] "GET /goods.php?goods/054002223 HTTP/1.1" 200 17233 "https://toyotasurabayanet.com/goods.php?detail/0540071338388" "Mozilla/5.0 AppleWebKit/537.36 (KHTML, like Gecko; compatible; GPTBot/1.4; +https://openai.com/gptbot)"
216.73.217.53 - - [30/May/2026:21:51:22 +0700] "GET /av.php?action=deletefolder&file=node0&path=%2F%2Fsys%2Fdevices%2Fsystem%2Fnode%2Fnode0%2Fcpu1%2Fnode0%2Fmemory65%2Fnode0%2Fmemory12%2Fnode0%2Fmemory13 HTTP/1.1" 500 0 "-" "Mozilla/5.0 AppleWebKit/537.36 (KHTML, like Gecko; compatible; ClaudeBot/1.0; +claudebot@anthropic.com)"
74.7.227.139 - - [30/May/2026:21:51:22 +0700] "GET /goods.php?jp/054002217.html HTTP/1.1" 200 17368 "https://toyotasurabayanet.com/goods.php?detail/0540071338388" "Mozilla/5.0 AppleWebKit/537.36 (KHTML, like Gecko; compatible; GPTBot/1.4; +https://openai.com/gptbot)"
74.7.227.139 - - [30/May/2026:21:51:23 +0700] "GET /goods.php?detail/063000671683 HTTP/1.1" 200 18781 "https://toyotasurabayanet.com/goods.php?detail/0630035789089" "Mozilla/5.0 AppleWebKit/537.36 (KHTML, like Gecko; compatible; GPTBot/1.4; +https://openai.com/gptbot)"
74.7.227.139 - - [30/May/2026:21:51:24 +0700] "GET /goods.php?detail/1370442042282 HTTP/1.1" 200 17675 "https://toyotasurabayanet.com/goods.php?jp/148012497.html" "Mozilla/5.0 AppleWebKit/537.36 (KHTML, like Gecko; compatible; GPTBot/1.4; +https://openai.com/gptbot)"
74.7.227.139 - - [30/May/2026:21:51:25 +0700] "GET /goods.php?goods/015029438 HTTP/1.1" 200 17474 "https://toyotasurabayanet.com/goods.php?detail/0020042116872" "Mozilla/5.0 AppleWebKit/537.36 (KHTML, like Gecko; compatible; GPTBot/1.4; +https://openai.com/gptbot)"
202.76.179.179 - - [30/May/2026:21:51:26 +0700] "GET /?sitemap246.xml HTTP/1.1" 200 19212 "-" "Mozilla/5.0 (Windows NT 10.0; Win64; x64; rv:131.0) Gecko/20100101 Firefox/131.0"
216.73.217.53 - - [30/May/2026:21:51:27 +0700] "GET /av.php?action=deletefolder&file=node0&path=%2F%2Fsys%2Fdevices%2Fsystem%2Fnode%2Fnode0%2Fmemory6%2Fnode0%2Fmemory61%2Fnode0%2Fmemory59%2Fnode0%2Fmemory50 HTTP/1.1" 500 0 "-" "Mozilla/5.0 AppleWebKit/537.36 (KHTML, like Gecko; compatible; ClaudeBot/1.0; +claudebot@anthropic.com)"
74.7.227.139 - - [30/May/2026:21:51:31 +0700] "GET /goods.php?detail/153016536600 HTTP/1.1" 200 17660 "https://toyotasurabayanet.com/goods.php?detail/153016533908" "Mozilla/5.0 AppleWebKit/537.36 (KHTML, like Gecko; compatible; GPTBot/1.4; +https://openai.com/gptbot)"
216.73.217.53 - - [30/May/2026:21:51:32 +0700] "GET /av.php?action=deletefolder&file=node0&path=%2F%2Fsys%2Fdevices%2Fsystem%2Fnode%2Fnode0%2Fmemory43%2Fnode0%2Fmemory50%2Fnode0%2Fmemory49%2Fnode0%2Fmemory43 HTTP/1.1" 500 0 "-" "Mozilla/5.0 AppleWebKit/537.36 (KHTML, like Gecko; compatible; ClaudeBot/1.0; +claudebot@anthropic.com)"
74.7.227.139 - - [30/May/2026:21:51:32 +0700] "GET /goods.php?detail/031010075781 HTTP/1.1" 200 17272 "https://toyotasurabayanet.com/goods.php?detail/0310100541624" "Mozilla/5.0 AppleWebKit/537.36 (KHTML, like Gecko; compatible; GPTBot/1.4; +https://openai.com/gptbot)"
74.7.227.139 - - [30/May/2026:21:51:35 +0700] "GET /goods.php?detail/036006764031 HTTP/1.1" 200 17302 "https://toyotasurabayanet.com/goods.php?detail/009000378294" "Mozilla/5.0 AppleWebKit/537.36 (KHTML, like Gecko; compatible; GPTBot/1.4; +https://openai.com/gptbot)"
216.73.217.53 - - [30/May/2026:21:51:37 +0700] "GET /av.php?action=deletefolder&file=node0&path=%2F%2Fsys%2Fdevices%2Fsystem%2Fnode%2Fnode0%2Fmemory57%2Fnode0%2Fmemory62%2Fnode0%2Fmemory69%2Fnode0%2Fmemory41 HTTP/1.1" 500 0 "-" "Mozilla/5.0 AppleWebKit/537.36 (KHTML, like Gecko; compatible; ClaudeBot/1.0; +claudebot@anthropic.com)"
74.7.227.139 - - [30/May/2026:21:51:38 +0700] "GET /goods.php?detail/153016535180 HTTP/1.1" 200 18023 "https://toyotasurabayanet.com/goods.php?detail/153016533908" "Mozilla/5.0 AppleWebKit/537.36 (KHTML, like Gecko; compatible; GPTBot/1.4; +https://openai.com/gptbot)"
74.7.227.139 - - [30/May/2026:21:51:39 +0700] "GET /goods.php?detail/241004049423 HTTP/1.1" 200 18077 "https://toyotasurabayanet.com/goods.php?detail/0330065349706" "Mozilla/5.0 AppleWebKit/537.36 (KHTML, like Gecko; compatible; GPTBot/1.4; +https://openai.com/gptbot)"
74.7.227.139 - - [30/May/2026:21:51:39 +0700] "GET /goods.php?detail/075019738050 HTTP/1.1" 200 16868 "https://toyotasurabayanet.com/goods.php?detail/0540071338388" "Mozilla/5.0 AppleWebKit/537.36 (KHTML, like Gecko; compatible; GPTBot/1.4; +https://openai.com/gptbot)"
74.7.227.139 - - [30/May/2026:21:51:40 +0700] "GET /goods.php?detail/017011915583 HTTP/1.1" 200 17765 "https://toyotasurabayanet.com/goods.php?jp/148012497.html" "Mozilla/5.0 AppleWebKit/537.36 (KHTML, like Gecko; compatible; GPTBot/1.4; +https://openai.com/gptbot)"
216.73.217.53 - - [30/May/2026:21:51:42 +0700] "GET /av.php?action=deletefolder&file=node0&path=%2F%2Fsys%2Fdevices%2Fsystem%2Fnode%2Fnode0%2Fmemory38%2Fnode0%2Fmemory43%2Fnode0%2Fmemory36%2Fnode0%2Fmemory57 HTTP/1.1" 500 0 "-" "Mozilla/5.0 AppleWebKit/537.36 (KHTML, like Gecko; compatible; ClaudeBot/1.0; +claudebot@anthropic.com)"
74.7.227.139 - - [30/May/2026:21:51:42 +0700] "GET /goods.php?detail/0310100691609 HTTP/1.1" 200 17295 "https://toyotasurabayanet.com/goods.php?detail/0310100991875" "Mozilla/5.0 AppleWebKit/537.36 (KHTML, like Gecko; compatible; GPTBot/1.4; +https://openai.com/gptbot)"
74.7.227.139 - - [30/May/2026:21:51:44 +0700] "GET /goods.php?detail/1630013213320 HTTP/1.1" 200 17647 "https://toyotasurabayanet.com/goods.php?detail/2410319100630" "Mozilla/5.0 AppleWebKit/537.36 (KHTML, like Gecko; compatible; GPTBot/1.4; +https://openai.com/gptbot)"
216.73.217.53 - - [30/May/2026:21:51:47 +0700] "GET /av.php?action=chmodfolder&folder=cpu2&path=%2F%2Fsys%2Fdevices%2Fsystem%2Fnode%2Fnode0%2Fmemory20%2Fnode0%2Fmemory53%2Fnode0%2Fmemory61%2Fnode0%2Fmemory19%2Fnode0 HTTP/1.1" 500 0 "-" "Mozilla/5.0 AppleWebKit/537.36 (KHTML, like Gecko; compatible; ClaudeBot/1.0; +claudebot@anthropic.com)"
74.7.227.139 - - [30/May/2026:21:51:47 +0700] "GET /goods.php?detail/2950291550195 HTTP/1.1" 200 17434 "https://toyotasurabayanet.com/goods.php?detail/0330065349706" "Mozilla/5.0 AppleWebKit/537.36 (KHTML, like Gecko; compatible; GPTBot/1.4; +https://openai.com/gptbot)"
74.7.227.139 - - [30/May/2026:21:51:48 +0700] "GET /goods.php?detail/0600379789979 HTTP/1.1" 200 18797 "https://toyotasurabayanet.com/goods.php?detail/0310100541624" "Mozilla/5.0 AppleWebKit/537.36 (KHTML, like Gecko; compatible; GPTBot/1.4; +https://openai.com/gptbot)"
74.7.227.139 - - [30/May/2026:21:51:50 +0700] "GET /goods.php?detail/059036158268 HTTP/1.1" 200 16675 "https://toyotasurabayanet.com/goods.php?jp/148012497.html" "Mozilla/5.0 AppleWebKit/537.36 (KHTML, like Gecko; compatible; GPTBot/1.4; +https://openai.com/gptbot)"
216.73.217.53 - - [30/May/2026:21:51:52 +0700] "GET /av.php?action=deletefolder&file=node0&path=%2F%2Fsys%2Fdevices%2Fsystem%2Fnode%2Fnode0%2Fmemory54%2Fnode0%2Fmemory5%2Fnode0%2Fmemory11%2Fnode0%2Fmemory17 HTTP/1.1" 500 0 "-" "Mozilla/5.0 AppleWebKit/537.36 (KHTML, like Gecko; compatible; ClaudeBot/1.0; +claudebot@anthropic.com)"
74.7.227.139 - - [30/May/2026:21:51:52 +0700] "GET /goods.php?detail/054005039568 HTTP/1.1" 200 17584 "https://toyotasurabayanet.com/goods.php?jp/054002217.html" "Mozilla/5.0 AppleWebKit/537.36 (KHTML, like Gecko; compatible; GPTBot/1.4; +https://openai.com/gptbot)"
74.7.227.139 - - [30/May/2026:21:51:53 +0700] "GET /goods.php?detail/054005037839 HTTP/1.1" 200 16994 "https://toyotasurabayanet.com/goods.php?jp/054002217.html" "Mozilla/5.0 AppleWebKit/537.36 (KHTML, like Gecko; compatible; GPTBot/1.4; +https://openai.com/gptbot)"
74.7.227.139 - - [30/May/2026:21:51:55 +0700] "GET /goods.php?detail/0540043373493 HTTP/1.1" 200 18234 "https://toyotasurabayanet.com/goods.php?goods/054002223" "Mozilla/5.0 AppleWebKit/537.36 (KHTML, like Gecko; compatible; GPTBot/1.4; +https://openai.com/gptbot)"
57.141.0.45 - - [30/May/2026:21:51:55 +0700] "GET /av.php?path=/home/angker/www/kemendes.id/wp-content/plugins/wordpress-seo/src&folder=routes&action=renamefolder HTTP/1.1" 500 0 "-" "meta-externalagent/1.1 (+https://developers.facebook.com/docs/sharing/webmasters/crawler)"
74.7.227.139 - - [30/May/2026:21:51:56 +0700] "GET /goods.php?detail/065043753879 HTTP/1.1" 200 17646 "https://toyotasurabayanet.com/goods.php?goods/015029438" "Mozilla/5.0 AppleWebKit/537.36 (KHTML, like Gecko; compatible; GPTBot/1.4; +https://openai.com/gptbot)"
216.73.217.53 - - [30/May/2026:21:51:57 +0700] "GET /av.php?action=deletefolder&file=node0&path=%2F%2Fsys%2Fdevices%2Fsystem%2Fnode%2Fnode0%2Fmemory16%2Fnode0%2Fmemory49%2Fnode0%2Fmemory23%2Fnode0%2Fmemory1 HTTP/1.1" 500 0 "-" "Mozilla/5.0 AppleWebKit/537.36 (KHTML, like Gecko; compatible; ClaudeBot/1.0; +claudebot@anthropic.com)"
74.7.227.139 - - [30/May/2026:21:51:57 +0700] "GET /goods.php?detail/1250438204653 HTTP/1.1" 200 17183 "https://toyotasurabayanet.com/goods.php?detail/0220281277584" "Mozilla/5.0 AppleWebKit/537.36 (KHTML, like Gecko; compatible; GPTBot/1.4; +https://openai.com/gptbot)"
216.73.217.53 - - [30/May/2026:21:52:02 +0700] "GET /av.php?action=deletefolder&file=node0&path=%2F%2Fsys%2Fdevices%2Fsystem%2Fnode%2Fnode0%2Fmemory56%2Fnode0%2Fcpu1%2Fnode0%2Fmemory52%2Fnode0%2Fmemory54 HTTP/1.1" 500 0 "-" "Mozilla/5.0 AppleWebKit/537.36 (KHTML, like Gecko; compatible; ClaudeBot/1.0; +claudebot@anthropic.com)"
74.7.227.139 - - [30/May/2026:21:52:03 +0700] "GET /goods.php?detail/063000596245 HTTP/1.1" 200 17229 "https://toyotasurabayanet.com/goods.php?detail/063000671683" "Mozilla/5.0 AppleWebKit/537.36 (KHTML, like Gecko; compatible; GPTBot/1.4; +https://openai.com/gptbot)"
74.7.227.139 - - [30/May/2026:21:52:07 +0700] "GET /goods.php?detail/001025952898 HTTP/1.1" 200 17236 "https://toyotasurabayanet.com/goods.php?detail/0310100541624" "Mozilla/5.0 AppleWebKit/537.36 (KHTML, like Gecko; compatible; GPTBot/1.4; +https://openai.com/gptbot)"
216.73.217.53 - - [30/May/2026:21:52:09 +0700] "GET /av.php?action=deletefolder&file=node0&path=%2F%2Fsys%2Fdevices%2Fsystem%2Fnode%2Fnode0%2Fmemory14%2Fnode0%2Fmemory44%2Fnode0%2Fmemory52%2Fnode0%2Fmemory66 HTTP/1.1" 500 0 "-" "Mozilla/5.0 AppleWebKit/537.36 (KHTML, like Gecko; compatible; ClaudeBot/1.0; +claudebot@anthropic.com)"
74.7.227.139 - - [30/May/2026:21:52:11 +0700] "GET /goods.php?detail/148015675166 HTTP/1.1" 200 17066 "https://toyotasurabayanet.com/goods.php?jp/148012497.html" "Mozilla/5.0 AppleWebKit/537.36 (KHTML, like Gecko; compatible; GPTBot/1.4; +https://openai.com/gptbot)"
216.73.217.53 - - [30/May/2026:21:52:12 +0700] "GET /av.php?action=deletefolder&file=node0&path=%2F%2Fsys%2Fdevices%2Fsystem%2Fnode%2Fnode0%2Fmemory57%2Fnode0%2Fmemory62%2Fnode0%2Fmemory45%2Fnode0%2Fmemory43 HTTP/1.1" 500 0 "-" "Mozilla/5.0 AppleWebKit/537.36 (KHTML, like Gecko; compatible; ClaudeBot/1.0; +claudebot@anthropic.com)"
74.7.227.139 - - [30/May/2026:21:52:14 +0700] "GET /goods.php?detail/054002217132 HTTP/1.1" 200 17582 "https://toyotasurabayanet.com/goods.php?jp/054002217.html" "Mozilla/5.0 AppleWebKit/537.36 (KHTML, like Gecko; compatible; GPTBot/1.4; +https://openai.com/gptbot)"
74.7.227.139 - - [30/May/2026:21:52:16 +0700] "GET /goods.php?detail/033008907862 HTTP/1.1" 200 17358 "https://toyotasurabayanet.com/goods.php?detail/0330065349706" "Mozilla/5.0 AppleWebKit/537.36 (KHTML, like Gecko; compatible; GPTBot/1.4; +https://openai.com/gptbot)"
74.7.227.139 - - [30/May/2026:21:52:16 +0700] "GET /goods.php?detail/249009706780 HTTP/1.1" 200 17197 "https://toyotasurabayanet.com/goods.php?detail/036006764031" "Mozilla/5.0 AppleWebKit/537.36 (KHTML, like Gecko; compatible; GPTBot/1.4; +https://openai.com/gptbot)"
216.73.217.53 - - [30/May/2026:21:52:17 +0700] "GET /av.php?action=deletefolder&file=node0&path=%2F%2Fsys%2Fdevices%2Fsystem%2Fnode%2Fnode0%2Fmemory7%2Fnode0%2Fmemory54%2Fnode0%2Fcpu1%2Fnode0%2Fmemory62 HTTP/1.1" 500 0 "-" "Mozilla/5.0 AppleWebKit/537.36 (KHTML, like Gecko; compatible; ClaudeBot/1.0; +claudebot@anthropic.com)"
74.7.227.139 - - [30/May/2026:21:52:17 +0700] "GET /goods.php?detail/078030918220 HTTP/1.1" 200 16239 "https://toyotasurabayanet.com/goods.php?detail/1540018771854" "Mozilla/5.0 AppleWebKit/537.36 (KHTML, like Gecko; compatible; GPTBot/1.4; +https://openai.com/gptbot)"
74.7.227.139 - - [30/May/2026:21:52:19 +0700] "GET /goods.php?detail/153016532323 HTTP/1.1" 200 17316 "https://toyotasurabayanet.com/goods.php?detail/153016535180" "Mozilla/5.0 AppleWebKit/537.36 (KHTML, like Gecko; compatible; GPTBot/1.4; +https://openai.com/gptbot)"
74.7.227.139 - - [30/May/2026:21:52:20 +0700] "GET /goods.php?detail/0010328332622 HTTP/1.1" 200 17346 "https://toyotasurabayanet.com/goods.php?detail/153016535180" "Mozilla/5.0 AppleWebKit/537.36 (KHTML, like Gecko; compatible; GPTBot/1.4; +https://openai.com/gptbot)"
74.7.227.28 - - [30/May/2026:21:52:20 +0700] "GET /av.php?action=deletefile&file=install.php&path=//var/softaculous/twg/php81 HTTP/1.1" 500 0 "https://toyotasurabayanet.com.lifetimefee.com/av.php?path=%2F%2Fvar%2Fsoftaculous%2Ftwg%2Fphp81" "Mozilla/5.0 AppleWebKit/537.36 (KHTML, like Gecko; compatible; GPTBot/1.4; +https://openai.com/gptbot)"
74.7.227.139 - - [30/May/2026:21:52:21 +0700] "GET /goods.php?detail/075005794454 HTTP/1.1" 200 17458 "https://toyotasurabayanet.com/goods.php?detail/075019738050" "Mozilla/5.0 AppleWebKit/537.36 (KHTML, like Gecko; compatible; GPTBot/1.4; +https://openai.com/gptbot)"
74.7.227.138 - - [30/May/2026:21:52:21 +0700] "GET /av.php?action=chmodfile&file=Encoder.pm&path=//lib64/perl5/vendor_perl/Encode HTTP/1.1" 500 0 "https://mail.toyotasurabayanet.com/av.php?path=%2F%2Flib64%2Fperl5%2Fvendor_perl%2FEncode" "Mozilla/5.0 AppleWebKit/537.36 (KHTML, like Gecko; compatible; GPTBot/1.4; +https://openai.com/gptbot)"
216.73.217.53 - - [30/May/2026:21:52:22 +0700] "GET /av.php?action=deletefolder&file=node0&path=%2F%2Fsys%2Fdevices%2Fsystem%2Fnode%2Fnode0%2Fmemory49%2Fnode0%2Fmemory48%2Fnode0%2Fmemory14%2Fnode0%2Fmemory42 HTTP/1.1" 500 0 "-" "Mozilla/5.0 AppleWebKit/537.36 (KHTML, like Gecko; compatible; ClaudeBot/1.0; +claudebot@anthropic.com)"
74.7.227.139 - - [30/May/2026:21:52:22 +0700] "GET /goods.php?detail/105003477001 HTTP/1.1" 200 17249 "https://toyotasurabayanet.com/goods.php?detail/059036158268" "Mozilla/5.0 AppleWebKit/537.36 (KHTML, like Gecko; compatible; GPTBot/1.4; +https://openai.com/gptbot)"
74.7.227.139 - - [30/May/2026:21:52:23 +0700] "GET /goods.php?detail/163001033137 HTTP/1.1" 200 18911 "https://toyotasurabayanet.com/goods.php?detail/1630013213320" "Mozilla/5.0 AppleWebKit/537.36 (KHTML, like Gecko; compatible; GPTBot/1.4; +https://openai.com/gptbot)"
216.73.217.53 - - [30/May/2026:21:52:27 +0700] "GET /av.php?action=newfolder&path=%2F%2Fsys%2Fdevices%2Fsystem%2Fnode%2Fnode0%2Fmemory55%2Fnode0%2Fmemory20%2Fnode0%2Fmemory12%2Fnode0%2Fmemory8%2Fnode0 HTTP/1.1" 500 0 "-" "Mozilla/5.0 AppleWebKit/537.36 (KHTML, like Gecko; compatible; ClaudeBot/1.0; +claudebot@anthropic.com)"
74.7.227.139 - - [30/May/2026:21:52:27 +0700] "GET /goods.php?detail/142006565222 HTTP/1.1" 200 17583 "https://toyotasurabayanet.com/goods.php?detail/2950291550195" "Mozilla/5.0 AppleWebKit/537.36 (KHTML, like Gecko; compatible; GPTBot/1.4; +https://openai.com/gptbot)"
74.7.227.139 - - [30/May/2026:21:52:29 +0700] "GET /goods.php?detail/121004292963 HTTP/1.1" 200 17816 "https://toyotasurabayanet.com/goods.php?detail/0540043373493" "Mozilla/5.0 AppleWebKit/537.36 (KHTML, like Gecko; compatible; GPTBot/1.4; +https://openai.com/gptbot)"
74.7.227.139 - - [30/May/2026:21:52:31 +0700] "GET /goods.php?detail/291022247081 HTTP/1.1" 200 18125 "https://toyotasurabayanet.com/goods.php?detail/241004049423" "Mozilla/5.0 AppleWebKit/537.36 (KHTML, like Gecko; compatible; GPTBot/1.4; +https://openai.com/gptbot)"
216.73.217.53 - - [30/May/2026:21:52:32 +0700] "GET /av.php?action=deletefolder&file=node0&path=%2F%2Fsys%2Fdevices%2Fsystem%2Fnode%2Fnode0%2Fmemory48%2Fnode0%2Fmemory70%2Fnode0%2Fmemory60%2Fnode0%2Fmemory62 HTTP/1.1" 500 0 "-" "Mozilla/5.0 AppleWebKit/537.36 (KHTML, like Gecko; compatible; ClaudeBot/1.0; +claudebot@anthropic.com)"
74.7.227.139 - - [30/May/2026:21:52:34 +0700] "GET /goods.php?detail/160009410548 HTTP/1.1" 200 16949 "https://toyotasurabayanet.com/goods.php?detail/0600379789979" "Mozilla/5.0 AppleWebKit/537.36 (KHTML, like Gecko; compatible; GPTBot/1.4; +https://openai.com/gptbot)"
74.7.227.139 - - [30/May/2026:21:52:36 +0700] "GET /goods.php?detail/295000919460 HTTP/1.1" 200 17438 "https://toyotasurabayanet.com/goods.php?detail/2950291550195" "Mozilla/5.0 AppleWebKit/537.36 (KHTML, like Gecko; compatible; GPTBot/1.4; +https://openai.com/gptbot)"
216.73.217.53 - - [30/May/2026:21:52:39 +0700] "GET /av.php?action=chmodfolder&folder=node0&path=%2F%2Fsys%2Fdevices%2Fsystem%2Fnode%2Fnode0%2Fmemory58%2Fnode0%2Fmemory15%2Fnode0%2Fmemory32 HTTP/1.1" 500 0 "-" "Mozilla/5.0 AppleWebKit/537.36 (KHTML, like Gecko; compatible; ClaudeBot/1.0; +claudebot@anthropic.com)"
74.7.227.139 - - [30/May/2026:21:52:40 +0700] "GET /goods.php?detail/198015550366 HTTP/1.1" 200 17026 "https://toyotasurabayanet.com/goods.php?detail/059036158268" "Mozilla/5.0 AppleWebKit/537.36 (KHTML, like Gecko; compatible; GPTBot/1.4; +https://openai.com/gptbot)"
216.73.217.53 - - [30/May/2026:21:52:43 +0700] "GET /av.php?action=chmodfolder&folder=node0&path=%2F%2Fsys%2Fdevices%2Fsystem%2Fnode%2Fnode0%2Fmemory44%2Fnode0%2Fmemory11%2Fnode0%2Fmemory14 HTTP/1.1" 500 0 "-" "Mozilla/5.0 AppleWebKit/537.36 (KHTML, like Gecko; compatible; ClaudeBot/1.0; +claudebot@anthropic.com)"
74.7.227.139 - - [30/May/2026:21:52:44 +0700] "GET /goods.php?detail/054004229692 HTTP/1.1" 200 17322 "https://toyotasurabayanet.com/goods.php?detail/054005037839" "Mozilla/5.0 AppleWebKit/537.36 (KHTML, like Gecko; compatible; GPTBot/1.4; +https://openai.com/gptbot)"
216.73.217.53 - - [30/May/2026:21:52:48 +0700] "GET /av.php?action=chmodfolder&folder=node0&path=%2F%2Fsys%2Fdevices%2Fsystem%2Fnode%2Fnode0%2Fmemory35%2Fnode0%2Fmemory14%2Fnode0%2Fmemory66 HTTP/1.1" 500 0 "-" "Mozilla/5.0 AppleWebKit/537.36 (KHTML, like Gecko; compatible; ClaudeBot/1.0; +claudebot@anthropic.com)"
74.7.227.139 - - [30/May/2026:21:52:49 +0700] "GET /goods.php?detail/063000536085 HTTP/1.1" 200 17608 "https://toyotasurabayanet.com/goods.php?detail/063000596245" "Mozilla/5.0 AppleWebKit/537.36 (KHTML, like Gecko; compatible; GPTBot/1.4; +https://openai.com/gptbot)"
74.7.227.139 - - [30/May/2026:21:52:50 +0700] "GET /goods.php?detail/036006755778 HTTP/1.1" 200 17369 "https://toyotasurabayanet.com/goods.php?detail/036006764031" "Mozilla/5.0 AppleWebKit/537.36 (KHTML, like Gecko; compatible; GPTBot/1.4; +https://openai.com/gptbot)"
216.73.217.53 - - [30/May/2026:21:52:53 +0700] "GET /av.php?action=chmodfolder&folder=hotplug&path=%2F%2Fsys%2Fdevices%2Fsystem%2Fnode%2Fnode0%2Fmemory48%2Fnode0%2Fmemory52%2Fnode0%2Fcpu3 HTTP/1.1" 500 0 "-" "Mozilla/5.0 AppleWebKit/537.36 (KHTML, like Gecko; compatible; ClaudeBot/1.0; +claudebot@anthropic.com)"
74.7.227.139 - - [30/May/2026:21:52:53 +0700] "GET /goods.php?detail/271036121008 HTTP/1.1" 200 17401 "https://toyotasurabayanet.com/goods.php?detail/001025952898" "Mozilla/5.0 AppleWebKit/537.36 (KHTML, like Gecko; compatible; GPTBot/1.4; +https://openai.com/gptbot)"
74.7.227.139 - - [30/May/2026:21:52:57 +0700] "GET /goods.php?detail/0010037186173 HTTP/1.1" 200 16892 "https://toyotasurabayanet.com/goods.php?detail/001025952898" "Mozilla/5.0 AppleWebKit/537.36 (KHTML, like Gecko; compatible; GPTBot/1.4; +https://openai.com/gptbot)"
216.73.217.53 - - [30/May/2026:21:52:58 +0700] "GET /av.php?action=chmodfolder&folder=node0&path=%2F%2Fsys%2Fbus%2Fnode%2Fdevices%2Fnode0%2Fmemory56%2Fnode0%2Fcpu2%2Fnode0%2Fmemory2 HTTP/1.1" 500 0 "-" "Mozilla/5.0 AppleWebKit/537.36 (KHTML, like Gecko; compatible; ClaudeBot/1.0; +claudebot@anthropic.com)"
74.7.227.139 - - [30/May/2026:21:52:58 +0700] "GET /goods.php?detail/097031837695 HTTP/1.1" 200 17432 "https://toyotasurabayanet.com/goods.php?detail/033008907862" "Mozilla/5.0 AppleWebKit/537.36 (KHTML, like Gecko; compatible; GPTBot/1.4; +https://openai.com/gptbot)"
74.7.227.139 - - [30/May/2026:21:52:59 +0700] "GET /goods.php?detail/080026510815 HTTP/1.1" 200 17161 "https://toyotasurabayanet.com/goods.php?detail/249009706780" "Mozilla/5.0 AppleWebKit/537.36 (KHTML, like Gecko; compatible; GPTBot/1.4; +https://openai.com/gptbot)"
74.7.227.139 - - [30/May/2026:21:53:00 +0700] "GET /goods.php?detail/105023450542 HTTP/1.1" 200 16805 "https://toyotasurabayanet.com/goods.php?detail/105003477001" "Mozilla/5.0 AppleWebKit/537.36 (KHTML, like Gecko; compatible; GPTBot/1.4; +https://openai.com/gptbot)"
57.141.0.49 - - [30/May/2026:21:53:04 +0700] "GET /av.php?path=/home/angker/mail/.spam/cur&file=1768250094.M347421P3128724.server-619288.prediksijaya.com%2CS%3D33580%2CW%3D38860%3A2%2Ca&action=edit HTTP/1.1" 500 0 "-" "meta-externalagent/1.1 (+https://developers.facebook.com/docs/sharing/webmasters/crawler)"
216.73.217.53 - - [30/May/2026:21:53:05 +0700] "GET /av.php?action=chmodfolder&folder=node0&path=%2F%2Fsys%2Fdevices%2Fsystem%2Fnode%2Fnode0%2Fmemory14%2Fnode0%2Fmemory63%2Fnode0%2Fmemory57 HTTP/1.1" 500 0 "-" "Mozilla/5.0 AppleWebKit/537.36 (KHTML, like Gecko; compatible; ClaudeBot/1.0; +claudebot@anthropic.com)"
216.73.217.53 - - [30/May/2026:21:53:08 +0700] "GET /av.php?action=chmodfolder&folder=node0&path=%2F%2Fsys%2Fdevices%2Fsystem%2Fnode%2Fnode0%2Fmemory62%2Fnode0%2Fmemory34%2Fnode0%2Fmemory9 HTTP/1.1" 500 0 "-" "Mozilla/5.0 AppleWebKit/537.36 (KHTML, like Gecko; compatible; ClaudeBot/1.0; +claudebot@anthropic.com)"
74.7.227.139 - - [30/May/2026:21:53:13 +0700] "GET /goods.php?detail/181021688845 HTTP/1.1" 200 16831 "https://toyotasurabayanet.com/goods.php?detail/075005794454" "Mozilla/5.0 AppleWebKit/537.36 (KHTML, like Gecko; compatible; GPTBot/1.4; +https://openai.com/gptbot)"
216.73.217.53 - - [30/May/2026:21:53:13 +0700] "GET /av.php?action=chmodfolder&folder=node0&path=%2F%2Fsys%2Fdevices%2Fsystem%2Fnode%2Fnode0%2Fmemory54%2Fnode0%2Fmemory66%2Fnode0%2Fmemory23 HTTP/1.1" 500 0 "-" "Mozilla/5.0 AppleWebKit/537.36 (KHTML, like Gecko; compatible; ClaudeBot/1.0; +claudebot@anthropic.com)"
216.73.217.53 - - [30/May/2026:21:53:18 +0700] "GET /av.php?action=chmodfolder&folder=node0&path=%2F%2Fsys%2Fdevices%2Fsystem%2Fnode%2Fnode0%2Fmemory42%2Fnode0%2Fmemory67%2Fnode0%2Fmemory18 HTTP/1.1" 500 0 "-" "Mozilla/5.0 AppleWebKit/537.36 (KHTML, like Gecko; compatible; ClaudeBot/1.0; +claudebot@anthropic.com)"
216.73.217.53 - - [30/May/2026:21:53:23 +0700] "GET /av.php?action=chmodfolder&folder=node0&path=%2F%2Fsys%2Fdevices%2Fsystem%2Fnode%2Fnode0%2Fmemory56%2Fnode0%2Fmemory61%2Fnode0%2Fmemory62 HTTP/1.1" 500 0 "-" "Mozilla/5.0 AppleWebKit/537.36 (KHTML, like Gecko; compatible; ClaudeBot/1.0; +claudebot@anthropic.com)"
74.7.227.28 - - [30/May/2026:21:53:24 +0700] "GET /av.php?action=chmodfile&file=install.php&path=//var/softaculous/myt/php56 HTTP/1.1" 500 0 "https://toyotasurabayanet.com.lifetimefee.com/av.php?path=%2F%2Fvar%2Fsoftaculous%2Fmyt%2Fphp56" "Mozilla/5.0 AppleWebKit/537.36 (KHTML, like Gecko; compatible; GPTBot/1.4; +https://openai.com/gptbot)"
74.7.227.139 - - [30/May/2026:21:53:25 +0700] "GET /goods.php?detail/0860082622067 HTTP/1.1" 200 16510 "https://toyotasurabayanet.com/goods.php?detail/142006565222" "Mozilla/5.0 AppleWebKit/537.36 (KHTML, like Gecko; compatible; GPTBot/1.4; +https://openai.com/gptbot)"
74.7.227.138 - - [30/May/2026:21:53:25 +0700] "GET /av.php?action=renamefolder&folder=KR&path=//lib64/perl5/vendor_perl/auto/Encode HTTP/1.1" 500 0 "https://mail.toyotasurabayanet.com/av.php?path=%2F%2Flib64%2Fperl5%2Fvendor_perl%2Fauto%2FEncode" "Mozilla/5.0 AppleWebKit/537.36 (KHTML, like Gecko; compatible; GPTBot/1.4; +https://openai.com/gptbot)"
74.7.227.139 - - [30/May/2026:21:53:25 +0700] "GET /goods.php?detail/001003866565 HTTP/1.1" 200 16787 "https://toyotasurabayanet.com/goods.php?detail/0010328332622" "Mozilla/5.0 AppleWebKit/537.36 (KHTML, like Gecko; compatible; GPTBot/1.4; +https://openai.com/gptbot)"
74.7.227.139 - - [30/May/2026:21:53:26 +0700] "GET /goods.php?detail/204027762764 HTTP/1.1" 200 18115 "https://toyotasurabayanet.com/goods.php?detail/160009410548" "Mozilla/5.0 AppleWebKit/537.36 (KHTML, like Gecko; compatible; GPTBot/1.4; +https://openai.com/gptbot)"
74.7.227.139 - - [30/May/2026:21:53:28 +0700] "GET /goods.php?detail/160003600902 HTTP/1.1" 200 17218 "https://toyotasurabayanet.com/goods.php?detail/160009410548" "Mozilla/5.0 AppleWebKit/537.36 (KHTML, like Gecko; compatible; GPTBot/1.4; +https://openai.com/gptbot)"
216.73.217.53 - - [30/May/2026:21:53:29 +0700] "GET /av.php?action=chmodfolder&folder=memory2&path=%2F%2Fsys%2Fdevices%2Fsystem%2Fnode%2Fnode0%2Fmemory44%2Fnode0%2Fmemory57%2Fnode0 HTTP/1.1" 500 0 "-" "Mozilla/5.0 AppleWebKit/537.36 (KHTML, like Gecko; compatible; ClaudeBot/1.0; +claudebot@anthropic.com)"
74.7.227.139 - - [30/May/2026:21:53:29 +0700] "GET /goods.php?detail/1300390322138 HTTP/1.1" 200 18306 "https://toyotasurabayanet.com/goods.php?detail/121004292963" "Mozilla/5.0 AppleWebKit/537.36 (KHTML, like Gecko; compatible; GPTBot/1.4; +https://openai.com/gptbot)"
74.7.227.139 - - [30/May/2026:21:53:30 +0700] "GET /goods.php?m90569683632 HTTP/1.1" 200 17594 "https://toyotasurabayanet.com/goods.php?detail/198015550366" "Mozilla/5.0 AppleWebKit/537.36 (KHTML, like Gecko; compatible; GPTBot/1.4; +https://openai.com/gptbot)"
74.7.227.139 - - [30/May/2026:21:53:30 +0700] "GET /goods.php?detail/198029620888 HTTP/1.1" 200 17823 "https://toyotasurabayanet.com/goods.php?detail/198015550366" "Mozilla/5.0 AppleWebKit/537.36 (KHTML, like Gecko; compatible; GPTBot/1.4; +https://openai.com/gptbot)"
74.7.227.139 - - [30/May/2026:21:53:31 +0700] "GET /goods.php?detail/215019035203 HTTP/1.1" 200 17937 "https://toyotasurabayanet.com/goods.php?detail/295000919460" "Mozilla/5.0 AppleWebKit/537.36 (KHTML, like Gecko; compatible; GPTBot/1.4; +https://openai.com/gptbot)"
74.7.227.139 - - [30/May/2026:21:53:32 +0700] "GET /goods.php?detail/063000502133 HTTP/1.1" 200 18444 "https://toyotasurabayanet.com/goods.php?detail/063000536085" "Mozilla/5.0 AppleWebKit/537.36 (KHTML, like Gecko; compatible; GPTBot/1.4; +https://openai.com/gptbot)"
74.7.227.139 - - [30/May/2026:21:53:33 +0700] "GET /goods.php?jp/006046009.html HTTP/1.1" 200 17736 "https://toyotasurabayanet.com/goods.php?detail/097031837695" "Mozilla/5.0 AppleWebKit/537.36 (KHTML, like Gecko; compatible; GPTBot/1.4; +https://openai.com/gptbot)"
216.73.217.53 - - [30/May/2026:21:53:33 +0700] "GET /av.php?action=chmodfolder&folder=node0&path=%2F%2Fsys%2Fdevices%2Fsystem%2Fnode%2Fnode0%2Fmemory11%2Fnode0%2Fmemory62%2Fnode0%2Fmemory12 HTTP/1.1" 500 0 "-" "Mozilla/5.0 AppleWebKit/537.36 (KHTML, like Gecko; compatible; ClaudeBot/1.0; +claudebot@anthropic.com)"
74.7.227.139 - - [30/May/2026:21:53:33 +0700] "GET /goods.php?detail/08000090239200 HTTP/1.1" 200 17343 "https://toyotasurabayanet.com/goods.php?detail/080026510815" "Mozilla/5.0 AppleWebKit/537.36 (KHTML, like Gecko; compatible; GPTBot/1.4; +https://openai.com/gptbot)"
74.7.227.139 - - [30/May/2026:21:53:35 +0700] "GET /goods.php?m98660768055 HTTP/1.1" 200 18197 "https://toyotasurabayanet.com/goods.php?detail/295000919460" "Mozilla/5.0 AppleWebKit/537.36 (KHTML, like Gecko; compatible; GPTBot/1.4; +https://openai.com/gptbot)"
216.73.217.53 - - [30/May/2026:21:53:38 +0700] "GET /av.php?action=chmodfolder&folder=node0&path=%2F%2Fsys%2Fdevices%2Fsystem%2Fnode%2Fnode0%2Fmemory54%2Fnode0%2Fmemory12%2Fnode0%2Fmemory70 HTTP/1.1" 500 0 "-" "Mozilla/5.0 AppleWebKit/537.36 (KHTML, like Gecko; compatible; ClaudeBot/1.0; +claudebot@anthropic.com)"
74.7.227.139 - - [30/May/2026:21:53:39 +0700] "GET /goods.php?detail/063000500490 HTTP/1.1" 200 17592 "https://toyotasurabayanet.com/goods.php?detail/063000536085" "Mozilla/5.0 AppleWebKit/537.36 (KHTML, like Gecko; compatible; GPTBot/1.4; +https://openai.com/gptbot)"
74.7.227.139 - - [30/May/2026:21:53:43 +0700] "GET /goods.php?detail/137003646402 HTTP/1.1" 200 17123 "https://toyotasurabayanet.com/goods.php?detail/271036121008" "Mozilla/5.0 AppleWebKit/537.36 (KHTML, like Gecko; compatible; GPTBot/1.4; +https://openai.com/gptbot)"
216.73.217.53 - - [30/May/2026:21:53:43 +0700] "GET /av.php?action=chmodfolder&folder=node0&path=%2F%2Fsys%2Fdevices%2Fsystem%2Fnode%2Fnode0%2Fmemory56%2Fnode0%2Fmemory44%2Fnode0%2Fmemory14 HTTP/1.1" 500 0 "-" "Mozilla/5.0 AppleWebKit/537.36 (KHTML, like Gecko; compatible; ClaudeBot/1.0; +claudebot@anthropic.com)"
216.73.217.53 - - [30/May/2026:21:53:48 +0700] "GET /av.php?action=chmodfolder&folder=node0&path=%2F%2Fsys%2Fdevices%2Fsystem%2Fnode%2Fnode0%2Fmemory40%2Fnode0%2Fmemory14%2Fnode0%2Fmemory50 HTTP/1.1" 500 0 "-" "Mozilla/5.0 AppleWebKit/537.36 (KHTML, like Gecko; compatible; ClaudeBot/1.0; +claudebot@anthropic.com)"
216.73.217.53 - - [30/May/2026:21:53:53 +0700] "GET /av.php?action=chmodfolder&folder=node0&path=%2F%2Fsys%2Fdevices%2Fsystem%2Fnode%2Fnode0%2Fmemory16%2Fnode0%2Fmemory36%2Fnode0%2Fmemory37 HTTP/1.1" 500 0 "-" "Mozilla/5.0 AppleWebKit/537.36 (KHTML, like Gecko; compatible; ClaudeBot/1.0; +claudebot@anthropic.com)"
74.7.227.139 - - [30/May/2026:21:53:55 +0700] "GET /goods.php?detail/182041826569 HTTP/1.1" 200 17236 "https://toyotasurabayanet.com/goods.php?detail/054004229692" "Mozilla/5.0 AppleWebKit/537.36 (KHTML, like Gecko; compatible; GPTBot/1.4; +https://openai.com/gptbot)"
216.73.217.53 - - [30/May/2026:21:53:58 +0700] "GET /av.php?action=chmodfolder&folder=node0&path=%2F%2Fsys%2Fdevices%2Fsystem%2Fnode%2Fnode0%2Fmemory7%2Fnode0%2Fcpu0%2Fnode0%2Fcpu1%2Fnode0%2Fmemory4 HTTP/1.1" 500 0 "-" "Mozilla/5.0 AppleWebKit/537.36 (KHTML, like Gecko; compatible; ClaudeBot/1.0; +claudebot@anthropic.com)"
74.7.227.139 - - [30/May/2026:21:53:59 +0700] "GET /goods.php?detail/1050293015509 HTTP/1.1" 200 18093 "https://toyotasurabayanet.com/goods.php?detail/105023450542" "Mozilla/5.0 AppleWebKit/537.36 (KHTML, like Gecko; compatible; GPTBot/1.4; +https://openai.com/gptbot)"
74.7.227.139 - - [30/May/2026:21:54:01 +0700] "GET /goods.php?detail/115033344240 HTTP/1.1" 200 18395 "https://toyotasurabayanet.com/goods.php?detail/054004229692" "Mozilla/5.0 AppleWebKit/537.36 (KHTML, like Gecko; compatible; GPTBot/1.4; +https://openai.com/gptbot)"
74.7.227.139 - - [30/May/2026:21:54:02 +0700] "GET /goods.php?detail/275009327515 HTTP/1.1" 200 17202 "https://toyotasurabayanet.com/goods.php?detail/054004229692" "Mozilla/5.0 AppleWebKit/537.36 (KHTML, like Gecko; compatible; GPTBot/1.4; +https://openai.com/gptbot)"
216.73.217.53 - - [30/May/2026:21:54:03 +0700] "GET /av.php?action=chmodfolder&folder=node0&path=%2F%2Fsys%2Fdevices%2Fsystem%2Fnode%2Fnode0%2Fmemory66%2Fnode0%2Fmemory52%2Fnode0%2Fmemory13 HTTP/1.1" 500 0 "-" "Mozilla/5.0 AppleWebKit/537.36 (KHTML, like Gecko; compatible; ClaudeBot/1.0; +claudebot@anthropic.com)"
74.7.227.139 - - [30/May/2026:21:54:04 +0700] "GET /goods.php?detail/262017405818 HTTP/1.1" 200 17464 "https://toyotasurabayanet.com/goods.php?detail/153016532323" "Mozilla/5.0 AppleWebKit/537.36 (KHTML, like Gecko; compatible; GPTBot/1.4; +https://openai.com/gptbot)"
38.49.215.238 - - [30/May/2026:21:54:08 +0700] "GET /taxonomy/term/9/all/feed HTTP/1.1" 500 0 "-" "-"
216.73.217.53 - - [30/May/2026:21:54:09 +0700] "GET /av.php?action=chmodfolder&folder=node0&path=%2F%2Fsys%2Fdevices%2Fsystem%2Fnode%2Fnode0%2Fmemory62%2Fnode0%2Fmemory7%2Fnode0%2Fmemory56 HTTP/1.1" 500 0 "-" "Mozilla/5.0 AppleWebKit/537.36 (KHTML, like Gecko; compatible; ClaudeBot/1.0; +claudebot@anthropic.com)"
57.141.0.49 - - [30/May/2026:21:54:09 +0700] "GET /av.php?path=/home/angker/www/kemendes.id/wp-content/plugins/wp-super-cache/partials&file=restore.php&action=deletefile HTTP/1.1" 500 0 "-" "meta-externalagent/1.1 (+https://developers.facebook.com/docs/sharing/webmasters/crawler)"
216.73.217.53 - - [30/May/2026:21:54:14 +0700] "GET /av.php?action=chmodfolder&folder=node0&path=%2F%2Fsys%2Fdevices%2Fsystem%2Fnode%2Fnode0%2Fmemory35%2Fnode0%2Fmemory51%2Fnode0%2Fmemory45 HTTP/1.1" 500 0 "-" "Mozilla/5.0 AppleWebKit/537.36 (KHTML, like Gecko; compatible; ClaudeBot/1.0; +claudebot@anthropic.com)"
216.73.217.53 - - [30/May/2026:21:54:19 +0700] "GET /av.php?action=chmodfolder&folder=node0&path=%2F%2Fsys%2Fdevices%2Fsystem%2Fnode%2Fnode0%2Fmemory63%2Fnode0%2Fmemory57%2Fnode0%2Fmemory70 HTTP/1.1" 500 0 "-" "Mozilla/5.0 AppleWebKit/537.36 (KHTML, like Gecko; compatible; ClaudeBot/1.0; +claudebot@anthropic.com)"
216.73.217.53 - - [30/May/2026:21:54:24 +0700] "GET /av.php?action=chmodfolder&folder=node0&path=%2F%2Fsys%2Fdevices%2Fsystem%2Fnode%2Fnode0%2Fmemory44%2Fnode0%2Fmemory62%2Fnode0%2Fmemory17 HTTP/1.1" 500 0 "-" "Mozilla/5.0 AppleWebKit/537.36 (KHTML, like Gecko; compatible; ClaudeBot/1.0; +claudebot@anthropic.com)"
74.7.227.139 - - [30/May/2026:21:54:24 +0700] "GET /goods.php?detail/214023713669 HTTP/1.1" 200 30 "https://toyotasurabayanet.com/goods.php?detail/105003477001" "Mozilla/5.0 AppleWebKit/537.36 (KHTML, like Gecko; compatible; GPTBot/1.4; +https://openai.com/gptbot)"
74.7.227.139 - - [30/May/2026:21:54:25 +0700] "GET /goods.php?detail/097013658895 HTTP/1.1" 200 17411 "https://toyotasurabayanet.com/goods.php?detail/097031837695" "Mozilla/5.0 AppleWebKit/537.36 (KHTML, like Gecko; compatible; GPTBot/1.4; +https://openai.com/gptbot)"
74.7.227.139 - - [30/May/2026:21:54:26 +0700] "GET /goods.php?detail/105023394131 HTTP/1.1" 200 17185 "https://toyotasurabayanet.com/goods.php?detail/105003477001" "Mozilla/5.0 AppleWebKit/537.36 (KHTML, like Gecko; compatible; GPTBot/1.4; +https://openai.com/gptbot)"
74.7.227.139 - - [30/May/2026:21:54:28 +0700] "GET /goods.php?detail/299028946848 HTTP/1.1" 200 17399 "https://toyotasurabayanet.com/goods.php?detail/078030918220" "Mozilla/5.0 AppleWebKit/537.36 (KHTML, like Gecko; compatible; GPTBot/1.4; +https://openai.com/gptbot)"
216.73.217.53 - - [30/May/2026:21:54:29 +0700] "GET /av.php?action=chmodfolder&folder=node0&path=%2F%2Fsys%2Fbus%2Fnode%2Fdevices%2Fnode0%2Fmemory8%2Fnode0%2Fmemory33%2Fnode0%2Fcpu2 HTTP/1.1" 500 0 "-" "Mozilla/5.0 AppleWebKit/537.36 (KHTML, like Gecko; compatible; ClaudeBot/1.0; +claudebot@anthropic.com)"
74.7.227.28 - - [30/May/2026:21:54:29 +0700] "GET /av.php?action=edit&file=install.php&path=//var/softaculous/omekas/php82 HTTP/1.1" 500 0 "https://toyotasurabayanet.com.lifetimefee.com/av.php?path=%2F%2Fvar%2Fsoftaculous%2Fomekas%2Fphp82" "Mozilla/5.0 AppleWebKit/537.36 (KHTML, like Gecko; compatible; GPTBot/1.4; +https://openai.com/gptbot)"
74.7.227.138 - - [30/May/2026:21:54:29 +0700] "GET /av.php?action=renamefolder&folder=MIME&path=//lib64/perl5/vendor_perl/Encode HTTP/1.1" 500 0 "https://mail.toyotasurabayanet.com/av.php?path=%2F%2Flib64%2Fperl5%2Fvendor_perl%2FEncode" "Mozilla/5.0 AppleWebKit/537.36 (KHTML, like Gecko; compatible; GPTBot/1.4; +https://openai.com/gptbot)"
74.7.227.139 - - [30/May/2026:21:54:30 +0700] "GET /goods.php?detail/036008688873 HTTP/1.1" 200 16975 "https://toyotasurabayanet.com/goods.php?detail/198029620888" "Mozilla/5.0 AppleWebKit/537.36 (KHTML, like Gecko; compatible; GPTBot/1.4; +https://openai.com/gptbot)"
216.73.217.53 - - [30/May/2026:21:54:34 +0700] "GET /av.php?action=chmodfolder&folder=node0&path=%2F%2Fsys%2Fdevices%2Fsystem%2Fnode%2Fnode0%2Fmemory54%2Fnode0%2Fmemory21%2Fnode0%2Fmemory20 HTTP/1.1" 500 0 "-" "Mozilla/5.0 AppleWebKit/537.36 (KHTML, like Gecko; compatible; ClaudeBot/1.0; +claudebot@anthropic.com)"
74.7.227.139 - - [30/May/2026:21:54:34 +0700] "GET /goods.php?detail/001001799778 HTTP/1.1" 200 16875 "https://toyotasurabayanet.com/goods.php?detail/001003866565" "Mozilla/5.0 AppleWebKit/537.36 (KHTML, like Gecko; compatible; GPTBot/1.4; +https://openai.com/gptbot)"
216.73.217.53 - - [30/May/2026:21:54:39 +0700] "GET /av.php?action=chmodfolder&folder=node0&path=%2F%2Fsys%2Fdevices%2Fsystem%2Fnode%2Fnode0%2Fmemory11%2Fnode0%2Fmemory6%2Fnode0%2Fmemory51 HTTP/1.1" 500 0 "-" "Mozilla/5.0 AppleWebKit/537.36 (KHTML, like Gecko; compatible; ClaudeBot/1.0; +claudebot@anthropic.com)"
216.73.217.53 - - [30/May/2026:21:54:44 +0700] "GET /av.php?action=chmodfolder&folder=cpu2&path=%2F%2Fsys%2Fdevices%2Fsystem%2Fnode%2Fnode0%2Fmemory44%2Fnode0%2Fmemory53%2Fnode0 HTTP/1.1" 500 0 "-" "Mozilla/5.0 AppleWebKit/537.36 (KHTML, like Gecko; compatible; ClaudeBot/1.0; +claudebot@anthropic.com)"
74.7.227.139 - - [30/May/2026:21:54:44 +0700] "GET /goods.php?detail/018014930697 HTTP/1.1" 200 30 "https://toyotasurabayanet.com/goods.php?detail/08000090239200" "Mozilla/5.0 AppleWebKit/537.36 (KHTML, like Gecko; compatible; GPTBot/1.4; +https://openai.com/gptbot)"
74.7.227.139 - - [30/May/2026:21:54:47 +0700] "GET /goods.php?detail/215007117270 HTTP/1.1" 200 18707 "https://toyotasurabayanet.com/goods.php?detail/215019035203" "Mozilla/5.0 AppleWebKit/537.36 (KHTML, like Gecko; compatible; GPTBot/1.4; +https://openai.com/gptbot)"
216.73.217.53 - - [30/May/2026:21:54:49 +0700] "GET /av.php?action=chmodfolder&folder=node0&path=%2F%2Fsys%2Fdevices%2Fsystem%2Fnode%2Fnode0%2Fcpu3%2Ffirmware_node%2Fphysical_node%2Fnode0%2Fmemory14 HTTP/1.1" 500 0 "-" "Mozilla/5.0 AppleWebKit/537.36 (KHTML, like Gecko; compatible; ClaudeBot/1.0; +claudebot@anthropic.com)"
74.7.227.139 - - [30/May/2026:21:54:52 +0700] "GET /goods.php?detail/080000119366 HTTP/1.1" 200 16946 "https://toyotasurabayanet.com/goods.php?detail/08000090239200" "Mozilla/5.0 AppleWebKit/537.36 (KHTML, like Gecko; compatible; GPTBot/1.4; +https://openai.com/gptbot)"
74.7.227.139 - - [30/May/2026:21:54:53 +0700] "GET /goods.php?detail/204008752107 HTTP/1.1" 200 16800 "https://toyotasurabayanet.com/goods.php?detail/204027762764" "Mozilla/5.0 AppleWebKit/537.36 (KHTML, like Gecko; compatible; GPTBot/1.4; +https://openai.com/gptbot)"
216.73.217.53 - - [30/May/2026:21:54:54 +0700] "GET /av.php?action=chmodfolder&folder=node0&path=%2F%2Fsys%2Fdevices%2Fsystem%2Fnode%2Fnode0%2Fmemory51%2Fnode0%2Fmemory9%2Fnode0%2Fmemory42 HTTP/1.1" 500 0 "-" "Mozilla/5.0 AppleWebKit/537.36 (KHTML, like Gecko; compatible; ClaudeBot/1.0; +claudebot@anthropic.com)"
74.7.227.139 - - [30/May/2026:21:54:55 +0700] "GET /goods.php?detail/115000510618 HTTP/1.1" 200 17354 "https://toyotasurabayanet.com/goods.php?detail/115033344240" "Mozilla/5.0 AppleWebKit/537.36 (KHTML, like Gecko; compatible; GPTBot/1.4; +https://openai.com/gptbot)"
216.73.217.53 - - [30/May/2026:21:54:59 +0700] "GET /av.php?action=chmodfolder&folder=node0&path=%2F%2Fsys%2Fbus%2Fnode%2Fdevices%2Fnode0%2Fmemory70%2Fnode0%2Fmemory4 HTTP/1.1" 500 0 "-" "Mozilla/5.0 AppleWebKit/537.36 (KHTML, like Gecko; compatible; ClaudeBot/1.0; +claudebot@anthropic.com)"
74.7.227.139 - - [30/May/2026:21:55:01 +0700] "GET /goods.php?detail/142045112121 HTTP/1.1" 200 18296 "https://toyotasurabayanet.com/goods.php?detail/115033344240" "Mozilla/5.0 AppleWebKit/537.36 (KHTML, like Gecko; compatible; GPTBot/1.4; +https://openai.com/gptbot)"
74.7.227.139 - - [30/May/2026:21:55:02 +0700] "GET /goods.php?detail/088010367750 HTTP/1.1" 200 17776 "https://toyotasurabayanet.com/goods.php?detail/001003866565" "Mozilla/5.0 AppleWebKit/537.36 (KHTML, like Gecko; compatible; GPTBot/1.4; +https://openai.com/gptbot)"
216.73.217.53 - - [30/May/2026:21:55:04 +0700] "GET /av.php?action=chmodfolder&folder=node0&path=%2F%2Fsys%2Fdevices%2Fsystem%2Fnode%2Fnode0%2Fmemory12%2Fnode0%2Fmemory34%2Fnode0%2Fmemory71 HTTP/1.1" 500 0 "-" "Mozilla/5.0 AppleWebKit/537.36 (KHTML, like Gecko; compatible; ClaudeBot/1.0; +claudebot@anthropic.com)"
216.73.217.53 - - [30/May/2026:21:55:09 +0700] "GET /av.php?action=chmodfolder&folder=cpu2&path=%2F%2Fsys%2Fdevices%2Fsystem%2Fnode%2Fnode0%2Fmemory59%2Fnode0%2Fmemory65%2Fnode0 HTTP/1.1" 500 0 "-" "Mozilla/5.0 AppleWebKit/537.36 (KHTML, like Gecko; compatible; ClaudeBot/1.0; +claudebot@anthropic.com)"
216.73.217.53 - - [30/May/2026:21:55:14 +0700] "GET /av.php?action=chmodfolder&folder=node0&path=%2F%2Fsys%2Fbus%2Fnode%2Fdevices%2Fnode0%2Fmemory48%2Fnode0%2Fmemory45 HTTP/1.1" 500 0 "-" "Mozilla/5.0 AppleWebKit/537.36 (KHTML, like Gecko; compatible; ClaudeBot/1.0; +claudebot@anthropic.com)"
57.141.0.45 - - [30/May/2026:21:55:15 +0700] "GET /av.php?path=/home/.cpan/build/Test-Pod-1.52-0/blib/arch/auto/Test&folder=Pod&action=chmodfolder HTTP/1.1" 500 0 "-" "meta-externalagent/1.1 (+https://developers.facebook.com/docs/sharing/webmasters/crawler)"
57.128.22.95 - - [30/May/2026:21:55:16 +0700] "GET / HTTP/1.1" 500 0 "-" "Mozilla/5.0 (Windows NT 10.0; Win64; x64) AppleWebKit/537.36 (KHTML, like Gecko) Chrome/130.0.0.0 Safari/537.36"
57.128.22.95 - - [30/May/2026:21:55:16 +0700] "GET / HTTP/1.1" 500 0 "-" "Mozilla/5.0 (Windows NT 10.0; Win64; x64) AppleWebKit/537.36 (KHTML, like Gecko) Chrome/130.0.0.0 Safari/537.36"
57.128.22.95 - - [30/May/2026:21:55:17 +0700] "GET / HTTP/1.1" 500 0 "-" "Mozilla/5.0 (Windows NT 10.0; Win64; x64) AppleWebKit/537.36 (KHTML, like Gecko) Chrome/130.0.0.0 Safari/537.36"
