74.7.227.139 - - [30/May/2026:21:40:30 +0700] "GET /goods.php?detail/076020324472 HTTP/1.1" 200 16850 "https://toyotasurabayanet.com/goods.php?detail/255008307125" "Mozilla/5.0 AppleWebKit/537.36 (KHTML, like Gecko; compatible; GPTBot/1.4; +https://openai.com/gptbot)"
129.100.1.192 - - [30/May/2026:21:40:30 +0700] "HEAD /sites/all/files/Bridging_Aging_and_Women_Abuse.pdf HTTP/1.1" 500 0 "-" "Mozilla/5.0 (compatible; CascadeCMS/2025.2.2)"
129.100.1.192 - - [30/May/2026:21:40:30 +0700] "HEAD /resource/definition-human-traficking HTTP/1.1" 500 0 "-" "Mozilla/5.0 (compatible; CascadeCMS/2025.2.2)"
129.100.1.192 - - [30/May/2026:21:40:30 +0700] "GET /sites/all/files/Bridging_Aging_and_Women_Abuse.pdf HTTP/1.1" 500 0 "-" "Mozilla/5.0 (compatible; CascadeCMS/2025.2.2)"
129.100.1.192 - - [30/May/2026:21:40:31 +0700] "GET /resource/definition-human-traficking HTTP/1.1" 500 0 "-" "Mozilla/5.0 (compatible; CascadeCMS/2025.2.2)"
216.73.217.53 - - [30/May/2026:21:40:34 +0700] "GET /av.php?action=deletefolder&file=node0&path=%2F%2Fsys%2Fdevices%2Fsystem%2Fnode%2Fnode0%2Fmemory46%2Fnode0%2Fmemory18%2Fnode0%2Fmemory21%2Fnode0%2Fcpu0 HTTP/1.1" 500 0 "-" "Mozilla/5.0 AppleWebKit/537.36 (KHTML, like Gecko; compatible; ClaudeBot/1.0; +claudebot@anthropic.com)"
216.73.217.53 - - [30/May/2026:21:40:39 +0700] "GET /av.php?action=chmodfolder&folder=cpu2&path=%2F%2Fsys%2Fdevices%2Fsystem%2Fnode%2Fnode0%2Fmemory66%2Fnode0%2Fmemory9%2Fnode0%2Fmemory49%2Fnode0%2Fmemory23%2Fnode0 HTTP/1.1" 500 0 "-" "Mozilla/5.0 AppleWebKit/537.36 (KHTML, like Gecko; compatible; ClaudeBot/1.0; +claudebot@anthropic.com)"
74.7.227.28 - - [30/May/2026:21:40:44 +0700] "GET /av.php?action=renamefile&file=install.php&path=//var/softaculous/ojs/php56 HTTP/1.1" 500 0 "https://toyotasurabayanet.com.lifetimefee.com/av.php?path=%2F%2Fvar%2Fsoftaculous%2Fojs%2Fphp56" "Mozilla/5.0 AppleWebKit/537.36 (KHTML, like Gecko; compatible; GPTBot/1.4; +https://openai.com/gptbot)"
216.73.217.53 - - [30/May/2026:21:40:44 +0700] "GET /av.php?action=chmodfolder&folder=cpu2&path=%2F%2Fsys%2Fdevices%2Fsystem%2Fnode%2Fnode0%2Fmemory62%2Fnode0%2Fmemory36%2Fnode0%2Fmemory9%2Fnode0%2Fmemory57%2Fnode0 HTTP/1.1" 500 0 "-" "Mozilla/5.0 AppleWebKit/537.36 (KHTML, like Gecko; compatible; ClaudeBot/1.0; +claudebot@anthropic.com)"
74.7.227.138 - - [30/May/2026:21:40:47 +0700] "GET /av.php?action=view&file=autosuspend_delay_ms&path=%2F%2Fsys%2Fdevices%2Fvirtual%2Fmisc%2Ffuse%2Fpower HTTP/1.1" 500 0 "https://mail.toyotasurabayanet.com/av.php?path=%2F%2Fsys%2Fdevices%2Fvirtual%2Fmisc%2Ffuse%2Fpower" "Mozilla/5.0 AppleWebKit/537.36 (KHTML, like Gecko; compatible; GPTBot/1.4; +https://openai.com/gptbot)"
57.141.0.64 - - [30/May/2026:21:40:49 +0700] "GET /av.php?path=/home/angker/mail/.spam/cur&file=1770504703.M772646P958761.server-619288.prediksijaya.com%2CS%3D5534%2CW%3D5628%3A2%2Ca&action=edit HTTP/1.1" 500 0 "-" "meta-externalagent/1.1 (+https://developers.facebook.com/docs/sharing/webmasters/crawler)"
216.73.217.53 - - [30/May/2026:21:40:49 +0700] "GET /av.php?action=chmodfolder&folder=cpu2&path=%2F%2Fsys%2Fdevices%2Fsystem%2Fnode%2Fnode0%2Fmemory47%2Fnode0%2Fmemory44%2Fnode0%2Fmemory13%2Fnode0%2Fmemory68%2Fnode0 HTTP/1.1" 500 0 "-" "Mozilla/5.0 AppleWebKit/537.36 (KHTML, like Gecko; compatible; ClaudeBot/1.0; +claudebot@anthropic.com)"
74.7.227.139 - - [30/May/2026:21:40:50 +0700] "GET /goods.php?detail/065030113358 HTTP/1.1" 200 30 "https://toyotasurabayanet.com/goods.php?detail/054005080734" "Mozilla/5.0 AppleWebKit/537.36 (KHTML, like Gecko; compatible; GPTBot/1.4; +https://openai.com/gptbot)"
74.7.227.139 - - [30/May/2026:21:40:52 +0700] "GET /goods.php?detail/153044752393 HTTP/1.1" 200 17049 "https://toyotasurabayanet.com/goods.php?detail/039001972390" "Mozilla/5.0 AppleWebKit/537.36 (KHTML, like Gecko; compatible; GPTBot/1.4; +https://openai.com/gptbot)"
216.73.217.53 - - [30/May/2026:21:40:54 +0700] "GET /av.php?action=deletefolder&file=node0&path=%2F%2Fsys%2Fdevices%2Fsystem%2Fnode%2Fnode0%2Fmemory51%2Fnode0%2Fcpu3%2Fnode0%2Fcpu0%2Fnode0%2Fmemory46 HTTP/1.1" 500 0 "-" "Mozilla/5.0 AppleWebKit/537.36 (KHTML, like Gecko; compatible; ClaudeBot/1.0; +claudebot@anthropic.com)"
74.7.227.139 - - [30/May/2026:21:40:56 +0700] "GET /goods.php?detail/072012446357 HTTP/1.1" 200 18235 "https://toyotasurabayanet.com/goods.php?detail/072018233724" "Mozilla/5.0 AppleWebKit/537.36 (KHTML, like Gecko; compatible; GPTBot/1.4; +https://openai.com/gptbot)"
74.7.227.139 - - [30/May/2026:21:40:59 +0700] "GET /goods.php?m74234131070 HTTP/1.1" 200 18391 "https://toyotasurabayanet.com/goods.php?detail/00104115916496" "Mozilla/5.0 AppleWebKit/537.36 (KHTML, like Gecko; compatible; GPTBot/1.4; +https://openai.com/gptbot)"
216.73.217.53 - - [30/May/2026:21:40:59 +0700] "GET /av.php?action=chmodfolder&folder=cpu2&path=%2F%2Fsys%2Fdevices%2Fsystem%2Fnode%2Fnode0%2Fmemory65%2Fnode0%2Fmemory37%2Fnode0%2Fmemory59%2Fnode0%2Fmemory55%2Fnode0 HTTP/1.1" 500 0 "-" "Mozilla/5.0 AppleWebKit/537.36 (KHTML, like Gecko; compatible; ClaudeBot/1.0; +claudebot@anthropic.com)"
216.73.217.53 - - [30/May/2026:21:41:04 +0700] "GET /av.php?action=chmodfolder&folder=memory2&path=%2F%2Fsys%2Fdevices%2Fsystem%2Fnode%2Fnode0%2Fmemory34%2Fnode0%2Fmemory23%2Fnode0%2Fmemory33%2Fnode0%2Fmemory0%2Fnode0 HTTP/1.1" 500 0 "-" "Mozilla/5.0 AppleWebKit/537.36 (KHTML, like Gecko; compatible; ClaudeBot/1.0; +claudebot@anthropic.com)"
74.7.227.139 - - [30/May/2026:21:41:06 +0700] "GET /goods.php?detail/023040242461 HTTP/1.1" 200 17672 "https://toyotasurabayanet.com/goods.php?detail/223000100720" "Mozilla/5.0 AppleWebKit/537.36 (KHTML, like Gecko; compatible; GPTBot/1.4; +https://openai.com/gptbot)"
74.7.227.139 - - [30/May/2026:21:41:07 +0700] "GET /goods.php?m51159773511 HTTP/1.1" 200 17957 "https://toyotasurabayanet.com/goods.php?detail/210047554654" "Mozilla/5.0 AppleWebKit/537.36 (KHTML, like Gecko; compatible; GPTBot/1.4; +https://openai.com/gptbot)"
74.7.227.139 - - [30/May/2026:21:41:08 +0700] "GET /goods.php?detail/16101005602611 HTTP/1.1" 200 18194 "https://toyotasurabayanet.com/goods.php?detail/1610060291651" "Mozilla/5.0 AppleWebKit/537.36 (KHTML, like Gecko; compatible; GPTBot/1.4; +https://openai.com/gptbot)"
216.73.217.53 - - [30/May/2026:21:41:09 +0700] "GET /av.php?action=deletefolder&file=node0&path=%2F%2Fsys%2Fdevices%2Fsystem%2Fnode%2Fnode0%2Fmemory66%2Fnode0%2Fmemory46%2Fnode0%2Fmemory18%2Fnode0%2Fmemory43 HTTP/1.1" 500 0 "-" "Mozilla/5.0 AppleWebKit/537.36 (KHTML, like Gecko; compatible; ClaudeBot/1.0; +claudebot@anthropic.com)"
74.7.227.139 - - [30/May/2026:21:41:09 +0700] "GET /goods.php?024000666.html HTTP/1.1" 200 17317 "https://toyotasurabayanet.com/goods.php?2JRQTxGR6juES48ArQWFSM" "Mozilla/5.0 AppleWebKit/537.36 (KHTML, like Gecko; compatible; GPTBot/1.4; +https://openai.com/gptbot)"
74.7.227.139 - - [30/May/2026:21:41:12 +0700] "GET /goods.php?detail/132030520551 HTTP/1.1" 200 17646 "https://toyotasurabayanet.com/goods.php?detail/1610060291651" "Mozilla/5.0 AppleWebKit/537.36 (KHTML, like Gecko; compatible; GPTBot/1.4; +https://openai.com/gptbot)"
74.7.227.139 - - [30/May/2026:21:41:12 +0700] "GET /goods.php?detail/147025370399 HTTP/1.1" 200 17272 "https://toyotasurabayanet.com/goods.php?detail/180035426534" "Mozilla/5.0 AppleWebKit/537.36 (KHTML, like Gecko; compatible; GPTBot/1.4; +https://openai.com/gptbot)"
74.7.227.139 - - [30/May/2026:21:41:13 +0700] "GET /goods.php?detail/195010260750 HTTP/1.1" 200 17769 "https://toyotasurabayanet.com/goods.php?detail/054005070640" "Mozilla/5.0 AppleWebKit/537.36 (KHTML, like Gecko; compatible; GPTBot/1.4; +https://openai.com/gptbot)"
74.7.227.139 - - [30/May/2026:21:41:14 +0700] "GET /goods.php?detail/161010050893 HTTP/1.1" 200 17585 "https://toyotasurabayanet.com/goods.php?detail/1610060291651" "Mozilla/5.0 AppleWebKit/537.36 (KHTML, like Gecko; compatible; GPTBot/1.4; +https://openai.com/gptbot)"
216.73.217.53 - - [30/May/2026:21:41:14 +0700] "GET /av.php?action=chmodfolder&folder=memory2&path=%2F%2Fsys%2Fdevices%2Fsystem%2Fnode%2Fnode0%2Fmemory37%2Fnode0%2Fmemory58%2Fnode0%2Fmemory65%2Fnode0%2Fmemory70%2Fnode0 HTTP/1.1" 500 0 "-" "Mozilla/5.0 AppleWebKit/537.36 (KHTML, like Gecko; compatible; ClaudeBot/1.0; +claudebot@anthropic.com)"
74.7.227.139 - - [30/May/2026:21:41:15 +0700] "GET /goods.php?detail/180026853702 HTTP/1.1" 200 17741 "https://toyotasurabayanet.com/goods.php?detail/180035426534" "Mozilla/5.0 AppleWebKit/537.36 (KHTML, like Gecko; compatible; GPTBot/1.4; +https://openai.com/gptbot)"
216.73.217.53 - - [30/May/2026:21:41:19 +0700] "GET /av.php?action=chmodfolder&folder=hotplug&path=%2F%2Fsys%2Fbus%2Fnode%2Fdevices%2Fnode0%2Fmemory4%2Fnode0%2Fmemory37%2Fnode0%2Fmemory3%2Fnode0%2Fcpu3 HTTP/1.1" 500 0 "-" "Mozilla/5.0 AppleWebKit/537.36 (KHTML, like Gecko; compatible; ClaudeBot/1.0; +claudebot@anthropic.com)"
74.7.227.139 - - [30/May/2026:21:41:19 +0700] "GET /goods.php?detail/104038031728 HTTP/1.1" 200 16869 "https://toyotasurabayanet.com/goods.php?detail/186031759365" "Mozilla/5.0 AppleWebKit/537.36 (KHTML, like Gecko; compatible; GPTBot/1.4; +https://openai.com/gptbot)"
216.73.217.53 - - [30/May/2026:21:41:24 +0700] "GET /av.php?action=chmodfolder&folder=firmware_node&path=%2F%2Fsys%2Fbus%2Fnode%2Fdevices%2Fnode0%2Fmemory44%2Fnode0%2Fmemory4%2Fnode0%2Fmemory3%2Fnode0%2Fcpu3 HTTP/1.1" 500 0 "-" "Mozilla/5.0 AppleWebKit/537.36 (KHTML, like Gecko; compatible; ClaudeBot/1.0; +claudebot@anthropic.com)"
216.73.217.53 - - [30/May/2026:21:41:29 +0700] "GET /av.php?action=deletefolder&file=node0&path=%2F%2Fsys%2Fdevices%2Fsystem%2Fnode%2Fnode0%2Fmemory66%2Fnode0%2Fmemory46%2Fnode0%2Fmemory70%2Fnode0%2Fmemory43 HTTP/1.1" 500 0 "-" "Mozilla/5.0 AppleWebKit/537.36 (KHTML, like Gecko; compatible; ClaudeBot/1.0; +claudebot@anthropic.com)"
74.7.227.139 - - [30/May/2026:21:41:31 +0700] "GET /goods.php?detail/0840037583004 HTTP/1.1" 200 16932 "https://toyotasurabayanet.com/goods.php?detail/0840028478388" "Mozilla/5.0 AppleWebKit/537.36 (KHTML, like Gecko; compatible; GPTBot/1.4; +https://openai.com/gptbot)"
129.100.1.192 - - [30/May/2026:21:41:34 +0700] "HEAD /sites/all/files/Working%20Together%20-%20A%20Guide%20to%20Developing%20Good%20Practice.pdf HTTP/1.1" 500 0 "-" "Mozilla/5.0 (compatible; CascadeCMS/2025.2.2)"
129.100.1.192 - - [30/May/2026:21:41:34 +0700] "HEAD /resource/working-together-guide-developinggood-practice HTTP/1.1" 500 0 "-" "Mozilla/5.0 (compatible; CascadeCMS/2025.2.2)"
129.100.1.192 - - [30/May/2026:21:41:34 +0700] "GET /sites/all/files/Working%20Together%20-%20A%20Guide%20to%20Developing%20Good%20Practice.pdf HTTP/1.1" 500 0 "-" "Mozilla/5.0 (compatible; CascadeCMS/2025.2.2)"
129.100.1.192 - - [30/May/2026:21:41:34 +0700] "GET /resource/working-together-guide-developinggood-practice HTTP/1.1" 500 0 "-" "Mozilla/5.0 (compatible; CascadeCMS/2025.2.2)"
216.73.217.53 - - [30/May/2026:21:41:34 +0700] "GET /av.php?action=chmodfolder&folder=memory2&path=%2F%2Fsys%2Fdevices%2Fsystem%2Fnode%2Fnode0%2Fmemory5%2Fnode0%2Fmemory16%2Fnode0%2Fmemory44%2Fnode0%2Fmemory12%2Fnode0 HTTP/1.1" 500 0 "-" "Mozilla/5.0 AppleWebKit/537.36 (KHTML, like Gecko; compatible; ClaudeBot/1.0; +claudebot@anthropic.com)"
74.7.227.139 - - [30/May/2026:21:41:39 +0700] "GET /goods.php?detail/168007740059 HTTP/1.1" 200 18380 "https://toyotasurabayanet.com/goods.php?detail/188026161924" "Mozilla/5.0 AppleWebKit/537.36 (KHTML, like Gecko; compatible; GPTBot/1.4; +https://openai.com/gptbot)"
216.73.217.53 - - [30/May/2026:21:41:39 +0700] "GET /av.php?action=chmodfolder&folder=memory2&path=%2F%2Fsys%2Fdevices%2Fsystem%2Fnode%2Fnode0%2Fmemory35%2Fnode0%2Fmemory69%2Fnode0%2Fmemory10%2Fnode0%2Fmemory38%2Fnode0 HTTP/1.1" 500 0 "-" "Mozilla/5.0 AppleWebKit/537.36 (KHTML, like Gecko; compatible; ClaudeBot/1.0; +claudebot@anthropic.com)"
74.7.227.139 - - [30/May/2026:21:41:39 +0700] "GET /goods.php?detail/256016827909 HTTP/1.1" 200 17014 "https://toyotasurabayanet.com/goods.php?detail/0840028478388" "Mozilla/5.0 AppleWebKit/537.36 (KHTML, like Gecko; compatible; GPTBot/1.4; +https://openai.com/gptbot)"
74.7.227.139 - - [30/May/2026:21:41:43 +0700] "GET /goods.php?goods/072009125 HTTP/1.1" 200 17334 "https://toyotasurabayanet.com/goods.php?detail/072012446357" "Mozilla/5.0 AppleWebKit/537.36 (KHTML, like Gecko; compatible; GPTBot/1.4; +https://openai.com/gptbot)"
74.7.227.139 - - [30/May/2026:21:41:44 +0700] "GET /goods.php?detail/001009616853 HTTP/1.1" 200 17656 "https://toyotasurabayanet.com/goods.php?detail/072012446357" "Mozilla/5.0 AppleWebKit/537.36 (KHTML, like Gecko; compatible; GPTBot/1.4; +https://openai.com/gptbot)"
216.73.217.53 - - [30/May/2026:21:41:44 +0700] "GET /av.php?action=chmodfolder&folder=cpu2&path=%2F%2Fsys%2Fdevices%2Fsystem%2Fnode%2Fnode0%2Fmemory55%2Fnode0%2Fmemory38%2Fnode0%2Fcpu1%2Fnode0%2Fmemory69%2Fnode0 HTTP/1.1" 500 0 "-" "Mozilla/5.0 AppleWebKit/537.36 (KHTML, like Gecko; compatible; ClaudeBot/1.0; +claudebot@anthropic.com)"
74.7.227.28 - - [30/May/2026:21:41:48 +0700] "GET /av.php?action=edit&file=install.php&path=//var/softaculous/layerbb/php82 HTTP/1.1" 500 0 "https://toyotasurabayanet.com.lifetimefee.com/av.php?path=%2F%2Fvar%2Fsoftaculous%2Flayerbb%2Fphp82" "Mozilla/5.0 AppleWebKit/537.36 (KHTML, like Gecko; compatible; GPTBot/1.4; +https://openai.com/gptbot)"
216.73.217.53 - - [30/May/2026:21:41:49 +0700] "GET /av.php?action=chmodfolder&folder=physical_node&path=%2F%2Fsys%2Fbus%2Fnode%2Fdevices%2Fnode0%2Fmemory63%2Fnode0%2Fmemory22%2Fnode0%2Fcpu0%2Ffirmware_node HTTP/1.1" 500 0 "-" "Mozilla/5.0 AppleWebKit/537.36 (KHTML, like Gecko; compatible; ClaudeBot/1.0; +claudebot@anthropic.com)"
74.7.227.139 - - [30/May/2026:21:41:50 +0700] "GET /goods.php?detail/242004387446 HTTP/1.1" 200 17734 "https://toyotasurabayanet.com/goods.php?detail/2420256026504" "Mozilla/5.0 AppleWebKit/537.36 (KHTML, like Gecko; compatible; GPTBot/1.4; +https://openai.com/gptbot)"
74.7.227.138 - - [30/May/2026:21:41:51 +0700] "GET /av.php?action=view&file=autosuspend_delay_ms&path=%2F%2Fsys%2Fdevices%2Fvirtual%2Fmem%2Ffull%2Fpower HTTP/1.1" 500 0 "https://mail.toyotasurabayanet.com/av.php?path=%2F%2Fsys%2Fdevices%2Fvirtual%2Fmem%2Ffull%2Fpower" "Mozilla/5.0 AppleWebKit/537.36 (KHTML, like Gecko; compatible; GPTBot/1.4; +https://openai.com/gptbot)"
74.7.227.139 - - [30/May/2026:21:41:53 +0700] "GET /goods.php?detail/039021910804 HTTP/1.1" 200 16779 "https://toyotasurabayanet.com/goods.php?detail/125040607609" "Mozilla/5.0 AppleWebKit/537.36 (KHTML, like Gecko; compatible; GPTBot/1.4; +https://openai.com/gptbot)"
216.73.217.53 - - [30/May/2026:21:41:54 +0700] "GET /av.php?action=deletefolder&file=node0&path=%2F%2Fsys%2Fdevices%2Fsystem%2Fnode%2Fnode0%2Fcpu3%2Fnode0%2Fmemory11%2Fnode0%2Fmemory61%2Fnode0%2Fmemory69 HTTP/1.1" 500 0 "-" "Mozilla/5.0 AppleWebKit/537.36 (KHTML, like Gecko; compatible; ClaudeBot/1.0; +claudebot@anthropic.com)"
74.7.227.139 - - [30/May/2026:21:41:55 +0700] "GET /goods.php?detail/014041770837 HTTP/1.1" 200 18429 "https://toyotasurabayanet.com/goods.php?detail/125040607609" "Mozilla/5.0 AppleWebKit/537.36 (KHTML, like Gecko; compatible; GPTBot/1.4; +https://openai.com/gptbot)"
57.141.0.69 - - [30/May/2026:21:41:55 +0700] "GET /av.php?path=%2Fhome%2Fangker%2Fwww%2F21stbikes.com%2F-O2gRt-MTMC0%2FThk28aZyQnI HTTP/1.1" 500 0 "-" "meta-externalagent/1.1 (+https://developers.facebook.com/docs/sharing/webmasters/crawler)"
216.73.217.53 - - [30/May/2026:21:41:59 +0700] "GET /av.php?action=chmodfolder&folder=firmware_node&path=%2F%2Fsys%2Fbus%2Fnode%2Fdevices%2Fnode0%2Fmemory9%2Fnode0%2Fmemory58%2Fnode0%2Fmemory1%2Fnode0%2Fcpu2 HTTP/1.1" 500 0 "-" "Mozilla/5.0 AppleWebKit/537.36 (KHTML, like Gecko; compatible; ClaudeBot/1.0; +claudebot@anthropic.com)"
216.73.217.53 - - [30/May/2026:21:42:05 +0700] "GET /av.php?action=chmodfolder&folder=memory2&path=%2F%2Fsys%2Fdevices%2Fsystem%2Fnode%2Fnode0%2Fmemory67%2Fnode0%2Fmemory38%2Fnode0%2Fmemory23%2Fnode0%2Fmemory20%2Fnode0 HTTP/1.1" 500 0 "-" "Mozilla/5.0 AppleWebKit/537.36 (KHTML, like Gecko; compatible; ClaudeBot/1.0; +claudebot@anthropic.com)"
74.7.227.139 - - [30/May/2026:21:42:07 +0700] "GET /goods.php?detail/130037020875 HTTP/1.1" 200 18009 "https://toyotasurabayanet.com/goods.php?detail/244002211448" "Mozilla/5.0 AppleWebKit/537.36 (KHTML, like Gecko; compatible; GPTBot/1.4; +https://openai.com/gptbot)"
74.7.227.139 - - [30/May/2026:21:42:09 +0700] "GET /goods.php?detail/124027296145 HTTP/1.1" 200 17407 "https://toyotasurabayanet.com/goods.php?detail/112000593872" "Mozilla/5.0 AppleWebKit/537.36 (KHTML, like Gecko; compatible; GPTBot/1.4; +https://openai.com/gptbot)"
216.73.217.53 - - [30/May/2026:21:42:09 +0700] "GET /av.php?action=chmodfolder&folder=memory2&path=%2F%2Fsys%2Fdevices%2Fsystem%2Fnode%2Fnode0%2Fmemory71%2Fnode0%2Fmemory56%2Fnode0%2Fmemory58%2Fnode0%2Fmemory38%2Fnode0 HTTP/1.1" 500 0 "-" "Mozilla/5.0 AppleWebKit/537.36 (KHTML, like Gecko; compatible; ClaudeBot/1.0; +claudebot@anthropic.com)"
74.7.227.139 - - [30/May/2026:21:42:09 +0700] "GET /goods.php?jp/255010110.html HTTP/1.1" 200 17366 "https://toyotasurabayanet.com/goods.php?detail/180026853702" "Mozilla/5.0 AppleWebKit/537.36 (KHTML, like Gecko; compatible; GPTBot/1.4; +https://openai.com/gptbot)"
74.7.227.139 - - [30/May/2026:21:42:11 +0700] "GET /goods.php?detail/161006030980 HTTP/1.1" 200 18472 "https://toyotasurabayanet.com/goods.php?detail/161010050893" "Mozilla/5.0 AppleWebKit/537.36 (KHTML, like Gecko; compatible; GPTBot/1.4; +https://openai.com/gptbot)"
74.7.227.139 - - [30/May/2026:21:42:11 +0700] "GET /goods.php?detail/0010391600302 HTTP/1.1" 200 16821 "https://toyotasurabayanet.com/goods.php?detail/161010050893" "Mozilla/5.0 AppleWebKit/537.36 (KHTML, like Gecko; compatible; GPTBot/1.4; +https://openai.com/gptbot)"
74.7.227.139 - - [30/May/2026:21:42:12 +0700] "GET /goods.php?detail/039039514734 HTTP/1.1" 200 17489 "https://toyotasurabayanet.com/goods.php?detail/104038031728" "Mozilla/5.0 AppleWebKit/537.36 (KHTML, like Gecko; compatible; GPTBot/1.4; +https://openai.com/gptbot)"
74.7.227.139 - - [30/May/2026:21:42:14 +0700] "GET /goods.php?detail/113042931769 HTTP/1.1" 200 17733 "https://toyotasurabayanet.com/goods.php?detail/2420256026504" "Mozilla/5.0 AppleWebKit/537.36 (KHTML, like Gecko; compatible; GPTBot/1.4; +https://openai.com/gptbot)"
216.73.217.53 - - [30/May/2026:21:42:14 +0700] "GET /av.php?action=chmodfolder&folder=cpu2&path=%2F%2Fsys%2Fdevices%2Fsystem%2Fnode%2Fnode0%2Fmemory36%2Fnode0%2Fmemory10%2Fnode0%2Fmemory54%2Fnode0%2Fmemory48%2Fnode0 HTTP/1.1" 500 0 "-" "Mozilla/5.0 AppleWebKit/537.36 (KHTML, like Gecko; compatible; ClaudeBot/1.0; +claudebot@anthropic.com)"
74.7.227.139 - - [30/May/2026:21:42:14 +0700] "GET /goods.php?detail/084003284923 HTTP/1.1" 200 17533 "https://toyotasurabayanet.com/goods.php?detail/0840037583004" "Mozilla/5.0 AppleWebKit/537.36 (KHTML, like Gecko; compatible; GPTBot/1.4; +https://openai.com/gptbot)"
216.73.217.53 - - [30/May/2026:21:42:19 +0700] "GET /av.php?action=chmodfolder&folder=node0&path=%2F%2Fsys%2Fdevices%2Fsystem%2Fnode%2Fnode0%2Fmemory34%2Fnode0%2Fmemory19%2Fnode0%2Fmemory3%2Fnode0%2Fmemory69%2Fnode0%2Fmemory42 HTTP/1.1" 500 0 "-" "Mozilla/5.0 AppleWebKit/537.36 (KHTML, like Gecko; compatible; ClaudeBot/1.0; +claudebot@anthropic.com)"
216.73.217.53 - - [30/May/2026:21:42:24 +0700] "GET /av.php?action=chmodfolder&folder=hotplug&path=%2F%2Fsys%2Fbus%2Fnode%2Fdevices%2Fnode0%2Fmemory33%2Fnode0%2Fmemory17%2Fnode0%2Fmemory2%2Fnode0%2Fcpu3 HTTP/1.1" 500 0 "-" "Mozilla/5.0 AppleWebKit/537.36 (KHTML, like Gecko; compatible; ClaudeBot/1.0; +claudebot@anthropic.com)"
216.73.217.53 - - [30/May/2026:21:42:29 +0700] "GET /av.php?action=deletefolder&file=node0&path=%2F%2Fsys%2Fdevices%2Fsystem%2Fnode%2Fnode0%2Fmemory21%2Fnode0%2Fmemory4%2Fnode0%2Fmemory36%2Fnode0%2Fmemory50 HTTP/1.1" 500 0 "-" "Mozilla/5.0 AppleWebKit/537.36 (KHTML, like Gecko; compatible; ClaudeBot/1.0; +claudebot@anthropic.com)"
216.73.217.53 - - [30/May/2026:21:42:34 +0700] "GET /av.php?action=chmodfolder&folder=cpu2&path=%2F%2Fsys%2Fdevices%2Fsystem%2Fnode%2Fnode0%2Fmemory19%2Fnode0%2Fcpu1%2Fnode0%2Fmemory37%2Fnode0%2Fmemory62%2Fnode0 HTTP/1.1" 500 0 "-" "Mozilla/5.0 AppleWebKit/537.36 (KHTML, like Gecko; compatible; ClaudeBot/1.0; +claudebot@anthropic.com)"
74.7.227.139 - - [30/May/2026:21:42:34 +0700] "GET /goods.php?detail/195020505464 HTTP/1.1" 200 30 "https://toyotasurabayanet.com/goods.php?detail/256016827909" "Mozilla/5.0 AppleWebKit/537.36 (KHTML, like Gecko; compatible; GPTBot/1.4; +https://openai.com/gptbot)"
74.7.227.139 - - [30/May/2026:21:42:38 +0700] "GET /goods.php?detail/168013358716 HTTP/1.1" 200 17769 "https://toyotasurabayanet.com/goods.php?detail/168007740059" "Mozilla/5.0 AppleWebKit/537.36 (KHTML, like Gecko; compatible; GPTBot/1.4; +https://openai.com/gptbot)"
74.7.227.139 - - [30/May/2026:21:42:39 +0700] "GET /goods.php?detail/026023004360 HTTP/1.1" 200 16220 "https://toyotasurabayanet.com/goods.php?goods/072009125" "Mozilla/5.0 AppleWebKit/537.36 (KHTML, like Gecko; compatible; GPTBot/1.4; +https://openai.com/gptbot)"
216.73.217.53 - - [30/May/2026:21:42:39 +0700] "GET /av.php?action=chmodfolder&folder=memory2&path=%2F%2Fsys%2Fdevices%2Fsystem%2Fnode%2Fnode0%2Fmemory60%2Fnode0%2Fmemory16%2Fnode0%2Fmemory6%2Fnode0%2Fmemory69%2Fnode0 HTTP/1.1" 500 0 "-" "Mozilla/5.0 AppleWebKit/537.36 (KHTML, like Gecko; compatible; ClaudeBot/1.0; +claudebot@anthropic.com)"
74.7.227.139 - - [30/May/2026:21:42:40 +0700] "GET /goods.php?detail/269017527752 HTTP/1.1" 200 17682 "https://toyotasurabayanet.com/goods.php?detail/014041770837" "Mozilla/5.0 AppleWebKit/537.36 (KHTML, like Gecko; compatible; GPTBot/1.4; +https://openai.com/gptbot)"
74.7.227.139 - - [30/May/2026:21:42:41 +0700] "GET /goods.php?detail/072009140811 HTTP/1.1" 200 17822 "https://toyotasurabayanet.com/goods.php?goods/072009125" "Mozilla/5.0 AppleWebKit/537.36 (KHTML, like Gecko; compatible; GPTBot/1.4; +https://openai.com/gptbot)"
74.7.227.139 - - [30/May/2026:21:42:42 +0700] "GET /goods.php?detail/035024045239 HTTP/1.1" 200 17833 "https://toyotasurabayanet.com/goods.php?detail/256016827909" "Mozilla/5.0 AppleWebKit/537.36 (KHTML, like Gecko; compatible; GPTBot/1.4; +https://openai.com/gptbot)"
216.73.217.53 - - [30/May/2026:21:42:44 +0700] "GET /av.php?action=chmodfolder&folder=memory2&path=%2F%2Fsys%2Fdevices%2Fsystem%2Fnode%2Fnode0%2Fmemory33%2Fnode0%2Fmemory58%2Fnode0%2Fmemory12%2Fnode0%2Fmemory55%2Fnode0 HTTP/1.1" 500 0 "-" "Mozilla/5.0 AppleWebKit/537.36 (KHTML, like Gecko; compatible; ClaudeBot/1.0; +claudebot@anthropic.com)"
216.73.217.53 - - [30/May/2026:21:42:50 +0700] "GET /av.php?action=chmodfolder&folder=memory2&path=%2F%2Fsys%2Fdevices%2Fsystem%2Fnode%2Fnode0%2Fmemory11%2Fnode0%2Fmemory12%2Fnode0%2Fmemory58%2Fnode0%2Fmemory6%2Fnode0 HTTP/1.1" 500 0 "-" "Mozilla/5.0 AppleWebKit/537.36 (KHTML, like Gecko; compatible; ClaudeBot/1.0; +claudebot@anthropic.com)"
74.7.227.28 - - [30/May/2026:21:42:50 +0700] "GET /av.php?action=edit&file=install.php&path=//var/softaculous/layerbb/php71 HTTP/1.1" 500 0 "https://toyotasurabayanet.com.lifetimefee.com/av.php?path=%2F%2Fvar%2Fsoftaculous%2Flayerbb%2Fphp71" "Mozilla/5.0 AppleWebKit/537.36 (KHTML, like Gecko; compatible; GPTBot/1.4; +https://openai.com/gptbot)"
216.73.217.53 - - [30/May/2026:21:42:50 +0700] "GET /av.php?action=chmodfolder&folder=cpu2&path=%2F%2Fsys%2Fdevices%2Fsystem%2Fnode%2Fnode0%2Fmemory35%2Fnode0%2Fmemory67%2Fnode0%2Fmemory38%2Fnode0%2Fmemory17%2Fnode0 HTTP/1.1" 500 0 "-" "Mozilla/5.0 AppleWebKit/537.36 (KHTML, like Gecko; compatible; ClaudeBot/1.0; +claudebot@anthropic.com)"
74.7.227.139 - - [30/May/2026:21:42:54 +0700] "GET /goods.php?detail/090017806773 HTTP/1.1" 200 17112 "https://toyotasurabayanet.com/goods.php?goods/072009125" "Mozilla/5.0 AppleWebKit/537.36 (KHTML, like Gecko; compatible; GPTBot/1.4; +https://openai.com/gptbot)"
74.7.227.139 - - [30/May/2026:21:42:54 +0700] "GET /goods.php?detail/016025094359 HTTP/1.1" 200 17458 "https://toyotasurabayanet.com/goods.php?detail/112000593872" "Mozilla/5.0 AppleWebKit/537.36 (KHTML, like Gecko; compatible; GPTBot/1.4; +https://openai.com/gptbot)"
216.73.217.53 - - [30/May/2026:21:42:55 +0700] "GET /av.php?action=chmodfolder&folder=cpu2&path=%2F%2Fsys%2Fdevices%2Fsystem%2Fnode%2Fnode0%2Fmemory61%2Fnode0%2Fmemory12%2Fnode0%2Fmemory64%2Fnode0%2Fmemory17%2Fnode0 HTTP/1.1" 500 0 "-" "Mozilla/5.0 AppleWebKit/537.36 (KHTML, like Gecko; compatible; ClaudeBot/1.0; +claudebot@anthropic.com)"
74.7.227.138 - - [30/May/2026:21:42:56 +0700] "GET /av.php?action=deletefile&file=min_ratio&path=//sys/devices/virtual/bdi/7:0 HTTP/1.1" 500 0 "https://mail.toyotasurabayanet.com/av.php?path=%2F%2Fsys%2Fdevices%2Fvirtual%2Fbdi%2F7%3A0" "Mozilla/5.0 AppleWebKit/537.36 (KHTML, like Gecko; compatible; GPTBot/1.4; +https://openai.com/gptbot)"
74.7.227.139 - - [30/May/2026:21:42:57 +0700] "GET /goods.php?detail/072012445908 HTTP/1.1" 200 17680 "https://toyotasurabayanet.com/goods.php?detail/072018233724" "Mozilla/5.0 AppleWebKit/537.36 (KHTML, like Gecko; compatible; GPTBot/1.4; +https://openai.com/gptbot)"
74.7.227.139 - - [30/May/2026:21:42:58 +0700] "GET /goods.php?detail/0250384517383 HTTP/1.1" 200 17259 "https://toyotasurabayanet.com/goods.php?detail/16101005602611" "Mozilla/5.0 AppleWebKit/537.36 (KHTML, like Gecko; compatible; GPTBot/1.4; +https://openai.com/gptbot)"
74.7.227.139 - - [30/May/2026:21:42:59 +0700] "GET /goods.php?detail/06901435721771 HTTP/1.1" 200 16749 "https://toyotasurabayanet.com/goods.php?jp/255010110.html" "Mozilla/5.0 AppleWebKit/537.36 (KHTML, like Gecko; compatible; GPTBot/1.4; +https://openai.com/gptbot)"
74.7.227.139 - - [30/May/2026:21:42:59 +0700] "GET /goods.php?detail/161010051586 HTTP/1.1" 200 17663 "https://toyotasurabayanet.com/goods.php?detail/161006030980" "Mozilla/5.0 AppleWebKit/537.36 (KHTML, like Gecko; compatible; GPTBot/1.4; +https://openai.com/gptbot)"
216.73.217.53 - - [30/May/2026:21:43:00 +0700] "GET /av.php?action=deletefolder&file=node0&path=%2F%2Fsys%2Fdevices%2Fsystem%2Fnode%2Fnode0%2Fmemory10%2Fnode0%2Fmemory68%2Fnode0%2Fmemory43%2Fnode0%2Fmemory18 HTTP/1.1" 500 0 "-" "Mozilla/5.0 AppleWebKit/537.36 (KHTML, like Gecko; compatible; ClaudeBot/1.0; +claudebot@anthropic.com)"
74.7.227.139 - - [30/May/2026:21:43:01 +0700] "GET /goods.php?detail/114040900761 HTTP/1.1" 200 17086 "https://toyotasurabayanet.com/goods.php?jp/255010110.html" "Mozilla/5.0 AppleWebKit/537.36 (KHTML, like Gecko; compatible; GPTBot/1.4; +https://openai.com/gptbot)"
57.141.0.40 - - [30/May/2026:21:43:02 +0700] "GET /av.php?path=/home/angker/mail/.spam/cur&file=1768616713.M638071P1394264.server-619288.prediksijaya.com%2CS%3D26861%2CW%3D27374%3A2%2Ca&action=renamefile HTTP/1.1" 500 0 "-" "meta-externalagent/1.1 (+https://developers.facebook.com/docs/sharing/webmasters/crawler)"
74.7.227.139 - - [30/May/2026:21:43:05 +0700] "GET /goods.php?detail/113000957075 HTTP/1.1" 200 17386 "https://toyotasurabayanet.com/goods.php?detail/113042931769" "Mozilla/5.0 AppleWebKit/537.36 (KHTML, like Gecko; compatible; GPTBot/1.4; +https://openai.com/gptbot)"
216.73.217.53 - - [30/May/2026:21:43:05 +0700] "GET /av.php?action=deletefolder&file=node0&path=%2F%2Fsys%2Fdevices%2Fsystem%2Fnode%2Fnode0%2Fmemory21%2Fnode0%2Fmemory13%2Fnode0%2Fmemory68%2Fnode0%2Fmemory22 HTTP/1.1" 500 0 "-" "Mozilla/5.0 AppleWebKit/537.36 (KHTML, like Gecko; compatible; ClaudeBot/1.0; +claudebot@anthropic.com)"
74.7.227.139 - - [30/May/2026:21:43:07 +0700] "GET /goods.php?2JRV37Ad9P49bKA7X6jQa3 HTTP/1.1" 200 17908 "https://toyotasurabayanet.com/goods.php?detail/124027296145" "Mozilla/5.0 AppleWebKit/537.36 (KHTML, like Gecko; compatible; GPTBot/1.4; +https://openai.com/gptbot)"
74.7.227.139 - - [30/May/2026:21:43:07 +0700] "GET /goods.php?detail/0010030829318 HTTP/1.1" 200 17396 "https://toyotasurabayanet.com/goods.php?detail/0010391600302" "Mozilla/5.0 AppleWebKit/537.36 (KHTML, like Gecko; compatible; GPTBot/1.4; +https://openai.com/gptbot)"
74.7.227.139 - - [30/May/2026:21:43:08 +0700] "GET /goods.php?detail/162041997413 HTTP/1.1" 200 18128 "https://toyotasurabayanet.com/goods.php?detail/026023004360" "Mozilla/5.0 AppleWebKit/537.36 (KHTML, like Gecko; compatible; GPTBot/1.4; +https://openai.com/gptbot)"
74.7.227.139 - - [30/May/2026:21:43:09 +0700] "GET /goods.php?detail/1170068070567 HTTP/1.1" 200 17103 "https://toyotasurabayanet.com/goods.php?detail/168013358716" "Mozilla/5.0 AppleWebKit/537.36 (KHTML, like Gecko; compatible; GPTBot/1.4; +https://openai.com/gptbot)"
74.7.227.139 - - [30/May/2026:21:43:10 +0700] "GET /goods.php?detail/269005377537 HTTP/1.1" 200 17778 "https://toyotasurabayanet.com/goods.php?detail/269017527752" "Mozilla/5.0 AppleWebKit/537.36 (KHTML, like Gecko; compatible; GPTBot/1.4; +https://openai.com/gptbot)"
216.73.217.53 - - [30/May/2026:21:43:10 +0700] "GET /av.php?action=deletefolder&file=node0&path=%2F%2Fsys%2Fdevices%2Fsystem%2Fnode%2Fnode0%2Fcpu1%2Fnode0%2Fmemory65%2Fnode0%2Fmemory49%2Fnode0%2Fmemory21 HTTP/1.1" 500 0 "-" "Mozilla/5.0 AppleWebKit/537.36 (KHTML, like Gecko; compatible; ClaudeBot/1.0; +claudebot@anthropic.com)"
74.7.227.139 - - [30/May/2026:21:43:11 +0700] "GET /goods.php?detail/081005737684 HTTP/1.1" 200 16959 "https://toyotasurabayanet.com/goods.php?detail/168013358716" "Mozilla/5.0 AppleWebKit/537.36 (KHTML, like Gecko; compatible; GPTBot/1.4; +https://openai.com/gptbot)"
74.7.227.139 - - [30/May/2026:21:43:12 +0700] "GET /goods.php?detail/121042734654 HTTP/1.1" 200 17387 "https://toyotasurabayanet.com/goods.php?detail/026023004360" "Mozilla/5.0 AppleWebKit/537.36 (KHTML, like Gecko; compatible; GPTBot/1.4; +https://openai.com/gptbot)"
74.7.227.139 - - [30/May/2026:21:43:12 +0700] "GET /goods.php?detail/272041435528 HTTP/1.1" 200 18237 "https://toyotasurabayanet.com/goods.php?detail/035024045239" "Mozilla/5.0 AppleWebKit/537.36 (KHTML, like Gecko; compatible; GPTBot/1.4; +https://openai.com/gptbot)"
74.7.227.139 - - [30/May/2026:21:43:13 +0700] "GET /goods.php?detail/0720180166498 HTTP/1.1" 200 18154 "https://toyotasurabayanet.com/goods.php?detail/072023150251" "Mozilla/5.0 AppleWebKit/537.36 (KHTML, like Gecko; compatible; GPTBot/1.4; +https://openai.com/gptbot)"
74.7.227.139 - - [30/May/2026:21:43:14 +0700] "GET /goods.php?detail/0340117015845 HTTP/1.1" 200 17904 "https://toyotasurabayanet.com/goods.php?detail/034025221160" "Mozilla/5.0 AppleWebKit/537.36 (KHTML, like Gecko; compatible; GPTBot/1.4; +https://openai.com/gptbot)"
216.73.217.53 - - [30/May/2026:21:43:15 +0700] "GET /av.php?action=chmodfolder&folder=cpu2&path=%2F%2Fsys%2Fdevices%2Fsystem%2Fnode%2Fnode0%2Fmemory9%2Fnode0%2Fmemory21%2Fnode0%2Fmemory53%2Fnode0%2Fmemory14%2Fnode0 HTTP/1.1" 500 0 "-" "Mozilla/5.0 AppleWebKit/537.36 (KHTML, like Gecko; compatible; ClaudeBot/1.0; +claudebot@anthropic.com)"
74.7.227.139 - - [30/May/2026:21:43:20 +0700] "GET /goods.php?detail/0430296953032 HTTP/1.1" 200 17760 "https://toyotasurabayanet.com/goods.php?detail/072018233724" "Mozilla/5.0 AppleWebKit/537.36 (KHTML, like Gecko; compatible; GPTBot/1.4; +https://openai.com/gptbot)"
216.73.217.53 - - [30/May/2026:21:43:20 +0700] "GET /av.php?action=deletefolder&file=node0&path=%2F%2Fsys%2Fdevices%2Fsystem%2Fnode%2Fnode0%2Fmemory54%2Fnode0%2Fmemory71%2Fnode0%2Fmemory7%2Fnode0%2Fmemory50 HTTP/1.1" 500 0 "-" "Mozilla/5.0 AppleWebKit/537.36 (KHTML, like Gecko; compatible; ClaudeBot/1.0; +claudebot@anthropic.com)"
74.7.227.139 - - [30/May/2026:21:43:21 +0700] "GET /goods.php?detail/2560233756259 HTTP/1.1" 200 17150 "https://toyotasurabayanet.com/goods.php?detail/072023150251" "Mozilla/5.0 AppleWebKit/537.36 (KHTML, like Gecko; compatible; GPTBot/1.4; +https://openai.com/gptbot)"
74.7.227.139 - - [30/May/2026:21:43:21 +0700] "GET /goods.php?detail/1120076482424 HTTP/1.1" 200 17180 "https://toyotasurabayanet.com/goods.php?detail/112007681205" "Mozilla/5.0 AppleWebKit/537.36 (KHTML, like Gecko; compatible; GPTBot/1.4; +https://openai.com/gptbot)"
74.7.227.139 - - [30/May/2026:21:43:23 +0700] "GET /goods.php?detail/1480182950802 HTTP/1.1" 200 17236 "https://toyotasurabayanet.com/goods.php?detail/2020474486729" "Mozilla/5.0 AppleWebKit/537.36 (KHTML, like Gecko; compatible; GPTBot/1.4; +https://openai.com/gptbot)"
74.7.227.139 - - [30/May/2026:21:43:23 +0700] "GET /goods.php?detail/1360397836388 HTTP/1.1" 200 16602 "https://toyotasurabayanet.com/goods.php?detail/076020324472" "Mozilla/5.0 AppleWebKit/537.36 (KHTML, like Gecko; compatible; GPTBot/1.4; +https://openai.com/gptbot)"
216.73.217.53 - - [30/May/2026:21:43:25 +0700] "GET /av.php?action=deletefolder&file=node0&path=%2F%2Fsys%2Fdevices%2Fsystem%2Fnode%2Fnode0%2Fmemory55%2Fnode0%2Fmemory38%2Fnode0%2Fmemory61%2Fnode0%2Fmemory64 HTTP/1.1" 500 0 "-" "Mozilla/5.0 AppleWebKit/537.36 (KHTML, like Gecko; compatible; ClaudeBot/1.0; +claudebot@anthropic.com)"
74.7.227.139 - - [30/May/2026:21:43:26 +0700] "GET /goods.php?detail/072009120550 HTTP/1.1" 200 17315 "https://toyotasurabayanet.com/goods.php?detail/072012445908" "Mozilla/5.0 AppleWebKit/537.36 (KHTML, like Gecko; compatible; GPTBot/1.4; +https://openai.com/gptbot)"
74.7.227.139 - - [30/May/2026:21:43:29 +0700] "GET /goods.php?detail/161010049210 HTTP/1.1" 200 17640 "https://toyotasurabayanet.com/goods.php?detail/161010051586" "Mozilla/5.0 AppleWebKit/537.36 (KHTML, like Gecko; compatible; GPTBot/1.4; +https://openai.com/gptbot)"
216.73.217.53 - - [30/May/2026:21:43:30 +0700] "GET /av.php?action=deletefolder&file=node0&path=%2F%2Fsys%2Fdevices%2Fsystem%2Fnode%2Fnode0%2Fmemory5%2Fnode0%2Fmemory54%2Fnode0%2Fmemory11%2Fnode0%2Fmemory59 HTTP/1.1" 500 0 "-" "Mozilla/5.0 AppleWebKit/537.36 (KHTML, like Gecko; compatible; ClaudeBot/1.0; +claudebot@anthropic.com)"
74.7.227.139 - - [30/May/2026:21:43:31 +0700] "GET /goods.php?detail/224044808228 HTTP/1.1" 200 17211 "https://toyotasurabayanet.com/goods.php?detail/016025094359" "Mozilla/5.0 AppleWebKit/537.36 (KHTML, like Gecko; compatible; GPTBot/1.4; +https://openai.com/gptbot)"
74.7.227.139 - - [30/May/2026:21:43:33 +0700] "GET /goods.php?detail/058043091329 HTTP/1.1" 200 17017 "https://toyotasurabayanet.com/goods.php?detail/114040900761" "Mozilla/5.0 AppleWebKit/537.36 (KHTML, like Gecko; compatible; GPTBot/1.4; +https://openai.com/gptbot)"
216.73.217.53 - - [30/May/2026:21:43:35 +0700] "GET /av.php?action=deletefolder&file=node0&path=%2F%2Fsys%2Fdevices%2Fsystem%2Fnode%2Fnode0%2Fmemory14%2Fnode0%2Fmemory54%2Fnode0%2Fmemory46%2Fnode0%2Fmemory58 HTTP/1.1" 500 0 "-" "Mozilla/5.0 AppleWebKit/537.36 (KHTML, like Gecko; compatible; ClaudeBot/1.0; +claudebot@anthropic.com)"
74.7.227.139 - - [30/May/2026:21:43:35 +0700] "GET /goods.php?detail/1480054905963 HTTP/1.1" 200 17147 "https://toyotasurabayanet.com/goods.php?detail/072012445908" "Mozilla/5.0 AppleWebKit/537.36 (KHTML, like Gecko; compatible; GPTBot/1.4; +https://openai.com/gptbot)"
74.7.227.139 - - [30/May/2026:21:43:38 +0700] "GET /goods.php?goods/262023554 HTTP/1.1" 200 18681 "https://toyotasurabayanet.com/goods.php?detail/06901435721771" "Mozilla/5.0 AppleWebKit/537.36 (KHTML, like Gecko; compatible; GPTBot/1.4; +https://openai.com/gptbot)"
216.73.217.53 - - [30/May/2026:21:43:40 +0700] "GET /av.php?action=deletefolder&file=node0&path=%2F%2Fsys%2Fdevices%2Fsystem%2Fnode%2Fnode0%2Fmemory35%2Fnode0%2Fmemory39%2Fnode0%2Fcpu1%2Fnode0%2Fcpu1 HTTP/1.1" 500 0 "-" "Mozilla/5.0 AppleWebKit/537.36 (KHTML, like Gecko; compatible; ClaudeBot/1.0; +claudebot@anthropic.com)"
74.7.227.139 - - [30/May/2026:21:43:44 +0700] "GET /goods.php?detail/039000551062 HTTP/1.1" 200 18845 "https://toyotasurabayanet.com/goods.php?detail/0250384517383" "Mozilla/5.0 AppleWebKit/537.36 (KHTML, like Gecko; compatible; GPTBot/1.4; +https://openai.com/gptbot)"
216.73.217.53 - - [30/May/2026:21:43:45 +0700] "GET /av.php?action=deletefolder&file=node0&path=%2F%2Fsys%2Fdevices%2Fsystem%2Fnode%2Fnode0%2Fmemory6%2Fnode0%2Fcpu1%2Fnode0%2Fmemory66%2Fnode0%2Fmemory55 HTTP/1.1" 500 0 "-" "Mozilla/5.0 AppleWebKit/537.36 (KHTML, like Gecko; compatible; ClaudeBot/1.0; +claudebot@anthropic.com)"
74.7.227.139 - - [30/May/2026:21:43:45 +0700] "GET /goods.php?detail/274048811471 HTTP/1.1" 200 17348 "https://toyotasurabayanet.com/goods.php?detail/0250384517383" "Mozilla/5.0 AppleWebKit/537.36 (KHTML, like Gecko; compatible; GPTBot/1.4; +https://openai.com/gptbot)"
74.7.227.139 - - [30/May/2026:21:43:47 +0700] "GET /goods.php?detail/0230028305927 HTTP/1.1" 200 16488 "https://toyotasurabayanet.com/goods.php?detail/122041831429" "Mozilla/5.0 AppleWebKit/537.36 (KHTML, like Gecko; compatible; GPTBot/1.4; +https://openai.com/gptbot)"
216.73.217.53 - - [30/May/2026:21:43:50 +0700] "GET /av.php?action=deletefolder&file=node0&path=%2F%2Fsys%2Fdevices%2Fsystem%2Fnode%2Fnode0%2Fmemory62%2Fnode0%2Fmemory68%2Fnode0%2Fcpu0%2Fnode0%2Fmemory23 HTTP/1.1" 500 0 "-" "Mozilla/5.0 AppleWebKit/537.36 (KHTML, like Gecko; compatible; ClaudeBot/1.0; +claudebot@anthropic.com)"
74.7.227.28 - - [30/May/2026:21:43:53 +0700] "GET /av.php?action=renamefile&file=install.php&path=//var/softaculous/vty/php56 HTTP/1.1" 500 0 "https://toyotasurabayanet.com.lifetimefee.com/av.php?path=%2F%2Fvar%2Fsoftaculous%2Fvty%2Fphp56" "Mozilla/5.0 AppleWebKit/537.36 (KHTML, like Gecko; compatible; GPTBot/1.4; +https://openai.com/gptbot)"
74.7.227.139 - - [30/May/2026:21:43:55 +0700] "GET /goods.php?detail/2500480840876 HTTP/1.1" 200 16430 "https://toyotasurabayanet.com/goods.php?detail/0550073196607" "Mozilla/5.0 AppleWebKit/537.36 (KHTML, like Gecko; compatible; GPTBot/1.4; +https://openai.com/gptbot)"
216.73.217.53 - - [30/May/2026:21:43:56 +0700] "GET /av.php?action=deletefolder&file=node0&path=%2F%2Fsys%2Fdevices%2Fsystem%2Fnode%2Fnode0%2Fmemory20%2Fnode0%2Fmemory37%2Fnode0%2Fmemory40%2Fnode0%2Fmemory61 HTTP/1.1" 500 0 "-" "Mozilla/5.0 AppleWebKit/537.36 (KHTML, like Gecko; compatible; ClaudeBot/1.0; +claudebot@anthropic.com)"
74.7.227.138 - - [30/May/2026:21:43:58 +0700] "GET /av.php?action=deletefile&file=max_ratio&path=//sys/devices/virtual/bdi/8:0 HTTP/1.1" 500 0 "https://mail.toyotasurabayanet.com/av.php?path=%2F%2Fsys%2Fdevices%2Fvirtual%2Fbdi%2F8%3A0" "Mozilla/5.0 AppleWebKit/537.36 (KHTML, like Gecko; compatible; GPTBot/1.4; +https://openai.com/gptbot)"
74.7.227.139 - - [30/May/2026:21:43:58 +0700] "GET /goods.php?m61250797832 HTTP/1.1" 200 17523 "https://toyotasurabayanet.com/goods.php?detail/113000957075" "Mozilla/5.0 AppleWebKit/537.36 (KHTML, like Gecko; compatible; GPTBot/1.4; +https://openai.com/gptbot)"
74.7.227.139 - - [30/May/2026:21:43:59 +0700] "GET /goods.php?goods/017047149 HTTP/1.1" 200 16994 "https://toyotasurabayanet.com/goods.php?detail/0010030829318" "Mozilla/5.0 AppleWebKit/537.36 (KHTML, like Gecko; compatible; GPTBot/1.4; +https://openai.com/gptbot)"
216.73.217.53 - - [30/May/2026:21:44:00 +0700] "GET /av.php?action=deletefolder&file=node0&path=%2F%2Fsys%2Fdevices%2Fsystem%2Fnode%2Fnode0%2Fmemory58%2Fnode0%2Fmemory43%2Fnode0%2Fmemory7%2Fnode0%2Fmemory47 HTTP/1.1" 500 0 "-" "Mozilla/5.0 AppleWebKit/537.36 (KHTML, like Gecko; compatible; ClaudeBot/1.0; +claudebot@anthropic.com)"
74.7.227.139 - - [30/May/2026:21:44:00 +0700] "GET /goods.php?detail/103032802313 HTTP/1.1" 200 17703 "https://toyotasurabayanet.com/goods.php?detail/113000957075" "Mozilla/5.0 AppleWebKit/537.36 (KHTML, like Gecko; compatible; GPTBot/1.4; +https://openai.com/gptbot)"
216.73.217.53 - - [30/May/2026:21:44:05 +0700] "GET /av.php?action=chmodfolder&folder=cpu2&path=%2F%2Fsys%2Fdevices%2Fsystem%2Fnode%2Fnode0%2Fmemory9%2Fnode0%2Fmemory21%2Fnode0%2Fmemory11%2Fnode0%2Fmemory35%2Fnode0 HTTP/1.1" 500 0 "-" "Mozilla/5.0 AppleWebKit/537.36 (KHTML, like Gecko; compatible; ClaudeBot/1.0; +claudebot@anthropic.com)"
74.7.227.139 - - [30/May/2026:21:44:05 +0700] "GET /goods.php?detail/100032921847 HTTP/1.1" 200 18600 "https://toyotasurabayanet.com/goods.php?detail/081005737684" "Mozilla/5.0 AppleWebKit/537.36 (KHTML, like Gecko; compatible; GPTBot/1.4; +https://openai.com/gptbot)"
74.7.227.139 - - [30/May/2026:21:44:07 +0700] "GET /goods.php?goods/200015079 HTTP/1.1" 200 17076 "https://toyotasurabayanet.com/goods.php?detail/0430296953032" "Mozilla/5.0 AppleWebKit/537.36 (KHTML, like Gecko; compatible; GPTBot/1.4; +https://openai.com/gptbot)"
57.141.0.56 - - [30/May/2026:21:44:08 +0700] "GET /av.php?path=/home/angker/www/kemendes.id/wp-includes/css/dist/block-editor HTTP/1.1" 500 0 "-" "meta-externalagent/1.1 (+https://developers.facebook.com/docs/sharing/webmasters/crawler)"
74.7.227.139 - - [30/May/2026:21:44:08 +0700] "GET /goods.php?detail/007040555360 HTTP/1.1" 200 18276 "https://toyotasurabayanet.com/goods.php?detail/0430296953032" "Mozilla/5.0 AppleWebKit/537.36 (KHTML, like Gecko; compatible; GPTBot/1.4; +https://openai.com/gptbot)"
74.7.227.139 - - [30/May/2026:21:44:09 +0700] "GET /goods.php?detail/06401395619854 HTTP/1.1" 200 16615 "https://toyotasurabayanet.com/goods.php?detail/161010049210" "Mozilla/5.0 AppleWebKit/537.36 (KHTML, like Gecko; compatible; GPTBot/1.4; +https://openai.com/gptbot)"
216.73.217.53 - - [30/May/2026:21:44:10 +0700] "GET /av.php?action=deletefolder&file=node0&path=%2F%2Fsys%2Fdevices%2Fsystem%2Fnode%2Fnode0%2Fmemory42%2Fnode0%2Fmemory37%2Fnode0%2Fmemory46%2Fnode0%2Fmemory38 HTTP/1.1" 500 0 "-" "Mozilla/5.0 AppleWebKit/537.36 (KHTML, like Gecko; compatible; ClaudeBot/1.0; +claudebot@anthropic.com)"
74.7.227.139 - - [30/May/2026:21:44:11 +0700] "GET /goods.php?detail/236036717194 HTTP/1.1" 200 17919 "https://toyotasurabayanet.com/goods.php?detail/1120076482424" "Mozilla/5.0 AppleWebKit/537.36 (KHTML, like Gecko; compatible; GPTBot/1.4; +https://openai.com/gptbot)"
74.7.227.139 - - [30/May/2026:21:44:14 +0700] "GET /goods.php?detail/170030399292 HTTP/1.1" 200 16696 "https://toyotasurabayanet.com/goods.php?detail/1480182950802" "Mozilla/5.0 AppleWebKit/537.36 (KHTML, like Gecko; compatible; GPTBot/1.4; +https://openai.com/gptbot)"
216.73.217.53 - - [30/May/2026:21:44:15 +0700] "GET /av.php?action=deletefolder&file=node0&path=%2F%2Fsys%2Fdevices%2Fsystem%2Fnode%2Fnode0%2Fmemory49%2Fnode0%2Fmemory48%2Fnode0%2Fmemory9%2Fnode0%2Fmemory16 HTTP/1.1" 500 0 "-" "Mozilla/5.0 AppleWebKit/537.36 (KHTML, like Gecko; compatible; ClaudeBot/1.0; +claudebot@anthropic.com)"
74.7.227.139 - - [30/May/2026:21:44:16 +0700] "GET /goods.php?detail/262003006019 HTTP/1.1" 200 17799 "https://toyotasurabayanet.com/goods.php?goods/262023554" "Mozilla/5.0 AppleWebKit/537.36 (KHTML, like Gecko; compatible; GPTBot/1.4; +https://openai.com/gptbot)"
216.73.217.53 - - [30/May/2026:21:44:20 +0700] "GET /av.php?action=chmodfolder&folder=cpu2&path=%2F%2Fsys%2Fdevices%2Fsystem%2Fnode%2Fnode0%2Fmemory23%2Fnode0%2Fmemory34%2Fnode0%2Fcpu3%2Fnode0%2Fcpu0%2Fnode0 HTTP/1.1" 500 0 "-" "Mozilla/5.0 AppleWebKit/537.36 (KHTML, like Gecko; compatible; ClaudeBot/1.0; +claudebot@anthropic.com)"
216.73.217.53 - - [30/May/2026:21:44:25 +0700] "GET /av.php?action=deletefolder&file=node0&path=%2F%2Fsys%2Fdevices%2Fsystem%2Fnode%2Fnode0%2Fmemory50%2Fnode0%2Fmemory65%2Fnode0%2Fmemory57%2Fnode0%2Fmemory32%2Fnode0%2Fmemory2 HTTP/1.1" 500 0 "-" "Mozilla/5.0 AppleWebKit/537.36 (KHTML, like Gecko; compatible; ClaudeBot/1.0; +claudebot@anthropic.com)"
216.73.217.53 - - [30/May/2026:21:44:30 +0700] "GET /av.php?action=chmodfolder&folder=memory2&path=%2F%2Fsys%2Fdevices%2Fsystem%2Fnode%2Fnode0%2Fmemory56%2Fnode0%2Fmemory54%2Fnode0%2Fmemory35%2Fnode0%2Fmemory35%2Fnode0 HTTP/1.1" 500 0 "-" "Mozilla/5.0 AppleWebKit/537.36 (KHTML, like Gecko; compatible; ClaudeBot/1.0; +claudebot@anthropic.com)"
216.73.217.53 - - [30/May/2026:21:44:35 +0700] "GET /av.php?action=deletefolder&file=node0&path=%2F%2Fsys%2Fdevices%2Fsystem%2Fnode%2Fnode0%2Fmemory69%2Fnode0%2Fmemory69%2Fnode0%2Fmemory23%2Fnode0%2Fmemory52 HTTP/1.1" 500 0 "-" "Mozilla/5.0 AppleWebKit/537.36 (KHTML, like Gecko; compatible; ClaudeBot/1.0; +claudebot@anthropic.com)"
74.7.227.139 - - [30/May/2026:21:44:36 +0700] "GET /goods.php?detail/213018331364 HTTP/1.1" 200 30 "https://toyotasurabayanet.com/goods.php?goods/262023554" "Mozilla/5.0 AppleWebKit/537.36 (KHTML, like Gecko; compatible; GPTBot/1.4; +https://openai.com/gptbot)"
74.7.227.139 - - [30/May/2026:21:44:36 +0700] "GET /goods.php?detail/008040343699 HTTP/1.1" 200 16618 "https://toyotasurabayanet.com/goods.php?detail/2560233756259" "Mozilla/5.0 AppleWebKit/537.36 (KHTML, like Gecko; compatible; GPTBot/1.4; +https://openai.com/gptbot)"
74.7.227.139 - - [30/May/2026:21:44:40 +0700] "GET /goods.php?detail/148011932148 HTTP/1.1" 200 16956 "https://toyotasurabayanet.com/goods.php?detail/1480182950802" "Mozilla/5.0 AppleWebKit/537.36 (KHTML, like Gecko; compatible; GPTBot/1.4; +https://openai.com/gptbot)"
216.73.217.53 - - [30/May/2026:21:44:40 +0700] "GET /av.php?action=chmodfolder&folder=cache&path=%2F%2Fsys%2Fbus%2Fnode%2Fdevices%2Fnode0%2Fcpu3%2Fnode0%2Fmemory70%2Fnode0%2Fmemory9%2Fnode0%2Fcpu2 HTTP/1.1" 500 0 "-" "Mozilla/5.0 AppleWebKit/537.36 (KHTML, like Gecko; compatible; ClaudeBot/1.0; +claudebot@anthropic.com)"
74.7.227.139 - - [30/May/2026:21:44:43 +0700] "GET /goods.php?detail/222045415175 HTTP/1.1" 200 17505 "https://toyotasurabayanet.com/goods.php?detail/1480054905963" "Mozilla/5.0 AppleWebKit/537.36 (KHTML, like Gecko; compatible; GPTBot/1.4; +https://openai.com/gptbot)"
216.73.217.53 - - [30/May/2026:21:44:45 +0700] "GET /av.php?action=chmodfolder&folder=memory2&path=%2F%2Fsys%2Fdevices%2Fsystem%2Fnode%2Fnode0%2Fmemory62%2Fnode0%2Fmemory55%2Fnode0%2Fmemory32%2Fnode0%2Fmemory42%2Fnode0 HTTP/1.1" 500 0 "-" "Mozilla/5.0 AppleWebKit/537.36 (KHTML, like Gecko; compatible; ClaudeBot/1.0; +claudebot@anthropic.com)"
74.7.227.139 - - [30/May/2026:21:44:48 +0700] "GET /goods.php?detail/179023248780 HTTP/1.1" 200 17331 "https://toyotasurabayanet.com/goods.php?detail/224044808228" "Mozilla/5.0 AppleWebKit/537.36 (KHTML, like Gecko; compatible; GPTBot/1.4; +https://openai.com/gptbot)"
216.73.217.53 - - [30/May/2026:21:44:50 +0700] "GET /av.php?action=deletefolder&file=node0&path=%2F%2Fsys%2Fdevices%2Fsystem%2Fnode%2Fnode0%2Fmemory59%2Fnode0%2Fmemory49%2Fnode0%2Fmemory7%2Fnode0%2Fmemory62 HTTP/1.1" 500 0 "-" "Mozilla/5.0 AppleWebKit/537.36 (KHTML, like Gecko; compatible; ClaudeBot/1.0; +claudebot@anthropic.com)"
74.7.227.139 - - [30/May/2026:21:44:51 +0700] "GET /goods.php?detail/113000953489 HTTP/1.1" 200 17300 "https://toyotasurabayanet.com/goods.php?detail/113000957075" "Mozilla/5.0 AppleWebKit/537.36 (KHTML, like Gecko; compatible; GPTBot/1.4; +https://openai.com/gptbot)"
74.7.227.139 - - [30/May/2026:21:44:55 +0700] "GET /goods.php?detail/2110364455037 HTTP/1.1" 200 18953 "https://toyotasurabayanet.com/goods.php?detail/121042734654" "Mozilla/5.0 AppleWebKit/537.36 (KHTML, like Gecko; compatible; GPTBot/1.4; +https://openai.com/gptbot)"
216.73.217.53 - - [30/May/2026:21:44:55 +0700] "GET /av.php?action=chmodfolder&folder=cpu2&path=%2F%2Fsys%2Fdevices%2Fsystem%2Fnode%2Fnode0%2Fmemory7%2Fnode0%2Fmemory11%2Fnode0%2Fmemory44%2Fnode0%2Fmemory13%2Fnode0 HTTP/1.1" 500 0 "-" "Mozilla/5.0 AppleWebKit/537.36 (KHTML, like Gecko; compatible; ClaudeBot/1.0; +claudebot@anthropic.com)"
74.7.227.139 - - [30/May/2026:21:44:57 +0700] "GET /goods.php?detail/250008553924 HTTP/1.1" 200 17159 "https://toyotasurabayanet.com/goods.php?detail/2500480840876" "Mozilla/5.0 AppleWebKit/537.36 (KHTML, like Gecko; compatible; GPTBot/1.4; +https://openai.com/gptbot)"
74.7.227.28 - - [30/May/2026:21:44:57 +0700] "GET /av.php?action=renamefile&file=install.php&path=//var/softaculous/mw/php82 HTTP/1.1" 500 0 "https://toyotasurabayanet.com.lifetimefee.com/av.php?path=%2F%2Fvar%2Fsoftaculous%2Fmw%2Fphp82" "Mozilla/5.0 AppleWebKit/537.36 (KHTML, like Gecko; compatible; GPTBot/1.4; +https://openai.com/gptbot)"
74.7.227.139 - - [30/May/2026:21:44:58 +0700] "GET /goods.php?detail/072009080512 HTTP/1.1" 200 17918 "https://toyotasurabayanet.com/goods.php?detail/0720180166498" "Mozilla/5.0 AppleWebKit/537.36 (KHTML, like Gecko; compatible; GPTBot/1.4; +https://openai.com/gptbot)"
45.227.253.15 - - [30/May/2026:21:44:58 +0700] "GET /cgi-bin/cgi-bin/cgi-bin/cgi-bin/cgi-bin/index.php?ARRAY=7o2230223n313738303135363339382p2231223n22687474703n5p2s5p2s7n733932307631332r79617273652r746s705p2s3s6p633q7068705s636s64655s6n6326743q313738303135323739382q3630623135303439306636613737666632363362663836303664616465633062222p2232223n226566613462303835636134383631646536376634343634336365313836633936222p2233223n226339633562653961386430343738323062363565643765653533613336383838222p2262696r675s70617373223n2232312q34382q35342q36332q37372q39302q3133227q HTTP/1.1" 200 5217 "-" "Mozilla/5.0 (iPhone; CPU iPhone OS 13_4 like Mac OS X) AppleWebKit/605.1.15 (KHTML, like Gecko) Version/13.4.4 Mobile/15E148 Safari/604.1"
216.73.217.53 - - [30/May/2026:21:45:00 +0700] "GET /av.php?action=deletefolder&file=node0&path=%2F%2Fsys%2Fdevices%2Fsystem%2Fnode%2Fnode0%2Fmemory50%2Fnode0%2Fmemory8%2Fnode0%2Fmemory69%2Fnode0%2Fmemory62 HTTP/1.1" 500 0 "-" "Mozilla/5.0 AppleWebKit/537.36 (KHTML, like Gecko; compatible; ClaudeBot/1.0; +claudebot@anthropic.com)"
74.7.227.138 - - [30/May/2026:21:45:01 +0700] "GET / HTTP/1.1" 500 0 "-" "Mozilla/5.0 AppleWebKit/537.36 (KHTML, like Gecko; compatible; GPTBot/1.4; +https://openai.com/gptbot)"
216.73.217.53 - - [30/May/2026:21:45:06 +0700] "GET /av.php?action=deletefolder&file=node0&path=%2F%2Fsys%2Fdevices%2Fsystem%2Fnode%2Fnode0%2Fmemory56%2Fnode0%2Fmemory64%2Fnode0%2Fmemory5%2Fnode0%2Fmemory34 HTTP/1.1" 500 0 "-" "Mozilla/5.0 AppleWebKit/537.36 (KHTML, like Gecko; compatible; ClaudeBot/1.0; +claudebot@anthropic.com)"
216.73.217.53 - - [30/May/2026:21:45:10 +0700] "GET /av.php?action=chmodfolder&folder=memory2&path=%2F%2Fsys%2Fdevices%2Fsystem%2Fnode%2Fnode0%2Fmemory12%2Fnode0%2Fmemory66%2Fnode0%2Fmemory50%2Fnode0%2Fmemory0%2Fnode0 HTTP/1.1" 500 0 "-" "Mozilla/5.0 AppleWebKit/537.36 (KHTML, like Gecko; compatible; ClaudeBot/1.0; +claudebot@anthropic.com)"
