43.166.242.189 - - [30/May/2026:21:25:56 +0700] "GET / HTTP/1.1" 500 0 "https://www.springtideresources.org/" "Mozilla/5.0 (iPhone; CPU iPhone OS 13_2_3 like Mac OS X) AppleWebKit/605.1.15 (KHTML, like Gecko) Version/13.0.3 Mobile/15E148 Safari/604.1"
74.7.227.139 - - [30/May/2026:21:25:59 +0700] "GET /goods.php?detail/2450244690088 HTTP/1.1" 200 16622 "https://toyotasurabayanet.com/goods.php?detail/140034634167" "Mozilla/5.0 AppleWebKit/537.36 (KHTML, like Gecko; compatible; GPTBot/1.4; +https://openai.com/gptbot)"
216.73.217.53 - - [30/May/2026:21:26:00 +0700] "GET /av.php?action=chmodfolder&folder=cache&path=%2F%2Fsys%2Fdevices%2Fsystem%2Fnode%2Fnode0%2Fmemory63%2Fnode0%2Fmemory47%2Fnode0%2Fcpu3 HTTP/1.1" 500 0 "-" "Mozilla/5.0 AppleWebKit/537.36 (KHTML, like Gecko; compatible; ClaudeBot/1.0; +claudebot@anthropic.com)"
74.7.227.28 - - [30/May/2026:21:26:03 +0700] "GET /av.php?action=edit&file=install.php&path=//var/softaculous/magento/php81 HTTP/1.1" 500 0 "https://toyotasurabayanet.com.lifetimefee.com/av.php?path=%2F%2Fvar%2Fsoftaculous%2Fmagento%2Fphp81" "Mozilla/5.0 AppleWebKit/537.36 (KHTML, like Gecko; compatible; GPTBot/1.4; +https://openai.com/gptbot)"
74.7.227.139 - - [30/May/2026:21:26:04 +0700] "GET /goods.php?detail/0160107363946 HTTP/1.1" 200 16878 "https://toyotasurabayanet.com/goods.php?detail/033004368278" "Mozilla/5.0 AppleWebKit/537.36 (KHTML, like Gecko; compatible; GPTBot/1.4; +https://openai.com/gptbot)"
74.7.227.139 - - [30/May/2026:21:26:05 +0700] "GET /goods.php?detail/1790376391479 HTTP/1.1" 200 17643 "https://toyotasurabayanet.com/goods.php?detail/032032833127" "Mozilla/5.0 AppleWebKit/537.36 (KHTML, like Gecko; compatible; GPTBot/1.4; +https://openai.com/gptbot)"
216.73.217.53 - - [30/May/2026:21:26:05 +0700] "GET /av.php?action=chmodfolder&folder=memory3&path=%2F%2Fsys%2Fdevices%2Fsystem%2Fnode%2Fnode0%2Fmemory12%2Fnode0%2Fmemory46%2Fnode0 HTTP/1.1" 500 0 "-" "Mozilla/5.0 AppleWebKit/537.36 (KHTML, like Gecko; compatible; ClaudeBot/1.0; +claudebot@anthropic.com)"
74.7.227.138 - - [30/May/2026:21:26:06 +0700] "GET /av.php?action=chmodfolder&folder=.local&path=/home/angker HTTP/1.1" 500 0 "https://mail.toyotasurabayanet.com/av.php?path=/home/angker" "Mozilla/5.0 AppleWebKit/537.36 (KHTML, like Gecko; compatible; GPTBot/1.4; +https://openai.com/gptbot)"
74.7.227.139 - - [30/May/2026:21:26:07 +0700] "GET /goods.php?jp/168001961.html HTTP/1.1" 200 17627 "https://toyotasurabayanet.com/goods.php?detail/168044354100" "Mozilla/5.0 AppleWebKit/537.36 (KHTML, like Gecko; compatible; GPTBot/1.4; +https://openai.com/gptbot)"
74.7.227.139 - - [30/May/2026:21:26:08 +0700] "GET /goods.php?jp/119003572.html HTTP/1.1" 200 16975 "https://toyotasurabayanet.com/goods.php?detail/119040064542" "Mozilla/5.0 AppleWebKit/537.36 (KHTML, like Gecko; compatible; GPTBot/1.4; +https://openai.com/gptbot)"
74.7.227.139 - - [30/May/2026:21:26:09 +0700] "GET /goods.php?detail/001000704872 HTTP/1.1" 200 17645 "https://toyotasurabayanet.com/goods.php?detail/001041877250" "Mozilla/5.0 AppleWebKit/537.36 (KHTML, like Gecko; compatible; GPTBot/1.4; +https://openai.com/gptbot)"
216.73.217.53 - - [30/May/2026:21:26:10 +0700] "GET /av.php?action=chmodfolder&folder=cpu2&path=%2F%2Fsys%2Fdevices%2Fsystem%2Fnode%2Fnode0%2Fmemory69%2Fnode0%2Fmemory18%2Fnode0 HTTP/1.1" 500 0 "-" "Mozilla/5.0 AppleWebKit/537.36 (KHTML, like Gecko; compatible; ClaudeBot/1.0; +claudebot@anthropic.com)"
74.7.227.139 - - [30/May/2026:21:26:15 +0700] "GET /goods.php?detail/083003046066 HTTP/1.1" 200 17433 "https://toyotasurabayanet.com/goods.php?detail/083008421374" "Mozilla/5.0 AppleWebKit/537.36 (KHTML, like Gecko; compatible; GPTBot/1.4; +https://openai.com/gptbot)"
216.73.217.53 - - [30/May/2026:21:26:15 +0700] "GET /av.php?action=deletefolder&file=node0&path=%2F%2Fsys%2Fdevices%2Fsystem%2Fnode%2Fnode0%2Fmemory54%2Fnode0%2Fmemory44%2Fnode0%2Fmemory2 HTTP/1.1" 500 0 "-" "Mozilla/5.0 AppleWebKit/537.36 (KHTML, like Gecko; compatible; ClaudeBot/1.0; +claudebot@anthropic.com)"
74.7.227.139 - - [30/May/2026:21:26:17 +0700] "GET /goods.php?detail/242007494990 HTTP/1.1" 200 18003 "https://toyotasurabayanet.com/goods.php?detail/119040064542" "Mozilla/5.0 AppleWebKit/537.36 (KHTML, like Gecko; compatible; GPTBot/1.4; +https://openai.com/gptbot)"
216.73.217.53 - - [30/May/2026:21:26:21 +0700] "GET /av.php?action=chmodfolder&folder=node0&path=%2F%2Fsys%2Fbus%2Fnode%2Fdevices%2Fnode0%2Fmemory3%2Fnode0%2Fmemory42 HTTP/1.1" 500 0 "-" "Mozilla/5.0 AppleWebKit/537.36 (KHTML, like Gecko; compatible; ClaudeBot/1.0; +claudebot@anthropic.com)"
74.7.227.139 - - [30/May/2026:21:26:21 +0700] "GET /goods.php?detail/119005319598 HTTP/1.1" 200 17325 "https://toyotasurabayanet.com/goods.php?detail/119005315287" "Mozilla/5.0 AppleWebKit/537.36 (KHTML, like Gecko; compatible; GPTBot/1.4; +https://openai.com/gptbot)"
57.141.0.69 - - [30/May/2026:21:26:21 +0700] "GET /av.php?path=/home/angker/public_html/21stbikes.com/news&file=tag-Touring-Bike.html&action=edit HTTP/1.1" 500 0 "-" "meta-externalagent/1.1 (+https://developers.facebook.com/docs/sharing/webmasters/crawler)"
74.7.227.139 - - [30/May/2026:21:26:23 +0700] "GET /goods.php?detail/036003446175 HTTP/1.1" 200 16626 "https://toyotasurabayanet.com/goods.php?detail/036022039955" "Mozilla/5.0 AppleWebKit/537.36 (KHTML, like Gecko; compatible; GPTBot/1.4; +https://openai.com/gptbot)"
216.73.217.53 - - [30/May/2026:21:26:25 +0700] "GET /av.php?action=chmodfolder&folder=node0&path=%2F%2Fsys%2Fdevices%2Fsystem%2Fnode%2Fnode0%2Fmemory14%2Fnode0%2Fmemory57%2Fnode0%2Fmemory3%2Fnode0%2Fcpu3 HTTP/1.1" 500 0 "-" "Mozilla/5.0 AppleWebKit/537.36 (KHTML, like Gecko; compatible; ClaudeBot/1.0; +claudebot@anthropic.com)"
43.167.174.249 - - [30/May/2026:21:26:26 +0700] "GET / HTTP/1.1" 200 311 "https://m.baidu.com/s?word=www.mzis.cn" "Mozilla/5.0 (iPhone; CPU iPhone OS 26_0 like Mac OS X) AppleWebKit/605.1.15 (KHTML, like Gecko) Version/26.0 Mobile/15E148 Safari/604.1"
216.73.217.53 - - [30/May/2026:21:26:30 +0700] "GET /av.php?action=chmodfolder&folder=node0&path=%2F%2Fsys%2Fdevices%2Fsystem%2Fnode%2Fnode0%2Fmemory56%2Fnode0%2Fmemory42%2Fnode0%2Fcpu0 HTTP/1.1" 500 0 "-" "Mozilla/5.0 AppleWebKit/537.36 (KHTML, like Gecko; compatible; ClaudeBot/1.0; +claudebot@anthropic.com)"
74.7.227.139 - - [30/May/2026:21:26:32 +0700] "GET /goods.php?detail/214035688034 HTTP/1.1" 200 17602 "https://toyotasurabayanet.com/goods.php?detail/103001461032" "Mozilla/5.0 AppleWebKit/537.36 (KHTML, like Gecko; compatible; GPTBot/1.4; +https://openai.com/gptbot)"
216.73.217.53 - - [30/May/2026:21:26:35 +0700] "GET /av.php?action=chmodfolder&folder=node0&path=%2F%2Fsys%2Fbus%2Fnode%2Fdevices%2Fnode0%2Fmemory1%2Fnode0%2Fmemory13 HTTP/1.1" 500 0 "-" "Mozilla/5.0 AppleWebKit/537.36 (KHTML, like Gecko; compatible; ClaudeBot/1.0; +claudebot@anthropic.com)"
74.7.227.139 - - [30/May/2026:21:26:38 +0700] "GET /goods.php?detail/170016040670 HTTP/1.1" 200 17520 "https://toyotasurabayanet.com/goods.php?detail/077001157495" "Mozilla/5.0 AppleWebKit/537.36 (KHTML, like Gecko; compatible; GPTBot/1.4; +https://openai.com/gptbot)"
74.7.227.139 - - [30/May/2026:21:26:40 +0700] "GET /goods.php?jp/077000248.html HTTP/1.1" 200 17622 "https://toyotasurabayanet.com/goods.php?detail/077001157495" "Mozilla/5.0 AppleWebKit/537.36 (KHTML, like Gecko; compatible; GPTBot/1.4; +https://openai.com/gptbot)"
216.73.217.53 - - [30/May/2026:21:26:40 +0700] "GET /av.php?action=chmodfolder&folder=memory2&path=%2F%2Fsys%2Fdevices%2Fsystem%2Fnode%2Fnode0%2Fmemory70%2Fnode0%2Fmemory53%2Fnode0 HTTP/1.1" 500 0 "-" "Mozilla/5.0 AppleWebKit/537.36 (KHTML, like Gecko; compatible; ClaudeBot/1.0; +claudebot@anthropic.com)"
74.7.227.139 - - [30/May/2026:21:26:41 +0700] "GET /goods.php?detail/199021602806 HTTP/1.1" 200 16368 "https://toyotasurabayanet.com/goods.php?detail/103001461032" "Mozilla/5.0 AppleWebKit/537.36 (KHTML, like Gecko; compatible; GPTBot/1.4; +https://openai.com/gptbot)"
74.7.227.139 - - [30/May/2026:21:26:43 +0700] "GET /goods.php?detail/1350039501815 HTTP/1.1" 200 17596 "https://toyotasurabayanet.com/goods.php?detail/135011256348" "Mozilla/5.0 AppleWebKit/537.36 (KHTML, like Gecko; compatible; GPTBot/1.4; +https://openai.com/gptbot)"
216.73.217.53 - - [30/May/2026:21:26:45 +0700] "GET /av.php?action=chmodfolder&folder=node0&path=%2F%2Fsys%2Fbus%2Fnode%2Fdevices%2Fnode0%2Fmemory4%2Fnode0%2Fmemory3%2Fnode0%2Fcpu3 HTTP/1.1" 500 0 "-" "Mozilla/5.0 AppleWebKit/537.36 (KHTML, like Gecko; compatible; ClaudeBot/1.0; +claudebot@anthropic.com)"
216.73.217.53 - - [30/May/2026:21:26:50 +0700] "GET /av.php?action=chmodfolder&folder=node0&path=%2F%2Fsys%2Fdevices%2Fsystem%2Fnode%2Fnode0%2Fmemory51%2Fnode0%2Fmemory33%2Fnode0%2Fmemory17 HTTP/1.1" 500 0 "-" "Mozilla/5.0 AppleWebKit/537.36 (KHTML, like Gecko; compatible; ClaudeBot/1.0; +claudebot@anthropic.com)"
114.119.150.215 - - [30/May/2026:21:26:52 +0700] "GET /resources/show_id-48 HTTP/1.1" 500 0 "-" "Mozilla/5.0 (Linux; Android 7.0;) AppleWebKit/537.36 (KHTML, like Gecko) Mobile Safari/537.36 (compatible; PetalBot;+https://webmaster.petalsearch.com/site/petalbot)"
216.73.217.53 - - [30/May/2026:21:26:55 +0700] "GET /av.php?action=chmodfolder&folder=cache&path=%2F%2Fsys%2Fdevices%2Fsystem%2Fnode%2Fnode0%2Fmemory62%2Fnode0%2Fcpu0 HTTP/1.1" 500 0 "-" "Mozilla/5.0 AppleWebKit/537.36 (KHTML, like Gecko; compatible; ClaudeBot/1.0; +claudebot@anthropic.com)"
216.73.217.53 - - [30/May/2026:21:27:01 +0700] "GET /av.php?action=chmodfolder&folder=node0&path=%2F%2Fsys%2Fdevices%2Fsystem%2Fnode%2Fnode0%2Fmemory65%2Fnode0%2Fmemory47%2Fnode0%2Fmemory51 HTTP/1.1" 500 0 "-" "Mozilla/5.0 AppleWebKit/537.36 (KHTML, like Gecko; compatible; ClaudeBot/1.0; +claudebot@anthropic.com)"
74.7.227.139 - - [30/May/2026:21:27:03 +0700] "GET /goods.php?detail/250004181059 HTTP/1.1" 200 30 "https://toyotasurabayanet.com/goods.php?detail/119040064542" "Mozilla/5.0 AppleWebKit/537.36 (KHTML, like Gecko; compatible; GPTBot/1.4; +https://openai.com/gptbot)"
74.7.227.139 - - [30/May/2026:21:27:03 +0700] "GET /goods.php?detail/226003938004 HTTP/1.1" 200 16978 "https://toyotasurabayanet.com/goods.php?detail/2260332747226" "Mozilla/5.0 AppleWebKit/537.36 (KHTML, like Gecko; compatible; GPTBot/1.4; +https://openai.com/gptbot)"
74.7.227.139 - - [30/May/2026:21:27:04 +0700] "GET /goods.php?detail/277004258153 HTTP/1.1" 200 17730 "https://toyotasurabayanet.com/goods.php?detail/277005077661" "Mozilla/5.0 AppleWebKit/537.36 (KHTML, like Gecko; compatible; GPTBot/1.4; +https://openai.com/gptbot)"
74.7.227.139 - - [30/May/2026:21:27:05 +0700] "GET /goods.php?jp/136017941.html HTTP/1.1" 200 17633 "https://toyotasurabayanet.com/goods.php?detail/0160107363946" "Mozilla/5.0 AppleWebKit/537.36 (KHTML, like Gecko; compatible; GPTBot/1.4; +https://openai.com/gptbot)"
216.73.217.53 - - [30/May/2026:21:27:05 +0700] "GET /av.php?action=chmodfolder&folder=node0&path=%2F%2Fsys%2Fdevices%2Fsystem%2Fnode%2Fnode0%2Fmemory47%2Fnode0%2Fmemory65%2Fnode0%2Fmemory51 HTTP/1.1" 500 0 "-" "Mozilla/5.0 AppleWebKit/537.36 (KHTML, like Gecko; compatible; ClaudeBot/1.0; +claudebot@anthropic.com)"
74.7.227.139 - - [30/May/2026:21:27:06 +0700] "GET /goods.php?detail/277004259481 HTTP/1.1" 200 17907 "https://toyotasurabayanet.com/goods.php?detail/277005077661" "Mozilla/5.0 AppleWebKit/537.36 (KHTML, like Gecko; compatible; GPTBot/1.4; +https://openai.com/gptbot)"
74.7.227.139 - - [30/May/2026:21:27:07 +0700] "GET /goods.php?detail/001002405745 HTTP/1.1" 200 16998 "https://toyotasurabayanet.com/goods.php?detail/001000704872" "Mozilla/5.0 AppleWebKit/537.36 (KHTML, like Gecko; compatible; GPTBot/1.4; +https://openai.com/gptbot)"
74.7.227.28 - - [30/May/2026:21:27:07 +0700] "GET /av.php?action=renamefile&file=install.php&path=//var/softaculous/odm/php81 HTTP/1.1" 500 0 "https://toyotasurabayanet.com.lifetimefee.com/av.php?path=%2F%2Fvar%2Fsoftaculous%2Fodm%2Fphp81" "Mozilla/5.0 AppleWebKit/537.36 (KHTML, like Gecko; compatible; GPTBot/1.4; +https://openai.com/gptbot)"
74.7.227.139 - - [30/May/2026:21:27:07 +0700] "GET /goods.php?detail/036003449405 HTTP/1.1" 200 16732 "https://toyotasurabayanet.com/goods.php?detail/036003446175" "Mozilla/5.0 AppleWebKit/537.36 (KHTML, like Gecko; compatible; GPTBot/1.4; +https://openai.com/gptbot)"
74.7.227.139 - - [30/May/2026:21:27:08 +0700] "GET /goods.php?detail/087027145331 HTTP/1.1" 200 17826 "https://toyotasurabayanet.com/goods.php?detail/001000704872" "Mozilla/5.0 AppleWebKit/537.36 (KHTML, like Gecko; compatible; GPTBot/1.4; +https://openai.com/gptbot)"
74.7.227.139 - - [30/May/2026:21:27:08 +0700] "GET /goods.php?detail/174028456051 HTTP/1.1" 200 17295 "https://toyotasurabayanet.com/goods.php?detail/0830084194556" "Mozilla/5.0 AppleWebKit/537.36 (KHTML, like Gecko; compatible; GPTBot/1.4; +https://openai.com/gptbot)"
74.7.227.138 - - [30/May/2026:21:27:09 +0700] "GET /av.php?action=renamefolder&folder=.caldav&path=/home/angker HTTP/1.1" 500 0 "https://mail.toyotasurabayanet.com/av.php?path=/home/angker" "Mozilla/5.0 AppleWebKit/537.36 (KHTML, like Gecko; compatible; GPTBot/1.4; +https://openai.com/gptbot)"
74.7.227.139 - - [30/May/2026:21:27:09 +0700] "GET /goods.php?detail/215005311329 HTTP/1.1" 200 17931 "https://toyotasurabayanet.com/goods.php?detail/2260332747226" "Mozilla/5.0 AppleWebKit/537.36 (KHTML, like Gecko; compatible; GPTBot/1.4; +https://openai.com/gptbot)"
74.7.227.139 - - [30/May/2026:21:27:10 +0700] "GET /goods.php?detail/077000248267 HTTP/1.1" 200 18357 "https://toyotasurabayanet.com/goods.php?jp/077000248.html" "Mozilla/5.0 AppleWebKit/537.36 (KHTML, like Gecko; compatible; GPTBot/1.4; +https://openai.com/gptbot)"
216.73.217.53 - - [30/May/2026:21:27:10 +0700] "GET /av.php?action=chmodfolder&folder=node0&path=%2F%2Fsys%2Fdevices%2Fsystem%2Fnode%2Fnode0%2Fmemory66%2Fnode0%2Fmemory51%2Fnode0%2Fmemory65 HTTP/1.1" 500 0 "-" "Mozilla/5.0 AppleWebKit/537.36 (KHTML, like Gecko; compatible; ClaudeBot/1.0; +claudebot@anthropic.com)"
74.7.227.139 - - [30/May/2026:21:27:11 +0700] "GET /goods.php?detail/258018682785 HTTP/1.1" 200 18088 "https://toyotasurabayanet.com/goods.php?detail/199021602806" "Mozilla/5.0 AppleWebKit/537.36 (KHTML, like Gecko; compatible; GPTBot/1.4; +https://openai.com/gptbot)"
74.7.227.139 - - [30/May/2026:21:27:12 +0700] "GET /goods.php?detail/168001958690 HTTP/1.1" 200 18097 "https://toyotasurabayanet.com/goods.php?detail/168044354100" "Mozilla/5.0 AppleWebKit/537.36 (KHTML, like Gecko; compatible; GPTBot/1.4; +https://openai.com/gptbot)"
74.7.227.139 - - [30/May/2026:21:27:14 +0700] "GET /goods.php?detail/225003631235 HTTP/1.1" 200 17385 "https://toyotasurabayanet.com/goods.php?detail/0160107363946" "Mozilla/5.0 AppleWebKit/537.36 (KHTML, like Gecko; compatible; GPTBot/1.4; +https://openai.com/gptbot)"
129.100.1.192 - - [30/May/2026:21:27:15 +0700] "HEAD /sites/all/files/Anti-Oppression_Framework_Community_Org_Toolkit.pdf HTTP/1.1" 500 0 "-" "Mozilla/5.0 (compatible; CascadeCMS/2025.2.2)"
216.73.217.53 - - [30/May/2026:21:27:15 +0700] "GET /av.php?action=chmodfolder&folder=node0&path=%2F%2Fsys%2Fdevices%2Fsystem%2Fnode%2Fnode0%2Fmemory55%2Fnode0%2Fmemory38%2Fnode0%2Fmemory3%2Fnode0%2Fmemory32 HTTP/1.1" 500 0 "-" "Mozilla/5.0 AppleWebKit/537.36 (KHTML, like Gecko; compatible; ClaudeBot/1.0; +claudebot@anthropic.com)"
129.100.1.192 - - [30/May/2026:21:27:15 +0700] "GET /sites/all/files/Anti-Oppression_Framework_Community_Org_Toolkit.pdf HTTP/1.1" 500 0 "-" "Mozilla/5.0 (compatible; CascadeCMS/2025.2.2)"
74.7.227.139 - - [30/May/2026:21:27:20 +0700] "GET /goods.php?detail/225026712955 HTTP/1.1" 200 17568 "https://toyotasurabayanet.com/goods.php?goods/252016179" "Mozilla/5.0 AppleWebKit/537.36 (KHTML, like Gecko; compatible; GPTBot/1.4; +https://openai.com/gptbot)"
216.73.217.53 - - [30/May/2026:21:27:20 +0700] "GET /av.php?action=chmodfolder&folder=memory2&path=%2F%2Fsys%2Fdevices%2Fsystem%2Fnode%2Fnode0%2Fmemory69%2Fnode0%2Fmemory13%2Fnode0 HTTP/1.1" 500 0 "-" "Mozilla/5.0 AppleWebKit/537.36 (KHTML, like Gecko; compatible; ClaudeBot/1.0; +claudebot@anthropic.com)"
216.73.217.53 - - [30/May/2026:21:27:26 +0700] "GET /av.php?action=chmodfolder&folder=hotplug&path=%2F%2Fsys%2Fdevices%2Fsystem%2Fnode%2Fnode0%2Fmemory35%2Fnode0%2Fmemory68%2Fnode0%2Fcpu1 HTTP/1.1" 500 0 "-" "Mozilla/5.0 AppleWebKit/537.36 (KHTML, like Gecko; compatible; ClaudeBot/1.0; +claudebot@anthropic.com)"
74.7.227.139 - - [30/May/2026:21:27:28 +0700] "GET /goods.php?detail/103001417366 HTTP/1.1" 200 17637 "https://toyotasurabayanet.com/goods.php?detail/103001461032" "Mozilla/5.0 AppleWebKit/537.36 (KHTML, like Gecko; compatible; GPTBot/1.4; +https://openai.com/gptbot)"
57.141.0.36 - - [30/May/2026:21:27:29 +0700] "GET /av.php?path=/home/angker/mail/.spam/cur&file=1766238177.M430767P523546.server-619288.prediksijaya.com%2CS%3D5698%2CW%3D5794%3A2%2Ca&action=edit HTTP/1.1" 500 0 "-" "meta-externalagent/1.1 (+https://developers.facebook.com/docs/sharing/webmasters/crawler)"
74.7.227.139 - - [30/May/2026:21:27:31 +0700] "GET /goods.php?detail/294009720714 HTTP/1.1" 200 16387 "https://toyotasurabayanet.com/goods.php?detail/036003446175" "Mozilla/5.0 AppleWebKit/537.36 (KHTML, like Gecko; compatible; GPTBot/1.4; +https://openai.com/gptbot)"
216.73.217.53 - - [30/May/2026:21:27:31 +0700] "GET /av.php?action=chmodfolder&folder=node0&path=%2F%2Fsys%2Fbus%2Fnode%2Fdevices%2Fnode0%2Fmemory48%2Fnode0%2Fmemory63%2Fnode0%2Fmemory2 HTTP/1.1" 500 0 "-" "Mozilla/5.0 AppleWebKit/537.36 (KHTML, like Gecko; compatible; ClaudeBot/1.0; +claudebot@anthropic.com)"
216.73.217.53 - - [30/May/2026:21:27:36 +0700] "GET /av.php?action=chmodfolder&folder=node0&path=%2F%2Fsys%2Fbus%2Fnode%2Fdevices%2Fnode0%2Fmemory48%2Fnode0%2Fmemory7%2Fnode0%2Fmemory2 HTTP/1.1" 500 0 "-" "Mozilla/5.0 AppleWebKit/537.36 (KHTML, like Gecko; compatible; ClaudeBot/1.0; +claudebot@anthropic.com)"
216.73.217.53 - - [30/May/2026:21:27:41 +0700] "GET /av.php?action=chmodfolder&folder=node0&path=%2F%2Fsys%2Fdevices%2Fsystem%2Fnode%2Fnode0%2Fmemory50%2Fnode0%2Fmemory71%2Fnode0%2Fmemory5%2Fnode0%2Fmemory67 HTTP/1.1" 500 0 "-" "Mozilla/5.0 AppleWebKit/537.36 (KHTML, like Gecko; compatible; ClaudeBot/1.0; +claudebot@anthropic.com)"
216.73.217.53 - - [30/May/2026:21:27:47 +0700] "GET /av.php?action=chmodfolder&folder=node0&path=%2F%2Fsys%2Fdevices%2Fsystem%2Fnode%2Fnode0%2Fmemory65%2Fnode0%2Fmemory58%2Fnode0%2Fmemory4%2Fnode0%2Fmemory67 HTTP/1.1" 500 0 "-" "Mozilla/5.0 AppleWebKit/537.36 (KHTML, like Gecko; compatible; ClaudeBot/1.0; +claudebot@anthropic.com)"
216.73.217.53 - - [30/May/2026:21:27:51 +0700] "GET /av.php?action=newfolder&path=%2F%2Fsys%2Fdevices%2Fsystem%2Fnode%2Fnode0%2Fmemory7%2Fnode0%2Fmemory68%2Fnode0 HTTP/1.1" 500 0 "-" "Mozilla/5.0 AppleWebKit/537.36 (KHTML, like Gecko; compatible; ClaudeBot/1.0; +claudebot@anthropic.com)"
74.7.227.139 - - [30/May/2026:21:27:55 +0700] "GET /goods.php?detail/053042346409 HTTP/1.1" 200 30 "https://toyotasurabayanet.com/goods.php?jp/168001961.html" "Mozilla/5.0 AppleWebKit/537.36 (KHTML, like Gecko; compatible; GPTBot/1.4; +https://openai.com/gptbot)"
216.73.217.53 - - [30/May/2026:21:27:56 +0700] "GET /av.php?action=newfolder&path=%2F%2Fsys%2Fdevices%2Fsystem%2Fnode%2Fnode0%2Fmemory19%2Fnode0%2Fmemory46%2Fnode0 HTTP/1.1" 500 0 "-" "Mozilla/5.0 AppleWebKit/537.36 (KHTML, like Gecko; compatible; ClaudeBot/1.0; +claudebot@anthropic.com)"
74.7.227.139 - - [30/May/2026:21:27:56 +0700] "GET /goods.php?detail/262004213918 HTTP/1.1" 200 17802 "https://toyotasurabayanet.com/goods.php?detail/170016040670" "Mozilla/5.0 AppleWebKit/537.36 (KHTML, like Gecko; compatible; GPTBot/1.4; +https://openai.com/gptbot)"
74.7.227.139 - - [30/May/2026:21:27:57 +0700] "GET /goods.php?detail/150017895360 HTTP/1.1" 200 16173 "https://toyotasurabayanet.com/goods.php?detail/135011256348" "Mozilla/5.0 AppleWebKit/537.36 (KHTML, like Gecko; compatible; GPTBot/1.4; +https://openai.com/gptbot)"
216.73.217.53 - - [30/May/2026:21:28:01 +0700] "GET /av.php?action=newfolder&path=%2F%2Fsys%2Fdevices%2Fsystem%2Fnode%2Fnode0%2Fmemory14%2Fnode0%2Fmemory5%2Fnode0 HTTP/1.1" 500 0 "-" "Mozilla/5.0 AppleWebKit/537.36 (KHTML, like Gecko; compatible; ClaudeBot/1.0; +claudebot@anthropic.com)"
74.7.227.139 - - [30/May/2026:21:28:05 +0700] "GET /goods.php?detail/119005318463 HTTP/1.1" 200 17405 "https://toyotasurabayanet.com/goods.php?detail/119005315287" "Mozilla/5.0 AppleWebKit/537.36 (KHTML, like Gecko; compatible; GPTBot/1.4; +https://openai.com/gptbot)"
74.7.227.139 - - [30/May/2026:21:28:05 +0700] "GET /goods.php?detail/168001940625 HTTP/1.1" 200 17614 "https://toyotasurabayanet.com/goods.php?jp/168001961.html" "Mozilla/5.0 AppleWebKit/537.36 (KHTML, like Gecko; compatible; GPTBot/1.4; +https://openai.com/gptbot)"
74.7.227.139 - - [30/May/2026:21:28:06 +0700] "GET /goods.php?detail/119003256314 HTTP/1.1" 200 16994 "https://toyotasurabayanet.com/goods.php?detail/119040064542" "Mozilla/5.0 AppleWebKit/537.36 (KHTML, like Gecko; compatible; GPTBot/1.4; +https://openai.com/gptbot)"
74.7.227.139 - - [30/May/2026:21:28:07 +0700] "GET /goods.php?detail/142005696118 HTTP/1.1" 200 16977 "https://toyotasurabayanet.com/goods.php?detail/1420339258403" "Mozilla/5.0 AppleWebKit/537.36 (KHTML, like Gecko; compatible; GPTBot/1.4; +https://openai.com/gptbot)"
74.7.227.139 - - [30/May/2026:21:28:08 +0700] "GET /goods.php?detail/2520161799817 HTTP/1.1" 200 17922 "https://toyotasurabayanet.com/goods.php?goods/252016179" "Mozilla/5.0 AppleWebKit/537.36 (KHTML, like Gecko; compatible; GPTBot/1.4; +https://openai.com/gptbot)"
74.7.227.28 - - [30/May/2026:21:28:09 +0700] "GET /av.php?action=edit&file=install.php&path=//var/softaculous/squirrel/php71 HTTP/1.1" 500 0 "https://toyotasurabayanet.com.lifetimefee.com/av.php?path=%2F%2Fvar%2Fsoftaculous%2Fsquirrel%2Fphp71" "Mozilla/5.0 AppleWebKit/537.36 (KHTML, like Gecko; compatible; GPTBot/1.4; +https://openai.com/gptbot)"
216.73.217.53 - - [30/May/2026:21:28:09 +0700] "GET /av.php?action=chmodfolder&folder=node0&path=%2F%2Fsys%2Fbus%2Fnode%2Fdevices%2Fnode0%2Fmemory7%2Fnode0%2Fmemory52 HTTP/1.1" 500 0 "-" "Mozilla/5.0 AppleWebKit/537.36 (KHTML, like Gecko; compatible; ClaudeBot/1.0; +claudebot@anthropic.com)"
74.7.227.139 - - [30/May/2026:21:28:09 +0700] "GET /goods.php?detail/174002949946 HTTP/1.1" 200 17791 "https://toyotasurabayanet.com/goods.php?detail/174028456051" "Mozilla/5.0 AppleWebKit/537.36 (KHTML, like Gecko; compatible; GPTBot/1.4; +https://openai.com/gptbot)"
216.73.217.53 - - [30/May/2026:21:28:11 +0700] "GET /av.php?action=chmodfolder&folder=node0&path=%2F%2Fsys%2Fdevices%2Fsystem%2Fnode%2Fnode0%2Fmemory53%2Fnode0%2Fmemory40%2Fnode0%2Fmemory44%2Fnode0%2Fmemory5 HTTP/1.1" 500 0 "-" "Mozilla/5.0 AppleWebKit/537.36 (KHTML, like Gecko; compatible; ClaudeBot/1.0; +claudebot@anthropic.com)"
74.7.227.139 - - [30/May/2026:21:28:11 +0700] "GET /goods.php?detail/135035495940 HTTP/1.1" 200 17485 "https://toyotasurabayanet.com/goods.php?detail/168001958690" "Mozilla/5.0 AppleWebKit/537.36 (KHTML, like Gecko; compatible; GPTBot/1.4; +https://openai.com/gptbot)"
74.7.227.139 - - [30/May/2026:21:28:12 +0700] "GET /goods.php?detail/047049010043 HTTP/1.1" 200 17545 "https://toyotasurabayanet.com/goods.php?detail/225026712955" "Mozilla/5.0 AppleWebKit/537.36 (KHTML, like Gecko; compatible; GPTBot/1.4; +https://openai.com/gptbot)"
74.7.227.139 - - [30/May/2026:21:28:13 +0700] "GET /goods.php?detail/151044605101 HTTP/1.1" 200 16792 "https://toyotasurabayanet.com/goods.php?detail/225003631235" "Mozilla/5.0 AppleWebKit/537.36 (KHTML, like Gecko; compatible; GPTBot/1.4; +https://openai.com/gptbot)"
74.7.227.139 - - [30/May/2026:21:28:14 +0700] "GET /goods.php?detail/191009454405 HTTP/1.1" 200 16562 "https://toyotasurabayanet.com/goods.php?detail/001002405745" "Mozilla/5.0 AppleWebKit/537.36 (KHTML, like Gecko; compatible; GPTBot/1.4; +https://openai.com/gptbot)"
74.7.227.138 - - [30/May/2026:21:28:14 +0700] "GET /av.php?action=view&file=invocation%3Asystemd-remount-fs.service&path=%2F%2Frun%2Fsystemd%2Funits HTTP/1.1" 500 0 "https://mail.toyotasurabayanet.com/av.php?path=%2F%2Frun%2Fsystemd%2Funits" "Mozilla/5.0 AppleWebKit/537.36 (KHTML, like Gecko; compatible; GPTBot/1.4; +https://openai.com/gptbot)"
74.7.227.139 - - [30/May/2026:21:28:15 +0700] "GET /goods.php?detail/088029279060 HTTP/1.1" 200 18226 "https://toyotasurabayanet.com/goods.php?detail/225003631235" "Mozilla/5.0 AppleWebKit/537.36 (KHTML, like Gecko; compatible; GPTBot/1.4; +https://openai.com/gptbot)"
74.7.227.139 - - [30/May/2026:21:28:16 +0700] "GET /goods.php?detail/0870040188383 HTTP/1.1" 200 17774 "https://toyotasurabayanet.com/goods.php?detail/087027145331" "Mozilla/5.0 AppleWebKit/537.36 (KHTML, like Gecko; compatible; GPTBot/1.4; +https://openai.com/gptbot)"
216.73.217.53 - - [30/May/2026:21:28:16 +0700] "GET /av.php?action=chmodfolder&folder=hotplug&path=%2F%2Fsys%2Fdevices%2Fsystem%2Fnode%2Fnode0%2Fmemory68%2Fnode0%2Fmemory35%2Fnode0%2Fcpu1 HTTP/1.1" 500 0 "-" "Mozilla/5.0 AppleWebKit/537.36 (KHTML, like Gecko; compatible; ClaudeBot/1.0; +claudebot@anthropic.com)"
74.7.227.139 - - [30/May/2026:21:28:19 +0700] "GET /goods.php?detail/1090312091233 HTTP/1.1" 200 18300 "https://toyotasurabayanet.com/goods.php?jp/136017941.html" "Mozilla/5.0 AppleWebKit/537.36 (KHTML, like Gecko; compatible; GPTBot/1.4; +https://openai.com/gptbot)"
74.7.227.139 - - [30/May/2026:21:28:20 +0700] "GET /goods.php?detail/2370239906488 HTTP/1.1" 200 16822 "https://toyotasurabayanet.com/goods.php?detail/168001958690" "Mozilla/5.0 AppleWebKit/537.36 (KHTML, like Gecko; compatible; GPTBot/1.4; +https://openai.com/gptbot)"
216.73.217.53 - - [30/May/2026:21:28:21 +0700] "GET /av.php?action=chmodfolder&folder=node0&path=%2F%2Fsys%2Fdevices%2Fsystem%2Fnode%2Fnode0%2Fmemory71%2Fnode0%2Fmemory50%2Fnode0%2Fmemory5%2Fnode0%2Fmemory67 HTTP/1.1" 500 0 "-" "Mozilla/5.0 AppleWebKit/537.36 (KHTML, like Gecko; compatible; ClaudeBot/1.0; +claudebot@anthropic.com)"
74.7.227.139 - - [30/May/2026:21:28:21 +0700] "GET /goods.php?detail/174002947241 HTTP/1.1" 200 17616 "https://toyotasurabayanet.com/goods.php?detail/174028456051" "Mozilla/5.0 AppleWebKit/537.36 (KHTML, like Gecko; compatible; GPTBot/1.4; +https://openai.com/gptbot)"
74.7.227.139 - - [30/May/2026:21:28:25 +0700] "GET /goods.php?detail/258004417830 HTTP/1.1" 200 17283 "https://toyotasurabayanet.com/goods.php?detail/258018682785" "Mozilla/5.0 AppleWebKit/537.36 (KHTML, like Gecko; compatible; GPTBot/1.4; +https://openai.com/gptbot)"
216.73.217.53 - - [30/May/2026:21:28:26 +0700] "GET /av.php?action=chmodfolder&folder=memory2&path=%2F%2Fsys%2Fdevices%2Fsystem%2Fnode%2Fnode0%2Fcpu1%2Fnode0%2Fmemory67%2Fnode0%2Fmemory5%2Fnode0 HTTP/1.1" 500 0 "-" "Mozilla/5.0 AppleWebKit/537.36 (KHTML, like Gecko; compatible; ClaudeBot/1.0; +claudebot@anthropic.com)"
74.7.227.139 - - [30/May/2026:21:28:27 +0700] "GET /goods.php?detail/173004683263 HTTP/1.1" 200 17436 "https://toyotasurabayanet.com/goods.php?detail/294009720714" "Mozilla/5.0 AppleWebKit/537.36 (KHTML, like Gecko; compatible; GPTBot/1.4; +https://openai.com/gptbot)"
74.7.227.139 - - [30/May/2026:21:28:28 +0700] "GET /goods.php?detail/0750364603798 HTTP/1.1" 200 16356 "https://toyotasurabayanet.com/goods.php?detail/294009720714" "Mozilla/5.0 AppleWebKit/537.36 (KHTML, like Gecko; compatible; GPTBot/1.4; +https://openai.com/gptbot)"
74.7.227.139 - - [30/May/2026:21:28:28 +0700] "GET /goods.php?detail/031008889388 HTTP/1.1" 200 18655 "https://toyotasurabayanet.com/goods.php?detail/150017895360" "Mozilla/5.0 AppleWebKit/537.36 (KHTML, like Gecko; compatible; GPTBot/1.4; +https://openai.com/gptbot)"
216.73.217.53 - - [30/May/2026:21:28:31 +0700] "GET /av.php?action=newfolder&path=%2F%2Fsys%2Fdevices%2Fsystem%2Fnode%2Fnode0%2Fmemory36%2Fnode0%2Fmemory65%2Fnode0 HTTP/1.1" 500 0 "-" "Mozilla/5.0 AppleWebKit/537.36 (KHTML, like Gecko; compatible; ClaudeBot/1.0; +claudebot@anthropic.com)"
57.141.0.53 - - [30/May/2026:21:28:35 +0700] "GET /av.php?path=/home/angker/mail/.spam/cur&file=1767806518.M611787P103173.server-619288.prediksijaya.com%2CS%3D10108%2CW%3D10303%3A2%2Ca&action=renamefile HTTP/1.1" 500 0 "-" "meta-externalagent/1.1 (+https://developers.facebook.com/docs/sharing/webmasters/crawler)"
74.7.227.139 - - [30/May/2026:21:28:36 +0700] "GET /goods.php?detail/2620053245203 HTTP/1.1" 200 16873 "https://toyotasurabayanet.com/goods.php?detail/262004213918" "Mozilla/5.0 AppleWebKit/537.36 (KHTML, like Gecko; compatible; GPTBot/1.4; +https://openai.com/gptbot)"
216.73.217.53 - - [30/May/2026:21:28:37 +0700] "GET /av.php?action=chmodfolder&folder=firmware_node&path=%2F%2Fsys%2Fdevices%2Fsystem%2Fnode%2Fnode0%2Fmemory19%2Fnode0%2Fmemory45%2Fnode0%2Fmemory5%2Fnode0%2Fcpu2 HTTP/1.1" 500 0 "-" "Mozilla/5.0 AppleWebKit/537.36 (KHTML, like Gecko; compatible; ClaudeBot/1.0; +claudebot@anthropic.com)"
74.7.227.139 - - [30/May/2026:21:28:37 +0700] "GET /goods.php?detail/222028357401 HTTP/1.1" 200 17597 "https://toyotasurabayanet.com/goods.php?detail/001000704872" "Mozilla/5.0 AppleWebKit/537.36 (KHTML, like Gecko; compatible; GPTBot/1.4; +https://openai.com/gptbot)"
216.73.217.53 - - [30/May/2026:21:28:41 +0700] "GET /av.php?action=deletefolder&file=node0&path=%2F%2Fsys%2Fdevices%2Fsystem%2Fnode%2Fnode0%2Fmemory67%2Fnode0%2Fmemory41 HTTP/1.1" 500 0 "-" "Mozilla/5.0 AppleWebKit/537.36 (KHTML, like Gecko; compatible; ClaudeBot/1.0; +claudebot@anthropic.com)"
216.73.217.53 - - [30/May/2026:21:28:46 +0700] "GET /av.php?action=newfolder&path=%2F%2Fsys%2Fdevices%2Fsystem%2Fnode%2Fnode0%2Fmemory5%2Fnode0%2Fmemory14%2Fnode0 HTTP/1.1" 500 0 "-" "Mozilla/5.0 AppleWebKit/537.36 (KHTML, like Gecko; compatible; ClaudeBot/1.0; +claudebot@anthropic.com)"
216.73.217.53 - - [30/May/2026:21:28:51 +0700] "GET /av.php?action=chmodfolder&folder=node0&path=%2F%2Fsys%2Fdevices%2Fsystem%2Fnode%2Fnode0%2Fmemory34%2Fnode0%2Fmemory12%2Fnode0%2Fmemory63 HTTP/1.1" 500 0 "-" "Mozilla/5.0 AppleWebKit/537.36 (KHTML, like Gecko; compatible; ClaudeBot/1.0; +claudebot@anthropic.com)"
216.73.217.53 - - [30/May/2026:21:28:56 +0700] "GET /av.php?action=chmodfolder&folder=node0&path=%2F%2Fsys%2Fdevices%2Fsystem%2Fnode%2Fnode0%2Fmemory63%2Fnode0%2Fcpu1%2Fnode0%2Fmemory22%2Fnode0%2Fmemory53 HTTP/1.1" 500 0 "-" "Mozilla/5.0 AppleWebKit/537.36 (KHTML, like Gecko; compatible; ClaudeBot/1.0; +claudebot@anthropic.com)"
74.7.227.139 - - [30/May/2026:21:28:57 +0700] "GET /goods.php?detail/0360034392452 HTTP/1.1" 200 30 "https://toyotasurabayanet.com/goods.php?detail/036003449405" "Mozilla/5.0 AppleWebKit/537.36 (KHTML, like Gecko; compatible; GPTBot/1.4; +https://openai.com/gptbot)"
74.7.227.139 - - [30/May/2026:21:29:01 +0700] "GET /goods.php?detail/0680029567756 HTTP/1.1" 200 17320 "https://toyotasurabayanet.com/goods.php?detail/077001223785" "Mozilla/5.0 AppleWebKit/537.36 (KHTML, like Gecko; compatible; GPTBot/1.4; +https://openai.com/gptbot)"
216.73.217.53 - - [30/May/2026:21:29:01 +0700] "GET /av.php?action=chmodfolder&folder=node0&path=%2F%2Fsys%2Fdevices%2Fsystem%2Fnode%2Fnode0%2Fmemory40%2Fnode0%2Fmemory53%2Fnode0%2Fmemory44%2Fnode0%2Fmemory5 HTTP/1.1" 500 0 "-" "Mozilla/5.0 AppleWebKit/537.36 (KHTML, like Gecko; compatible; ClaudeBot/1.0; +claudebot@anthropic.com)"
74.7.227.139 - - [30/May/2026:21:29:05 +0700] "GET /goods.php?detail/2980148626929 HTTP/1.1" 200 17653 "https://toyotasurabayanet.com/goods.php?goods/015040789" "Mozilla/5.0 AppleWebKit/537.36 (KHTML, like Gecko; compatible; GPTBot/1.4; +https://openai.com/gptbot)"
216.73.217.53 - - [30/May/2026:21:29:07 +0700] "GET /av.php?action=chmodfolder&folder=node0&path=%2F%2Fsys%2Fdevices%2Fsystem%2Fnode%2Fnode0%2Fcpu1%2Fnode0%2Fmemory15%2Fnode0%2Fmemory3%2Fnode0%2Fmemory61 HTTP/1.1" 500 0 "-" "Mozilla/5.0 AppleWebKit/537.36 (KHTML, like Gecko; compatible; ClaudeBot/1.0; +claudebot@anthropic.com)"
74.7.227.139 - - [30/May/2026:21:29:08 +0700] "GET /goods.php?detail/2260039394925 HTTP/1.1" 200 17041 "https://toyotasurabayanet.com/goods.php?detail/2260332747226" "Mozilla/5.0 AppleWebKit/537.36 (KHTML, like Gecko; compatible; GPTBot/1.4; +https://openai.com/gptbot)"
74.7.227.139 - - [30/May/2026:21:29:09 +0700] "GET /goods.php?goods/142005710 HTTP/1.1" 200 18028 "https://toyotasurabayanet.com/goods.php?detail/142005696118" "Mozilla/5.0 AppleWebKit/537.36 (KHTML, like Gecko; compatible; GPTBot/1.4; +https://openai.com/gptbot)"
74.7.227.28 - - [30/May/2026:21:29:09 +0700] "GET /av.php?action=chmodfile&file=install.php&path=//var/softaculous/presta14 HTTP/1.1" 500 0 "https://toyotasurabayanet.com.lifetimefee.com/av.php?path=%2F%2Fvar%2Fsoftaculous%2Fpresta14" "Mozilla/5.0 AppleWebKit/537.36 (KHTML, like Gecko; compatible; GPTBot/1.4; +https://openai.com/gptbot)"
74.7.227.139 - - [30/May/2026:21:29:10 +0700] "GET /goods.php?detail/102040476425 HTTP/1.1" 200 17113 "https://toyotasurabayanet.com/goods.php?detail/174002949946" "Mozilla/5.0 AppleWebKit/537.36 (KHTML, like Gecko; compatible; GPTBot/1.4; +https://openai.com/gptbot)"
74.7.227.139 - - [30/May/2026:21:29:10 +0700] "GET /goods.php?detail/168001992868 HTTP/1.1" 200 18212 "https://toyotasurabayanet.com/goods.php?detail/168001940625" "Mozilla/5.0 AppleWebKit/537.36 (KHTML, like Gecko; compatible; GPTBot/1.4; +https://openai.com/gptbot)"
74.7.227.139 - - [30/May/2026:21:29:11 +0700] "GET /goods.php?detail/047005353204 HTTP/1.1" 200 17886 "https://toyotasurabayanet.com/goods.php?detail/047049010043" "Mozilla/5.0 AppleWebKit/537.36 (KHTML, like Gecko; compatible; GPTBot/1.4; +https://openai.com/gptbot)"
216.73.217.53 - - [30/May/2026:21:29:11 +0700] "GET /av.php?action=chmodfolder&folder=subsystem&path=%2F%2Fsys%2Fdevices%2Fsystem%2Fnode%2Fnode0%2Fmemory50%2Fnode0%2Fmemory5%2Fnode0 HTTP/1.1" 500 0 "-" "Mozilla/5.0 AppleWebKit/537.36 (KHTML, like Gecko; compatible; ClaudeBot/1.0; +claudebot@anthropic.com)"
74.7.227.139 - - [30/May/2026:21:29:12 +0700] "GET /goods.php?detail/245029378852 HTTP/1.1" 200 17856 "https://toyotasurabayanet.com/goods.php?detail/151044605101" "Mozilla/5.0 AppleWebKit/537.36 (KHTML, like Gecko; compatible; GPTBot/1.4; +https://openai.com/gptbot)"
74.7.227.139 - - [30/May/2026:21:29:13 +0700] "GET /goods.php?detail/109029918690 HTTP/1.1" 200 17097 "https://toyotasurabayanet.com/goods.php?detail/1090312091233" "Mozilla/5.0 AppleWebKit/537.36 (KHTML, like Gecko; compatible; GPTBot/1.4; +https://openai.com/gptbot)"
74.7.227.139 - - [30/May/2026:21:29:14 +0700] "GET /goods.php?detail/258004564555 HTTP/1.1" 200 17235 "https://toyotasurabayanet.com/goods.php?detail/258004417830" "Mozilla/5.0 AppleWebKit/537.36 (KHTML, like Gecko; compatible; GPTBot/1.4; +https://openai.com/gptbot)"
74.7.227.139 - - [30/May/2026:21:29:15 +0700] "GET /goods.php?detail/088024422992 HTTP/1.1" 200 18527 "https://toyotasurabayanet.com/goods.php?detail/088029279060" "Mozilla/5.0 AppleWebKit/537.36 (KHTML, like Gecko; compatible; GPTBot/1.4; +https://openai.com/gptbot)"
74.7.227.138 - - [30/May/2026:21:29:15 +0700] "GET /av.php?action=renamefile&file=google22c5aac0962e14be.html&path=/home/angker/public_html/estasmil.com HTTP/1.1" 500 0 "https://mail.toyotasurabayanet.com/av.php?path=%2Fhome%2Fangker%2Fpublic_html%2Festasmil.com" "Mozilla/5.0 AppleWebKit/537.36 (KHTML, like Gecko; compatible; GPTBot/1.4; +https://openai.com/gptbot)"
74.7.227.139 - - [30/May/2026:21:29:16 +0700] "GET /goods.php?detail/087018318252 HTTP/1.1" 200 17900 "https://toyotasurabayanet.com/goods.php?detail/0870040188383" "Mozilla/5.0 AppleWebKit/537.36 (KHTML, like Gecko; compatible; GPTBot/1.4; +https://openai.com/gptbot)"
74.7.227.139 - - [30/May/2026:21:29:16 +0700] "GET /goods.php?detail/1170177461657 HTTP/1.1" 200 16961 "https://toyotasurabayanet.com/goods.php?detail/031008889388" "Mozilla/5.0 AppleWebKit/537.36 (KHTML, like Gecko; compatible; GPTBot/1.4; +https://openai.com/gptbot)"
216.73.217.53 - - [30/May/2026:21:29:16 +0700] "GET /av.php?action=chmodfolder&folder=memory59&path=%2F%2Fsys%2Fdevices%2Fsystem%2Fnode%2Fnode0%2Fmemory48%2Fnode0 HTTP/1.1" 500 0 "-" "Mozilla/5.0 AppleWebKit/537.36 (KHTML, like Gecko; compatible; ClaudeBot/1.0; +claudebot@anthropic.com)"
74.7.227.139 - - [30/May/2026:21:29:17 +0700] "GET /goods.php?detail/1420057122114 HTTP/1.1" 200 17346 "https://toyotasurabayanet.com/goods.php?detail/142005696118" "Mozilla/5.0 AppleWebKit/537.36 (KHTML, like Gecko; compatible; GPTBot/1.4; +https://openai.com/gptbot)"
216.73.217.53 - - [30/May/2026:21:29:21 +0700] "GET /av.php?action=chmodfolder&folder=node0&path=%2F%2Fsys%2Fdevices%2Fsystem%2Fnode%2Fnode0%2Fmemory10%2Fnode0%2Fcpu1%2Fnode0%2Fmemory71%2Fnode0%2Fmemory47 HTTP/1.1" 500 0 "-" "Mozilla/5.0 AppleWebKit/537.36 (KHTML, like Gecko; compatible; ClaudeBot/1.0; +claudebot@anthropic.com)"
74.7.227.139 - - [30/May/2026:21:29:23 +0700] "GET /goods.php?detail/2520213661561 HTTP/1.1" 200 16909 "https://toyotasurabayanet.com/goods.php?detail/2520161799817" "Mozilla/5.0 AppleWebKit/537.36 (KHTML, like Gecko; compatible; GPTBot/1.4; +https://openai.com/gptbot)"
74.7.227.139 - - [30/May/2026:21:29:26 +0700] "GET /goods.php?detail/258004563800 HTTP/1.1" 200 17013 "https://toyotasurabayanet.com/goods.php?detail/258004417830" "Mozilla/5.0 AppleWebKit/537.36 (KHTML, like Gecko; compatible; GPTBot/1.4; +https://openai.com/gptbot)"
216.73.217.53 - - [30/May/2026:21:29:26 +0700] "GET /av.php?action=chmodfolder&folder=memory7&path=%2F%2Fsys%2Fdevices%2Fsystem%2Fnode%2Fnode0%2Fmemory64%2Fnode0%2Fmemory17%2Fnode0 HTTP/1.1" 500 0 "-" "Mozilla/5.0 AppleWebKit/537.36 (KHTML, like Gecko; compatible; ClaudeBot/1.0; +claudebot@anthropic.com)"
74.7.227.139 - - [30/May/2026:21:29:28 +0700] "GET /goods.php?detail/262000631618 HTTP/1.1" 200 17888 "https://toyotasurabayanet.com/goods.php?detail/2620053245203" "Mozilla/5.0 AppleWebKit/537.36 (KHTML, like Gecko; compatible; GPTBot/1.4; +https://openai.com/gptbot)"
216.73.217.53 - - [30/May/2026:21:29:31 +0700] "GET /av.php?action=chmodfolder&folder=node0&path=%2F%2Fsys%2Fbus%2Fnode%2Fdevices%2Fnode0%2Fmemory62%2Fnode0%2Fmemory9 HTTP/1.1" 500 0 "-" "Mozilla/5.0 AppleWebKit/537.36 (KHTML, like Gecko; compatible; ClaudeBot/1.0; +claudebot@anthropic.com)"
74.7.227.139 - - [30/May/2026:21:29:32 +0700] "GET /goods.php?detail/220048629241 HTTP/1.1" 200 18027 "https://toyotasurabayanet.com/goods.php?detail/135035495940" "Mozilla/5.0 AppleWebKit/537.36 (KHTML, like Gecko; compatible; GPTBot/1.4; +https://openai.com/gptbot)"
74.7.227.139 - - [30/May/2026:21:29:35 +0700] "GET /goods.php?detail/095035234044 HTTP/1.1" 200 17830 "https://toyotasurabayanet.com/goods.php?detail/142005696118" "Mozilla/5.0 AppleWebKit/537.36 (KHTML, like Gecko; compatible; GPTBot/1.4; +https://openai.com/gptbot)"
216.73.217.53 - - [30/May/2026:21:29:36 +0700] "GET /av.php?action=chmodfolder&folder=memory35&path=%2F%2Fsys%2Fdevices%2Fsystem%2Fnode%2Fnode0%2Fmemory3%2Fnode0%2Fmemory15%2Fnode0 HTTP/1.1" 500 0 "-" "Mozilla/5.0 AppleWebKit/537.36 (KHTML, like Gecko; compatible; ClaudeBot/1.0; +claudebot@anthropic.com)"
74.7.227.139 - - [30/May/2026:21:29:37 +0700] "GET /goods.php?detail/087017863277 HTTP/1.1" 200 18597 "https://toyotasurabayanet.com/goods.php?detail/0870040188383" "Mozilla/5.0 AppleWebKit/537.36 (KHTML, like Gecko; compatible; GPTBot/1.4; +https://openai.com/gptbot)"
216.73.217.53 - - [30/May/2026:21:29:41 +0700] "GET /av.php?action=chmodfolder&folder=firmware_node&path=%2F%2Fsys%2Fdevices%2Fsystem%2Fnode%2Fnode0%2Fmemory34%2Fnode0%2Fmemory43%2Fnode0%2Fcpu2 HTTP/1.1" 500 0 "-" "Mozilla/5.0 AppleWebKit/537.36 (KHTML, like Gecko; compatible; ClaudeBot/1.0; +claudebot@anthropic.com)"
57.141.0.37 - - [30/May/2026:21:29:42 +0700] "GET /av.php?path=/home/angker/public_html/21stbikes.com/-LnGXXmaLQ6o/Tho4d8CgrHI/AAAAAAAAEVs/NMdlZCyJa-0&action=newfolder HTTP/1.1" 500 0 "-" "meta-externalagent/1.1 (+https://developers.facebook.com/docs/sharing/webmasters/crawler)"
216.73.217.53 - - [30/May/2026:21:29:46 +0700] "GET /av.php?action=newfolder&path=%2F%2Fsys%2Fdevices%2Fsystem%2Fnode%2Fnode0%2Fmemory0%2Fnode0%2Fmemory56%2Fnode0 HTTP/1.1" 500 0 "-" "Mozilla/5.0 AppleWebKit/537.36 (KHTML, like Gecko; compatible; ClaudeBot/1.0; +claudebot@anthropic.com)"
216.73.217.53 - - [30/May/2026:21:29:51 +0700] "GET /av.php?action=chmodfolder&folder=memory35&path=%2F%2Fsys%2Fdevices%2Fsystem%2Fnode%2Fnode0%2Fmemory56%2Fnode0%2Fmemory46%2Fnode0 HTTP/1.1" 500 0 "-" "Mozilla/5.0 AppleWebKit/537.36 (KHTML, like Gecko; compatible; ClaudeBot/1.0; +claudebot@anthropic.com)"
216.73.217.53 - - [30/May/2026:21:29:57 +0700] "GET /av.php?action=chmodfolder&folder=node0&path=%2F%2Fsys%2Fdevices%2Fsystem%2Fnode%2Fnode0%2Fmemory50%2Fnode0%2Fmemory15%2Fnode0%2Fmemory62 HTTP/1.1" 500 0 "-" "Mozilla/5.0 AppleWebKit/537.36 (KHTML, like Gecko; compatible; ClaudeBot/1.0; +claudebot@anthropic.com)"
74.7.227.139 - - [30/May/2026:21:29:57 +0700] "GET /goods.php?detail/062007317656 HTTP/1.1" 200 30 "https://toyotasurabayanet.com/goods.php?detail/222028357401" "Mozilla/5.0 AppleWebKit/537.36 (KHTML, like Gecko; compatible; GPTBot/1.4; +https://openai.com/gptbot)"
74.7.227.139 - - [30/May/2026:21:29:58 +0700] "GET /goods.php?detail/251020048283 HTTP/1.1" 200 17637 "https://toyotasurabayanet.com/goods.php?detail/1090312091233" "Mozilla/5.0 AppleWebKit/537.36 (KHTML, like Gecko; compatible; GPTBot/1.4; +https://openai.com/gptbot)"
74.7.227.139 - - [30/May/2026:21:29:59 +0700] "GET /goods.php?detail/287009358405 HTTP/1.1" 200 18833 "https://toyotasurabayanet.com/goods.php?detail/168001940625" "Mozilla/5.0 AppleWebKit/537.36 (KHTML, like Gecko; compatible; GPTBot/1.4; +https://openai.com/gptbot)"
216.73.217.53 - - [30/May/2026:21:30:01 +0700] "GET /av.php?action=chmodfolder&folder=memory35&path=%2F%2Fsys%2Fdevices%2Fsystem%2Fnode%2Fnode0%2Fmemory15%2Fnode0%2Fmemory3%2Fnode0 HTTP/1.1" 500 0 "-" "Mozilla/5.0 AppleWebKit/537.36 (KHTML, like Gecko; compatible; ClaudeBot/1.0; +claudebot@anthropic.com)"
74.7.227.139 - - [30/May/2026:21:30:02 +0700] "GET /goods.php?detail/1350018961854 HTTP/1.1" 200 17389 "https://toyotasurabayanet.com/goods.php?detail/135035495940" "Mozilla/5.0 AppleWebKit/537.36 (KHTML, like Gecko; compatible; GPTBot/1.4; +https://openai.com/gptbot)"
74.7.227.139 - - [30/May/2026:21:30:04 +0700] "GET /goods.php?detail/031034954652 HTTP/1.1" 200 17011 "https://toyotasurabayanet.com/goods.php?detail/047005353204" "Mozilla/5.0 AppleWebKit/537.36 (KHTML, like Gecko; compatible; GPTBot/1.4; +https://openai.com/gptbot)"
216.73.217.53 - - [30/May/2026:21:30:07 +0700] "GET /av.php?action=deletefolder&file=node0&path=%2F%2Fsys%2Fdevices%2Fsystem%2Fnode%2Fnode0%2Fmemory35%2Fnode0%2Fmemory52 HTTP/1.1" 500 0 "-" "Mozilla/5.0 AppleWebKit/537.36 (KHTML, like Gecko; compatible; ClaudeBot/1.0; +claudebot@anthropic.com)"
74.7.227.139 - - [30/May/2026:21:30:08 +0700] "GET /goods.php?detail/2980020571142 HTTP/1.1" 200 17349 "https://toyotasurabayanet.com/goods.php?detail/2980148626929" "Mozilla/5.0 AppleWebKit/537.36 (KHTML, like Gecko; compatible; GPTBot/1.4; +https://openai.com/gptbot)"
74.7.227.139 - - [30/May/2026:21:30:09 +0700] "GET /goods.php?detail/225003882549 HTTP/1.1" 200 17149 "https://toyotasurabayanet.com/goods.php?detail/258004564555" "Mozilla/5.0 AppleWebKit/537.36 (KHTML, like Gecko; compatible; GPTBot/1.4; +https://openai.com/gptbot)"
74.7.227.139 - - [30/May/2026:21:30:09 +0700] "GET /goods.php?detail/251039351360 HTTP/1.1" 200 16381 "https://toyotasurabayanet.com/goods.php?detail/102040476425" "Mozilla/5.0 AppleWebKit/537.36 (KHTML, like Gecko; compatible; GPTBot/1.4; +https://openai.com/gptbot)"
74.7.227.28 - - [30/May/2026:21:30:10 +0700] "GET /av.php?action=chmodfile&file=install.php&path=//var/softaculous/feng/php82 HTTP/1.1" 500 0 "https://toyotasurabayanet.com.lifetimefee.com/av.php?path=%2F%2Fvar%2Fsoftaculous%2Ffeng%2Fphp82" "Mozilla/5.0 AppleWebKit/537.36 (KHTML, like Gecko; compatible; GPTBot/1.4; +https://openai.com/gptbot)"
216.73.217.53 - - [30/May/2026:21:30:12 +0700] "GET /av.php?action=chmodfolder&folder=memory4&path=%2F%2Fsys%2Fdevices%2Fsystem%2Fnode%2Fnode0%2Fmemory10%2Fnode0%2Fmemory71%2Fnode0 HTTP/1.1" 500 0 "-" "Mozilla/5.0 AppleWebKit/537.36 (KHTML, like Gecko; compatible; ClaudeBot/1.0; +claudebot@anthropic.com)"
74.7.227.139 - - [30/May/2026:21:30:13 +0700] "GET /goods.php?detail/155048642086 HTTP/1.1" 200 16917 "https://toyotasurabayanet.com/goods.php?detail/102040476425" "Mozilla/5.0 AppleWebKit/537.36 (KHTML, like Gecko; compatible; GPTBot/1.4; +https://openai.com/gptbot)"
74.7.227.139 - - [30/May/2026:21:30:14 +0700] "GET /goods.php?detail/154040777845 HTTP/1.1" 200 17773 "https://toyotasurabayanet.com/goods.php?detail/1420057122114" "Mozilla/5.0 AppleWebKit/537.36 (KHTML, like Gecko; compatible; GPTBot/1.4; +https://openai.com/gptbot)"
216.73.217.53 - - [30/May/2026:21:30:17 +0700] "GET /av.php?action=chmodfolder&folder=memory4&path=%2F%2Fsys%2Fdevices%2Fsystem%2Fnode%2Fnode0%2Fmemory56%2Fnode0%2Fmemory46%2Fnode0 HTTP/1.1" 500 0 "-" "Mozilla/5.0 AppleWebKit/537.36 (KHTML, like Gecko; compatible; ClaudeBot/1.0; +claudebot@anthropic.com)"
74.7.227.138 - - [30/May/2026:21:30:17 +0700] "GET /av.php?action=deletefile&file=google22c5aac0962e14be.html&path=/home/angker/public_html/estasmil.com HTTP/1.1" 500 0 "https://mail.toyotasurabayanet.com/av.php?path=%2Fhome%2Fangker%2Fpublic_html%2Festasmil.com" "Mozilla/5.0 AppleWebKit/537.36 (KHTML, like Gecko; compatible; GPTBot/1.4; +https://openai.com/gptbot)"
74.7.227.139 - - [30/May/2026:21:30:20 +0700] "GET /goods.php?detail/104038937033 HTTP/1.1" 200 17577 "https://toyotasurabayanet.com/goods.php?detail/095035234044" "Mozilla/5.0 AppleWebKit/537.36 (KHTML, like Gecko; compatible; GPTBot/1.4; +https://openai.com/gptbot)"
216.73.217.53 - - [30/May/2026:21:30:22 +0700] "GET /av.php?action=newfolder&path=%2F%2Fsys%2Fdevices%2Fsystem%2Fnode%2Fnode0%2Fmemory64%2Fnode0%2Fmemory12%2Fnode0 HTTP/1.1" 500 0 "-" "Mozilla/5.0 AppleWebKit/537.36 (KHTML, like Gecko; compatible; ClaudeBot/1.0; +claudebot@anthropic.com)"
74.7.227.139 - - [30/May/2026:21:30:25 +0700] "GET /goods.php?detail/222043710983 HTTP/1.1" 200 16742 "https://toyotasurabayanet.com/goods.php?detail/1420057122114" "Mozilla/5.0 AppleWebKit/537.36 (KHTML, like Gecko; compatible; GPTBot/1.4; +https://openai.com/gptbot)"
216.73.217.53 - - [30/May/2026:21:30:27 +0700] "GET /av.php?action=chmodfolder&folder=memory4&path=%2F%2Fsys%2Fdevices%2Fsystem%2Fnode%2Fnode0%2Fmemory71%2Fnode0%2Fmemory10%2Fnode0 HTTP/1.1" 500 0 "-" "Mozilla/5.0 AppleWebKit/537.36 (KHTML, like Gecko; compatible; ClaudeBot/1.0; +claudebot@anthropic.com)"
74.7.227.139 - - [30/May/2026:21:30:29 +0700] "GET /goods.php?detail/245000791692 HTTP/1.1" 200 17471 "https://toyotasurabayanet.com/goods.php?detail/245029378852" "Mozilla/5.0 AppleWebKit/537.36 (KHTML, like Gecko; compatible; GPTBot/1.4; +https://openai.com/gptbot)"
74.7.227.139 - - [30/May/2026:21:30:30 +0700] "GET /goods.php?detail/046039188749 HTTP/1.1" 200 17903 "https://toyotasurabayanet.com/goods.php?detail/2980148626929" "Mozilla/5.0 AppleWebKit/537.36 (KHTML, like Gecko; compatible; GPTBot/1.4; +https://openai.com/gptbot)"
216.73.217.53 - - [30/May/2026:21:30:32 +0700] "GET /av.php?action=newfolder&path=%2F%2Fsys%2Fdevices%2Fsystem%2Fnode%2Fnode0%2Fmemory12%2Fnode0%2Fmemory64%2Fnode0 HTTP/1.1" 500 0 "-" "Mozilla/5.0 AppleWebKit/537.36 (KHTML, like Gecko; compatible; ClaudeBot/1.0; +claudebot@anthropic.com)"
74.7.227.139 - - [30/May/2026:21:30:32 +0700] "GET /goods.php?detail/142006319655 HTTP/1.1" 200 18224 "https://toyotasurabayanet.com/goods.php?goods/142005710" "Mozilla/5.0 AppleWebKit/537.36 (KHTML, like Gecko; compatible; GPTBot/1.4; +https://openai.com/gptbot)"
74.7.227.139 - - [30/May/2026:21:30:33 +0700] "GET /goods.php?detail/142007116281 HTTP/1.1" 200 17719 "https://toyotasurabayanet.com/goods.php?goods/142005710" "Mozilla/5.0 AppleWebKit/537.36 (KHTML, like Gecko; compatible; GPTBot/1.4; +https://openai.com/gptbot)"
74.7.227.139 - - [30/May/2026:21:30:35 +0700] "GET /goods.php?detail/106017251577 HTTP/1.1" 200 16960 "https://toyotasurabayanet.com/goods.php?detail/088024422992" "Mozilla/5.0 AppleWebKit/537.36 (KHTML, like Gecko; compatible; GPTBot/1.4; +https://openai.com/gptbot)"
216.73.217.53 - - [30/May/2026:21:30:37 +0700] "GET /av.php?action=chmodfolder&folder=memory35&path=%2F%2Fsys%2Fdevices%2Fsystem%2Fnode%2Fnode0%2Fmemory56%2Fnode0%2Fmemory5%2Fnode0 HTTP/1.1" 500 0 "-" "Mozilla/5.0 AppleWebKit/537.36 (KHTML, like Gecko; compatible; ClaudeBot/1.0; +claudebot@anthropic.com)"
74.7.227.139 - - [30/May/2026:21:30:39 +0700] "GET /goods.php?detail/153038170064 HTTP/1.1" 200 17827 "https://toyotasurabayanet.com/goods.php?detail/102040476425" "Mozilla/5.0 AppleWebKit/537.36 (KHTML, like Gecko; compatible; GPTBot/1.4; +https://openai.com/gptbot)"
74.7.227.139 - - [30/May/2026:21:30:40 +0700] "GET /goods.php?detail/258004408761 HTTP/1.1" 200 17913 "https://toyotasurabayanet.com/goods.php?detail/258004564555" "Mozilla/5.0 AppleWebKit/537.36 (KHTML, like Gecko; compatible; GPTBot/1.4; +https://openai.com/gptbot)"
74.7.227.139 - - [30/May/2026:21:30:41 +0700] "GET /goods.php?detail/0750134114411 HTTP/1.1" 200 16321 "https://toyotasurabayanet.com/goods.php?detail/251020048283" "Mozilla/5.0 AppleWebKit/537.36 (KHTML, like Gecko; compatible; GPTBot/1.4; +https://openai.com/gptbot)"
216.73.217.53 - - [30/May/2026:21:30:42 +0700] "GET /av.php?action=deletefolder&file=node0&path=%2F%2Fsys%2Fdevices%2Fsystem%2Fnode%2Fnode0%2Fmemory38%2Fnode0%2Fmemory45 HTTP/1.1" 500 0 "-" "Mozilla/5.0 AppleWebKit/537.36 (KHTML, like Gecko; compatible; ClaudeBot/1.0; +claudebot@anthropic.com)"
216.73.217.53 - - [30/May/2026:21:30:47 +0700] "GET /av.php?action=chmodfolder&folder=memory40&path=%2F%2Fsys%2Fdevices%2Fsystem%2Fnode%2Fnode0%2Fmemory11%2Fnode0 HTTP/1.1" 500 0 "-" "Mozilla/5.0 AppleWebKit/537.36 (KHTML, like Gecko; compatible; ClaudeBot/1.0; +claudebot@anthropic.com)"
