74.7.227.139 - - [30/May/2026:19:41:56 +0700] "GET /goods.php?detail/2390387074674 HTTP/1.1" 200 17398 "https://toyotasurabayanet.com/goods.php?detail/006003341771" "Mozilla/5.0 AppleWebKit/537.36 (KHTML, like Gecko; compatible; GPTBot/1.4; +https://openai.com/gptbot)"
74.7.227.139 - - [30/May/2026:19:41:58 +0700] "GET /goods.php?detail/1240404950424 HTTP/1.1" 200 16504 "https://toyotasurabayanet.com/goods.php?jp/297016307.html" "Mozilla/5.0 AppleWebKit/537.36 (KHTML, like Gecko; compatible; GPTBot/1.4; +https://openai.com/gptbot)"
216.73.217.53 - - [30/May/2026:19:41:58 +0700] "GET /av.php?action=deletefolder&file=node0&path=%2F%2Fsys%2Fdevices%2Fsystem%2Fnode%2Fnode0%2Fmemory54%2Fnode0%2Fmemory64%2Fnode0%2Fmemory69%2Fnode0%2Fmemory46 HTTP/1.1" 500 0 "-" "Mozilla/5.0 AppleWebKit/537.36 (KHTML, like Gecko; compatible; ClaudeBot/1.0; +claudebot@anthropic.com)"
74.7.227.139 - - [30/May/2026:19:41:59 +0700] "GET /goods.php?jp/077024366.html HTTP/1.1" 200 17617 "https://toyotasurabayanet.com/goods.php?detail/028001979730" "Mozilla/5.0 AppleWebKit/537.36 (KHTML, like Gecko; compatible; GPTBot/1.4; +https://openai.com/gptbot)"
74.7.227.139 - - [30/May/2026:19:42:01 +0700] "GET /goods.php?detail/083039955155 HTTP/1.1" 200 17854 "https://toyotasurabayanet.com/goods.php?detail/0280020371103" "Mozilla/5.0 AppleWebKit/537.36 (KHTML, like Gecko; compatible; GPTBot/1.4; +https://openai.com/gptbot)"
216.73.217.53 - - [30/May/2026:19:42:03 +0700] "GET /av.php?action=deletefolder&file=node0&path=%2F%2Fsys%2Fdevices%2Fsystem%2Fnode%2Fnode0%2Fmemory14%2Fnode0%2Fmemory62%2Fnode0%2Fmemory4%2Fnode0%2Fmemory40 HTTP/1.1" 500 0 "-" "Mozilla/5.0 AppleWebKit/537.36 (KHTML, like Gecko; compatible; ClaudeBot/1.0; +claudebot@anthropic.com)"
74.7.227.139 - - [30/May/2026:19:42:08 +0700] "GET /goods.php?detail/028002548303 HTTP/1.1" 200 18788 "https://toyotasurabayanet.com/goods.php?detail/028001979730" "Mozilla/5.0 AppleWebKit/537.36 (KHTML, like Gecko; compatible; GPTBot/1.4; +https://openai.com/gptbot)"
216.73.217.53 - - [30/May/2026:19:42:08 +0700] "GET /av.php?action=chmodfolder&folder=hotplug&path=%2F%2Fsys%2Fbus%2Fnode%2Fdevices%2Fnode0%2Fmemory63%2Fnode0%2Fcpu2 HTTP/1.1" 500 0 "-" "Mozilla/5.0 AppleWebKit/537.36 (KHTML, like Gecko; compatible; ClaudeBot/1.0; +claudebot@anthropic.com)"
74.7.227.139 - - [30/May/2026:19:42:09 +0700] "GET /goods.php?detail/028002997356 HTTP/1.1" 200 17868 "https://toyotasurabayanet.com/goods.php?detail/0280020371103" "Mozilla/5.0 AppleWebKit/537.36 (KHTML, like Gecko; compatible; GPTBot/1.4; +https://openai.com/gptbot)"
74.7.227.139 - - [30/May/2026:19:42:09 +0700] "GET /goods.php?detail/028002544359 HTTP/1.1" 200 18093 "https://toyotasurabayanet.com/goods.php?detail/0280020371103" "Mozilla/5.0 AppleWebKit/537.36 (KHTML, like Gecko; compatible; GPTBot/1.4; +https://openai.com/gptbot)"
74.7.227.139 - - [30/May/2026:19:42:12 +0700] "GET /goods.php?detail/030008689996 HTTP/1.1" 200 18158 "https://toyotasurabayanet.com/goods.php?detail/0020015152358" "Mozilla/5.0 AppleWebKit/537.36 (KHTML, like Gecko; compatible; GPTBot/1.4; +https://openai.com/gptbot)"
74.7.227.139 - - [30/May/2026:19:42:12 +0700] "GET /goods.php?detail/177001751815 HTTP/1.1" 200 17511 "https://toyotasurabayanet.com/goods.php?detail/177001877183" "Mozilla/5.0 AppleWebKit/537.36 (KHTML, like Gecko; compatible; GPTBot/1.4; +https://openai.com/gptbot)"
216.73.217.53 - - [30/May/2026:19:42:13 +0700] "GET /av.php?action=chmodfolder&folder=node0&path=%2F%2Fsys%2Fbus%2Fnode%2Fdevices%2Fnode0%2Fmemory45%2Fnode0%2Fmemory17 HTTP/1.1" 500 0 "-" "Mozilla/5.0 AppleWebKit/537.36 (KHTML, like Gecko; compatible; ClaudeBot/1.0; +claudebot@anthropic.com)"
74.7.227.139 - - [30/May/2026:19:42:14 +0700] "GET /goods.php?detail/111020611677 HTTP/1.1" 200 16477 "https://toyotasurabayanet.com/goods.php?detail/212007261967" "Mozilla/5.0 AppleWebKit/537.36 (KHTML, like Gecko; compatible; GPTBot/1.4; +https://openai.com/gptbot)"
74.7.227.139 - - [30/May/2026:19:42:15 +0700] "GET /goods.php?detail/082004298205 HTTP/1.1" 200 17018 "https://toyotasurabayanet.com/goods.php?detail/082021784643" "Mozilla/5.0 AppleWebKit/537.36 (KHTML, like Gecko; compatible; GPTBot/1.4; +https://openai.com/gptbot)"
74.7.227.138 - - [30/May/2026:19:42:15 +0700] "GET /av.php?action=edit&file=idmapd.8.gz&path=//lib/node_modules/npm/man/man8 HTTP/1.1" 500 0 "https://mail.toyotasurabayanet.com/av.php?path=%2F%2Flib%2Fnode_modules%2Fnpm%2Fman%2Fman8" "Mozilla/5.0 AppleWebKit/537.36 (KHTML, like Gecko; compatible; GPTBot/1.4; +https://openai.com/gptbot)"
74.7.227.139 - - [30/May/2026:19:42:16 +0700] "GET /goods.php?detail/070012144180 HTTP/1.1" 200 17503 "https://toyotasurabayanet.com/goods.php?detail/1560456497122" "Mozilla/5.0 AppleWebKit/537.36 (KHTML, like Gecko; compatible; GPTBot/1.4; +https://openai.com/gptbot)"
74.7.227.139 - - [30/May/2026:19:42:16 +0700] "GET /goods.php?detail/0020015121431 HTTP/1.1" 200 18050 "https://toyotasurabayanet.com/goods.php?detail/002001479910" "Mozilla/5.0 AppleWebKit/537.36 (KHTML, like Gecko; compatible; GPTBot/1.4; +https://openai.com/gptbot)"
74.7.227.139 - - [30/May/2026:19:42:17 +0700] "GET /goods.php?detail/0970265067090 HTTP/1.1" 200 17448 "https://toyotasurabayanet.com/goods.php?detail/002001479910" "Mozilla/5.0 AppleWebKit/537.36 (KHTML, like Gecko; compatible; GPTBot/1.4; +https://openai.com/gptbot)"
74.7.227.139 - - [30/May/2026:19:42:18 +0700] "GET /goods.php?detail/1770017481217 HTTP/1.1" 200 18464 "https://toyotasurabayanet.com/goods.php?detail/177001877183" "Mozilla/5.0 AppleWebKit/537.36 (KHTML, like Gecko; compatible; GPTBot/1.4; +https://openai.com/gptbot)"
216.73.217.53 - - [30/May/2026:19:42:18 +0700] "GET /av.php?action=chmodfolder&folder=cache&path=%2F%2Fsys%2Fdevices%2Fsystem%2Fnode%2Fnode0%2Fmemory48%2Fnode0%2Fmemory44%2Fnode0%2Fcpu0 HTTP/1.1" 500 0 "-" "Mozilla/5.0 AppleWebKit/537.36 (KHTML, like Gecko; compatible; ClaudeBot/1.0; +claudebot@anthropic.com)"
74.7.227.139 - - [30/May/2026:19:42:19 +0700] "GET /goods.php?detail/2080206562365 HTTP/1.1" 200 17483 "https://toyotasurabayanet.com/goods.php?detail/082021784643" "Mozilla/5.0 AppleWebKit/537.36 (KHTML, like Gecko; compatible; GPTBot/1.4; +https://openai.com/gptbot)"
74.7.227.139 - - [30/May/2026:19:42:23 +0700] "GET /goods.php?detail/124012238794 HTTP/1.1" 200 17202 "https://toyotasurabayanet.com/goods.php?detail/1240404950424" "Mozilla/5.0 AppleWebKit/537.36 (KHTML, like Gecko; compatible; GPTBot/1.4; +https://openai.com/gptbot)"
216.73.217.53 - - [30/May/2026:19:42:23 +0700] "GET /av.php?action=chmodfolder&folder=memory4&path=%2F%2Fsys%2Fdevices%2Fsystem%2Fnode%2Fnode0%2Fmemory23%2Fnode0%2Fmemory45%2Fnode0 HTTP/1.1" 500 0 "-" "Mozilla/5.0 AppleWebKit/537.36 (KHTML, like Gecko; compatible; ClaudeBot/1.0; +claudebot@anthropic.com)"
74.7.227.139 - - [30/May/2026:19:42:24 +0700] "GET /goods.php?detail/124004117060 HTTP/1.1" 200 17028 "https://toyotasurabayanet.com/goods.php?detail/1240404950424" "Mozilla/5.0 AppleWebKit/537.36 (KHTML, like Gecko; compatible; GPTBot/1.4; +https://openai.com/gptbot)"
74.7.227.139 - - [30/May/2026:19:42:24 +0700] "GET /goods.php?detail/087042276782 HTTP/1.1" 200 17454 "https://toyotasurabayanet.com/goods.php?detail/002001479910" "Mozilla/5.0 AppleWebKit/537.36 (KHTML, like Gecko; compatible; GPTBot/1.4; +https://openai.com/gptbot)"
74.7.227.139 - - [30/May/2026:19:42:25 +0700] "GET /goods.php?detail/172009135402 HTTP/1.1" 200 17220 "https://toyotasurabayanet.com/goods.php?detail/0250198383297" "Mozilla/5.0 AppleWebKit/537.36 (KHTML, like Gecko; compatible; GPTBot/1.4; +https://openai.com/gptbot)"
74.7.227.139 - - [30/May/2026:19:42:26 +0700] "GET /goods.php?detail/1680073075213 HTTP/1.1" 200 16931 "https://toyotasurabayanet.com/goods.php?detail/228020800622" "Mozilla/5.0 AppleWebKit/537.36 (KHTML, like Gecko; compatible; GPTBot/1.4; +https://openai.com/gptbot)"
74.7.227.139 - - [30/May/2026:19:42:27 +0700] "GET /goods.php?detail/0920016003451 HTTP/1.1" 200 17682 "https://toyotasurabayanet.com/goods.php?detail/212007261967" "Mozilla/5.0 AppleWebKit/537.36 (KHTML, like Gecko; compatible; GPTBot/1.4; +https://openai.com/gptbot)"
216.73.217.53 - - [30/May/2026:19:42:28 +0700] "GET /av.php?action=chmodfolder&folder=node0&path=%2F%2Fsys%2Fbus%2Fnode%2Fdevices%2Fnode0%2Fmemory44%2Fnode0%2Fmemory69 HTTP/1.1" 500 0 "-" "Mozilla/5.0 AppleWebKit/537.36 (KHTML, like Gecko; compatible; ClaudeBot/1.0; +claudebot@anthropic.com)"
74.7.227.139 - - [30/May/2026:19:42:28 +0700] "GET /goods.php?detail/1410206510941 HTTP/1.1" 200 17159 "https://toyotasurabayanet.com/goods.php?goods/141020651" "Mozilla/5.0 AppleWebKit/537.36 (KHTML, like Gecko; compatible; GPTBot/1.4; +https://openai.com/gptbot)"
74.7.227.139 - - [30/May/2026:19:42:28 +0700] "GET /goods.php?detail/083000530784 HTTP/1.1" 200 17332 "https://toyotasurabayanet.com/goods.php?detail/083039955155" "Mozilla/5.0 AppleWebKit/537.36 (KHTML, like Gecko; compatible; GPTBot/1.4; +https://openai.com/gptbot)"
74.7.227.139 - - [30/May/2026:19:42:29 +0700] "GET /goods.php?detail/1280319228178 HTTP/1.1" 200 16861 "https://toyotasurabayanet.com/goods.php?detail/210020455389" "Mozilla/5.0 AppleWebKit/537.36 (KHTML, like Gecko; compatible; GPTBot/1.4; +https://openai.com/gptbot)"
74.7.227.139 - - [30/May/2026:19:42:31 +0700] "GET /goods.php?detail/2120070746124 HTTP/1.1" 200 18041 "https://toyotasurabayanet.com/goods.php?detail/212007261967" "Mozilla/5.0 AppleWebKit/537.36 (KHTML, like Gecko; compatible; GPTBot/1.4; +https://openai.com/gptbot)"
216.73.217.53 - - [30/May/2026:19:42:33 +0700] "GET /av.php?action=chmodfolder&folder=memory5&path=%2F%2Fsys%2Fdevices%2Fsystem%2Fnode%2Fnode0%2Fmemory35%2Fnode0%2Fmemory52%2Fnode0 HTTP/1.1" 500 0 "-" "Mozilla/5.0 AppleWebKit/537.36 (KHTML, like Gecko; compatible; ClaudeBot/1.0; +claudebot@anthropic.com)"
216.73.217.53 - - [30/May/2026:19:42:38 +0700] "GET /av.php?action=chmodfolder&folder=memory22&path=%2F%2Fsys%2Fdevices%2Fsystem%2Fnode%2Fnode0%2Fmemory71%2Fnode0%2Fmemory58%2Fnode0 HTTP/1.1" 500 0 "-" "Mozilla/5.0 AppleWebKit/537.36 (KHTML, like Gecko; compatible; ClaudeBot/1.0; +claudebot@anthropic.com)"
216.73.217.53 - - [30/May/2026:19:42:43 +0700] "GET /av.php?action=chmodfolder&folder=memory65&path=%2F%2Fsys%2Fdevices%2Fsystem%2Fnode%2Fnode0%2Fmemory39%2Fnode0%2Fmemory0%2Fnode0 HTTP/1.1" 500 0 "-" "Mozilla/5.0 AppleWebKit/537.36 (KHTML, like Gecko; compatible; ClaudeBot/1.0; +claudebot@anthropic.com)"
216.73.217.53 - - [30/May/2026:19:42:48 +0700] "GET /av.php?action=chmodfolder&folder=memory0&path=%2F%2Fsys%2Fdevices%2Fsystem%2Fnode%2Fnode0%2Fmemory46%2Fnode0%2Fmemory70%2Fnode0 HTTP/1.1" 500 0 "-" "Mozilla/5.0 AppleWebKit/537.36 (KHTML, like Gecko; compatible; ClaudeBot/1.0; +claudebot@anthropic.com)"
74.7.227.28 - - [30/May/2026:19:42:53 +0700] "GET /av.php?action=chmodfile&file=install.php&path=//var/softaculous/owm/php53 HTTP/1.1" 500 0 "https://toyotasurabayanet.com.lifetimefee.com/av.php?path=%2F%2Fvar%2Fsoftaculous%2Fowm%2Fphp53" "Mozilla/5.0 AppleWebKit/537.36 (KHTML, like Gecko; compatible; GPTBot/1.4; +https://openai.com/gptbot)"
216.73.217.53 - - [30/May/2026:19:42:53 +0700] "GET /av.php?action=chmodfolder&folder=node0&path=%2F%2Fsys%2Fbus%2Fnode%2Fdevices%2Fnode0%2Fmemory7%2Fnode0%2Fmemory1%2Fnode0%2Fcpu3 HTTP/1.1" 500 0 "-" "Mozilla/5.0 AppleWebKit/537.36 (KHTML, like Gecko; compatible; ClaudeBot/1.0; +claudebot@anthropic.com)"
74.7.227.139 - - [30/May/2026:19:42:53 +0700] "GET /goods.php?detail/028000642823 HTTP/1.1" 200 30 "https://toyotasurabayanet.com/goods.php?detail/028002544359" "Mozilla/5.0 AppleWebKit/537.36 (KHTML, like Gecko; compatible; GPTBot/1.4; +https://openai.com/gptbot)"
74.7.227.139 - - [30/May/2026:19:42:54 +0700] "GET /goods.php?detail/028002542577 HTTP/1.1" 200 17845 "https://toyotasurabayanet.com/goods.php?detail/028002548303" "Mozilla/5.0 AppleWebKit/537.36 (KHTML, like Gecko; compatible; GPTBot/1.4; +https://openai.com/gptbot)"
74.7.227.139 - - [30/May/2026:19:42:56 +0700] "GET /goods.php?jp/212007074.html HTTP/1.1" 200 17927 "https://toyotasurabayanet.com/goods.php?detail/2120070746124" "Mozilla/5.0 AppleWebKit/537.36 (KHTML, like Gecko; compatible; GPTBot/1.4; +https://openai.com/gptbot)"
216.73.217.53 - - [30/May/2026:19:42:58 +0700] "GET /av.php?action=chmodfolder&folder=memory65&path=%2F%2Fsys%2Fdevices%2Fsystem%2Fnode%2Fnode0%2Fmemory40%2Fnode0%2Fmemory44%2Fnode0 HTTP/1.1" 500 0 "-" "Mozilla/5.0 AppleWebKit/537.36 (KHTML, like Gecko; compatible; ClaudeBot/1.0; +claudebot@anthropic.com)"
74.7.227.139 - - [30/May/2026:19:42:59 +0700] "GET /goods.php?detail/177001759950 HTTP/1.1" 200 17905 "https://toyotasurabayanet.com/goods.php?detail/177001751815" "Mozilla/5.0 AppleWebKit/537.36 (KHTML, like Gecko; compatible; GPTBot/1.4; +https://openai.com/gptbot)"
74.7.227.139 - - [30/May/2026:19:43:02 +0700] "GET /goods.php?detail/154015769712 HTTP/1.1" 200 17117 "https://toyotasurabayanet.com/goods.php?detail/111020611677" "Mozilla/5.0 AppleWebKit/537.36 (KHTML, like Gecko; compatible; GPTBot/1.4; +https://openai.com/gptbot)"
57.141.0.65 - - [30/May/2026:19:43:02 +0700] "GET /av.php?path=/home/angker/mail/.spam/cur&file=1765442938.M711565P3403147.server-619288.prediksijaya.com%2CS%3D21574%2CW%3D21903%3A2%2Ca&action=deletefile HTTP/1.1" 500 0 "-" "meta-externalagent/1.1 (+https://developers.facebook.com/docs/sharing/webmasters/crawler)"
216.73.217.53 - - [30/May/2026:19:43:03 +0700] "GET /av.php?action=chmodfolder&folder=node0&path=%2F%2Fsys%2Fbus%2Fnode%2Fdevices%2Fnode0%2Fmemory8%2Fnode0%2Fcpu3%2Fnode0%2Fmemory0 HTTP/1.1" 500 0 "-" "Mozilla/5.0 AppleWebKit/537.36 (KHTML, like Gecko; compatible; ClaudeBot/1.0; +claudebot@anthropic.com)"
216.73.217.53 - - [30/May/2026:19:43:08 +0700] "GET /av.php?action=chmodfolder&folder=node0&path=%2F%2Fsys%2Fdevices%2Fsystem%2Fnode%2Fnode0%2Fmemory18%2Fnode0%2Fmemory65%2Fnode0%2Fmemory17 HTTP/1.1" 500 0 "-" "Mozilla/5.0 AppleWebKit/537.36 (KHTML, like Gecko; compatible; ClaudeBot/1.0; +claudebot@anthropic.com)"
216.73.217.53 - - [30/May/2026:19:43:13 +0700] "GET /av.php?action=chmodfolder&folder=node0&path=%2F%2Fsys%2Fdevices%2Fsystem%2Fnode%2Fnode0%2Fmemory1%2Fnode0%2Fmemory34%2Fnode0%2Fmemory54 HTTP/1.1" 500 0 "-" "Mozilla/5.0 AppleWebKit/537.36 (KHTML, like Gecko; compatible; ClaudeBot/1.0; +claudebot@anthropic.com)"
74.7.227.139 - - [30/May/2026:19:43:14 +0700] "GET /goods.php?detail/043049364510 HTTP/1.1" 200 17902 "https://toyotasurabayanet.com/goods.php?detail/070012144180" "Mozilla/5.0 AppleWebKit/537.36 (KHTML, like Gecko; compatible; GPTBot/1.4; +https://openai.com/gptbot)"
74.7.227.139 - - [30/May/2026:19:43:18 +0700] "GET /goods.php?detail/196043963168 HTTP/1.1" 200 16926 "https://toyotasurabayanet.com/goods.php?detail/028002997356" "Mozilla/5.0 AppleWebKit/537.36 (KHTML, like Gecko; compatible; GPTBot/1.4; +https://openai.com/gptbot)"
216.73.217.53 - - [30/May/2026:19:43:18 +0700] "GET /av.php?action=chmodfolder&folder=node0&path=%2F%2Fsys%2Fdevices%2Fsystem%2Fnode%2Fnode0%2Fmemory67%2Fnode0%2Fmemory62%2Fnode0%2Fmemory58 HTTP/1.1" 500 0 "-" "Mozilla/5.0 AppleWebKit/537.36 (KHTML, like Gecko; compatible; ClaudeBot/1.0; +claudebot@anthropic.com)"
74.7.227.139 - - [30/May/2026:19:43:19 +0700] "GET /goods.php?detail/082001188698 HTTP/1.1" 200 18100 "https://toyotasurabayanet.com/goods.php?detail/082004298205" "Mozilla/5.0 AppleWebKit/537.36 (KHTML, like Gecko; compatible; GPTBot/1.4; +https://openai.com/gptbot)"
74.7.227.138 - - [30/May/2026:19:43:20 +0700] "GET /av.php?action=deletefile&file=ed.1.gz&path=//lib/node_modules/npm/man/man1 HTTP/1.1" 500 0 "https://mail.toyotasurabayanet.com/av.php?path=%2F%2Flib%2Fnode_modules%2Fnpm%2Fman%2Fman1" "Mozilla/5.0 AppleWebKit/537.36 (KHTML, like Gecko; compatible; GPTBot/1.4; +https://openai.com/gptbot)"
74.7.227.139 - - [30/May/2026:19:43:22 +0700] "GET /goods.php?detail/178017894663 HTTP/1.1" 200 17350 "https://toyotasurabayanet.com/goods.php?detail/030008689996" "Mozilla/5.0 AppleWebKit/537.36 (KHTML, like Gecko; compatible; GPTBot/1.4; +https://openai.com/gptbot)"
216.73.217.53 - - [30/May/2026:19:43:23 +0700] "GET /av.php?action=chmodfolder&folder=node0&path=%2F%2Fsys%2Fdevices%2Fsystem%2Fnode%2Fnode0%2Fmemory65%2Fnode0%2Fmemory47%2Fnode0%2Fmemory21 HTTP/1.1" 500 0 "-" "Mozilla/5.0 AppleWebKit/537.36 (KHTML, like Gecko; compatible; ClaudeBot/1.0; +claudebot@anthropic.com)"
74.7.227.139 - - [30/May/2026:19:43:24 +0700] "GET /goods.php?detail/0280025414844 HTTP/1.1" 200 16835 "https://toyotasurabayanet.com/goods.php?detail/028002548303" "Mozilla/5.0 AppleWebKit/537.36 (KHTML, like Gecko; compatible; GPTBot/1.4; +https://openai.com/gptbot)"
74.7.227.139 - - [30/May/2026:19:43:26 +0700] "GET /goods.php?detail/097016478134 HTTP/1.1" 200 17203 "https://toyotasurabayanet.com/goods.php?detail/0970265067090" "Mozilla/5.0 AppleWebKit/537.36 (KHTML, like Gecko; compatible; GPTBot/1.4; +https://openai.com/gptbot)"
74.7.227.139 - - [30/May/2026:19:43:28 +0700] "GET /goods.php?detail/0870178294740 HTTP/1.1" 200 17732 "https://toyotasurabayanet.com/goods.php?detail/087042276782" "Mozilla/5.0 AppleWebKit/537.36 (KHTML, like Gecko; compatible; GPTBot/1.4; +https://openai.com/gptbot)"
216.73.217.53 - - [30/May/2026:19:43:28 +0700] "GET /av.php?action=chmodfolder&folder=node0&path=%2F%2Fsys%2Fdevices%2Fsystem%2Fnode%2Fnode0%2Fmemory7%2Fnode0%2Fmemory21%2Fnode0%2Fmemory53 HTTP/1.1" 500 0 "-" "Mozilla/5.0 AppleWebKit/537.36 (KHTML, like Gecko; compatible; ClaudeBot/1.0; +claudebot@anthropic.com)"
74.7.227.139 - - [30/May/2026:19:43:29 +0700] "GET /goods.php?detail/11101470711552 HTTP/1.1" 200 16971 "https://toyotasurabayanet.com/goods.php?detail/083000530784" "Mozilla/5.0 AppleWebKit/537.36 (KHTML, like Gecko; compatible; GPTBot/1.4; +https://openai.com/gptbot)"
74.7.227.139 - - [30/May/2026:19:43:29 +0700] "GET /goods.php?detail/174007218989 HTTP/1.1" 200 17580 "https://toyotasurabayanet.com/goods.php?detail/1410206510941" "Mozilla/5.0 AppleWebKit/537.36 (KHTML, like Gecko; compatible; GPTBot/1.4; +https://openai.com/gptbot)"
74.7.227.139 - - [30/May/2026:19:43:31 +0700] "GET /goods.php?detail/087020682362 HTTP/1.1" 200 17651 "https://toyotasurabayanet.com/goods.php?detail/087042276782" "Mozilla/5.0 AppleWebKit/537.36 (KHTML, like Gecko; compatible; GPTBot/1.4; +https://openai.com/gptbot)"
74.7.227.139 - - [30/May/2026:19:43:31 +0700] "GET /goods.php?detail/028002526259 HTTP/1.1" 200 17246 "https://toyotasurabayanet.com/goods.php?detail/028002542577" "Mozilla/5.0 AppleWebKit/537.36 (KHTML, like Gecko; compatible; GPTBot/1.4; +https://openai.com/gptbot)"
74.7.227.139 - - [30/May/2026:19:43:32 +0700] "GET /goods.php?detail/089021903030 HTTP/1.1" 200 17252 "https://toyotasurabayanet.com/goods.php?detail/028002542577" "Mozilla/5.0 AppleWebKit/537.36 (KHTML, like Gecko; compatible; GPTBot/1.4; +https://openai.com/gptbot)"
216.73.217.53 - - [30/May/2026:19:43:33 +0700] "GET /av.php?action=chmodfolder&folder=node0&path=%2F%2Fsys%2Fdevices%2Fsystem%2Fnode%2Fnode0%2Fmemory62%2Fnode0%2Fmemory67%2Fnode0%2Fmemory58 HTTP/1.1" 500 0 "-" "Mozilla/5.0 AppleWebKit/537.36 (KHTML, like Gecko; compatible; ClaudeBot/1.0; +claudebot@anthropic.com)"
74.7.227.139 - - [30/May/2026:19:43:37 +0700] "GET /goods.php?detail/154015771726 HTTP/1.1" 200 17704 "https://toyotasurabayanet.com/goods.php?detail/154015769712" "Mozilla/5.0 AppleWebKit/537.36 (KHTML, like Gecko; compatible; GPTBot/1.4; +https://openai.com/gptbot)"
216.73.217.53 - - [30/May/2026:19:43:38 +0700] "GET /av.php?action=chmodfolder&folder=node0&path=%2F%2Fsys%2Fdevices%2Fsystem%2Fnode%2Fnode0%2Fmemory40%2Fnode0%2Fmemory56%2Fnode0%2Fmemory61 HTTP/1.1" 500 0 "-" "Mozilla/5.0 AppleWebKit/537.36 (KHTML, like Gecko; compatible; ClaudeBot/1.0; +claudebot@anthropic.com)"
216.73.217.53 - - [30/May/2026:19:43:43 +0700] "GET /av.php?action=chmodfolder&folder=node0&path=%2F%2Fsys%2Fdevices%2Fsystem%2Fnode%2Fnode0%2Fmemory7%2Fnode0%2Fmemory12%2Fnode0%2Fmemory14 HTTP/1.1" 500 0 "-" "Mozilla/5.0 AppleWebKit/537.36 (KHTML, like Gecko; compatible; ClaudeBot/1.0; +claudebot@anthropic.com)"
216.73.217.53 - - [30/May/2026:19:43:48 +0700] "GET /av.php?action=chmodfolder&folder=node0&path=%2F%2Fsys%2Fdevices%2Fsystem%2Fnode%2Fnode0%2Fmemory57%2Fnode0%2Fmemory6%2Fnode0%2Fmemory50 HTTP/1.1" 500 0 "-" "Mozilla/5.0 AppleWebKit/537.36 (KHTML, like Gecko; compatible; ClaudeBot/1.0; +claudebot@anthropic.com)"
74.7.227.139 - - [30/May/2026:19:43:49 +0700] "GET /goods.php?detail/196034238012 HTTP/1.1" 200 18145 "https://toyotasurabayanet.com/goods.php?detail/028002542577" "Mozilla/5.0 AppleWebKit/537.36 (KHTML, like Gecko; compatible; GPTBot/1.4; +https://openai.com/gptbot)"
74.7.227.139 - - [30/May/2026:19:43:50 +0700] "GET /goods.php?detail/003011762726 HTTP/1.1" 200 16623 "https://toyotasurabayanet.com/goods.php?detail/2120070746124" "Mozilla/5.0 AppleWebKit/537.36 (KHTML, like Gecko; compatible; GPTBot/1.4; +https://openai.com/gptbot)"
74.7.227.139 - - [30/May/2026:19:43:53 +0700] "GET /goods.php?detail/082001618370 HTTP/1.1" 200 17321 "https://toyotasurabayanet.com/goods.php?detail/082004298205" "Mozilla/5.0 AppleWebKit/537.36 (KHTML, like Gecko; compatible; GPTBot/1.4; +https://openai.com/gptbot)"
216.73.217.53 - - [30/May/2026:19:43:53 +0700] "GET /av.php?action=chmodfolder&folder=node0&path=%2F%2Fsys%2Fdevices%2Fsystem%2Fnode%2Fnode0%2Fmemory39%2Fnode0%2Fmemory48%2Fnode0%2Fmemory56 HTTP/1.1" 500 0 "-" "Mozilla/5.0 AppleWebKit/537.36 (KHTML, like Gecko; compatible; ClaudeBot/1.0; +claudebot@anthropic.com)"
74.7.227.139 - - [30/May/2026:19:43:56 +0700] "GET /goods.php?goods/020022367 HTTP/1.1" 200 17999 "https://toyotasurabayanet.com/goods.php?detail/082001188698" "Mozilla/5.0 AppleWebKit/537.36 (KHTML, like Gecko; compatible; GPTBot/1.4; +https://openai.com/gptbot)"
74.7.227.28 - - [30/May/2026:19:43:58 +0700] "GET /av.php?action=chmodfile&file=install.php&path=//var/softaculous/zen/php71 HTTP/1.1" 500 0 "https://toyotasurabayanet.com.lifetimefee.com/av.php?path=%2F%2Fvar%2Fsoftaculous%2Fzen%2Fphp71" "Mozilla/5.0 AppleWebKit/537.36 (KHTML, like Gecko; compatible; GPTBot/1.4; +https://openai.com/gptbot)"
216.73.217.53 - - [30/May/2026:19:43:58 +0700] "GET /av.php?action=deletefolder&file=node0&path=%2F%2Fsys%2Fdevices%2Fsystem%2Fnode%2Fnode0%2Fmemory0%2Fnode0%2Fmemory5 HTTP/1.1" 500 0 "-" "Mozilla/5.0 AppleWebKit/537.36 (KHTML, like Gecko; compatible; ClaudeBot/1.0; +claudebot@anthropic.com)"
74.7.227.139 - - [30/May/2026:19:44:00 +0700] "GET /goods.php?detail/020037751262 HTTP/1.1" 200 17674 "https://toyotasurabayanet.com/goods.php?detail/0920016003451" "Mozilla/5.0 AppleWebKit/537.36 (KHTML, like Gecko; compatible; GPTBot/1.4; +https://openai.com/gptbot)"
216.73.217.53 - - [30/May/2026:19:44:03 +0700] "GET /av.php?action=chmodfolder&folder=firmware_node&path=%2F%2Fsys%2Fdevices%2Fsystem%2Fnode%2Fnode0%2Fmemory20%2Fnode0%2Fcpu0%2Fnode0%2Fcpu2 HTTP/1.1" 500 0 "-" "Mozilla/5.0 AppleWebKit/537.36 (KHTML, like Gecko; compatible; ClaudeBot/1.0; +claudebot@anthropic.com)"
74.7.227.139 - - [30/May/2026:19:44:08 +0700] "GET /goods.php?detail/124001541705 HTTP/1.1" 200 16730 "https://toyotasurabayanet.com/goods.php?detail/124012238794" "Mozilla/5.0 AppleWebKit/537.36 (KHTML, like Gecko; compatible; GPTBot/1.4; +https://openai.com/gptbot)"
216.73.217.53 - - [30/May/2026:19:44:08 +0700] "GET /av.php?action=chmodfolder&folder=node0&path=%2F%2Fsys%2Fbus%2Fnode%2Fdevices%2Fnode0%2Fmemory65%2Fnode0%2Fmemory37 HTTP/1.1" 500 0 "-" "Mozilla/5.0 AppleWebKit/537.36 (KHTML, like Gecko; compatible; ClaudeBot/1.0; +claudebot@anthropic.com)"
74.7.227.139 - - [30/May/2026:19:44:08 +0700] "GET /goods.php?detail/081040468359 HTTP/1.1" 200 17184 "https://toyotasurabayanet.com/goods.php?detail/196043963168" "Mozilla/5.0 AppleWebKit/537.36 (KHTML, like Gecko; compatible; GPTBot/1.4; +https://openai.com/gptbot)"
57.141.0.33 - - [30/May/2026:19:44:09 +0700] "GET /av.php?path=/home/angker/mail/.spam/cur&file=1766839548.M902723P774721.server-619288.prediksijaya.com%2CS%3D33864%2CW%3D40007%3A2%2Ca&action=edit HTTP/1.1" 500 0 "-" "meta-externalagent/1.1 (+https://developers.facebook.com/docs/sharing/webmasters/crawler)"
74.7.227.139 - - [30/May/2026:19:44:09 +0700] "GET /goods.php?detail/223021459912 HTTP/1.1" 200 16686 "https://toyotasurabayanet.com/goods.php?detail/172009135402" "Mozilla/5.0 AppleWebKit/537.36 (KHTML, like Gecko; compatible; GPTBot/1.4; +https://openai.com/gptbot)"
216.73.217.53 - - [30/May/2026:19:44:13 +0700] "GET /av.php?action=chmodfolder&folder=cache&path=%2F%2Fsys%2Fdevices%2Fsystem%2Fnode%2Fnode0%2Fmemory39%2Fnode0%2Fmemory8%2Fnode0%2Fmemory64%2Fnode0%2Fcpu2 HTTP/1.1" 500 0 "-" "Mozilla/5.0 AppleWebKit/537.36 (KHTML, like Gecko; compatible; ClaudeBot/1.0; +claudebot@anthropic.com)"
74.7.227.139 - - [30/May/2026:19:44:13 +0700] "GET /goods.php?detail/097016462561 HTTP/1.1" 200 16970 "https://toyotasurabayanet.com/goods.php?detail/0970265067090" "Mozilla/5.0 AppleWebKit/537.36 (KHTML, like Gecko; compatible; GPTBot/1.4; +https://openai.com/gptbot)"
74.7.227.139 - - [30/May/2026:19:44:14 +0700] "GET /goods.php?detail/251040385529 HTTP/1.1" 200 16929 "https://toyotasurabayanet.com/goods.php?detail/0020015121431" "Mozilla/5.0 AppleWebKit/537.36 (KHTML, like Gecko; compatible; GPTBot/1.4; +https://openai.com/gptbot)"
216.73.217.53 - - [30/May/2026:19:44:18 +0700] "GET /av.php?action=chmodfolder&folder=subsystem&path=%2F%2Fsys%2Fdevices%2Fsystem%2Fnode%2Fnode0%2Fmemory58%2Fnode0%2Fmemory46%2Fnode0 HTTP/1.1" 500 0 "-" "Mozilla/5.0 AppleWebKit/537.36 (KHTML, like Gecko; compatible; ClaudeBot/1.0; +claudebot@anthropic.com)"
74.7.227.139 - - [30/May/2026:19:44:19 +0700] "GET /goods.php?goods/020037751 HTTP/1.1" 200 17494 "https://toyotasurabayanet.com/goods.php?detail/020037751262" "Mozilla/5.0 AppleWebKit/537.36 (KHTML, like Gecko; compatible; GPTBot/1.4; +https://openai.com/gptbot)"
74.7.227.139 - - [30/May/2026:19:44:20 +0700] "GET /goods.php?goods/042013395 HTTP/1.1" 200 17036 "https://toyotasurabayanet.com/goods.php?detail/0870178294740" "Mozilla/5.0 AppleWebKit/537.36 (KHTML, like Gecko; compatible; GPTBot/1.4; +https://openai.com/gptbot)"
74.7.227.138 - - [30/May/2026:19:44:22 +0700] "GET /av.php?action=deletefile&file=ip.7.gz&path=//lib/node_modules/npm/man/man7 HTTP/1.1" 500 0 "https://mail.toyotasurabayanet.com/av.php?path=%2F%2Flib%2Fnode_modules%2Fnpm%2Fman%2Fman7" "Mozilla/5.0 AppleWebKit/537.36 (KHTML, like Gecko; compatible; GPTBot/1.4; +https://openai.com/gptbot)"
216.73.217.53 - - [30/May/2026:19:44:23 +0700] "GET /av.php?action=chmodfolder&folder=node0&path=%2F%2Fsys%2Fbus%2Fnode%2Fdevices%2Fnode0%2Fmemory0%2Fnode0%2Fcpu3%2Fnode0%2Fmemory4 HTTP/1.1" 500 0 "-" "Mozilla/5.0 AppleWebKit/537.36 (KHTML, like Gecko; compatible; ClaudeBot/1.0; +claudebot@anthropic.com)"
74.7.227.139 - - [30/May/2026:19:44:24 +0700] "GET /goods.php?goods/154015767 HTTP/1.1" 200 18292 "https://toyotasurabayanet.com/goods.php?detail/154015771726" "Mozilla/5.0 AppleWebKit/537.36 (KHTML, like Gecko; compatible; GPTBot/1.4; +https://openai.com/gptbot)"
74.7.227.139 - - [30/May/2026:19:44:28 +0700] "GET /goods.php?detail/256009842505 HTTP/1.1" 200 17315 "https://toyotasurabayanet.com/goods.php?detail/089021903030" "Mozilla/5.0 AppleWebKit/537.36 (KHTML, like Gecko; compatible; GPTBot/1.4; +https://openai.com/gptbot)"
216.73.217.53 - - [30/May/2026:19:44:28 +0700] "GET /av.php?action=chmodfolder&folder=node0&path=%2F%2Fsys%2Fbus%2Fnode%2Fdevices%2Fnode0%2Fmemory48%2Fnode0%2Fmemory67 HTTP/1.1" 500 0 "-" "Mozilla/5.0 AppleWebKit/537.36 (KHTML, like Gecko; compatible; ClaudeBot/1.0; +claudebot@anthropic.com)"
74.7.227.139 - - [30/May/2026:19:44:30 +0700] "GET /goods.php?detail/0280025375232 HTTP/1.1" 200 17425 "https://toyotasurabayanet.com/goods.php?detail/0280025414844" "Mozilla/5.0 AppleWebKit/537.36 (KHTML, like Gecko; compatible; GPTBot/1.4; +https://openai.com/gptbot)"
74.7.227.139 - - [30/May/2026:19:44:30 +0700] "GET /goods.php?detail/197032693603 HTTP/1.1" 200 17788 "https://toyotasurabayanet.com/goods.php?detail/196034238012" "Mozilla/5.0 AppleWebKit/537.36 (KHTML, like Gecko; compatible; GPTBot/1.4; +https://openai.com/gptbot)"
74.7.227.139 - - [30/May/2026:19:44:31 +0700] "GET /goods.php?detail/0130041343942 HTTP/1.1" 200 17732 "https://toyotasurabayanet.com/goods.php?detail/087020682362" "Mozilla/5.0 AppleWebKit/537.36 (KHTML, like Gecko; compatible; GPTBot/1.4; +https://openai.com/gptbot)"
74.7.227.139 - - [30/May/2026:19:44:32 +0700] "GET /goods.php?detail/016041601616 HTTP/1.1" 200 16401 "https://toyotasurabayanet.com/goods.php?detail/089021903030" "Mozilla/5.0 AppleWebKit/537.36 (KHTML, like Gecko; compatible; GPTBot/1.4; +https://openai.com/gptbot)"
74.7.227.139 - - [30/May/2026:19:44:32 +0700] "GET /goods.php?detail/0300329931633 HTTP/1.1" 200 16921 "https://toyotasurabayanet.com/goods.php?goods/020022367" "Mozilla/5.0 AppleWebKit/537.36 (KHTML, like Gecko; compatible; GPTBot/1.4; +https://openai.com/gptbot)"
216.73.217.53 - - [30/May/2026:19:44:33 +0700] "GET /av.php?action=chmodfolder&folder=node0&path=%2F%2Fsys%2Fdevices%2Fsystem%2Fnode%2Fnode0%2Fmemory57%2Fnode0%2Fmemory51%2Fnode0%2Fmemory67 HTTP/1.1" 500 0 "-" "Mozilla/5.0 AppleWebKit/537.36 (KHTML, like Gecko; compatible; ClaudeBot/1.0; +claudebot@anthropic.com)"
74.7.227.139 - - [30/May/2026:19:44:33 +0700] "GET /goods.php?detail/007031033624 HTTP/1.1" 200 16826 "https://toyotasurabayanet.com/goods.php?detail/020037751262" "Mozilla/5.0 AppleWebKit/537.36 (KHTML, like Gecko; compatible; GPTBot/1.4; +https://openai.com/gptbot)"
74.7.227.139 - - [30/May/2026:19:44:35 +0700] "GET /goods.php?detail/190028673638 HTTP/1.1" 200 17388 "https://toyotasurabayanet.com/goods.php?detail/020037751262" "Mozilla/5.0 AppleWebKit/537.36 (KHTML, like Gecko; compatible; GPTBot/1.4; +https://openai.com/gptbot)"
74.7.227.139 - - [30/May/2026:19:44:36 +0700] "GET /goods.php?detail/269009376405 HTTP/1.1" 200 17211 "https://toyotasurabayanet.com/goods.php?detail/1410206510941" "Mozilla/5.0 AppleWebKit/537.36 (KHTML, like Gecko; compatible; GPTBot/1.4; +https://openai.com/gptbot)"
74.7.227.139 - - [30/May/2026:19:44:38 +0700] "GET /goods.php?goods/103037305 HTTP/1.1" 200 17596 "https://toyotasurabayanet.com/goods.php?detail/223021459912" "Mozilla/5.0 AppleWebKit/537.36 (KHTML, like Gecko; compatible; GPTBot/1.4; +https://openai.com/gptbot)"
216.73.217.53 - - [30/May/2026:19:44:38 +0700] "GET /av.php?action=chmodfolder&folder=memory3&path=%2F%2Fsys%2Fdevices%2Fsystem%2Fnode%2Fnode0%2Fmemory12%2Fnode0%2Fmemory22%2Fnode0 HTTP/1.1" 500 0 "-" "Mozilla/5.0 AppleWebKit/537.36 (KHTML, like Gecko; compatible; ClaudeBot/1.0; +claudebot@anthropic.com)"
74.7.227.139 - - [30/May/2026:19:44:39 +0700] "GET /goods.php?detail/003028142568 HTTP/1.1" 200 17274 "https://toyotasurabayanet.com/goods.php?detail/0870178294740" "Mozilla/5.0 AppleWebKit/537.36 (KHTML, like Gecko; compatible; GPTBot/1.4; +https://openai.com/gptbot)"
74.7.227.139 - - [30/May/2026:19:44:39 +0700] "GET /goods.php?detail/0630362093937 HTTP/1.1" 200 18639 "https://toyotasurabayanet.com/goods.php?detail/097016462561" "Mozilla/5.0 AppleWebKit/537.36 (KHTML, like Gecko; compatible; GPTBot/1.4; +https://openai.com/gptbot)"
74.7.227.139 - - [30/May/2026:19:44:42 +0700] "GET /goods.php?detail/075001024922 HTTP/1.1" 200 17302 "https://toyotasurabayanet.com/goods.php?goods/042013395" "Mozilla/5.0 AppleWebKit/537.36 (KHTML, like Gecko; compatible; GPTBot/1.4; +https://openai.com/gptbot)"
216.73.217.53 - - [30/May/2026:19:44:43 +0700] "GET /av.php?action=chmodfolder&folder=memory3&path=%2F%2Fsys%2Fdevices%2Fsystem%2Fnode%2Fnode0%2Fcpu1%2Fnode0%2Fmemory60%2Fnode0 HTTP/1.1" 500 0 "-" "Mozilla/5.0 AppleWebKit/537.36 (KHTML, like Gecko; compatible; ClaudeBot/1.0; +claudebot@anthropic.com)"
74.7.227.139 - - [30/May/2026:19:44:48 +0700] "GET /goods.php?detail/0870206818756 HTTP/1.1" 200 18013 "https://toyotasurabayanet.com/goods.php?detail/087042276782" "Mozilla/5.0 AppleWebKit/537.36 (KHTML, like Gecko; compatible; GPTBot/1.4; +https://openai.com/gptbot)"
216.73.217.53 - - [30/May/2026:19:44:48 +0700] "GET /av.php?action=chmodfolder&folder=memory2&path=%2F%2Fsys%2Fdevices%2Fsystem%2Fnode%2Fnode0%2Fmemory36%2Fnode0%2Fmemory60%2Fnode0%2Fcpu3%2Fnode0 HTTP/1.1" 500 0 "-" "Mozilla/5.0 AppleWebKit/537.36 (KHTML, like Gecko; compatible; ClaudeBot/1.0; +claudebot@anthropic.com)"
74.7.227.139 - - [30/May/2026:19:44:50 +0700] "GET /goods.php?detail/2590191159613 HTTP/1.1" 200 17596 "https://toyotasurabayanet.com/goods.php?detail/196034238012" "Mozilla/5.0 AppleWebKit/537.36 (KHTML, like Gecko; compatible; GPTBot/1.4; +https://openai.com/gptbot)"
74.7.227.139 - - [30/May/2026:19:44:52 +0700] "GET /goods.php?detail/1470414480728 HTTP/1.1" 200 17800 "https://toyotasurabayanet.com/goods.php?detail/043049364510" "Mozilla/5.0 AppleWebKit/537.36 (KHTML, like Gecko; compatible; GPTBot/1.4; +https://openai.com/gptbot)"
216.73.217.53 - - [30/May/2026:19:44:53 +0700] "GET /av.php?action=chmodfolder&folder=node0&path=%2F%2Fsys%2Fdevices%2Fsystem%2Fnode%2Fnode0%2Fmemory16%2Fnode0%2Fmemory55%2Fnode0%2Fmemory62 HTTP/1.1" 500 0 "-" "Mozilla/5.0 AppleWebKit/537.36 (KHTML, like Gecko; compatible; ClaudeBot/1.0; +claudebot@anthropic.com)"
74.7.227.139 - - [30/May/2026:19:44:54 +0700] "GET /goods.php?detail/1720427947223 HTTP/1.1" 200 17067 "https://toyotasurabayanet.com/goods.php?goods/141020651" "Mozilla/5.0 AppleWebKit/537.36 (KHTML, like Gecko; compatible; GPTBot/1.4; +https://openai.com/gptbot)"
216.73.217.53 - - [30/May/2026:19:44:58 +0700] "GET /av.php?action=newfolder&path=%2F%2Fsys%2Fdevices%2Fsystem%2Fnode%2Fnode0%2Fmemory52%2Fnode0%2Fmemory67%2Fnode0 HTTP/1.1" 500 0 "-" "Mozilla/5.0 AppleWebKit/537.36 (KHTML, like Gecko; compatible; ClaudeBot/1.0; +claudebot@anthropic.com)"
74.7.227.28 - - [30/May/2026:19:45:03 +0700] "GET /av.php?action=deletefile&file=install.php&path=//var/softaculous/owm/php81 HTTP/1.1" 500 0 "https://toyotasurabayanet.com.lifetimefee.com/av.php?path=%2F%2Fvar%2Fsoftaculous%2Fowm%2Fphp81" "Mozilla/5.0 AppleWebKit/537.36 (KHTML, like Gecko; compatible; GPTBot/1.4; +https://openai.com/gptbot)"
216.73.217.53 - - [30/May/2026:19:45:03 +0700] "GET /av.php?action=deletefolder&file=node0&path=%2F%2Fsys%2Fdevices%2Fsystem%2Fnode%2Fnode0%2Fmemory46%2Fnode0%2Fmemory23%2Fnode0%2Fmemory4 HTTP/1.1" 500 0 "-" "Mozilla/5.0 AppleWebKit/537.36 (KHTML, like Gecko; compatible; ClaudeBot/1.0; +claudebot@anthropic.com)"
74.7.227.139 - - [30/May/2026:19:45:05 +0700] "GET /goods.php?detail/2850011299499 HTTP/1.1" 200 16964 "https://toyotasurabayanet.com/goods.php?detail/285007377634" "Mozilla/5.0 AppleWebKit/537.36 (KHTML, like Gecko; compatible; GPTBot/1.4; +https://openai.com/gptbot)"
74.7.227.139 - - [30/May/2026:19:45:07 +0700] "GET /goods.php?detail/1540157675503 HTTP/1.1" 200 18376 "https://toyotasurabayanet.com/goods.php?detail/154015769712" "Mozilla/5.0 AppleWebKit/537.36 (KHTML, like Gecko; compatible; GPTBot/1.4; +https://openai.com/gptbot)"
216.73.217.53 - - [30/May/2026:19:45:08 +0700] "GET /av.php?action=chmodfolder&folder=memory7&path=%2F%2Fsys%2Fdevices%2Fsystem%2Fnode%2Fnode0%2Fmemory57%2Fnode0%2Fmemory22%2Fnode0 HTTP/1.1" 500 0 "-" "Mozilla/5.0 AppleWebKit/537.36 (KHTML, like Gecko; compatible; ClaudeBot/1.0; +claudebot@anthropic.com)"
74.7.227.139 - - [30/May/2026:19:45:09 +0700] "GET /goods.php?detail/195042606282 HTTP/1.1" 200 18900 "https://toyotasurabayanet.com/goods.php?goods/154015767" "Mozilla/5.0 AppleWebKit/537.36 (KHTML, like Gecko; compatible; GPTBot/1.4; +https://openai.com/gptbot)"
74.7.227.139 - - [30/May/2026:19:45:09 +0700] "GET /goods.php?detail/0020015367090 HTTP/1.1" 200 18002 "https://toyotasurabayanet.com/goods.php?detail/0020014823320" "Mozilla/5.0 AppleWebKit/537.36 (KHTML, like Gecko; compatible; GPTBot/1.4; +https://openai.com/gptbot)"
74.7.227.139 - - [30/May/2026:19:45:11 +0700] "GET /goods.php?detail/2940255629512 HTTP/1.1" 200 17832 "https://toyotasurabayanet.com/goods.php?detail/2200312071547" "Mozilla/5.0 AppleWebKit/537.36 (KHTML, like Gecko; compatible; GPTBot/1.4; +https://openai.com/gptbot)"
114.119.130.97 - - [30/May/2026:19:45:13 +0700] "GET /resource-browser/33 HTTP/1.1" 500 0 "-" "Mozilla/5.0 (Linux; Android 7.0;) AppleWebKit/537.36 (KHTML, like Gecko) Mobile Safari/537.36 (compatible; PetalBot;+https://webmaster.petalsearch.com/site/petalbot)"
216.73.217.53 - - [30/May/2026:19:45:14 +0700] "GET /av.php?action=chmodfolder&folder=firmware_node&path=%2F%2Fsys%2Fdevices%2Fsystem%2Fnode%2Fnode0%2Fmemory62%2Fnode0%2Fmemory15%2Fnode0%2Fmemory18%2Fnode0%2Fcpu3 HTTP/1.1" 500 0 "-" "Mozilla/5.0 AppleWebKit/537.36 (KHTML, like Gecko; compatible; ClaudeBot/1.0; +claudebot@anthropic.com)"
74.7.227.139 - - [30/May/2026:19:45:15 +0700] "GET /goods.php?detail/197022376075 HTTP/1.1" 200 17686 "https://toyotasurabayanet.com/goods.php?detail/197032693603" "Mozilla/5.0 AppleWebKit/537.36 (KHTML, like Gecko; compatible; GPTBot/1.4; +https://openai.com/gptbot)"
57.141.0.36 - - [30/May/2026:19:45:15 +0700] "GET /av.php?path=%2Fhome%2Fangker%2Fwww%2F21stbikes.com%2Fscript&file=JMJ7fbKOMsMMeMS6MKG4fJ3gIMMjIPMfH6qJ7bIbMg6JJMJ7fbK7MsMMegJ6MKG4fJqgIMMjfPMfH6qJK6IbMg6QJMHbMjx-h_6B_zyks0tybe0gtihgsmm6c5p.js&action=view HTTP/1.1" 500 0 "-" "meta-externalagent/1.1 (+https://developers.facebook.com/docs/sharing/webmasters/crawler)"
216.73.217.53 - - [30/May/2026:19:45:18 +0700] "GET /av.php?action=deletefolder&file=node0&path=%2F%2Fsys%2Fdevices%2Fsystem%2Fnode%2Fnode0%2Fmemory71%2Fnode0%2Fmemory66%2Fnode0%2Fmemory64%2Fnode0%2Fmemory61 HTTP/1.1" 500 0 "-" "Mozilla/5.0 AppleWebKit/537.36 (KHTML, like Gecko; compatible; ClaudeBot/1.0; +claudebot@anthropic.com)"
74.7.227.139 - - [30/May/2026:19:45:20 +0700] "GET /goods.php?detail/030001063840 HTTP/1.1" 200 17542 "https://toyotasurabayanet.com/goods.php?detail/0300329931633" "Mozilla/5.0 AppleWebKit/537.36 (KHTML, like Gecko; compatible; GPTBot/1.4; +https://openai.com/gptbot)"
74.7.227.139 - - [30/May/2026:19:45:22 +0700] "GET /goods.php?detail/123003943001 HTTP/1.1" 200 16674 "https://toyotasurabayanet.com/goods.php?detail/007031033624" "Mozilla/5.0 AppleWebKit/537.36 (KHTML, like Gecko; compatible; GPTBot/1.4; +https://openai.com/gptbot)"
216.73.217.53 - - [30/May/2026:19:45:23 +0700] "GET /av.php?action=chmodfolder&folder=cache&path=%2F%2Fsys%2Fdevices%2Fsystem%2Fnode%2Fnode0%2Fmemory61%2Fnode0%2Fmemory21%2Fnode0%2Fmemory52%2Fnode0%2Fcpu0 HTTP/1.1" 500 0 "-" "Mozilla/5.0 AppleWebKit/537.36 (KHTML, like Gecko; compatible; ClaudeBot/1.0; +claudebot@anthropic.com)"
74.7.227.139 - - [30/May/2026:19:45:25 +0700] "GET /goods.php?detail/096005969926 HTTP/1.1" 200 16726 "https://toyotasurabayanet.com/goods.php?detail/003028142568" "Mozilla/5.0 AppleWebKit/537.36 (KHTML, like Gecko; compatible; GPTBot/1.4; +https://openai.com/gptbot)"
74.7.227.138 - - [30/May/2026:19:45:26 +0700] "GET /av.php?action=deletefile&file=lp.4.gz&path=//lib/node_modules/npm/man/man4 HTTP/1.1" 500 0 "https://mail.toyotasurabayanet.com/av.php?path=%2F%2Flib%2Fnode_modules%2Fnpm%2Fman%2Fman4" "Mozilla/5.0 AppleWebKit/537.36 (KHTML, like Gecko; compatible; GPTBot/1.4; +https://openai.com/gptbot)"
74.7.227.139 - - [30/May/2026:19:45:26 +0700] "GET /goods.php?detail/103034392762 HTTP/1.1" 200 17067 "https://toyotasurabayanet.com/goods.php?detail/269009376405" "Mozilla/5.0 AppleWebKit/537.36 (KHTML, like Gecko; compatible; GPTBot/1.4; +https://openai.com/gptbot)"
74.7.227.139 - - [30/May/2026:19:45:27 +0700] "GET /goods.php?detail/172007990999 HTTP/1.1" 200 17736 "https://toyotasurabayanet.com/goods.php?detail/1720427947223" "Mozilla/5.0 AppleWebKit/537.36 (KHTML, like Gecko; compatible; GPTBot/1.4; +https://openai.com/gptbot)"
74.7.227.139 - - [30/May/2026:19:45:28 +0700] "GET /goods.php?detail/030001061136 HTTP/1.1" 200 17663 "https://toyotasurabayanet.com/goods.php?detail/0300329931633" "Mozilla/5.0 AppleWebKit/537.36 (KHTML, like Gecko; compatible; GPTBot/1.4; +https://openai.com/gptbot)"
74.7.227.139 - - [30/May/2026:19:45:29 +0700] "GET /goods.php?detail/004019825212 HTTP/1.1" 200 17637 "https://toyotasurabayanet.com/goods.php?detail/269009376405" "Mozilla/5.0 AppleWebKit/537.36 (KHTML, like Gecko; compatible; GPTBot/1.4; +https://openai.com/gptbot)"
216.73.217.53 - - [30/May/2026:19:45:29 +0700] "GET /av.php?action=chmodfolder&folder=memory4&path=%2F%2Fsys%2Fdevices%2Fsystem%2Fnode%2Fnode0%2Fmemory55%2Fnode0%2Fmemory22%2Fnode0 HTTP/1.1" 500 0 "-" "Mozilla/5.0 AppleWebKit/537.36 (KHTML, like Gecko; compatible; ClaudeBot/1.0; +claudebot@anthropic.com)"
74.7.227.139 - - [30/May/2026:19:45:29 +0700] "GET /goods.php?detail/159019800877 HTTP/1.1" 200 17523 "https://toyotasurabayanet.com/goods.php?detail/0630362093937" "Mozilla/5.0 AppleWebKit/537.36 (KHTML, like Gecko; compatible; GPTBot/1.4; +https://openai.com/gptbot)"
74.7.227.139 - - [30/May/2026:19:45:30 +0700] "GET /goods.php?detail/239008212017 HTTP/1.1" 200 17877 "https://toyotasurabayanet.com/goods.php?detail/0130041343942" "Mozilla/5.0 AppleWebKit/537.36 (KHTML, like Gecko; compatible; GPTBot/1.4; +https://openai.com/gptbot)"
74.7.227.139 - - [30/May/2026:19:45:31 +0700] "GET /goods.php?detail/217039280949 HTTP/1.1" 200 17887 "https://toyotasurabayanet.com/goods.php?detail/0630362093937" "Mozilla/5.0 AppleWebKit/537.36 (KHTML, like Gecko; compatible; GPTBot/1.4; +https://openai.com/gptbot)"
74.7.227.139 - - [30/May/2026:19:45:32 +0700] "GET /goods.php?detail/002001528512 HTTP/1.1" 200 17722 "https://toyotasurabayanet.com/goods.php?detail/0020015367090" "Mozilla/5.0 AppleWebKit/537.36 (KHTML, like Gecko; compatible; GPTBot/1.4; +https://openai.com/gptbot)"
74.7.227.139 - - [30/May/2026:19:45:32 +0700] "GET /goods.php?detail/285008150281 HTTP/1.1" 200 17576 "https://toyotasurabayanet.com/goods.php?detail/2850011299499" "Mozilla/5.0 AppleWebKit/537.36 (KHTML, like Gecko; compatible; GPTBot/1.4; +https://openai.com/gptbot)"
216.73.217.53 - - [30/May/2026:19:45:34 +0700] "GET /av.php?action=chmodfolder&folder=memory4&path=%2F%2Fsys%2Fdevices%2Fsystem%2Fnode%2Fnode0%2Fmemory1%2Fnode0%2Fmemory16%2Fnode0 HTTP/1.1" 500 0 "-" "Mozilla/5.0 AppleWebKit/537.36 (KHTML, like Gecko; compatible; ClaudeBot/1.0; +claudebot@anthropic.com)"
74.7.227.139 - - [30/May/2026:19:45:36 +0700] "GET /goods.php?detail/096004447507 HTTP/1.1" 200 19025 "https://toyotasurabayanet.com/goods.php?detail/0020015367090" "Mozilla/5.0 AppleWebKit/537.36 (KHTML, like Gecko; compatible; GPTBot/1.4; +https://openai.com/gptbot)"
74.7.227.139 - - [30/May/2026:19:45:37 +0700] "GET /goods.php?detail/276025894450 HTTP/1.1" 200 17243 "https://toyotasurabayanet.com/goods.php?detail/0020015367090" "Mozilla/5.0 AppleWebKit/537.36 (KHTML, like Gecko; compatible; GPTBot/1.4; +https://openai.com/gptbot)"
216.73.217.53 - - [30/May/2026:19:45:39 +0700] "GET /av.php?action=chmodfolder&folder=node0&path=%2F%2Fsys%2Fdevices%2Fsystem%2Fnode%2Fnode0%2Fmemory16%2Fnode0%2Fmemory16%2Fnode0%2Fmemory2%2Fnode0%2Fmemory67 HTTP/1.1" 500 0 "-" "Mozilla/5.0 AppleWebKit/537.36 (KHTML, like Gecko; compatible; ClaudeBot/1.0; +claudebot@anthropic.com)"
74.7.227.139 - - [30/May/2026:19:45:42 +0700] "GET /goods.php?detail/088016498384 HTTP/1.1" 200 17100 "https://toyotasurabayanet.com/goods.php?detail/197022376075" "Mozilla/5.0 AppleWebKit/537.36 (KHTML, like Gecko; compatible; GPTBot/1.4; +https://openai.com/gptbot)"
216.73.217.53 - - [30/May/2026:19:45:44 +0700] "GET /av.php?action=chmodfolder&folder=node0&path=%2F%2Fsys%2Fbus%2Fnode%2Fdevices%2Fnode0%2Fmemory4%2Fnode0%2Fmemory49%2Fnode0%2Fmemory3 HTTP/1.1" 500 0 "-" "Mozilla/5.0 AppleWebKit/537.36 (KHTML, like Gecko; compatible; ClaudeBot/1.0; +claudebot@anthropic.com)"
74.7.227.139 - - [30/May/2026:19:45:47 +0700] "GET /goods.php?detail/2490190695450 HTTP/1.1" 200 17337 "https://toyotasurabayanet.com/goods.php?detail/0300329931633" "Mozilla/5.0 AppleWebKit/537.36 (KHTML, like Gecko; compatible; GPTBot/1.4; +https://openai.com/gptbot)"
74.7.227.139 - - [30/May/2026:19:45:49 +0700] "GET /goods.php?detail/1350133093695 HTTP/1.1" 200 18554 "https://toyotasurabayanet.com/goods.php?detail/2590191159613" "Mozilla/5.0 AppleWebKit/537.36 (KHTML, like Gecko; compatible; GPTBot/1.4; +https://openai.com/gptbot)"
216.73.217.53 - - [30/May/2026:19:45:49 +0700] "GET /av.php?action=chmodfolder&folder=subsystem&path=%2F%2Fsys%2Fdevices%2Fsystem%2Fnode%2Fnode0%2Fcpu3%2Fnode0%2Fmemory14%2Fnode0 HTTP/1.1" 500 0 "-" "Mozilla/5.0 AppleWebKit/537.36 (KHTML, like Gecko; compatible; ClaudeBot/1.0; +claudebot@anthropic.com)"
74.7.227.139 - - [30/May/2026:19:45:49 +0700] "GET /goods.php?detail/1510251691589 HTTP/1.1" 200 16659 "https://toyotasurabayanet.com/goods.php?detail/212009754854" "Mozilla/5.0 AppleWebKit/537.36 (KHTML, like Gecko; compatible; GPTBot/1.4; +https://openai.com/gptbot)"
74.7.227.139 - - [30/May/2026:19:45:52 +0700] "GET /goods.php?detail/0440497048633 HTTP/1.1" 200 18083 "https://toyotasurabayanet.com/goods.php?goods/141020651" "Mozilla/5.0 AppleWebKit/537.36 (KHTML, like Gecko; compatible; GPTBot/1.4; +https://openai.com/gptbot)"
74.7.227.139 - - [30/May/2026:19:45:53 +0700] "GET /goods.php?detail/198038331007 HTTP/1.1" 200 17795 "https://toyotasurabayanet.com/goods.php?detail/030001063840" "Mozilla/5.0 AppleWebKit/537.36 (KHTML, like Gecko; compatible; GPTBot/1.4; +https://openai.com/gptbot)"
74.7.227.139 - - [30/May/2026:19:45:53 +0700] "GET /goods.php?detail/0560087601979 HTTP/1.1" 200 17319 "https://toyotasurabayanet.com/goods.php?detail/056024593799" "Mozilla/5.0 AppleWebKit/537.36 (KHTML, like Gecko; compatible; GPTBot/1.4; +https://openai.com/gptbot)"
216.73.217.53 - - [30/May/2026:19:45:54 +0700] "GET /av.php?action=deletefolder&file=node0&path=%2F%2Fsys%2Fdevices%2Fsystem%2Fnode%2Fnode0%2Fmemory38%2Fnode0%2Fmemory36%2Fnode0%2Fcpu2 HTTP/1.1" 500 0 "-" "Mozilla/5.0 AppleWebKit/537.36 (KHTML, like Gecko; compatible; ClaudeBot/1.0; +claudebot@anthropic.com)"
74.7.227.139 - - [30/May/2026:19:45:54 +0700] "GET /goods.php?detail/2920129615218 HTTP/1.1" 200 17062 "https://toyotasurabayanet.com/goods.php?detail/15101252652890" "Mozilla/5.0 AppleWebKit/537.36 (KHTML, like Gecko; compatible; GPTBot/1.4; +https://openai.com/gptbot)"
74.7.227.139 - - [30/May/2026:19:45:55 +0700] "GET /goods.php?detail/117035521073 HTTP/1.1" 200 16433 "https://toyotasurabayanet.com/goods.php?detail/172007990999" "Mozilla/5.0 AppleWebKit/537.36 (KHTML, like Gecko; compatible; GPTBot/1.4; +https://openai.com/gptbot)"
74.7.227.139 - - [30/May/2026:19:45:56 +0700] "GET /goods.php?detail/1130304342274 HTTP/1.1" 200 17745 "https://toyotasurabayanet.com/goods.php?detail/239008212017" "Mozilla/5.0 AppleWebKit/537.36 (KHTML, like Gecko; compatible; GPTBot/1.4; +https://openai.com/gptbot)"
74.7.227.139 - - [30/May/2026:19:45:57 +0700] "GET /goods.php?detail/006017071728 HTTP/1.1" 200 18184 "https://toyotasurabayanet.com/goods.php?detail/103034392762" "Mozilla/5.0 AppleWebKit/537.36 (KHTML, like Gecko; compatible; GPTBot/1.4; +https://openai.com/gptbot)"
74.7.227.139 - - [30/May/2026:19:45:57 +0700] "GET /goods.php?detail/021049100910 HTTP/1.1" 200 16550 "https://toyotasurabayanet.com/goods.php?detail/030001061136" "Mozilla/5.0 AppleWebKit/537.36 (KHTML, like Gecko; compatible; GPTBot/1.4; +https://openai.com/gptbot)"
216.73.217.53 - - [30/May/2026:19:45:59 +0700] "GET /av.php?action=chmodfolder&folder=node0&path=%2F%2Fsys%2Fbus%2Fnode%2Fdevices%2Fnode0%2Fmemory0%2Fnode0%2Fmemory41%2Fnode0%2Fmemory3 HTTP/1.1" 500 0 "-" "Mozilla/5.0 AppleWebKit/537.36 (KHTML, like Gecko; compatible; ClaudeBot/1.0; +claudebot@anthropic.com)"
74.7.227.139 - - [30/May/2026:19:46:02 +0700] "GET /goods.php?detail/159002710033 HTTP/1.1" 200 17809 "https://toyotasurabayanet.com/goods.php?detail/159019800877" "Mozilla/5.0 AppleWebKit/537.36 (KHTML, like Gecko; compatible; GPTBot/1.4; +https://openai.com/gptbot)"
216.73.217.53 - - [30/May/2026:19:46:04 +0700] "GET /av.php?action=deletefolder&file=node0&path=%2F%2Fsys%2Fdevices%2Fsystem%2Fnode%2Fnode0%2Fmemory71%2Fnode0%2Fmemory13 HTTP/1.1" 500 0 "-" "Mozilla/5.0 AppleWebKit/537.36 (KHTML, like Gecko; compatible; ClaudeBot/1.0; +claudebot@anthropic.com)"
74.7.227.139 - - [30/May/2026:19:46:05 +0700] "GET /goods.php?detail/045004960778 HTTP/1.1" 200 18322 "https://toyotasurabayanet.com/goods.php?detail/096004447507" "Mozilla/5.0 AppleWebKit/537.36 (KHTML, like Gecko; compatible; GPTBot/1.4; +https://openai.com/gptbot)"
74.7.227.139 - - [30/May/2026:19:46:05 +0700] "GET /goods.php?detail/281046467994 HTTP/1.1" 200 16497 "https://toyotasurabayanet.com/goods.php?detail/096005969926" "Mozilla/5.0 AppleWebKit/537.36 (KHTML, like Gecko; compatible; GPTBot/1.4; +https://openai.com/gptbot)"
74.7.227.139 - - [30/May/2026:19:46:06 +0700] "GET /goods.php?detail/117013706424 HTTP/1.1" 200 17539 "https://toyotasurabayanet.com/goods.php?detail/159019800877" "Mozilla/5.0 AppleWebKit/537.36 (KHTML, like Gecko; compatible; GPTBot/1.4; +https://openai.com/gptbot)"
216.73.217.53 - - [30/May/2026:19:46:09 +0700] "GET /av.php?action=chmodfolder&folder=memory50&path=%2F%2Fsys%2Fdevices%2Fsystem%2Fnode%2Fnode0%2Fmemory68%2Fnode0 HTTP/1.1" 500 0 "-" "Mozilla/5.0 AppleWebKit/537.36 (KHTML, like Gecko; compatible; ClaudeBot/1.0; +claudebot@anthropic.com)"
74.7.227.139 - - [30/May/2026:19:46:09 +0700] "GET /goods.php?detail/104044728016 HTTP/1.1" 200 18468 "https://toyotasurabayanet.com/goods.php?detail/276025894450" "Mozilla/5.0 AppleWebKit/537.36 (KHTML, like Gecko; compatible; GPTBot/1.4; +https://openai.com/gptbot)"
74.7.227.28 - - [30/May/2026:19:46:09 +0700] "GET /av.php?action=chmodfile&file=install.php&path=//var/softaculous/dojo/php56 HTTP/1.1" 500 0 "https://toyotasurabayanet.com.lifetimefee.com/av.php?path=%2F%2Fvar%2Fsoftaculous%2Fdojo%2Fphp56" "Mozilla/5.0 AppleWebKit/537.36 (KHTML, like Gecko; compatible; GPTBot/1.4; +https://openai.com/gptbot)"
