216.73.217.53 - - [30/May/2026:22:00:31 +0700] "GET /av.php?action=chmodfolder&folder=cache&path=%2F%2Fsys%2Fdevices%2Fsystem%2Fnode%2Fnode0%2Fmemory61%2Fnode0%2Fmemory64%2Fnode0%2Fcpu0 HTTP/1.1" 500 0 "-" "Mozilla/5.0 AppleWebKit/537.36 (KHTML, like Gecko; compatible; ClaudeBot/1.0; +claudebot@anthropic.com)"
74.7.227.139 - - [30/May/2026:22:00:36 +0700] "GET /goods.php?detail/0060047375001 HTTP/1.1" 200 30 "https://toyotasurabayanet.com/goods.php?detail/006004666877" "Mozilla/5.0 AppleWebKit/537.36 (KHTML, like Gecko; compatible; GPTBot/1.4; +https://openai.com/gptbot)"
216.73.217.53 - - [30/May/2026:22:00:36 +0700] "GET /av.php?action=chmodfolder&folder=memory45&path=%2F%2Fsys%2Fdevices%2Fsystem%2Fnode%2Fnode0%2Fmemory41%2Fnode0%2Fmemory60%2Fnode0 HTTP/1.1" 500 0 "-" "Mozilla/5.0 AppleWebKit/537.36 (KHTML, like Gecko; compatible; ClaudeBot/1.0; +claudebot@anthropic.com)"
74.7.227.139 - - [30/May/2026:22:00:37 +0700] "GET /goods.php?detail/153010728872 HTTP/1.1" 200 17652 "https://toyotasurabayanet.com/goods.php?detail/153010727767" "Mozilla/5.0 AppleWebKit/537.36 (KHTML, like Gecko; compatible; GPTBot/1.4; +https://openai.com/gptbot)"
74.7.227.139 - - [30/May/2026:22:00:38 +0700] "GET /goods.php?detail/243049928665 HTTP/1.1" 200 16943 "https://toyotasurabayanet.com/goods.php?detail/153010727767" "Mozilla/5.0 AppleWebKit/537.36 (KHTML, like Gecko; compatible; GPTBot/1.4; +https://openai.com/gptbot)"
74.7.227.139 - - [30/May/2026:22:00:39 +0700] "GET /goods.php?detail/050008789159 HTTP/1.1" 200 16538 "https://toyotasurabayanet.com/goods.php?detail/1050252389150" "Mozilla/5.0 AppleWebKit/537.36 (KHTML, like Gecko; compatible; GPTBot/1.4; +https://openai.com/gptbot)"
74.7.227.139 - - [30/May/2026:22:00:40 +0700] "GET /goods.php?detail/166005319631 HTTP/1.1" 200 17715 "https://toyotasurabayanet.com/goods.php?detail/1660063906820" "Mozilla/5.0 AppleWebKit/537.36 (KHTML, like Gecko; compatible; GPTBot/1.4; +https://openai.com/gptbot)"
74.7.227.139 - - [30/May/2026:22:00:41 +0700] "GET /goods.php?detail/163009277170 HTTP/1.1" 200 17255 "https://toyotasurabayanet.com/goods.php?detail/092023492986" "Mozilla/5.0 AppleWebKit/537.36 (KHTML, like Gecko; compatible; GPTBot/1.4; +https://openai.com/gptbot)"
216.73.217.53 - - [30/May/2026:22:00:41 +0700] "GET /av.php?action=chmodfolder&folder=node0&path=%2F%2Fsys%2Fdevices%2Fsystem%2Fnode%2Fnode0%2Fmemory59%2Fnode0%2Fmemory34%2Fnode0%2Fmemory66 HTTP/1.1" 500 0 "-" "Mozilla/5.0 AppleWebKit/537.36 (KHTML, like Gecko; compatible; ClaudeBot/1.0; +claudebot@anthropic.com)"
74.7.227.139 - - [30/May/2026:22:00:41 +0700] "GET /goods.php?detail/067030528978 HTTP/1.1" 200 16427 "https://toyotasurabayanet.com/goods.php?detail/256022691961" "Mozilla/5.0 AppleWebKit/537.36 (KHTML, like Gecko; compatible; GPTBot/1.4; +https://openai.com/gptbot)"
74.7.227.139 - - [30/May/2026:22:00:42 +0700] "GET /goods.php?detail/173008022865 HTTP/1.1" 200 17418 "https://toyotasurabayanet.com/goods.php?detail/1730230053022" "Mozilla/5.0 AppleWebKit/537.36 (KHTML, like Gecko; compatible; GPTBot/1.4; +https://openai.com/gptbot)"
74.7.227.139 - - [30/May/2026:22:00:43 +0700] "GET /goods.php?detail/218012942148 HTTP/1.1" 200 17344 "https://toyotasurabayanet.com/goods.php?detail/053001250241" "Mozilla/5.0 AppleWebKit/537.36 (KHTML, like Gecko; compatible; GPTBot/1.4; +https://openai.com/gptbot)"
74.7.227.138 - - [30/May/2026:22:00:44 +0700] "GET /av.php?action=chmodfile&file=Clone.so&path=//lib64/perl5/vendor_perl/auto/Clone HTTP/1.1" 500 0 "https://mail.toyotasurabayanet.com/av.php?path=%2F%2Flib64%2Fperl5%2Fvendor_perl%2Fauto%2FClone" "Mozilla/5.0 AppleWebKit/537.36 (KHTML, like Gecko; compatible; GPTBot/1.4; +https://openai.com/gptbot)"
74.7.227.28 - - [30/May/2026:22:00:44 +0700] "GET /av.php?action=chmodfile&file=install.php&path=//var/softaculous/ruko/php71 HTTP/1.1" 500 0 "https://toyotasurabayanet.com.lifetimefee.com/av.php?path=%2F%2Fvar%2Fsoftaculous%2Fruko%2Fphp71" "Mozilla/5.0 AppleWebKit/537.36 (KHTML, like Gecko; compatible; GPTBot/1.4; +https://openai.com/gptbot)"
74.7.227.139 - - [30/May/2026:22:00:45 +0700] "GET /goods.php?detail/140034586017 HTTP/1.1" 200 17107 "https://toyotasurabayanet.com/goods.php?detail/0370117994403" "Mozilla/5.0 AppleWebKit/537.36 (KHTML, like Gecko; compatible; GPTBot/1.4; +https://openai.com/gptbot)"
216.73.217.53 - - [30/May/2026:22:00:46 +0700] "GET /av.php?action=chmodfolder&folder=node0&path=%2F%2Fsys%2Fdevices%2Fsystem%2Fnode%2Fnode0%2Fmemory51%2Fnode0%2Fmemory62%2Fnode0%2Fmemory70 HTTP/1.1" 500 0 "-" "Mozilla/5.0 AppleWebKit/537.36 (KHTML, like Gecko; compatible; ClaudeBot/1.0; +claudebot@anthropic.com)"
74.7.227.139 - - [30/May/2026:22:00:47 +0700] "GET /goods.php?detail/105005995679 HTTP/1.1" 200 17283 "https://toyotasurabayanet.com/goods.php?detail/105023356850" "Mozilla/5.0 AppleWebKit/537.36 (KHTML, like Gecko; compatible; GPTBot/1.4; +https://openai.com/gptbot)"
74.7.227.139 - - [30/May/2026:22:00:49 +0700] "GET /goods.php?detail/105005982218 HTTP/1.1" 200 17443 "https://toyotasurabayanet.com/goods.php?detail/105023356850" "Mozilla/5.0 AppleWebKit/537.36 (KHTML, like Gecko; compatible; GPTBot/1.4; +https://openai.com/gptbot)"
57.141.0.5 - - [30/May/2026:22:00:49 +0700] "GET /av.php?path=/home/angker/mail/.spam/cur&file=1765361521.M101259P2799040.server-619288.prediksijaya.com%2CS%3D5329%2CW%3D5421%3A2%2Ca&action=edit HTTP/1.1" 500 0 "-" "meta-externalagent/1.1 (+https://developers.facebook.com/docs/sharing/webmasters/crawler)"
216.73.217.53 - - [30/May/2026:22:00:51 +0700] "GET /av.php?action=chmodfolder&folder=memory35&path=%2F%2Fsys%2Fdevices%2Fsystem%2Fnode%2Fnode0%2Fmemory37%2Fnode0%2Fmemory65%2Fnode0 HTTP/1.1" 500 0 "-" "Mozilla/5.0 AppleWebKit/537.36 (KHTML, like Gecko; compatible; ClaudeBot/1.0; +claudebot@anthropic.com)"
74.7.227.139 - - [30/May/2026:22:00:54 +0700] "GET /goods.php?detail/058038671109 HTTP/1.1" 200 16838 "https://toyotasurabayanet.com/goods.php?detail/1660063906820" "Mozilla/5.0 AppleWebKit/537.36 (KHTML, like Gecko; compatible; GPTBot/1.4; +https://openai.com/gptbot)"
216.73.217.53 - - [30/May/2026:22:00:57 +0700] "GET /av.php?action=newfolder&path=%2F%2Fsys%2Fdevices%2Fsystem%2Fnode%2Fnode0%2Fmemory17%2Fnode0%2Fmemory45%2Fnode0 HTTP/1.1" 500 0 "-" "Mozilla/5.0 AppleWebKit/537.36 (KHTML, like Gecko; compatible; ClaudeBot/1.0; +claudebot@anthropic.com)"
74.7.227.139 - - [30/May/2026:22:00:59 +0700] "GET /goods.php?detail/1370066309134 HTTP/1.1" 200 17747 "https://toyotasurabayanet.com/goods.php?detail/105025349126" "Mozilla/5.0 AppleWebKit/537.36 (KHTML, like Gecko; compatible; GPTBot/1.4; +https://openai.com/gptbot)"
216.73.217.53 - - [30/May/2026:22:01:01 +0700] "GET /av.php?action=chmodfolder&folder=node0&path=%2F%2Fsys%2Fdevices%2Fsystem%2Fnode%2Fnode0%2Fmemory15%2Fnode0%2Fmemory16%2Fnode0%2Fcpu1 HTTP/1.1" 500 0 "-" "Mozilla/5.0 AppleWebKit/537.36 (KHTML, like Gecko; compatible; ClaudeBot/1.0; +claudebot@anthropic.com)"
74.7.227.139 - - [30/May/2026:22:01:04 +0700] "GET /goods.php?detail/1720213939241 HTTP/1.1" 200 16687 "https://toyotasurabayanet.com/goods.php?detail/0310100689178" "Mozilla/5.0 AppleWebKit/537.36 (KHTML, like Gecko; compatible; GPTBot/1.4; +https://openai.com/gptbot)"
74.7.227.139 - - [30/May/2026:22:01:05 +0700] "GET /goods.php?detail/0440301019597 HTTP/1.1" 200 18617 "https://toyotasurabayanet.com/goods.php?detail/1050252389150" "Mozilla/5.0 AppleWebKit/537.36 (KHTML, like Gecko; compatible; GPTBot/1.4; +https://openai.com/gptbot)"
74.7.227.139 - - [30/May/2026:22:01:05 +0700] "GET /goods.php?detail/2900338337728 HTTP/1.1" 200 16960 "https://toyotasurabayanet.com/goods.php?detail/136047213031" "Mozilla/5.0 AppleWebKit/537.36 (KHTML, like Gecko; compatible; GPTBot/1.4; +https://openai.com/gptbot)"
74.7.227.139 - - [30/May/2026:22:01:06 +0700] "GET /goods.php?detail/2950020913602 HTTP/1.1" 200 17565 "https://toyotasurabayanet.com/goods.php?jp/295004610.html" "Mozilla/5.0 AppleWebKit/537.36 (KHTML, like Gecko; compatible; GPTBot/1.4; +https://openai.com/gptbot)"
216.73.217.53 - - [30/May/2026:22:01:06 +0700] "GET /av.php?action=chmodfolder&folder=node0&path=%2F%2Fsys%2Fdevices%2Fsystem%2Fnode%2Fnode0%2Fmemory16%2Fnode0%2Fmemory15%2Fnode0%2Fcpu1 HTTP/1.1" 500 0 "-" "Mozilla/5.0 AppleWebKit/537.36 (KHTML, like Gecko; compatible; ClaudeBot/1.0; +claudebot@anthropic.com)"
74.7.227.139 - - [30/May/2026:22:01:07 +0700] "GET /goods.php?detail/0530012536107 HTTP/1.1" 200 18023 "https://toyotasurabayanet.com/goods.php?detail/053005220613" "Mozilla/5.0 AppleWebKit/537.36 (KHTML, like Gecko; compatible; GPTBot/1.4; +https://openai.com/gptbot)"
74.7.227.139 - - [30/May/2026:22:01:10 +0700] "GET /goods.php?detail/1750121644017 HTTP/1.1" 200 17100 "https://toyotasurabayanet.com/goods.php?detail/1630013213320" "Mozilla/5.0 AppleWebKit/537.36 (KHTML, like Gecko; compatible; GPTBot/1.4; +https://openai.com/gptbot)"
216.73.217.53 - - [30/May/2026:22:01:11 +0700] "GET /av.php?action=chmodfolder&folder=memory69&path=%2F%2Fsys%2Fdevices%2Fsystem%2Fnode%2Fnode0%2Fmemory68%2Fnode0 HTTP/1.1" 500 0 "-" "Mozilla/5.0 AppleWebKit/537.36 (KHTML, like Gecko; compatible; ClaudeBot/1.0; +claudebot@anthropic.com)"
74.7.227.139 - - [30/May/2026:22:01:12 +0700] "GET /goods.php?detail/2870029622848 HTTP/1.1" 200 17561 "https://toyotasurabayanet.com/goods.php?detail/135024842807" "Mozilla/5.0 AppleWebKit/537.36 (KHTML, like Gecko; compatible; GPTBot/1.4; +https://openai.com/gptbot)"
216.73.217.53 - - [30/May/2026:22:01:16 +0700] "GET /av.php?action=chmodfolder&folder=node0&path=%2F%2Fsys%2Fbus%2Fnode%2Fdevices%2Fnode0%2Fmemory13%2Fnode0%2Fmemory32 HTTP/1.1" 500 0 "-" "Mozilla/5.0 AppleWebKit/537.36 (KHTML, like Gecko; compatible; ClaudeBot/1.0; +claudebot@anthropic.com)"
216.73.217.53 - - [30/May/2026:22:01:21 +0700] "GET /av.php?action=chmodfolder&folder=cache&path=%2F%2Fsys%2Fdevices%2Fsystem%2Fnode%2Fnode0%2Fmemory18%2Fnode0%2Fmemory67%2Fnode0%2Fcpu3 HTTP/1.1" 500 0 "-" "Mozilla/5.0 AppleWebKit/537.36 (KHTML, like Gecko; compatible; ClaudeBot/1.0; +claudebot@anthropic.com)"
216.73.217.53 - - [30/May/2026:22:01:27 +0700] "GET /av.php?action=chmodfolder&folder=memory35&path=%2F%2Fsys%2Fdevices%2Fsystem%2Fnode%2Fnode0%2Fmemory39%2Fnode0%2Fmemory64%2Fnode0 HTTP/1.1" 500 0 "-" "Mozilla/5.0 AppleWebKit/537.36 (KHTML, like Gecko; compatible; ClaudeBot/1.0; +claudebot@anthropic.com)"
216.73.217.53 - - [30/May/2026:22:01:31 +0700] "GET /av.php?action=chmodfolder&folder=memory1&path=%2F%2Fsys%2Fdevices%2Fsystem%2Fnode%2Fnode0%2Fmemory15%2Fnode0%2Fmemory3%2Fnode0 HTTP/1.1" 500 0 "-" "Mozilla/5.0 AppleWebKit/537.36 (KHTML, like Gecko; compatible; ClaudeBot/1.0; +claudebot@anthropic.com)"
74.7.227.139 - - [30/May/2026:22:01:32 +0700] "GET /goods.php?detail/0670207964021 HTTP/1.1" 200 30 "https://toyotasurabayanet.com/goods.php?detail/141034806829" "Mozilla/5.0 AppleWebKit/537.36 (KHTML, like Gecko; compatible; GPTBot/1.4; +https://openai.com/gptbot)"
74.7.227.139 - - [30/May/2026:22:01:34 +0700] "GET /goods.php?detail/050008790676 HTTP/1.1" 200 17119 "https://toyotasurabayanet.com/goods.php?detail/050008789159" "Mozilla/5.0 AppleWebKit/537.36 (KHTML, like Gecko; compatible; GPTBot/1.4; +https://openai.com/gptbot)"
74.7.227.139 - - [30/May/2026:22:01:36 +0700] "GET /goods.php?goods/153010883 HTTP/1.1" 200 17194 "https://toyotasurabayanet.com/goods.php?detail/153010728872" "Mozilla/5.0 AppleWebKit/537.36 (KHTML, like Gecko; compatible; GPTBot/1.4; +https://openai.com/gptbot)"
216.73.217.53 - - [30/May/2026:22:01:36 +0700] "GET /av.php?action=chmodfolder&folder=node0&path=%2F%2Fsys%2Fdevices%2Fsystem%2Fnode%2Fnode0%2Fmemory51%2Fnode0%2Fmemory54%2Fnode0%2Fmemory61 HTTP/1.1" 500 0 "-" "Mozilla/5.0 AppleWebKit/537.36 (KHTML, like Gecko; compatible; ClaudeBot/1.0; +claudebot@anthropic.com)"
74.7.227.139 - - [30/May/2026:22:01:37 +0700] "GET /goods.php?detail/115000917187 HTTP/1.1" 200 16798 "https://toyotasurabayanet.com/goods.php?detail/163009277170" "Mozilla/5.0 AppleWebKit/537.36 (KHTML, like Gecko; compatible; GPTBot/1.4; +https://openai.com/gptbot)"
74.7.227.139 - - [30/May/2026:22:01:38 +0700] "GET /goods.php?detail/263041563539 HTTP/1.1" 200 17307 "https://toyotasurabayanet.com/goods.php?detail/173008022865" "Mozilla/5.0 AppleWebKit/537.36 (KHTML, like Gecko; compatible; GPTBot/1.4; +https://openai.com/gptbot)"
216.73.217.53 - - [30/May/2026:22:01:41 +0700] "GET /av.php?action=chmodfolder&folder=node0&path=%2F%2Fsys%2Fdevices%2Fsystem%2Fnode%2Fnode0%2Fcpu3%2Ffirmware_node%2Fphysical_node%2Fnode0%2Fmemory32%2Fnode0%2Fmemory45 HTTP/1.1" 500 0 "-" "Mozilla/5.0 AppleWebKit/537.36 (KHTML, like Gecko; compatible; ClaudeBot/1.0; +claudebot@anthropic.com)"
74.7.227.139 - - [30/May/2026:22:01:42 +0700] "GET /goods.php?detail/073003829399 HTTP/1.1" 200 17446 "https://toyotasurabayanet.com/goods.php?detail/218012942148" "Mozilla/5.0 AppleWebKit/537.36 (KHTML, like Gecko; compatible; GPTBot/1.4; +https://openai.com/gptbot)"
74.7.227.138 - - [30/May/2026:22:01:45 +0700] "GET /av.php?action=renamefolder&folder=Filesys&path=//lib64/perl5/vendor_perl/auto HTTP/1.1" 500 0 "https://mail.toyotasurabayanet.com/av.php?path=%2F%2Flib64%2Fperl5%2Fvendor_perl%2Fauto" "Mozilla/5.0 AppleWebKit/537.36 (KHTML, like Gecko; compatible; GPTBot/1.4; +https://openai.com/gptbot)"
216.73.217.53 - - [30/May/2026:22:01:47 +0700] "GET /av.php?action=chmodfolder&folder=firmware_node&path=%2F%2Fsys%2Fdevices%2Fsystem%2Fnode%2Fnode0%2Fmemory40%2Fnode0%2Fmemory49%2Fnode0%2Fcpu0 HTTP/1.1" 500 0 "-" "Mozilla/5.0 AppleWebKit/537.36 (KHTML, like Gecko; compatible; ClaudeBot/1.0; +claudebot@anthropic.com)"
74.7.227.28 - - [30/May/2026:22:01:48 +0700] "GET /av.php?action=edit&file=install.php&path=//var/softaculous/geeklog/php71 HTTP/1.1" 500 0 "https://toyotasurabayanet.com.lifetimefee.com/av.php?path=%2F%2Fvar%2Fsoftaculous%2Fgeeklog%2Fphp71" "Mozilla/5.0 AppleWebKit/537.36 (KHTML, like Gecko; compatible; GPTBot/1.4; +https://openai.com/gptbot)"
216.73.217.53 - - [30/May/2026:22:01:52 +0700] "GET /av.php?action=deletefolder&file=node0&path=%2F%2Fsys%2Fdevices%2Fsystem%2Fnode%2Fnode0%2Fmemory32%2Fnode0%2Fmemory43 HTTP/1.1" 500 0 "-" "Mozilla/5.0 AppleWebKit/537.36 (KHTML, like Gecko; compatible; ClaudeBot/1.0; +claudebot@anthropic.com)"
57.141.0.70 - - [30/May/2026:22:01:55 +0700] "GET /av.php?path=/home/angker/mail/.spam/cur&file=1766484509.M861714P2351850.server-619288.prediksijaya.com%2CS%3D12985%2CW%3D13263%3A2%2Ca&action=edit HTTP/1.1" 500 0 "-" "meta-externalagent/1.1 (+https://developers.facebook.com/docs/sharing/webmasters/crawler)"
216.73.217.53 - - [30/May/2026:22:01:57 +0700] "GET /av.php?action=chmodfolder&folder=firmware_node&path=%2F%2Fsys%2Fdevices%2Fsystem%2Fnode%2Fnode0%2Fmemory9%2Fnode0%2Fmemory21%2Fnode0%2Fcpu3 HTTP/1.1" 500 0 "-" "Mozilla/5.0 AppleWebKit/537.36 (KHTML, like Gecko; compatible; ClaudeBot/1.0; +claudebot@anthropic.com)"
216.73.217.53 - - [30/May/2026:22:02:02 +0700] "GET /av.php?action=chmodfolder&folder=node0&path=%2F%2Fsys%2Fdevices%2Fsystem%2Fnode%2Fnode0%2Fmemory50%2Fnode0%2Fmemory15%2Fnode0%2Fmemory57 HTTP/1.1" 500 0 "-" "Mozilla/5.0 AppleWebKit/537.36 (KHTML, like Gecko; compatible; ClaudeBot/1.0; +claudebot@anthropic.com)"
74.7.227.139 - - [30/May/2026:22:02:03 +0700] "GET /goods.php?detail/1050259252518 HTTP/1.1" 200 30 "https://toyotasurabayanet.com/goods.php?detail/105005982218" "Mozilla/5.0 AppleWebKit/537.36 (KHTML, like Gecko; compatible; GPTBot/1.4; +https://openai.com/gptbot)"
74.7.227.139 - - [30/May/2026:22:02:05 +0700] "GET /goods.php?detail/246013571131 HTTP/1.1" 200 17321 "https://toyotasurabayanet.com/goods.php?detail/166005319631" "Mozilla/5.0 AppleWebKit/537.36 (KHTML, like Gecko; compatible; GPTBot/1.4; +https://openai.com/gptbot)"
114.119.149.78 - - [30/May/2026:22:02:08 +0700] "GET /moodle_prod/calendar/view.php?view=month&time=-59093002800&course=1 HTTP/1.1" 500 0 "-" "Mozilla/5.0 (Linux; Android 7.0;) AppleWebKit/537.36 (KHTML, like Gecko) Mobile Safari/537.36 (compatible; PetalBot;+https://webmaster.petalsearch.com/site/petalbot)"
216.73.217.53 - - [30/May/2026:22:02:08 +0700] "GET /av.php?action=chmodfolder&folder=physical_node&path=%2F%2Fsys%2Fdevices%2Fsystem%2Fnode%2Fnode0%2Fmemory46%2Fnode0%2Fmemory50%2Fnode0%2Fcpu1%2Ffirmware_node HTTP/1.1" 500 0 "-" "Mozilla/5.0 AppleWebKit/537.36 (KHTML, like Gecko; compatible; ClaudeBot/1.0; +claudebot@anthropic.com)"
74.7.227.139 - - [30/May/2026:22:02:10 +0700] "GET /goods.php?detail/226008339148 HTTP/1.1" 200 17316 "https://toyotasurabayanet.com/goods.php?detail/050008789159" "Mozilla/5.0 AppleWebKit/537.36 (KHTML, like Gecko; compatible; GPTBot/1.4; +https://openai.com/gptbot)"
74.7.227.139 - - [30/May/2026:22:02:12 +0700] "GET /goods.php?detail/140002933195 HTTP/1.1" 200 16603 "https://toyotasurabayanet.com/goods.php?detail/140034586017" "Mozilla/5.0 AppleWebKit/537.36 (KHTML, like Gecko; compatible; GPTBot/1.4; +https://openai.com/gptbot)"
216.73.217.53 - - [30/May/2026:22:02:12 +0700] "GET /av.php?action=deletefolder&file=node0&path=%2F%2Fsys%2Fdevices%2Fsystem%2Fnode%2Fnode0%2Fmemory60%2Fnode0%2Fmemory71 HTTP/1.1" 500 0 "-" "Mozilla/5.0 AppleWebKit/537.36 (KHTML, like Gecko; compatible; ClaudeBot/1.0; +claudebot@anthropic.com)"
74.7.227.139 - - [30/May/2026:22:02:15 +0700] "GET /goods.php?jp/295004892.html HTTP/1.1" 200 18253 "https://toyotasurabayanet.com/goods.php?detail/2950020913602" "Mozilla/5.0 AppleWebKit/537.36 (KHTML, like Gecko; compatible; GPTBot/1.4; +https://openai.com/gptbot)"
216.73.217.53 - - [30/May/2026:22:02:17 +0700] "GET /av.php?action=chmodfolder&folder=firmware_node&path=%2F%2Fsys%2Fdevices%2Fsystem%2Fnode%2Fnode0%2Fmemory54%2Fnode0%2Fcpu1 HTTP/1.1" 500 0 "-" "Mozilla/5.0 AppleWebKit/537.36 (KHTML, like Gecko; compatible; ClaudeBot/1.0; +claudebot@anthropic.com)"
74.7.227.139 - - [30/May/2026:22:02:18 +0700] "GET /goods.php?detail/040020058849 HTTP/1.1" 200 17939 "https://toyotasurabayanet.com/goods.php?detail/2870029622848" "Mozilla/5.0 AppleWebKit/537.36 (KHTML, like Gecko; compatible; GPTBot/1.4; +https://openai.com/gptbot)"
74.7.227.139 - - [30/May/2026:22:02:19 +0700] "GET /goods.php?detail/022002451217 HTTP/1.1" 200 16891 "https://toyotasurabayanet.com/goods.php?detail/0440301019597" "Mozilla/5.0 AppleWebKit/537.36 (KHTML, like Gecko; compatible; GPTBot/1.4; +https://openai.com/gptbot)"
74.7.227.139 - - [30/May/2026:22:02:22 +0700] "GET /goods.php?detail/175010035210 HTTP/1.1" 200 17788 "https://toyotasurabayanet.com/goods.php?detail/1750121644017" "Mozilla/5.0 AppleWebKit/537.36 (KHTML, like Gecko; compatible; GPTBot/1.4; +https://openai.com/gptbot)"
216.73.217.53 - - [30/May/2026:22:02:22 +0700] "GET /av.php?action=chmodfolder&folder=node0&path=%2F%2Fsys%2Fbus%2Fnode%2Fdevices%2Fnode0%2Fmemory65%2Fnode0%2Fmemory2%2Fnode0%2Fmemory46 HTTP/1.1" 500 0 "-" "Mozilla/5.0 AppleWebKit/537.36 (KHTML, like Gecko; compatible; ClaudeBot/1.0; +claudebot@anthropic.com)"
74.7.227.139 - - [30/May/2026:22:02:24 +0700] "GET /goods.php?detail/158003450606 HTTP/1.1" 200 17595 "https://toyotasurabayanet.com/goods.php?detail/0530012536107" "Mozilla/5.0 AppleWebKit/537.36 (KHTML, like Gecko; compatible; GPTBot/1.4; +https://openai.com/gptbot)"
216.73.217.53 - - [30/May/2026:22:02:27 +0700] "GET /av.php?action=chmodfolder&folder=node0&path=%2F%2Fsys%2Fdevices%2Fsystem%2Fnode%2Fnode0%2Fmemory15%2Fnode0%2Fmemory10%2Fnode0%2Fmemory17 HTTP/1.1" 500 0 "-" "Mozilla/5.0 AppleWebKit/537.36 (KHTML, like Gecko; compatible; ClaudeBot/1.0; +claudebot@anthropic.com)"
216.73.217.53 - - [30/May/2026:22:02:32 +0700] "GET /av.php?action=newfolder&path=%2F%2Fsys%2Fdevices%2Fsystem%2Fnode%2Fnode0%2Fmemory32%2Fnode0%2Fcpu1%2Fnode0 HTTP/1.1" 500 0 "-" "Mozilla/5.0 AppleWebKit/537.36 (KHTML, like Gecko; compatible; ClaudeBot/1.0; +claudebot@anthropic.com)"
74.7.227.139 - - [30/May/2026:22:02:36 +0700] "GET /goods.php?detail/085047348121 HTTP/1.1" 200 16926 "https://toyotasurabayanet.com/goods.php?detail/1750121644017" "Mozilla/5.0 AppleWebKit/537.36 (KHTML, like Gecko; compatible; GPTBot/1.4; +https://openai.com/gptbot)"
74.7.227.139 - - [30/May/2026:22:02:37 +0700] "GET /goods.php?detail/050008791295 HTTP/1.1" 200 16875 "https://toyotasurabayanet.com/goods.php?detail/050008790676" "Mozilla/5.0 AppleWebKit/537.36 (KHTML, like Gecko; compatible; GPTBot/1.4; +https://openai.com/gptbot)"
216.73.217.53 - - [30/May/2026:22:02:37 +0700] "GET /av.php?action=chmodfolder&folder=cache&path=%2F%2Fsys%2Fdevices%2Fsystem%2Fnode%2Fnode0%2Fmemory8%2Fnode0%2Fmemory12%2Fnode0%2Fcpu3 HTTP/1.1" 500 0 "-" "Mozilla/5.0 AppleWebKit/537.36 (KHTML, like Gecko; compatible; ClaudeBot/1.0; +claudebot@anthropic.com)"
74.7.227.139 - - [30/May/2026:22:02:38 +0700] "GET /goods.php?detail/105025917227 HTTP/1.1" 200 17620 "https://toyotasurabayanet.com/goods.php?detail/105005982218" "Mozilla/5.0 AppleWebKit/537.36 (KHTML, like Gecko; compatible; GPTBot/1.4; +https://openai.com/gptbot)"
74.7.227.139 - - [30/May/2026:22:02:39 +0700] "GET /goods.php?detail/034011378235 HTTP/1.1" 200 17445 "https://toyotasurabayanet.com/goods.php?detail/263041563539" "Mozilla/5.0 AppleWebKit/537.36 (KHTML, like Gecko; compatible; GPTBot/1.4; +https://openai.com/gptbot)"
74.7.227.139 - - [30/May/2026:22:02:39 +0700] "GET /goods.php?detail/063040571843 HTTP/1.1" 200 17725 "https://toyotasurabayanet.com/goods.php?detail/153010728872" "Mozilla/5.0 AppleWebKit/537.36 (KHTML, like Gecko; compatible; GPTBot/1.4; +https://openai.com/gptbot)"
216.73.217.53 - - [30/May/2026:22:02:42 +0700] "GET /av.php?action=chmodfolder&folder=cache&path=%2F%2Fsys%2Fdevices%2Fsystem%2Fnode%2Fnode0%2Fmemory17%2Fnode0%2Fmemory71%2Fnode0%2Fcpu3 HTTP/1.1" 500 0 "-" "Mozilla/5.0 AppleWebKit/537.36 (KHTML, like Gecko; compatible; ClaudeBot/1.0; +claudebot@anthropic.com)"
216.73.217.53 - - [30/May/2026:22:02:47 +0700] "GET /av.php?action=chmodfolder&folder=node0&path=%2F%2Fsys%2Fdevices%2Fsystem%2Fnode%2Fnode0%2Fmemory65%2Fnode0%2Fmemory55%2Fnode0%2Fmemory34 HTTP/1.1" 500 0 "-" "Mozilla/5.0 AppleWebKit/537.36 (KHTML, like Gecko; compatible; ClaudeBot/1.0; +claudebot@anthropic.com)"
74.7.227.138 - - [30/May/2026:22:02:49 +0700] "GET /av.php?action=deletefile&file=scalar.so&path=//lib64/perl5/auto/PerlIO/scalar HTTP/1.1" 500 0 "https://mail.toyotasurabayanet.com/av.php?path=%2F%2Flib64%2Fperl5%2Fauto%2FPerlIO%2Fscalar" "Mozilla/5.0 AppleWebKit/537.36 (KHTML, like Gecko; compatible; GPTBot/1.4; +https://openai.com/gptbot)"
74.7.227.28 - - [30/May/2026:22:02:49 +0700] "GET /av.php?action=renamefile&file=install.php&path=//var/softaculous/gnu/php82 HTTP/1.1" 500 0 "https://toyotasurabayanet.com.lifetimefee.com/av.php?path=%2F%2Fvar%2Fsoftaculous%2Fgnu%2Fphp82" "Mozilla/5.0 AppleWebKit/537.36 (KHTML, like Gecko; compatible; GPTBot/1.4; +https://openai.com/gptbot)"
216.73.217.53 - - [30/May/2026:22:02:52 +0700] "GET /av.php?action=chmodfolder&folder=node0&path=%2F%2Fsys%2Fdevices%2Fsystem%2Fnode%2Fnode0%2Fmemory42%2Fnode0%2Fmemory53%2Fnode0%2Fmemory56 HTTP/1.1" 500 0 "-" "Mozilla/5.0 AppleWebKit/537.36 (KHTML, like Gecko; compatible; ClaudeBot/1.0; +claudebot@anthropic.com)"
74.7.227.139 - - [30/May/2026:22:02:57 +0700] "GET /goods.php?detail/039012787602 HTTP/1.1" 200 17101 "https://toyotasurabayanet.com/goods.php?detail/050008790676" "Mozilla/5.0 AppleWebKit/537.36 (KHTML, like Gecko; compatible; GPTBot/1.4; +https://openai.com/gptbot)"
216.73.217.53 - - [30/May/2026:22:02:57 +0700] "GET /av.php?action=deletefolder&file=node0&path=%2F%2Fsys%2Fdevices%2Fsystem%2Fnode%2Fnode0%2Fmemory7%2Fnode0%2Fmemory32 HTTP/1.1" 500 0 "-" "Mozilla/5.0 AppleWebKit/537.36 (KHTML, like Gecko; compatible; ClaudeBot/1.0; +claudebot@anthropic.com)"
74.7.227.139 - - [30/May/2026:22:02:59 +0700] "GET /goods.php?detail/1630041722729 HTTP/1.1" 200 17368 "https://toyotasurabayanet.com/goods.php?detail/163009277170" "Mozilla/5.0 AppleWebKit/537.36 (KHTML, like Gecko; compatible; GPTBot/1.4; +https://openai.com/gptbot)"
57.141.0.22 - - [30/May/2026:22:03:02 +0700] "GET /av.php?path=/home/angker/mail/.spam/cur&file=1768238058.M324712P3040906.server-619288.prediksijaya.com%2CS%3D14598%2CW%3D15257%3A2%2Ca&action=renamefile HTTP/1.1" 500 0 "-" "meta-externalagent/1.1 (+https://developers.facebook.com/docs/sharing/webmasters/crawler)"
216.73.217.53 - - [30/May/2026:22:03:02 +0700] "GET /av.php?action=chmodfolder&folder=node0&path=%2F%2Fsys%2Fdevices%2Fsystem%2Fnode%2Fnode0%2Fmemory51%2Fnode0%2Fmemory17%2Fnode0%2Fmemory63 HTTP/1.1" 500 0 "-" "Mozilla/5.0 AppleWebKit/537.36 (KHTML, like Gecko; compatible; ClaudeBot/1.0; +claudebot@anthropic.com)"
216.73.217.53 - - [30/May/2026:22:03:07 +0700] "GET /av.php?action=chmodfolder&folder=memory2&path=%2F%2Fsys%2Fdevices%2Fsystem%2Fnode%2Fnode0%2Fcpu3%2Fnode0%2Fmemory11%2Fnode0%2Fmemory9%2Fnode0 HTTP/1.1" 500 0 "-" "Mozilla/5.0 AppleWebKit/537.36 (KHTML, like Gecko; compatible; ClaudeBot/1.0; +claudebot@anthropic.com)"
216.73.217.53 - - [30/May/2026:22:03:12 +0700] "GET /av.php?action=chmodfolder&folder=memory2&path=%2F%2Fsys%2Fdevices%2Fsystem%2Fnode%2Fnode0%2Fmemory67%2Fnode0%2Fmemory10%2Fnode0%2Fmemory4%2Fnode0 HTTP/1.1" 500 0 "-" "Mozilla/5.0 AppleWebKit/537.36 (KHTML, like Gecko; compatible; ClaudeBot/1.0; +claudebot@anthropic.com)"
216.73.217.53 - - [30/May/2026:22:03:17 +0700] "GET /av.php?action=chmodfolder&folder=node0&path=%2F%2Fsys%2Fdevices%2Fsystem%2Fnode%2Fnode0%2Fmemory42%2Fnode0%2Fmemory46%2Fnode0%2Fmemory8%2Fnode0%2Fmemory18 HTTP/1.1" 500 0 "-" "Mozilla/5.0 AppleWebKit/537.36 (KHTML, like Gecko; compatible; ClaudeBot/1.0; +claudebot@anthropic.com)"
74.7.227.139 - - [30/May/2026:22:03:20 +0700] "GET /goods.php?detail/0420122091282 HTTP/1.1" 200 30 "https://toyotasurabayanet.com/goods.php?detail/246013571131" "Mozilla/5.0 AppleWebKit/537.36 (KHTML, like Gecko; compatible; GPTBot/1.4; +https://openai.com/gptbot)"
74.7.227.139 - - [30/May/2026:22:03:21 +0700] "GET /goods.php?detail/0600249492854 HTTP/1.1" 200 17615 "https://toyotasurabayanet.com/goods.php?detail/105005982218" "Mozilla/5.0 AppleWebKit/537.36 (KHTML, like Gecko; compatible; GPTBot/1.4; +https://openai.com/gptbot)"
216.73.217.53 - - [30/May/2026:22:03:22 +0700] "GET /av.php?action=deletefolder&file=node0&path=%2F%2Fsys%2Fdevices%2Fsystem%2Fnode%2Fnode0%2Fmemory48%2Fnode0%2Fmemory40 HTTP/1.1" 500 0 "-" "Mozilla/5.0 AppleWebKit/537.36 (KHTML, like Gecko; compatible; ClaudeBot/1.0; +claudebot@anthropic.com)"
216.73.217.53 - - [30/May/2026:22:03:27 +0700] "GET /av.php?action=chmodfolder&folder=node0&path=%2F%2Fsys%2Fdevices%2Fsystem%2Fnode%2Fnode0%2Fmemory12%2Fnode0%2Fmemory17%2Fnode0%2Fmemory3%2Fnode0%2Fmemory35 HTTP/1.1" 500 0 "-" "Mozilla/5.0 AppleWebKit/537.36 (KHTML, like Gecko; compatible; ClaudeBot/1.0; +claudebot@anthropic.com)"
216.73.217.53 - - [30/May/2026:22:03:32 +0700] "GET /av.php?action=chmodfolder&folder=node0&path=%2F%2Fsys%2Fbus%2Fnode%2Fdevices%2Fnode0%2Fmemory18%2Fnode0%2Fcpu2%2Fnode0%2Fmemory1 HTTP/1.1" 500 0 "-" "Mozilla/5.0 AppleWebKit/537.36 (KHTML, like Gecko; compatible; ClaudeBot/1.0; +claudebot@anthropic.com)"
216.73.217.53 - - [30/May/2026:22:03:38 +0700] "GET /av.php?action=deletefolder&file=node0&path=%2F%2Fsys%2Fdevices%2Fsystem%2Fnode%2Fnode0%2Fmemory68%2Fnode0%2Fcpu3 HTTP/1.1" 500 0 "-" "Mozilla/5.0 AppleWebKit/537.36 (KHTML, like Gecko; compatible; ClaudeBot/1.0; +claudebot@anthropic.com)"
74.7.227.139 - - [30/May/2026:22:03:41 +0700] "GET /goods.php?detail/110008028406 HTTP/1.1" 200 30 "https://toyotasurabayanet.com/goods.php?jp/295004892.html" "Mozilla/5.0 AppleWebKit/537.36 (KHTML, like Gecko; compatible; GPTBot/1.4; +https://openai.com/gptbot)"
74.7.227.139 - - [30/May/2026:22:03:42 +0700] "GET /goods.php?detail/240014012294 HTTP/1.1" 200 17371 "https://toyotasurabayanet.com/goods.php?detail/158003450606" "Mozilla/5.0 AppleWebKit/537.36 (KHTML, like Gecko; compatible; GPTBot/1.4; +https://openai.com/gptbot)"
216.73.217.53 - - [30/May/2026:22:03:42 +0700] "GET /av.php?action=chmodfolder&folder=node0&path=%2F%2Fsys%2Fbus%2Fnode%2Fdevices%2Fnode0%2Fcpu2%2Fnode0%2Fcpu1%2Fnode0%2Fmemory32 HTTP/1.1" 500 0 "-" "Mozilla/5.0 AppleWebKit/537.36 (KHTML, like Gecko; compatible; ClaudeBot/1.0; +claudebot@anthropic.com)"
74.7.227.139 - - [30/May/2026:22:03:42 +0700] "GET /goods.php?detail/175005995064 HTTP/1.1" 200 17562 "https://toyotasurabayanet.com/goods.php?detail/175010035210" "Mozilla/5.0 AppleWebKit/537.36 (KHTML, like Gecko; compatible; GPTBot/1.4; +https://openai.com/gptbot)"
74.7.227.139 - - [30/May/2026:22:03:43 +0700] "GET /goods.php?detail/175005939070 HTTP/1.1" 200 17249 "https://toyotasurabayanet.com/goods.php?detail/175010035210" "Mozilla/5.0 AppleWebKit/537.36 (KHTML, like Gecko; compatible; GPTBot/1.4; +https://openai.com/gptbot)"
74.7.227.139 - - [30/May/2026:22:03:46 +0700] "GET /goods.php?detail/295001866781 HTTP/1.1" 200 17618 "https://toyotasurabayanet.com/goods.php?jp/295004892.html" "Mozilla/5.0 AppleWebKit/537.36 (KHTML, like Gecko; compatible; GPTBot/1.4; +https://openai.com/gptbot)"
74.7.227.139 - - [30/May/2026:22:03:47 +0700] "GET /goods.php?detail/158003542389 HTTP/1.1" 200 17644 "https://toyotasurabayanet.com/goods.php?detail/158003450606" "Mozilla/5.0 AppleWebKit/537.36 (KHTML, like Gecko; compatible; GPTBot/1.4; +https://openai.com/gptbot)"
216.73.217.53 - - [30/May/2026:22:03:48 +0700] "GET /av.php?action=chmodfolder&folder=node0&path=%2F%2Fsys%2Fbus%2Fnode%2Fdevices%2Fnode0%2Fmemory69%2Fnode0%2Fmemory60%2Fnode0%2Fmemory2 HTTP/1.1" 500 0 "-" "Mozilla/5.0 AppleWebKit/537.36 (KHTML, like Gecko; compatible; ClaudeBot/1.0; +claudebot@anthropic.com)"
74.7.227.139 - - [30/May/2026:22:03:49 +0700] "GET /goods.php?detail/266034960996 HTTP/1.1" 200 17141 "https://toyotasurabayanet.com/goods.php?detail/085047348121" "Mozilla/5.0 AppleWebKit/537.36 (KHTML, like Gecko; compatible; GPTBot/1.4; +https://openai.com/gptbot)"
74.7.227.139 - - [30/May/2026:22:03:50 +0700] "GET /goods.php?detail/105010260462 HTTP/1.1" 200 18746 "https://toyotasurabayanet.com/goods.php?detail/105025917227" "Mozilla/5.0 AppleWebKit/537.36 (KHTML, like Gecko; compatible; GPTBot/1.4; +https://openai.com/gptbot)"
74.7.227.138 - - [30/May/2026:22:03:50 +0700] "GET /av.php?action=deletefile&file=Encoding.pm&path=//lib64/perl5/vendor_perl/Encode HTTP/1.1" 500 0 "https://mail.toyotasurabayanet.com/av.php?path=%2F%2Flib64%2Fperl5%2Fvendor_perl%2FEncode" "Mozilla/5.0 AppleWebKit/537.36 (KHTML, like Gecko; compatible; GPTBot/1.4; +https://openai.com/gptbot)"
74.7.227.28 - - [30/May/2026:22:03:54 +0700] "GET /av.php?action=edit&file=install.php&path=//var/softaculous/squirrel/php81 HTTP/1.1" 500 0 "https://toyotasurabayanet.com.lifetimefee.com/av.php?path=%2F%2Fvar%2Fsoftaculous%2Fsquirrel%2Fphp81" "Mozilla/5.0 AppleWebKit/537.36 (KHTML, like Gecko; compatible; GPTBot/1.4; +https://openai.com/gptbot)"
74.7.227.139 - - [30/May/2026:22:03:55 +0700] "GET /goods.php?detail/145030640147 HTTP/1.1" 200 18047 "https://toyotasurabayanet.com/goods.php?detail/034011378235" "Mozilla/5.0 AppleWebKit/537.36 (KHTML, like Gecko; compatible; GPTBot/1.4; +https://openai.com/gptbot)"
216.73.217.53 - - [30/May/2026:22:03:56 +0700] "GET /av.php?action=chmodfolder&folder=node0&path=%2F%2Fsys%2Fdevices%2Fsystem%2Fnode%2Fnode0%2Fmemory21%2Fnode0%2Fmemory42%2Fnode0%2Fmemory54%2Fnode0%2Fmemory2 HTTP/1.1" 500 0 "-" "Mozilla/5.0 AppleWebKit/537.36 (KHTML, like Gecko; compatible; ClaudeBot/1.0; +claudebot@anthropic.com)"
216.73.217.53 - - [30/May/2026:22:04:01 +0700] "GET /av.php?action=chmodfolder&folder=node0&path=%2F%2Fsys%2Fbus%2Fnode%2Fdevices%2Fnode0%2Fmemory46%2Fnode0%2Fmemory8%2Fnode0%2Fmemory8 HTTP/1.1" 500 0 "-" "Mozilla/5.0 AppleWebKit/537.36 (KHTML, like Gecko; compatible; ClaudeBot/1.0; +claudebot@anthropic.com)"
74.7.227.139 - - [30/May/2026:22:04:01 +0700] "GET /goods.php?detail/0630010165507 HTTP/1.1" 200 16845 "https://toyotasurabayanet.com/goods.php?detail/063040571843" "Mozilla/5.0 AppleWebKit/537.36 (KHTML, like Gecko; compatible; GPTBot/1.4; +https://openai.com/gptbot)"
74.7.227.139 - - [30/May/2026:22:04:02 +0700] "GET /goods.php?detail/180001352631 HTTP/1.1" 200 17231 "https://toyotasurabayanet.com/goods.php?detail/050008791295" "Mozilla/5.0 AppleWebKit/537.36 (KHTML, like Gecko; compatible; GPTBot/1.4; +https://openai.com/gptbot)"
216.73.217.53 - - [30/May/2026:22:04:05 +0700] "GET /av.php?action=chmodfolder&folder=cache&path=%2F%2Fsys%2Fdevices%2Fsystem%2Fnode%2Fnode0%2Fmemory43%2Fnode0%2Fmemory39%2Fnode0%2Fcpu3 HTTP/1.1" 500 0 "-" "Mozilla/5.0 AppleWebKit/537.36 (KHTML, like Gecko; compatible; ClaudeBot/1.0; +claudebot@anthropic.com)"
57.141.0.61 - - [30/May/2026:22:04:09 +0700] "GET /av.php?path=/home/angker/mail/.spam/cur&file=1769724667.M548953P2471619.server-619288.prediksijaya.com%2CS%3D5982%2CW%3D6084%3A2%2Ca&action=edit HTTP/1.1" 500 0 "-" "meta-externalagent/1.1 (+https://developers.facebook.com/docs/sharing/webmasters/crawler)"
216.73.217.53 - - [30/May/2026:22:04:10 +0700] "GET /av.php?action=chmodfolder&folder=node0&path=%2F%2Fsys%2Fbus%2Fnode%2Fdevices%2Fnode0%2Fmemory57%2Fnode0%2Fmemory0 HTTP/1.1" 500 0 "-" "Mozilla/5.0 AppleWebKit/537.36 (KHTML, like Gecko; compatible; ClaudeBot/1.0; +claudebot@anthropic.com)"
216.73.217.53 - - [30/May/2026:22:04:15 +0700] "GET /av.php?action=chmodfolder&folder=memory5&path=%2F%2Fsys%2Fdevices%2Fsystem%2Fnode%2Fnode0%2Fmemory18%2Fnode0%2Fmemory71%2Fnode0 HTTP/1.1" 500 0 "-" "Mozilla/5.0 AppleWebKit/537.36 (KHTML, like Gecko; compatible; ClaudeBot/1.0; +claudebot@anthropic.com)"
216.73.217.53 - - [30/May/2026:22:04:20 +0700] "GET /av.php?action=chmodfolder&folder=memory5&path=%2F%2Fsys%2Fdevices%2Fsystem%2Fnode%2Fnode0%2Fmemory46%2Fnode0%2Fmemory11%2Fnode0 HTTP/1.1" 500 0 "-" "Mozilla/5.0 AppleWebKit/537.36 (KHTML, like Gecko; compatible; ClaudeBot/1.0; +claudebot@anthropic.com)"
74.7.227.139 - - [30/May/2026:22:04:21 +0700] "GET /goods.php?detail/296012319567 HTTP/1.1" 200 30 "https://toyotasurabayanet.com/goods.php?detail/105025917227" "Mozilla/5.0 AppleWebKit/537.36 (KHTML, like Gecko; compatible; GPTBot/1.4; +https://openai.com/gptbot)"
74.7.227.139 - - [30/May/2026:22:04:22 +0700] "GET /goods.php?detail/063001020596 HTTP/1.1" 200 17968 "https://toyotasurabayanet.com/goods.php?detail/063040571843" "Mozilla/5.0 AppleWebKit/537.36 (KHTML, like Gecko; compatible; GPTBot/1.4; +https://openai.com/gptbot)"
216.73.217.53 - - [30/May/2026:22:04:27 +0700] "GET /av.php?action=chmodfolder&folder=memory4&path=%2F%2Fsys%2Fdevices%2Fsystem%2Fnode%2Fnode0%2Fcpu1%2Fnode0%2Fmemory43%2Fnode0 HTTP/1.1" 500 0 "-" "Mozilla/5.0 AppleWebKit/537.36 (KHTML, like Gecko; compatible; ClaudeBot/1.0; +claudebot@anthropic.com)"
74.7.227.139 - - [30/May/2026:22:04:30 +0700] "GET /goods.php?detail/175006127021 HTTP/1.1" 200 17726 "https://toyotasurabayanet.com/goods.php?detail/175010035210" "Mozilla/5.0 AppleWebKit/537.36 (KHTML, like Gecko; compatible; GPTBot/1.4; +https://openai.com/gptbot)"
216.73.217.53 - - [30/May/2026:22:04:30 +0700] "GET /av.php?action=chmodfolder&folder=memory71&path=%2F%2Fsys%2Fdevices%2Fsystem%2Fnode%2Fnode0%2Fmemory60%2Fnode0%2Fmemory9%2Fnode0 HTTP/1.1" 500 0 "-" "Mozilla/5.0 AppleWebKit/537.36 (KHTML, like Gecko; compatible; ClaudeBot/1.0; +claudebot@anthropic.com)"
74.7.227.139 - - [30/May/2026:22:04:33 +0700] "GET /goods.php?detail/170045163068 HTTP/1.1" 200 16827 "https://toyotasurabayanet.com/goods.php?detail/105025917227" "Mozilla/5.0 AppleWebKit/537.36 (KHTML, like Gecko; compatible; GPTBot/1.4; +https://openai.com/gptbot)"
74.7.227.139 - - [30/May/2026:22:04:35 +0700] "GET /goods.php?detail/0890094193593 HTTP/1.1" 200 17237 "https://toyotasurabayanet.com/goods.php?detail/073003829399" "Mozilla/5.0 AppleWebKit/537.36 (KHTML, like Gecko; compatible; GPTBot/1.4; +https://openai.com/gptbot)"
216.73.217.53 - - [30/May/2026:22:04:36 +0700] "GET /av.php?action=deletefolder&file=node0&path=%2F%2Fsys%2Fdevices%2Fsystem%2Fnode%2Fnode0%2Fmemory41%2Fnode0%2Fcpu1%2Fnode0%2Fmemory7 HTTP/1.1" 500 0 "-" "Mozilla/5.0 AppleWebKit/537.36 (KHTML, like Gecko; compatible; ClaudeBot/1.0; +claudebot@anthropic.com)"
74.7.227.139 - - [30/May/2026:22:04:36 +0700] "GET /goods.php?detail/1750097697187 HTTP/1.1" 200 17127 "https://toyotasurabayanet.com/goods.php?detail/1750121644017" "Mozilla/5.0 AppleWebKit/537.36 (KHTML, like Gecko; compatible; GPTBot/1.4; +https://openai.com/gptbot)"
74.7.227.139 - - [30/May/2026:22:04:37 +0700] "GET /goods.php?detail/1040246249486 HTTP/1.1" 200 17382 "https://toyotasurabayanet.com/goods.php?jp/295004892.html" "Mozilla/5.0 AppleWebKit/537.36 (KHTML, like Gecko; compatible; GPTBot/1.4; +https://openai.com/gptbot)"
74.7.227.139 - - [30/May/2026:22:04:37 +0700] "GET /goods.php?detail/147006660608 HTTP/1.1" 200 16918 "https://toyotasurabayanet.com/goods.php?detail/175005995064" "Mozilla/5.0 AppleWebKit/537.36 (KHTML, like Gecko; compatible; GPTBot/1.4; +https://openai.com/gptbot)"
74.7.227.139 - - [30/May/2026:22:04:38 +0700] "GET /goods.php?detail/002029109098 HTTP/1.1" 200 18167 "https://toyotasurabayanet.com/goods.php?detail/295001866781" "Mozilla/5.0 AppleWebKit/537.36 (KHTML, like Gecko; compatible; GPTBot/1.4; +https://openai.com/gptbot)"
74.7.227.139 - - [30/May/2026:22:04:39 +0700] "GET /goods.php?detail/19301558136114 HTTP/1.1" 200 16977 "https://toyotasurabayanet.com/goods.php?detail/105010260462" "Mozilla/5.0 AppleWebKit/537.36 (KHTML, like Gecko; compatible; GPTBot/1.4; +https://openai.com/gptbot)"
74.7.227.139 - - [30/May/2026:22:04:40 +0700] "GET /goods.php?detail/254047298544 HTTP/1.1" 200 18371 "https://toyotasurabayanet.com/goods.php?detail/175005939070" "Mozilla/5.0 AppleWebKit/537.36 (KHTML, like Gecko; compatible; GPTBot/1.4; +https://openai.com/gptbot)"
114.119.150.215 - - [30/May/2026:22:04:40 +0700] "GET /moodle_prod/calendar/view.php?view=month&time=-54846010800&course=1 HTTP/1.1" 500 0 "-" "Mozilla/5.0 (Linux; Android 7.0;) AppleWebKit/537.36 (KHTML, like Gecko) Mobile Safari/537.36 (compatible; PetalBot;+https://webmaster.petalsearch.com/site/petalbot)"
216.73.217.53 - - [30/May/2026:22:04:41 +0700] "GET /av.php?action=chmodfolder&folder=node0&path=%2F%2Fsys%2Fbus%2Fnode%2Fdevices%2Fnode0%2Fmemory71%2Fnode0%2Fcpu2%2Fnode0%2Fmemory9%2Fnode0%2Fcpu2 HTTP/1.1" 500 0 "-" "Mozilla/5.0 AppleWebKit/537.36 (KHTML, like Gecko; compatible; ClaudeBot/1.0; +claudebot@anthropic.com)"
74.7.227.139 - - [30/May/2026:22:04:41 +0700] "GET /goods.php?detail/107010417883 HTTP/1.1" 200 17437 "https://toyotasurabayanet.com/goods.php?detail/295001866781" "Mozilla/5.0 AppleWebKit/537.36 (KHTML, like Gecko; compatible; GPTBot/1.4; +https://openai.com/gptbot)"
74.7.227.139 - - [30/May/2026:22:04:41 +0700] "GET /goods.php?detail/029025354516 HTTP/1.1" 200 18033 "https://toyotasurabayanet.com/goods.php?detail/145030640147" "Mozilla/5.0 AppleWebKit/537.36 (KHTML, like Gecko; compatible; GPTBot/1.4; +https://openai.com/gptbot)"
74.7.227.139 - - [30/May/2026:22:04:42 +0700] "GET /goods.php?detail/071009477021 HTTP/1.1" 200 17401 "https://toyotasurabayanet.com/goods.php?detail/158003542389" "Mozilla/5.0 AppleWebKit/537.36 (KHTML, like Gecko; compatible; GPTBot/1.4; +https://openai.com/gptbot)"
74.7.227.139 - - [30/May/2026:22:04:43 +0700] "GET /goods.php?detail/0450422040498 HTTP/1.1" 200 17710 "https://toyotasurabayanet.com/goods.php?detail/266034960996" "Mozilla/5.0 AppleWebKit/537.36 (KHTML, like Gecko; compatible; GPTBot/1.4; +https://openai.com/gptbot)"
74.7.227.139 - - [30/May/2026:22:04:43 +0700] "GET /goods.php?detail/240014005781 HTTP/1.1" 200 17711 "https://toyotasurabayanet.com/goods.php?detail/240014012294" "Mozilla/5.0 AppleWebKit/537.36 (KHTML, like Gecko; compatible; GPTBot/1.4; +https://openai.com/gptbot)"
74.7.227.139 - - [30/May/2026:22:04:44 +0700] "GET /goods.php?detail/158003447991 HTTP/1.1" 200 16903 "https://toyotasurabayanet.com/goods.php?detail/158003542389" "Mozilla/5.0 AppleWebKit/537.36 (KHTML, like Gecko; compatible; GPTBot/1.4; +https://openai.com/gptbot)"
216.73.217.53 - - [30/May/2026:22:04:46 +0700] "GET /av.php?action=newfolder&path=%2F%2Fsys%2Fdevices%2Fsystem%2Fnode%2Fnode0%2Fmemory69%2Fnode0%2Fmemory69%2Fnode0 HTTP/1.1" 500 0 "-" "Mozilla/5.0 AppleWebKit/537.36 (KHTML, like Gecko; compatible; ClaudeBot/1.0; +claudebot@anthropic.com)"
74.7.227.139 - - [30/May/2026:22:04:48 +0700] "GET /goods.php?detail/234041396054 HTTP/1.1" 200 19227 "https://toyotasurabayanet.com/goods.php?detail/175005939070" "Mozilla/5.0 AppleWebKit/537.36 (KHTML, like Gecko; compatible; GPTBot/1.4; +https://openai.com/gptbot)"
74.7.227.139 - - [30/May/2026:22:04:48 +0700] "GET /goods.php?detail/1750105750205 HTTP/1.1" 200 16935 "https://toyotasurabayanet.com/goods.php?detail/175005995064" "Mozilla/5.0 AppleWebKit/537.36 (KHTML, like Gecko; compatible; GPTBot/1.4; +https://openai.com/gptbot)"
74.7.227.139 - - [30/May/2026:22:04:49 +0700] "GET /goods.php?detail/2950027506267 HTTP/1.1" 200 17825 "https://toyotasurabayanet.com/goods.php?detail/295001866781" "Mozilla/5.0 AppleWebKit/537.36 (KHTML, like Gecko; compatible; GPTBot/1.4; +https://openai.com/gptbot)"
216.73.217.53 - - [30/May/2026:22:04:51 +0700] "GET /av.php?action=chmodfolder&folder=hotplug&path=%2F%2Fsys%2Fbus%2Fnode%2Fdevices%2Fnode0%2Fmemory65%2Fnode0%2Fcpu2 HTTP/1.1" 500 0 "-" "Mozilla/5.0 AppleWebKit/537.36 (KHTML, like Gecko; compatible; ClaudeBot/1.0; +claudebot@anthropic.com)"
74.7.227.139 - - [30/May/2026:22:04:52 +0700] "GET /goods.php?detail/2410180889389 HTTP/1.1" 200 16892 "https://toyotasurabayanet.com/goods.php?detail/175006127021" "Mozilla/5.0 AppleWebKit/537.36 (KHTML, like Gecko; compatible; GPTBot/1.4; +https://openai.com/gptbot)"
74.7.227.139 - - [30/May/2026:22:04:53 +0700] "GET /goods.php?detail/1990233196160 HTTP/1.1" 200 16657 "https://toyotasurabayanet.com/goods.php?detail/060019444588" "Mozilla/5.0 AppleWebKit/537.36 (KHTML, like Gecko; compatible; GPTBot/1.4; +https://openai.com/gptbot)"
216.73.217.53 - - [30/May/2026:22:04:56 +0700] "GET /av.php?action=deletefolder&file=node0&path=%2F%2Fsys%2Fdevices%2Fsystem%2Fnode%2Fnode0%2Fmemory57%2Fnode0%2Fmemory22 HTTP/1.1" 500 0 "-" "Mozilla/5.0 AppleWebKit/537.36 (KHTML, like Gecko; compatible; ClaudeBot/1.0; +claudebot@anthropic.com)"
74.7.227.138 - - [30/May/2026:22:04:56 +0700] "GET /av.php?action=renamefolder&folder=Digest&path=//lib64/perl5/vendor_perl/auto HTTP/1.1" 500 0 "https://mail.toyotasurabayanet.com/av.php?path=%2F%2Flib64%2Fperl5%2Fvendor_perl%2Fauto" "Mozilla/5.0 AppleWebKit/537.36 (KHTML, like Gecko; compatible; GPTBot/1.4; +https://openai.com/gptbot)"
74.7.227.28 - - [30/May/2026:22:04:56 +0700] "GET /av.php?action=chmodfile&file=install.php&path=//var/softaculous/vty/php81 HTTP/1.1" 500 0 "https://toyotasurabayanet.com.lifetimefee.com/av.php?path=%2F%2Fvar%2Fsoftaculous%2Fvty%2Fphp81" "Mozilla/5.0 AppleWebKit/537.36 (KHTML, like Gecko; compatible; GPTBot/1.4; +https://openai.com/gptbot)"
74.7.227.139 - - [30/May/2026:22:04:56 +0700] "GET /goods.php?detail/0570361197797 HTTP/1.1" 200 17847 "https://toyotasurabayanet.com/goods.php?detail/113045695395" "Mozilla/5.0 AppleWebKit/537.36 (KHTML, like Gecko; compatible; GPTBot/1.4; +https://openai.com/gptbot)"
74.7.227.139 - - [30/May/2026:22:04:58 +0700] "GET /goods.php?detail/0640281223284 HTTP/1.1" 200 18175 "https://toyotasurabayanet.com/goods.php?detail/161006069239" "Mozilla/5.0 AppleWebKit/537.36 (KHTML, like Gecko; compatible; GPTBot/1.4; +https://openai.com/gptbot)"
216.73.217.53 - - [30/May/2026:22:05:01 +0700] "GET /av.php?action=chmodfolder&folder=node0&path=%2F%2Fsys%2Fdevices%2Fsystem%2Fnode%2Fnode0%2Fmemory34%2Fnode0%2Fmemory14%2Fnode0%2Fmemory14 HTTP/1.1" 500 0 "-" "Mozilla/5.0 AppleWebKit/537.36 (KHTML, like Gecko; compatible; ClaudeBot/1.0; +claudebot@anthropic.com)"
74.7.227.139 - - [30/May/2026:22:05:01 +0700] "GET /goods.php?detail/1070104624023 HTTP/1.1" 200 18203 "https://toyotasurabayanet.com/goods.php?detail/1070150763394" "Mozilla/5.0 AppleWebKit/537.36 (KHTML, like Gecko; compatible; GPTBot/1.4; +https://openai.com/gptbot)"
74.7.227.139 - - [30/May/2026:22:05:03 +0700] "GET /goods.php?detail/1200229080846 HTTP/1.1" 200 17951 "https://toyotasurabayanet.com/goods.php?detail/1250438204653" "Mozilla/5.0 AppleWebKit/537.36 (KHTML, like Gecko; compatible; GPTBot/1.4; +https://openai.com/gptbot)"
74.7.227.139 - - [30/May/2026:22:05:03 +0700] "GET /goods.php?detail/0610048283006 HTTP/1.1" 200 18383 "https://toyotasurabayanet.com/goods.php?detail/061010726651" "Mozilla/5.0 AppleWebKit/537.36 (KHTML, like Gecko; compatible; GPTBot/1.4; +https://openai.com/gptbot)"
74.7.227.139 - - [30/May/2026:22:05:04 +0700] "GET /goods.php?detail/23204068358034 HTTP/1.1" 200 17718 "https://toyotasurabayanet.com/goods.php?detail/147006660608" "Mozilla/5.0 AppleWebKit/537.36 (KHTML, like Gecko; compatible; GPTBot/1.4; +https://openai.com/gptbot)"
216.73.217.53 - - [30/May/2026:22:05:06 +0700] "GET /av.php?action=newfolder&path=%2F%2Fsys%2Fdevices%2Fsystem%2Fnode%2Fnode0%2Fmemory45%2Fnode0%2Fmemory66%2Fnode0 HTTP/1.1" 500 0 "-" "Mozilla/5.0 AppleWebKit/537.36 (KHTML, like Gecko; compatible; ClaudeBot/1.0; +claudebot@anthropic.com)"
216.73.217.53 - - [30/May/2026:22:05:11 +0700] "GET /av.php?action=chmodfolder&folder=node0&path=%2F%2Fsys%2Fdevices%2Fsystem%2Fnode%2Fnode0%2Fmemory21%2Fnode0%2Fmemory54%2Fnode0%2Fmemory13 HTTP/1.1" 500 0 "-" "Mozilla/5.0 AppleWebKit/537.36 (KHTML, like Gecko; compatible; ClaudeBot/1.0; +claudebot@anthropic.com)"
57.141.0.29 - - [30/May/2026:22:05:16 +0700] "GET /av.php?path=%2Fhome%2Fangker%2Fwww%2F21stbikes.com%2Fscript&file=6MKG4fVN9IMJjgPMfH6qJ6B9bMy6VJMJ7fbKgmsMfeMS6MKG4fJ4mIMJjIPMfH6qJyu9bMy6JJMJ7fbKJmsMfegJ6MTMgXnf6nb9_67uu446iawn455yxca86th.js&action=view HTTP/1.1" 500 0 "-" "meta-externalagent/1.1 (+https://developers.facebook.com/docs/sharing/webmasters/crawler)"
74.7.227.139 - - [30/May/2026:22:05:16 +0700] "GET /goods.php?detail/147017391464 HTTP/1.1" 200 17137 "https://toyotasurabayanet.com/goods.php?detail/147006660608" "Mozilla/5.0 AppleWebKit/537.36 (KHTML, like Gecko; compatible; GPTBot/1.4; +https://openai.com/gptbot)"
216.73.217.53 - - [30/May/2026:22:05:16 +0700] "GET /av.php?action=chmodfolder&folder=node0&path=%2F%2Fsys%2Fdevices%2Fsystem%2Fnode%2Fnode0%2Fmemory43%2Fnode0%2Fmemory40%2Fnode0%2Fmemory5%2Fnode0%2Fmemory20 HTTP/1.1" 500 0 "-" "Mozilla/5.0 AppleWebKit/537.36 (KHTML, like Gecko; compatible; ClaudeBot/1.0; +claudebot@anthropic.com)"
74.7.227.139 - - [30/May/2026:22:05:19 +0700] "GET /goods.php?detail/224010126544 HTTP/1.1" 200 17452 "https://toyotasurabayanet.com/goods.php?detail/0890094193593" "Mozilla/5.0 AppleWebKit/537.36 (KHTML, like Gecko; compatible; GPTBot/1.4; +https://openai.com/gptbot)"
74.7.227.139 - - [30/May/2026:22:05:21 +0700] "GET /goods.php?detail/256025526997 HTTP/1.1" 200 16715 "https://toyotasurabayanet.com/goods.php?detail/002029109098" "Mozilla/5.0 AppleWebKit/537.36 (KHTML, like Gecko; compatible; GPTBot/1.4; +https://openai.com/gptbot)"
216.73.217.53 - - [30/May/2026:22:05:21 +0700] "GET /av.php?action=chmodfolder&folder=node0&path=%2F%2Fsys%2Fdevices%2Fsystem%2Fnode%2Fnode0%2Fmemory69%2Fnode0%2Fmemory23%2Fnode0%2Fcpu0%2Fnode0%2Fmemory7 HTTP/1.1" 500 0 "-" "Mozilla/5.0 AppleWebKit/537.36 (KHTML, like Gecko; compatible; ClaudeBot/1.0; +claudebot@anthropic.com)"
216.73.217.53 - - [30/May/2026:22:05:26 +0700] "GET /av.php?action=chmodfolder&folder=memory2&path=%2F%2Fsys%2Fdevices%2Fsystem%2Fnode%2Fnode0%2Fmemory33%2Fnode0%2Fmemory70%2Fnode0%2Fmemory1%2Fnode0 HTTP/1.1" 500 0 "-" "Mozilla/5.0 AppleWebKit/537.36 (KHTML, like Gecko; compatible; ClaudeBot/1.0; +claudebot@anthropic.com)"
74.7.227.139 - - [30/May/2026:22:05:26 +0700] "GET /goods.php?detail/1070040031106 HTTP/1.1" 200 17237 "https://toyotasurabayanet.com/goods.php?detail/107010417883" "Mozilla/5.0 AppleWebKit/537.36 (KHTML, like Gecko; compatible; GPTBot/1.4; +https://openai.com/gptbot)"
216.73.217.53 - - [30/May/2026:22:05:31 +0700] "GET /av.php?action=chmodfolder&folder=node0&path=%2F%2Fsys%2Fdevices%2Fsystem%2Fnode%2Fnode0%2Fmemory68%2Fnode0%2Fmemory13%2Fnode0%2Fmemory34 HTTP/1.1" 500 0 "-" "Mozilla/5.0 AppleWebKit/537.36 (KHTML, like Gecko; compatible; ClaudeBot/1.0; +claudebot@anthropic.com)"
74.7.227.139 - - [30/May/2026:22:05:32 +0700] "GET /goods.php?detail/029000854524 HTTP/1.1" 200 17899 "https://toyotasurabayanet.com/goods.php?detail/029025354516" "Mozilla/5.0 AppleWebKit/537.36 (KHTML, like Gecko; compatible; GPTBot/1.4; +https://openai.com/gptbot)"
74.7.227.139 - - [30/May/2026:22:05:34 +0700] "GET /goods.php?detail/205027843636 HTTP/1.1" 200 16856 "https://toyotasurabayanet.com/goods.php?detail/0450422040498" "Mozilla/5.0 AppleWebKit/537.36 (KHTML, like Gecko; compatible; GPTBot/1.4; +https://openai.com/gptbot)"
74.7.227.139 - - [30/May/2026:22:05:35 +0700] "GET /goods.php?detail/175008035754 HTTP/1.1" 200 17171 "https://toyotasurabayanet.com/goods.php?detail/1750105750205" "Mozilla/5.0 AppleWebKit/537.36 (KHTML, like Gecko; compatible; GPTBot/1.4; +https://openai.com/gptbot)"
216.73.217.53 - - [30/May/2026:22:05:36 +0700] "GET /av.php?action=chmodfolder&folder=memory7&path=%2F%2Fsys%2Fdevices%2Fsystem%2Fnode%2Fnode0%2Fmemory4%2Fnode0%2Fmemory55%2Fnode0 HTTP/1.1" 500 0 "-" "Mozilla/5.0 AppleWebKit/537.36 (KHTML, like Gecko; compatible; ClaudeBot/1.0; +claudebot@anthropic.com)"
216.73.217.53 - - [30/May/2026:22:05:41 +0700] "GET /av.php?action=chmodfolder&folder=node0&path=%2F%2Fsys%2Fdevices%2Fsystem%2Fnode%2Fnode0%2Fmemory44%2Fnode0%2Fmemory61%2Fnode0%2Fmemory34 HTTP/1.1" 500 0 "-" "Mozilla/5.0 AppleWebKit/537.36 (KHTML, like Gecko; compatible; ClaudeBot/1.0; +claudebot@anthropic.com)"
74.7.227.139 - - [30/May/2026:22:05:43 +0700] "GET /goods.php?detail/0430223600284 HTTP/1.1" 200 17771 "https://toyotasurabayanet.com/goods.php?detail/240014005781" "Mozilla/5.0 AppleWebKit/537.36 (KHTML, like Gecko; compatible; GPTBot/1.4; +https://openai.com/gptbot)"
74.7.227.139 - - [30/May/2026:22:05:43 +0700] "GET /goods.php?detail/2280336426360 HTTP/1.1" 200 18443 "https://toyotasurabayanet.com/goods.php?detail/19301558136114" "Mozilla/5.0 AppleWebKit/537.36 (KHTML, like Gecko; compatible; GPTBot/1.4; +https://openai.com/gptbot)"
