Google
Edit File: toyotasurabayanet.com.lifetimefee.com-ssl_log
216.73.217.53 - - [30/May/2026:19:15:30 +0700] "GET /av.php?action=chmodfolder&folder=cache&path=%2F%2Fsys%2Fbus%2Fnode%2Fdevices%2Fnode0%2Fmemory4%2Fnode0%2Fmemory3%2Fnode0%2Fmemory64%2Fnode0%2Fcpu0 HTTP/1.1" 500 0 "-" "Mozilla/5.0 AppleWebKit/537.36 (KHTML, like Gecko; compatible; ClaudeBot/1.0; +claudebot@anthropic.com)"
216.73.217.53 - - [30/May/2026:19:15:35 +0700] "GET /av.php?action=deletefolder&file=node0&path=%2F%2Fsys%2Fdevices%2Fsystem%2Fnode%2Fnode0%2Fmemory55%2Fnode0%2Fmemory23%2Fnode0%2Fmemory46%2Fnode0%2Fmemory54 HTTP/1.1" 500 0 "-" "Mozilla/5.0 AppleWebKit/537.36 (KHTML, like Gecko; compatible; ClaudeBot/1.0; +claudebot@anthropic.com)"
216.73.217.53 - - [30/May/2026:19:15:40 +0700] "GET /av.php?action=chmodfolder&folder=cpu2&path=%2F%2Fsys%2Fdevices%2Fsystem%2Fnode%2Fnode0%2Fmemory53%2Fnode0%2Fmemory43%2Fnode0%2Fmemory12%2Fnode0%2Fmemory44%2Fnode0 HTTP/1.1" 500 0 "-" "Mozilla/5.0 AppleWebKit/537.36 (KHTML, like Gecko; compatible; ClaudeBot/1.0; +claudebot@anthropic.com)"
74.7.227.28 - - [30/May/2026:19:15:41 +0700] "GET /av.php?action=deletefile&file=install.php&path=//var/softaculous/xms/php71 HTTP/1.1" 500 0 "https://toyotasurabayanet.com.lifetimefee.com/av.php?path=%2F%2Fvar%2Fsoftaculous%2Fxms%2Fphp71" "Mozilla/5.0 AppleWebKit/537.36 (KHTML, like Gecko; compatible; GPTBot/1.4; +https://openai.com/gptbot)"
216.73.217.53 - - [30/May/2026:19:15:45 +0700] "GET /av.php?action=deletefolder&file=node0&path=%2F%2Fsys%2Fdevices%2Fsystem%2Fnode%2Fnode0%2Fmemory66%2Fnode0%2Fmemory21%2Fnode0%2Fmemory52%2Fnode0%2Fcpu3 HTTP/1.1" 500 0 "-" "Mozilla/5.0 AppleWebKit/537.36 (KHTML, like Gecko; compatible; ClaudeBot/1.0; +claudebot@anthropic.com)"
74.7.227.139 - - [30/May/2026:19:15:45 +0700] "GET /goods.php?detail/2730075398737 HTTP/1.1" 200 30 "https://toyotasurabayanet.com/goods.php?detail/1810085766814" "Mozilla/5.0 AppleWebKit/537.36 (KHTML, like Gecko; compatible; GPTBot/1.4; +https://openai.com/gptbot)"
74.7.227.139 - - [30/May/2026:19:15:47 +0700] "GET /goods.php?detail/2890019039062 HTTP/1.1" 200 17774 "https://toyotasurabayanet.com/goods.php?goods/289001879" "Mozilla/5.0 AppleWebKit/537.36 (KHTML, like Gecko; compatible; GPTBot/1.4; +https://openai.com/gptbot)"
74.7.227.139 - - [30/May/2026:19:15:48 +0700] "GET /goods.php?detail/2160030356551 HTTP/1.1" 200 18169 "https://toyotasurabayanet.com/goods.php?detail/216003026364" "Mozilla/5.0 AppleWebKit/537.36 (KHTML, like Gecko; compatible; GPTBot/1.4; +https://openai.com/gptbot)"
74.7.227.139 - - [30/May/2026:19:15:49 +0700] "GET /goods.php?detail/0150019597280 HTTP/1.1" 200 17941 "https://toyotasurabayanet.com/goods.php?detail/015013663766" "Mozilla/5.0 AppleWebKit/537.36 (KHTML, like Gecko; compatible; GPTBot/1.4; +https://openai.com/gptbot)"
74.7.227.138 - - [30/May/2026:19:15:50 +0700] "GET /av.php?action=view&file=8e0f2dc7ddc5651ed0ea55c0d943822a49d07ef18951ebf2e1dd8d86a75c&path=%2Fhome%2Fangker%2F.npm%2F_cacache%2Findex-v5%2Fcb%2F26 HTTP/1.1" 500 0 "https://mail.toyotasurabayanet.com/av.php?path=%2Fhome%2Fangker%2F.npm%2F_cacache%2Findex-v5%2Fcb%2F26" "Mozilla/5.0 AppleWebKit/537.36 (KHTML, like Gecko; compatible; GPTBot/1.4; +https://openai.com/gptbot)"
74.7.227.139 - - [30/May/2026:19:15:50 +0700] "GET /goods.php?detail/2140005807361 HTTP/1.1" 200 19159 "https://toyotasurabayanet.com/goods.php?detail/227011150929" "Mozilla/5.0 AppleWebKit/537.36 (KHTML, like Gecko; compatible; GPTBot/1.4; +https://openai.com/gptbot)"
216.73.217.53 - - [30/May/2026:19:15:50 +0700] "GET /av.php?action=deletefolder&file=node0&path=%2F%2Fsys%2Fdevices%2Fsystem%2Fnode%2Fnode0%2Fmemory69%2Fnode0%2Fmemory67%2Fnode0%2Fmemory16%2Fnode0%2Fmemory1 HTTP/1.1" 500 0 "-" "Mozilla/5.0 AppleWebKit/537.36 (KHTML, like Gecko; compatible; ClaudeBot/1.0; +claudebot@anthropic.com)"
74.7.227.139 - - [30/May/2026:19:15:52 +0700] "GET /goods.php?detail/300010744366 HTTP/1.1" 200 17236 "https://toyotasurabayanet.com/goods.php?detail/292006787776" "Mozilla/5.0 AppleWebKit/537.36 (KHTML, like Gecko; compatible; GPTBot/1.4; +https://openai.com/gptbot)"
74.7.227.139 - - [30/May/2026:19:15:53 +0700] "GET /goods.php?detail/055005307641 HTTP/1.1" 200 17435 "https://toyotasurabayanet.com/goods.php?detail/0780211351151" "Mozilla/5.0 AppleWebKit/537.36 (KHTML, like Gecko; compatible; GPTBot/1.4; +https://openai.com/gptbot)"
74.7.227.139 - - [30/May/2026:19:15:54 +0700] "GET /goods.php?detail/124015878016 HTTP/1.1" 200 17191 "https://toyotasurabayanet.com/goods.php?detail/005031230290" "Mozilla/5.0 AppleWebKit/537.36 (KHTML, like Gecko; compatible; GPTBot/1.4; +https://openai.com/gptbot)"
216.73.217.53 - - [30/May/2026:19:15:55 +0700] "GET /av.php?action=deletefolder&file=node0&path=%2F%2Fsys%2Fdevices%2Fsystem%2Fnode%2Fnode0%2Fmemory63%2Fnode0%2Fmemory61%2Fnode0%2Fmemory23%2Fnode0%2Fmemory36 HTTP/1.1" 500 0 "-" "Mozilla/5.0 AppleWebKit/537.36 (KHTML, like Gecko; compatible; ClaudeBot/1.0; +claudebot@anthropic.com)"
216.73.217.53 - - [30/May/2026:19:16:01 +0700] "GET /av.php?action=deletefolder&file=node0&path=%2F%2Fsys%2Fdevices%2Fsystem%2Fnode%2Fnode0%2Fmemory54%2Fnode0%2Fmemory46%2Fnode0%2Fmemory58%2Fnode0%2Fmemory39 HTTP/1.1" 500 0 "-" "Mozilla/5.0 AppleWebKit/537.36 (KHTML, like Gecko; compatible; ClaudeBot/1.0; +claudebot@anthropic.com)"
74.7.227.139 - - [30/May/2026:19:16:01 +0700] "GET /goods.php?detail/292020207560 HTTP/1.1" 200 17445 "https://toyotasurabayanet.com/goods.php?detail/292006787776" "Mozilla/5.0 AppleWebKit/537.36 (KHTML, like Gecko; compatible; GPTBot/1.4; +https://openai.com/gptbot)"
216.73.217.53 - - [30/May/2026:19:16:06 +0700] "GET /av.php?action=deletefolder&file=node0&path=%2F%2Fsys%2Fdevices%2Fsystem%2Fnode%2Fnode0%2Fmemory21%2Fnode0%2Fcpu3%2Fnode0%2Fmemory59%2Fnode0%2Fmemory20 HTTP/1.1" 500 0 "-" "Mozilla/5.0 AppleWebKit/537.36 (KHTML, like Gecko; compatible; ClaudeBot/1.0; +claudebot@anthropic.com)"
74.7.227.139 - - [30/May/2026:19:16:09 +0700] "GET /goods.php?detail/292020208685 HTTP/1.1" 200 17390 "https://toyotasurabayanet.com/goods.php?detail/292006787776" "Mozilla/5.0 AppleWebKit/537.36 (KHTML, like Gecko; compatible; GPTBot/1.4; +https://openai.com/gptbot)"
216.73.217.53 - - [30/May/2026:19:16:11 +0700] "GET /av.php?action=chmodfolder&folder=memory2&path=%2F%2Fsys%2Fdevices%2Fsystem%2Fnode%2Fnode0%2Fmemory50%2Fnode0%2Fmemory55%2Fnode0%2Fmemory70%2Fnode0%2Fmemory6%2Fnode0 HTTP/1.1" 500 0 "-" "Mozilla/5.0 AppleWebKit/537.36 (KHTML, like Gecko; compatible; ClaudeBot/1.0; +claudebot@anthropic.com)"
216.73.217.53 - - [30/May/2026:19:16:16 +0700] "GET /av.php?action=chmodfolder&folder=memory2&path=%2F%2Fsys%2Fdevices%2Fsystem%2Fnode%2Fnode0%2Fmemory7%2Fnode0%2Fmemory11%2Fnode0%2Fmemory61%2Fnode0%2Fmemory19%2Fnode0 HTTP/1.1" 500 0 "-" "Mozilla/5.0 AppleWebKit/537.36 (KHTML, like Gecko; compatible; ClaudeBot/1.0; +claudebot@anthropic.com)"
216.73.217.53 - - [30/May/2026:19:16:21 +0700] "GET /av.php?action=chmodfolder&folder=cpu2&path=%2F%2Fsys%2Fdevices%2Fsystem%2Fnode%2Fnode0%2Fmemory53%2Fnode0%2Fmemory35%2Fnode0%2Fmemory11%2Fnode0%2Fmemory67%2Fnode0 HTTP/1.1" 500 0 "-" "Mozilla/5.0 AppleWebKit/537.36 (KHTML, like Gecko; compatible; ClaudeBot/1.0; +claudebot@anthropic.com)"
57.141.0.34 - - [30/May/2026:19:16:22 +0700] "GET /av.php?path=/home/angker/mail/.spam/cur&file=1771411416.M854798P2768771.server-619288.prediksijaya.com%2CS%3D11516%2CW%3D11758%3A2%2Ca&action=edit HTTP/1.1" 500 0 "-" "meta-externalagent/1.1 (+https://developers.facebook.com/docs/sharing/webmasters/crawler)"
216.73.217.53 - - [30/May/2026:19:16:26 +0700] "GET /av.php?action=deletefolder&file=node0&path=%2F%2Fsys%2Fdevices%2Fsystem%2Fnode%2Fnode0%2Fmemory47%2Fnode0%2Fmemory9%2Fnode0%2Fmemory21%2Fnode0%2Fmemory35 HTTP/1.1" 500 0 "-" "Mozilla/5.0 AppleWebKit/537.36 (KHTML, like Gecko; compatible; ClaudeBot/1.0; +claudebot@anthropic.com)"
74.7.227.139 - - [30/May/2026:19:16:29 +0700] "GET /goods.php?detail/140027147044 HTTP/1.1" 200 30 "https://toyotasurabayanet.com/goods.php?detail/003032359926" "Mozilla/5.0 AppleWebKit/537.36 (KHTML, like Gecko; compatible; GPTBot/1.4; +https://openai.com/gptbot)"
216.73.217.53 - - [30/May/2026:19:16:31 +0700] "GET /av.php?action=chmodfolder&folder=memory2&path=%2F%2Fsys%2Fdevices%2Fsystem%2Fnode%2Fnode0%2Fmemory23%2Fnode0%2Fcpu0%2Fnode0%2Fmemory71%2Fnode0%2Fmemory34%2Fnode0 HTTP/1.1" 500 0 "-" "Mozilla/5.0 AppleWebKit/537.36 (KHTML, like Gecko; compatible; ClaudeBot/1.0; +claudebot@anthropic.com)"
74.7.227.139 - - [30/May/2026:19:16:32 +0700] "GET /goods.php?detail/067040189400 HTTP/1.1" 200 16945 "https://toyotasurabayanet.com/goods.php?detail/1940036483004" "Mozilla/5.0 AppleWebKit/537.36 (KHTML, like Gecko; compatible; GPTBot/1.4; +https://openai.com/gptbot)"
74.7.227.139 - - [30/May/2026:19:16:33 +0700] "GET /goods.php?detail/071002242130 HTTP/1.1" 200 17604 "https://toyotasurabayanet.com/goods.php?detail/2310225152340" "Mozilla/5.0 AppleWebKit/537.36 (KHTML, like Gecko; compatible; GPTBot/1.4; +https://openai.com/gptbot)"
74.7.227.139 - - [30/May/2026:19:16:33 +0700] "GET /goods.php?detail/283033205226 HTTP/1.1" 200 17894 "https://toyotasurabayanet.com/goods.php?detail/2310225152340" "Mozilla/5.0 AppleWebKit/537.36 (KHTML, like Gecko; compatible; GPTBot/1.4; +https://openai.com/gptbot)"
74.7.227.139 - - [30/May/2026:19:16:35 +0700] "GET /goods.php?detail/194006668828 HTTP/1.1" 200 17078 "https://toyotasurabayanet.com/goods.php?detail/003032359926" "Mozilla/5.0 AppleWebKit/537.36 (KHTML, like Gecko; compatible; GPTBot/1.4; +https://openai.com/gptbot)"
216.73.217.53 - - [30/May/2026:19:16:36 +0700] "GET /av.php?action=chmodfolder&folder=memory2&path=%2F%2Fsys%2Fdevices%2Fsystem%2Fnode%2Fnode0%2Fmemory34%2Fnode0%2Fmemory17%2Fnode0%2Fmemory8%2Fnode0%2Fmemory48%2Fnode0 HTTP/1.1" 500 0 "-" "Mozilla/5.0 AppleWebKit/537.36 (KHTML, like Gecko; compatible; ClaudeBot/1.0; +claudebot@anthropic.com)"
74.7.227.139 - - [30/May/2026:19:16:37 +0700] "GET /goods.php?detail/068032266679 HTTP/1.1" 200 18692 "https://toyotasurabayanet.com/goods.php?detail/006028734256" "Mozilla/5.0 AppleWebKit/537.36 (KHTML, like Gecko; compatible; GPTBot/1.4; +https://openai.com/gptbot)"
74.7.227.139 - - [30/May/2026:19:16:38 +0700] "GET /goods.php?detail/227011132397 HTTP/1.1" 200 17369 "https://toyotasurabayanet.com/goods.php?detail/227011150929" "Mozilla/5.0 AppleWebKit/537.36 (KHTML, like Gecko; compatible; GPTBot/1.4; +https://openai.com/gptbot)"
74.7.227.139 - - [30/May/2026:19:16:39 +0700] "GET /goods.php?detail/258047719218 HTTP/1.1" 200 16570 "https://toyotasurabayanet.com/goods.php?detail/269020679550" "Mozilla/5.0 AppleWebKit/537.36 (KHTML, like Gecko; compatible; GPTBot/1.4; +https://openai.com/gptbot)"
216.73.217.53 - - [30/May/2026:19:16:41 +0700] "GET /av.php?action=chmodfolder&folder=cpu2&path=%2F%2Fsys%2Fdevices%2Fsystem%2Fnode%2Fnode0%2Fmemory17%2Fnode0%2Fmemory14%2Fnode0%2Fmemory63%2Fnode0%2Fmemory40%2Fnode0 HTTP/1.1" 500 0 "-" "Mozilla/5.0 AppleWebKit/537.36 (KHTML, like Gecko; compatible; ClaudeBot/1.0; +claudebot@anthropic.com)"
74.7.227.28 - - [30/May/2026:19:16:41 +0700] "GET /av.php?action=chmodfile&file=install.php&path=//var/softaculous/seed/php71 HTTP/1.1" 500 0 "https://toyotasurabayanet.com.lifetimefee.com/av.php?path=%2F%2Fvar%2Fsoftaculous%2Fseed%2Fphp71" "Mozilla/5.0 AppleWebKit/537.36 (KHTML, like Gecko; compatible; GPTBot/1.4; +https://openai.com/gptbot)"
74.7.227.139 - - [30/May/2026:19:16:44 +0700] "GET /goods.php?detail/227011133490 HTTP/1.1" 200 18010 "https://toyotasurabayanet.com/goods.php?detail/227011150929" "Mozilla/5.0 AppleWebKit/537.36 (KHTML, like Gecko; compatible; GPTBot/1.4; +https://openai.com/gptbot)"
74.7.227.139 - - [30/May/2026:19:16:44 +0700] "GET /goods.php?detail/152043888563 HTTP/1.1" 200 17208 "https://toyotasurabayanet.com/goods.php?detail/0150019597280" "Mozilla/5.0 AppleWebKit/537.36 (KHTML, like Gecko; compatible; GPTBot/1.4; +https://openai.com/gptbot)"
216.73.217.53 - - [30/May/2026:19:16:46 +0700] "GET /av.php?action=deletefolder&file=node0&path=%2F%2Fsys%2Fdevices%2Fsystem%2Fnode%2Fnode0%2Fmemory52%2Fnode0%2Fmemory14%2Fnode0%2Fmemory49%2Fnode0%2Fcpu1 HTTP/1.1" 500 0 "-" "Mozilla/5.0 AppleWebKit/537.36 (KHTML, like Gecko; compatible; ClaudeBot/1.0; +claudebot@anthropic.com)"
74.7.227.139 - - [30/May/2026:19:16:48 +0700] "GET /goods.php?goods/266018530 HTTP/1.1" 200 18155 "https://toyotasurabayanet.com/goods.php?detail/292020207560" "Mozilla/5.0 AppleWebKit/537.36 (KHTML, like Gecko; compatible; GPTBot/1.4; +https://openai.com/gptbot)"
74.7.227.139 - - [30/May/2026:19:16:51 +0700] "GET /goods.php?detail/292017471768 HTTP/1.1" 200 18061 "https://toyotasurabayanet.com/goods.php?detail/292020208685" "Mozilla/5.0 AppleWebKit/537.36 (KHTML, like Gecko; compatible; GPTBot/1.4; +https://openai.com/gptbot)"
216.73.217.53 - - [30/May/2026:19:16:51 +0700] "GET /av.php?action=deletefolder&file=node0&path=%2F%2Fsys%2Fdevices%2Fsystem%2Fnode%2Fnode0%2Fmemory56%2Fnode0%2Fmemory46%2Fnode0%2Fmemory18%2Fnode0%2Fmemory19 HTTP/1.1" 500 0 "-" "Mozilla/5.0 AppleWebKit/537.36 (KHTML, like Gecko; compatible; ClaudeBot/1.0; +claudebot@anthropic.com)"
74.7.227.139 - - [30/May/2026:19:16:52 +0700] "GET /goods.php?detail/156033789987 HTTP/1.1" 200 17183 "https://toyotasurabayanet.com/goods.php?detail/124015878016" "Mozilla/5.0 AppleWebKit/537.36 (KHTML, like Gecko; compatible; GPTBot/1.4; +https://openai.com/gptbot)"
74.7.227.138 - - [30/May/2026:19:16:53 +0700] "GET /av.php?action=deletefile&file=class-wp-html-span.php&path=/home/angker/www/sman2siantar.sch.id/blog/wp-includes/html-api HTTP/1.1" 500 0 "https://mail.toyotasurabayanet.com/av.php?path=%2Fhome%2Fangker%2Fwww%2Fsman2siantar.sch.id%2Fblog%2Fwp-includes%2Fhtml-api" "Mozilla/5.0 AppleWebKit/537.36 (KHTML, like Gecko; compatible; GPTBot/1.4; +https://openai.com/gptbot)"
74.7.227.139 - - [30/May/2026:19:16:53 +0700] "GET /goods.php?detail/269000344784 HTTP/1.1" 200 17703 "https://toyotasurabayanet.com/goods.php?detail/269020679550" "Mozilla/5.0 AppleWebKit/537.36 (KHTML, like Gecko; compatible; GPTBot/1.4; +https://openai.com/gptbot)"
74.7.227.139 - - [30/May/2026:19:16:54 +0700] "GET /goods.php?detail/256020824878 HTTP/1.1" 200 17053 "https://toyotasurabayanet.com/goods.php?detail/1940036483004" "Mozilla/5.0 AppleWebKit/537.36 (KHTML, like Gecko; compatible; GPTBot/1.4; +https://openai.com/gptbot)"
216.73.217.53 - - [30/May/2026:19:16:56 +0700] "GET /av.php?action=deletefolder&file=node0&path=%2F%2Fsys%2Fdevices%2Fsystem%2Fnode%2Fnode0%2Fmemory49%2Fnode0%2Fmemory35%2Fnode0%2Fmemory42%2Fnode0%2Fmemory22 HTTP/1.1" 500 0 "-" "Mozilla/5.0 AppleWebKit/537.36 (KHTML, like Gecko; compatible; ClaudeBot/1.0; +claudebot@anthropic.com)"
74.7.227.139 - - [30/May/2026:19:17:00 +0700] "GET /goods.php?detail/252010704911 HTTP/1.1" 200 17971 "https://toyotasurabayanet.com/goods.php?detail/1840336365242" "Mozilla/5.0 AppleWebKit/537.36 (KHTML, like Gecko; compatible; GPTBot/1.4; +https://openai.com/gptbot)"
216.73.217.53 - - [30/May/2026:19:17:01 +0700] "GET /av.php?action=chmodfolder&folder=memory2&path=%2F%2Fsys%2Fdevices%2Fsystem%2Fnode%2Fnode0%2Fcpu0%2Fnode0%2Fmemory16%2Fnode0%2Fmemory10%2Fnode0%2Fmemory63%2Fnode0 HTTP/1.1" 500 0 "-" "Mozilla/5.0 AppleWebKit/537.36 (KHTML, like Gecko; compatible; ClaudeBot/1.0; +claudebot@anthropic.com)"
74.7.227.139 - - [30/May/2026:19:17:03 +0700] "GET /goods.php?detail/035025822627 HTTP/1.1" 200 16653 "https://toyotasurabayanet.com/goods.php?detail/006028734256" "Mozilla/5.0 AppleWebKit/537.36 (KHTML, like Gecko; compatible; GPTBot/1.4; +https://openai.com/gptbot)"
74.7.227.139 - - [30/May/2026:19:17:04 +0700] "GET /goods.php?detail/206001983538 HTTP/1.1" 200 18592 "https://toyotasurabayanet.com/goods.php?detail/0780211351151" "Mozilla/5.0 AppleWebKit/537.36 (KHTML, like Gecko; compatible; GPTBot/1.4; +https://openai.com/gptbot)"
216.73.217.53 - - [30/May/2026:19:17:06 +0700] "GET /av.php?action=chmodfolder&folder=cpu2&path=%2F%2Fsys%2Fdevices%2Fsystem%2Fnode%2Fnode0%2Fmemory56%2Fnode0%2Fmemory64%2Fnode0%2Fmemory13%2Fnode0%2Fmemory59%2Fnode0 HTTP/1.1" 500 0 "-" "Mozilla/5.0 AppleWebKit/537.36 (KHTML, like Gecko; compatible; ClaudeBot/1.0; +claudebot@anthropic.com)"
74.7.227.139 - - [30/May/2026:19:17:07 +0700] "GET /goods.php?detail/218040788691 HTTP/1.1" 200 18685 "https://toyotasurabayanet.com/goods.php?detail/0450044887290" "Mozilla/5.0 AppleWebKit/537.36 (KHTML, like Gecko; compatible; GPTBot/1.4; +https://openai.com/gptbot)"
74.7.227.139 - - [30/May/2026:19:17:10 +0700] "GET /goods.php?detail/141005698215 HTTP/1.1" 200 17232 "https://toyotasurabayanet.com/goods.php?jp/114017101.html" "Mozilla/5.0 AppleWebKit/537.36 (KHTML, like Gecko; compatible; GPTBot/1.4; +https://openai.com/gptbot)"
74.7.227.139 - - [30/May/2026:19:17:10 +0700] "GET /goods.php?detail/160024390441 HTTP/1.1" 200 18094 "https://toyotasurabayanet.com/goods.php?detail/067040189400" "Mozilla/5.0 AppleWebKit/537.36 (KHTML, like Gecko; compatible; GPTBot/1.4; +https://openai.com/gptbot)"
216.73.217.53 - - [30/May/2026:19:17:11 +0700] "GET /av.php?action=deletefolder&file=node0&path=%2F%2Fsys%2Fdevices%2Fsystem%2Fnode%2Fnode0%2Fmemory61%2Fnode0%2Fcpu3%2Fnode0%2Fmemory7%2Fnode0%2Fmemory16 HTTP/1.1" 500 0 "-" "Mozilla/5.0 AppleWebKit/537.36 (KHTML, like Gecko; compatible; ClaudeBot/1.0; +claudebot@anthropic.com)"
74.7.227.139 - - [30/May/2026:19:17:13 +0700] "GET /goods.php?detail/071000180775 HTTP/1.1" 200 17077 "https://toyotasurabayanet.com/goods.php?detail/071002242130" "Mozilla/5.0 AppleWebKit/537.36 (KHTML, like Gecko; compatible; GPTBot/1.4; +https://openai.com/gptbot)"
74.7.227.139 - - [30/May/2026:19:17:15 +0700] "GET /goods.php?detail/210032232834 HTTP/1.1" 200 17115 "https://toyotasurabayanet.com/goods.php?detail/227011132397" "Mozilla/5.0 AppleWebKit/537.36 (KHTML, like Gecko; compatible; GPTBot/1.4; +https://openai.com/gptbot)"
216.73.217.53 - - [30/May/2026:19:17:16 +0700] "GET /av.php?action=deletefolder&file=node0&path=%2F%2Fsys%2Fdevices%2Fsystem%2Fnode%2Fnode0%2Fmemory35%2Fnode0%2Fmemory48%2Fnode0%2Fmemory34%2Fnode0%2Fmemory5 HTTP/1.1" 500 0 "-" "Mozilla/5.0 AppleWebKit/537.36 (KHTML, like Gecko; compatible; ClaudeBot/1.0; +claudebot@anthropic.com)"
216.73.217.53 - - [30/May/2026:19:17:21 +0700] "GET /av.php?action=chmodfolder&folder=cpu2&path=%2F%2Fsys%2Fdevices%2Fsystem%2Fnode%2Fnode0%2Fmemory46%2Fnode0%2Fmemory55%2Fnode0%2Fmemory63%2Fnode0%2Fmemory51%2Fnode0 HTTP/1.1" 500 0 "-" "Mozilla/5.0 AppleWebKit/537.36 (KHTML, like Gecko; compatible; ClaudeBot/1.0; +claudebot@anthropic.com)"
216.73.217.53 - - [30/May/2026:19:17:26 +0700] "GET /av.php?action=deletefolder&file=node0&path=%2F%2Fsys%2Fdevices%2Fsystem%2Fnode%2Fnode0%2Fmemory70%2Fnode0%2Fcpu0%2Fnode0%2Fmemory13%2Fnode0%2Fmemory68 HTTP/1.1" 500 0 "-" "Mozilla/5.0 AppleWebKit/537.36 (KHTML, like Gecko; compatible; ClaudeBot/1.0; +claudebot@anthropic.com)"
57.141.0.45 - - [30/May/2026:19:17:28 +0700] "GET /av.php?path=/home/angker/www/kemendes.id/wp-content/plugins/wordpress-seo/inc&file=wpseo-non-ajax-functions.php&action=deletefile HTTP/1.1" 500 0 "-" "meta-externalagent/1.1 (+https://developers.facebook.com/docs/sharing/webmasters/crawler)"
216.73.217.53 - - [30/May/2026:19:17:31 +0700] "GET /av.php?action=chmodfolder&folder=memory2&path=%2F%2Fsys%2Fdevices%2Fsystem%2Fnode%2Fnode0%2Fmemory0%2Fnode0%2Fmemory58%2Fnode0%2Fmemory20%2Fnode0%2Fmemory16%2Fnode0 HTTP/1.1" 500 0 "-" "Mozilla/5.0 AppleWebKit/537.36 (KHTML, like Gecko; compatible; ClaudeBot/1.0; +claudebot@anthropic.com)"
74.7.227.139 - - [30/May/2026:19:17:35 +0700] "GET /goods.php?detail/078037540383 HTTP/1.1" 200 30 "https://toyotasurabayanet.com/goods.php?detail/258047719218" "Mozilla/5.0 AppleWebKit/537.36 (KHTML, like Gecko; compatible; GPTBot/1.4; +https://openai.com/gptbot)"
216.73.217.53 - - [30/May/2026:19:17:36 +0700] "GET /av.php?action=chmodfolder&folder=cpu2&path=%2F%2Fsys%2Fdevices%2Fsystem%2Fnode%2Fnode0%2Fmemory68%2Fnode0%2Fmemory48%2Fnode0%2Fmemory50%2Fnode0%2Fmemory13%2Fnode0 HTTP/1.1" 500 0 "-" "Mozilla/5.0 AppleWebKit/537.36 (KHTML, like Gecko; compatible; ClaudeBot/1.0; +claudebot@anthropic.com)"
74.7.227.139 - - [30/May/2026:19:17:36 +0700] "GET /goods.php?detail/165032162677 HTTP/1.1" 200 16714 "https://toyotasurabayanet.com/goods.php?detail/258047719218" "Mozilla/5.0 AppleWebKit/537.36 (KHTML, like Gecko; compatible; GPTBot/1.4; +https://openai.com/gptbot)"
216.73.217.53 - - [30/May/2026:19:17:41 +0700] "GET /av.php?action=deletefolder&file=node0&path=%2F%2Fsys%2Fdevices%2Fsystem%2Fnode%2Fnode0%2Fmemory44%2Fnode0%2Fmemory61%2Fnode0%2Fmemory60%2Fnode0%2Fcpu1 HTTP/1.1" 500 0 "-" "Mozilla/5.0 AppleWebKit/537.36 (KHTML, like Gecko; compatible; ClaudeBot/1.0; +claudebot@anthropic.com)"
74.7.227.28 - - [30/May/2026:19:17:42 +0700] "GET /av.php?action=chmodfile&file=install.php&path=//var/softaculous/fiyo/php71 HTTP/1.1" 500 0 "https://toyotasurabayanet.com.lifetimefee.com/av.php?path=%2F%2Fvar%2Fsoftaculous%2Ffiyo%2Fphp71" "Mozilla/5.0 AppleWebKit/537.36 (KHTML, like Gecko; compatible; GPTBot/1.4; +https://openai.com/gptbot)"
74.7.228.5 - - [30/May/2026:19:17:42 +0700] "GET /robots.txt HTTP/1.1" 200 126 "-" "Mozilla/5.0 (Macintosh; Intel Mac OS X 10_15_7) AppleWebKit/537.36 (KHTML, like Gecko) Chrome/131.0.0.0 Safari/537.36; compatible; OAI-SearchBot/1.4; robots.txt; +https://openai.com/searchbot"
216.73.217.53 - - [30/May/2026:19:17:46 +0700] "GET /av.php?action=deletefolder&file=node0&path=%2F%2Fsys%2Fdevices%2Fsystem%2Fnode%2Fnode0%2Fmemory37%2Fnode0%2Fmemory44%2Fnode0%2Fmemory48%2Fnode0%2Fmemory11 HTTP/1.1" 500 0 "-" "Mozilla/5.0 AppleWebKit/537.36 (KHTML, like Gecko; compatible; ClaudeBot/1.0; +claudebot@anthropic.com)"
74.7.227.139 - - [30/May/2026:19:17:49 +0700] "GET /goods.php?detail/071000181394 HTTP/1.1" 200 17138 "https://toyotasurabayanet.com/goods.php?detail/071002242130" "Mozilla/5.0 AppleWebKit/537.36 (KHTML, like Gecko; compatible; GPTBot/1.4; +https://openai.com/gptbot)"
74.7.227.139 - - [30/May/2026:19:17:51 +0700] "GET /goods.php?detail/210036321684 HTTP/1.1" 200 18356 "https://toyotasurabayanet.com/goods.php?detail/227011133490" "Mozilla/5.0 AppleWebKit/537.36 (KHTML, like Gecko; compatible; GPTBot/1.4; +https://openai.com/gptbot)"
216.73.217.53 - - [30/May/2026:19:17:51 +0700] "GET /av.php?action=chmodfolder&folder=cpu2&path=%2F%2Fsys%2Fdevices%2Fsystem%2Fnode%2Fnode0%2Fmemory67%2Fnode0%2Fmemory18%2Fnode0%2Fmemory62%2Fnode0%2Fmemory52%2Fnode0 HTTP/1.1" 500 0 "-" "Mozilla/5.0 AppleWebKit/537.36 (KHTML, like Gecko; compatible; ClaudeBot/1.0; +claudebot@anthropic.com)"
74.7.227.139 - - [30/May/2026:19:17:51 +0700] "GET /goods.php?detail/005011839087 HTTP/1.1" 200 17385 "https://toyotasurabayanet.com/goods.php?detail/152043888563" "Mozilla/5.0 AppleWebKit/537.36 (KHTML, like Gecko; compatible; GPTBot/1.4; +https://openai.com/gptbot)"
74.7.227.139 - - [30/May/2026:19:17:52 +0700] "GET /goods.php?detail/202028072838 HTTP/1.1" 200 17807 "https://toyotasurabayanet.com/goods.php?detail/292017471768" "Mozilla/5.0 AppleWebKit/537.36 (KHTML, like Gecko; compatible; GPTBot/1.4; +https://openai.com/gptbot)"
74.7.227.139 - - [30/May/2026:19:17:53 +0700] "GET /goods.php?detail/182035720034 HTTP/1.1" 200 16631 "https://toyotasurabayanet.com/goods.php?goods/266018530" "Mozilla/5.0 AppleWebKit/537.36 (KHTML, like Gecko; compatible; GPTBot/1.4; +https://openai.com/gptbot)"
74.7.227.138 - - [30/May/2026:19:17:53 +0700] "GET /av.php?action=newfolder&path=/home/angker/public_html/sman2siantar.sch.id/blog/wp-includes/html-api HTTP/1.1" 500 0 "https://mail.toyotasurabayanet.com/av.php?path=%2Fhome%2Fangker%2Fpublic_html%2Fsman2siantar.sch.id%2Fblog%2Fwp-includes%2Fhtml-api" "Mozilla/5.0 AppleWebKit/537.36 (KHTML, like Gecko; compatible; GPTBot/1.4; +https://openai.com/gptbot)"
74.7.227.139 - - [30/May/2026:19:17:54 +0700] "GET /goods.php?detail/266018530801 HTTP/1.1" 200 18114 "https://toyotasurabayanet.com/goods.php?goods/266018530" "Mozilla/5.0 AppleWebKit/537.36 (KHTML, like Gecko; compatible; GPTBot/1.4; +https://openai.com/gptbot)"
74.7.227.139 - - [30/May/2026:19:17:54 +0700] "GET /goods.php?detail/269000328036 HTTP/1.1" 200 17275 "https://toyotasurabayanet.com/goods.php?detail/269000344784" "Mozilla/5.0 AppleWebKit/537.36 (KHTML, like Gecko; compatible; GPTBot/1.4; +https://openai.com/gptbot)"
74.7.227.139 - - [30/May/2026:19:17:56 +0700] "GET /goods.php?detail/166005404216 HTTP/1.1" 200 17311 "https://toyotasurabayanet.com/goods.php?detail/256020824878" "Mozilla/5.0 AppleWebKit/537.36 (KHTML, like Gecko; compatible; GPTBot/1.4; +https://openai.com/gptbot)"
216.73.217.53 - - [30/May/2026:19:17:56 +0700] "GET /av.php?action=chmodfolder&folder=cache&path=%2F%2Fsys%2Fdevices%2Fsystem%2Fnode%2Fnode0%2Fmemory4%2Fnode0%2Fmemory15%2Fnode0%2Fcpu3 HTTP/1.1" 500 0 "-" "Mozilla/5.0 AppleWebKit/537.36 (KHTML, like Gecko; compatible; ClaudeBot/1.0; +claudebot@anthropic.com)"
74.7.227.139 - - [30/May/2026:19:17:57 +0700] "GET /goods.php?detail/141020222345 HTTP/1.1" 200 17118 "https://toyotasurabayanet.com/goods.php?detail/141005698215" "Mozilla/5.0 AppleWebKit/537.36 (KHTML, like Gecko; compatible; GPTBot/1.4; +https://openai.com/gptbot)"
74.7.227.139 - - [30/May/2026:19:17:59 +0700] "GET /goods.php?detail/097001365013 HTTP/1.1" 200 17917 "https://toyotasurabayanet.com/goods.php?detail/256020824878" "Mozilla/5.0 AppleWebKit/537.36 (KHTML, like Gecko; compatible; GPTBot/1.4; +https://openai.com/gptbot)"
216.73.217.53 - - [30/May/2026:19:18:01 +0700] "GET /av.php?action=chmodfolder&folder=node0&path=%2F%2Fsys%2Fdevices%2Fsystem%2Fnode%2Fnode0%2Fmemory11%2Fnode0%2Fmemory17%2Fnode0%2Fmemory3%2Fnode0%2Fmemory64 HTTP/1.1" 500 0 "-" "Mozilla/5.0 AppleWebKit/537.36 (KHTML, like Gecko; compatible; ClaudeBot/1.0; +claudebot@anthropic.com)"
74.7.227.139 - - [30/May/2026:19:18:02 +0700] "GET /goods.php?detail/093045255258 HTTP/1.1" 200 16931 "https://toyotasurabayanet.com/goods.php?detail/035025822627" "Mozilla/5.0 AppleWebKit/537.36 (KHTML, like Gecko; compatible; GPTBot/1.4; +https://openai.com/gptbot)"
74.7.227.139 - - [30/May/2026:19:18:04 +0700] "GET /goods.php?detail/252013147111 HTTP/1.1" 200 17773 "https://toyotasurabayanet.com/goods.php?detail/252010704911" "Mozilla/5.0 AppleWebKit/537.36 (KHTML, like Gecko; compatible; GPTBot/1.4; +https://openai.com/gptbot)"
74.7.227.139 - - [30/May/2026:19:18:05 +0700] "GET /goods.php?detail/292027467001 HTTP/1.1" 200 18024 "https://toyotasurabayanet.com/goods.php?detail/292017471768" "Mozilla/5.0 AppleWebKit/537.36 (KHTML, like Gecko; compatible; GPTBot/1.4; +https://openai.com/gptbot)"
216.73.217.53 - - [30/May/2026:19:18:06 +0700] "GET /av.php?action=chmodfolder&folder=node0&path=%2F%2Fsys%2Fdevices%2Fsystem%2Fnode%2Fnode0%2Fmemory47%2Fnode0%2Fmemory43%2Fnode0%2Fmemory20%2Fnode0%2Fmemory4 HTTP/1.1" 500 0 "-" "Mozilla/5.0 AppleWebKit/537.36 (KHTML, like Gecko; compatible; ClaudeBot/1.0; +claudebot@anthropic.com)"
74.7.227.139 - - [30/May/2026:19:18:07 +0700] "GET /goods.php?detail/250036617262 HTTP/1.1" 200 17731 "https://toyotasurabayanet.com/goods.php?detail/256020824878" "Mozilla/5.0 AppleWebKit/537.36 (KHTML, like Gecko; compatible; GPTBot/1.4; +https://openai.com/gptbot)"
216.73.217.53 - - [30/May/2026:19:18:11 +0700] "GET /av.php?action=chmodfolder&folder=node0&path=%2F%2Fsys%2Fdevices%2Fsystem%2Fnode%2Fnode0%2Fmemory66%2Fnode0%2Fmemory21%2Fnode0%2Fmemory12 HTTP/1.1" 500 0 "-" "Mozilla/5.0 AppleWebKit/537.36 (KHTML, like Gecko; compatible; ClaudeBot/1.0; +claudebot@anthropic.com)"
74.7.227.139 - - [30/May/2026:19:18:13 +0700] "GET /goods.php?detail/068002841827 HTTP/1.1" 200 17369 "https://toyotasurabayanet.com/goods.php?detail/068032266679" "Mozilla/5.0 AppleWebKit/537.36 (KHTML, like Gecko; compatible; GPTBot/1.4; +https://openai.com/gptbot)"
216.73.217.53 - - [30/May/2026:19:18:16 +0700] "GET /av.php?action=chmodfolder&folder=hotplug&path=%2F%2Fsys%2Fdevices%2Fsystem%2Fnode%2Fnode0%2Fmemory56%2Fnode0%2Fmemory64%2Fnode0%2Fcpu0 HTTP/1.1" 500 0 "-" "Mozilla/5.0 AppleWebKit/537.36 (KHTML, like Gecko; compatible; ClaudeBot/1.0; +claudebot@anthropic.com)"
74.7.227.139 - - [30/May/2026:19:18:19 +0700] "GET /goods.php?detail/194002565435 HTTP/1.1" 200 17890 "https://toyotasurabayanet.com/goods.php?detail/194006668828" "Mozilla/5.0 AppleWebKit/537.36 (KHTML, like Gecko; compatible; GPTBot/1.4; +https://openai.com/gptbot)"
74.7.227.139 - - [30/May/2026:19:18:20 +0700] "GET /goods.php?detail/253029118414 HTTP/1.1" 200 17733 "https://toyotasurabayanet.com/goods.php?detail/152043888563" "Mozilla/5.0 AppleWebKit/537.36 (KHTML, like Gecko; compatible; GPTBot/1.4; +https://openai.com/gptbot)"
74.7.227.139 - - [30/May/2026:19:18:21 +0700] "GET /goods.php?detail/297021867307 HTTP/1.1" 200 17542 "https://toyotasurabayanet.com/goods.php?detail/283033205226" "Mozilla/5.0 AppleWebKit/537.36 (KHTML, like Gecko; compatible; GPTBot/1.4; +https://openai.com/gptbot)"
216.73.217.53 - - [30/May/2026:19:18:21 +0700] "GET /av.php?action=chmodfolder&folder=node0&path=%2F%2Fsys%2Fbus%2Fnode%2Fdevices%2Fnode0%2Fmemory23%2Fnode0%2Fmemory1 HTTP/1.1" 500 0 "-" "Mozilla/5.0 AppleWebKit/537.36 (KHTML, like Gecko; compatible; ClaudeBot/1.0; +claudebot@anthropic.com)"
74.7.227.139 - - [30/May/2026:19:18:23 +0700] "GET /goods.php?detail/0150019586674 HTTP/1.1" 200 18160 "https://toyotasurabayanet.com/goods.php?detail/0150019597280" "Mozilla/5.0 AppleWebKit/537.36 (KHTML, like Gecko; compatible; GPTBot/1.4; +https://openai.com/gptbot)"
216.73.217.53 - - [30/May/2026:19:18:26 +0700] "GET /av.php?action=chmodfolder&folder=cache&path=%2F%2Fsys%2Fdevices%2Fsystem%2Fnode%2Fnode0%2Fmemory68%2Fnode0%2Fmemory43%2Fnode0%2Fmemory5%2Fnode0%2Fcpu2 HTTP/1.1" 500 0 "-" "Mozilla/5.0 AppleWebKit/537.36 (KHTML, like Gecko; compatible; ClaudeBot/1.0; +claudebot@anthropic.com)"
216.73.217.53 - - [30/May/2026:19:18:31 +0700] "GET /av.php?action=chmodfolder&folder=node0&path=%2F%2Fsys%2Fbus%2Fnode%2Fdevices%2Fnode0%2Fmemory36%2Fnode0%2Fcpu1%2Fnode0%2Fmemory2 HTTP/1.1" 500 0 "-" "Mozilla/5.0 AppleWebKit/537.36 (KHTML, like Gecko; compatible; ClaudeBot/1.0; +claudebot@anthropic.com)"
74.7.227.139 - - [30/May/2026:19:18:31 +0700] "GET /goods.php?detail/1120358893571 HTTP/1.1" 200 17804 "https://toyotasurabayanet.com/goods.php?detail/210032232834" "Mozilla/5.0 AppleWebKit/537.36 (KHTML, like Gecko; compatible; GPTBot/1.4; +https://openai.com/gptbot)"
74.7.227.139 - - [30/May/2026:19:18:34 +0700] "GET /goods.php?detail/049022244680 HTTP/1.1" 200 17885 "https://toyotasurabayanet.com/goods.php?detail/071000181394" "Mozilla/5.0 AppleWebKit/537.36 (KHTML, like Gecko; compatible; GPTBot/1.4; +https://openai.com/gptbot)"
57.141.0.33 - - [30/May/2026:19:18:35 +0700] "GET /av.php?path=/home/angker/mail/.spam/cur&file=1770228560.M576882P1476481.server-619288.prediksijaya.com%2CS%3D30436%2CW%3D35380%3A2%2Ca&action=renamefile HTTP/1.1" 500 0 "-" "meta-externalagent/1.1 (+https://developers.facebook.com/docs/sharing/webmasters/crawler)"
216.73.217.53 - - [30/May/2026:19:18:36 +0700] "GET /av.php?action=chmodfolder&folder=node0&path=%2F%2Fsys%2Fdevices%2Fsystem%2Fnode%2Fnode0%2Fmemory20%2Fnode0%2Fmemory42%2Fnode0%2Fmemory62 HTTP/1.1" 500 0 "-" "Mozilla/5.0 AppleWebKit/537.36 (KHTML, like Gecko; compatible; ClaudeBot/1.0; +claudebot@anthropic.com)"
74.7.227.139 - - [30/May/2026:19:18:40 +0700] "GET /goods.php?detail/0450101450641 HTTP/1.1" 200 17184 "https://toyotasurabayanet.com/goods.php?detail/0450044887290" "Mozilla/5.0 AppleWebKit/537.36 (KHTML, like Gecko; compatible; GPTBot/1.4; +https://openai.com/gptbot)"
216.73.217.53 - - [30/May/2026:19:18:41 +0700] "GET /av.php?action=chmodfolder&folder=firmware_node&path=%2F%2Fsys%2Fdevices%2Fsystem%2Fnode%2Fnode0%2Fmemory69%2Fnode0%2Fmemory67%2Fnode0%2Fcpu3 HTTP/1.1" 500 0 "-" "Mozilla/5.0 AppleWebKit/537.36 (KHTML, like Gecko; compatible; ClaudeBot/1.0; +claudebot@anthropic.com)"
74.7.227.139 - - [30/May/2026:19:18:42 +0700] "GET /goods.php?detail/0470105301332 HTTP/1.1" 200 17624 "https://toyotasurabayanet.com/goods.php?detail/2140005807361" "Mozilla/5.0 AppleWebKit/537.36 (KHTML, like Gecko; compatible; GPTBot/1.4; +https://openai.com/gptbot)"
74.7.227.139 - - [30/May/2026:19:18:42 +0700] "GET /goods.php?detail/005000402153 HTTP/1.1" 200 16740 "https://toyotasurabayanet.com/goods.php?detail/005011839087" "Mozilla/5.0 AppleWebKit/537.36 (KHTML, like Gecko; compatible; GPTBot/1.4; +https://openai.com/gptbot)"
74.7.227.139 - - [30/May/2026:19:18:43 +0700] "GET /goods.php?goods/065039687 HTTP/1.1" 200 17353 "https://toyotasurabayanet.com/goods.php?detail/166005404216" "Mozilla/5.0 AppleWebKit/537.36 (KHTML, like Gecko; compatible; GPTBot/1.4; +https://openai.com/gptbot)"
74.7.227.139 - - [30/May/2026:19:18:44 +0700] "GET /goods.php?detail/005000608784 HTTP/1.1" 200 17567 "https://toyotasurabayanet.com/goods.php?detail/005011839087" "Mozilla/5.0 AppleWebKit/537.36 (KHTML, like Gecko; compatible; GPTBot/1.4; +https://openai.com/gptbot)"
74.7.227.28 - - [30/May/2026:19:18:44 +0700] "GET /av.php?action=chmodfile&file=install.php&path=//var/softaculous/pyro/php71 HTTP/1.1" 500 0 "https://toyotasurabayanet.com.lifetimefee.com/av.php?path=%2F%2Fvar%2Fsoftaculous%2Fpyro%2Fphp71" "Mozilla/5.0 AppleWebKit/537.36 (KHTML, like Gecko; compatible; GPTBot/1.4; +https://openai.com/gptbot)"
216.73.217.53 - - [30/May/2026:19:18:46 +0700] "GET /av.php?action=chmodfolder&folder=node0&path=%2F%2Fsys%2Fbus%2Fnode%2Fdevices%2Fnode0%2Fmemory40%2Fnode0%2Fmemory48 HTTP/1.1" 500 0 "-" "Mozilla/5.0 AppleWebKit/537.36 (KHTML, like Gecko; compatible; ClaudeBot/1.0; +claudebot@anthropic.com)"
74.7.227.139 - - [30/May/2026:19:18:48 +0700] "GET /goods.php?detail/093035593969 HTTP/1.1" 200 17748 "https://toyotasurabayanet.com/goods.php?detail/093045255258" "Mozilla/5.0 AppleWebKit/537.36 (KHTML, like Gecko; compatible; GPTBot/1.4; +https://openai.com/gptbot)"
74.7.227.139 - - [30/May/2026:19:18:50 +0700] "GET /goods.php?detail/066028606462 HTTP/1.1" 200 17280 "https://toyotasurabayanet.com/goods.php?detail/166005404216" "Mozilla/5.0 AppleWebKit/537.36 (KHTML, like Gecko; compatible; GPTBot/1.4; +https://openai.com/gptbot)"
216.73.217.53 - - [30/May/2026:19:18:51 +0700] "GET /av.php?action=deletefolder&file=node0&path=%2F%2Fsys%2Fdevices%2Fsystem%2Fnode%2Fnode0%2Fmemory20%2Fnode0%2Fmemory68%2Fnode0%2Fmemory55%2Fnode0%2Fmemory59 HTTP/1.1" 500 0 "-" "Mozilla/5.0 AppleWebKit/537.36 (KHTML, like Gecko; compatible; ClaudeBot/1.0; +claudebot@anthropic.com)"
74.7.227.139 - - [30/May/2026:19:18:51 +0700] "GET /goods.php?detail/097002027734 HTTP/1.1" 200 17342 "https://toyotasurabayanet.com/goods.php?detail/097001365013" "Mozilla/5.0 AppleWebKit/537.36 (KHTML, like Gecko; compatible; GPTBot/1.4; +https://openai.com/gptbot)"
74.7.227.139 - - [30/May/2026:19:18:52 +0700] "GET /goods.php?detail/080016160563 HTTP/1.1" 200 16747 "https://toyotasurabayanet.com/goods.php?detail/250036617262" "Mozilla/5.0 AppleWebKit/537.36 (KHTML, like Gecko; compatible; GPTBot/1.4; +https://openai.com/gptbot)"
74.7.227.139 - - [30/May/2026:19:18:53 +0700] "GET /goods.php?detail/292001183911 HTTP/1.1" 200 18052 "https://toyotasurabayanet.com/goods.php?detail/292027467001" "Mozilla/5.0 AppleWebKit/537.36 (KHTML, like Gecko; compatible; GPTBot/1.4; +https://openai.com/gptbot)"
74.7.227.139 - - [30/May/2026:19:18:54 +0700] "GET /goods.php?detail/250005188598 HTTP/1.1" 200 16864 "https://toyotasurabayanet.com/goods.php?detail/250036617262" "Mozilla/5.0 AppleWebKit/537.36 (KHTML, like Gecko; compatible; GPTBot/1.4; +https://openai.com/gptbot)"
74.7.227.139 - - [30/May/2026:19:18:55 +0700] "GET /goods.php?detail/089010225106 HTTP/1.1" 200 17502 "https://toyotasurabayanet.com/goods.php?detail/253029118414" "Mozilla/5.0 AppleWebKit/537.36 (KHTML, like Gecko; compatible; GPTBot/1.4; +https://openai.com/gptbot)"
74.7.227.139 - - [30/May/2026:19:18:55 +0700] "GET /goods.php?detail/009011451487 HTTP/1.1" 200 17845 "https://toyotasurabayanet.com/goods.php?detail/093045255258" "Mozilla/5.0 AppleWebKit/537.36 (KHTML, like Gecko; compatible; GPTBot/1.4; +https://openai.com/gptbot)"
216.73.217.53 - - [30/May/2026:19:18:56 +0700] "GET /av.php?action=deletefolder&file=node0&path=%2F%2Fsys%2Fdevices%2Fsystem%2Fnode%2Fnode0%2Fmemory45%2Fnode0%2Fmemory17%2Fnode0%2Fmemory13%2Fnode0%2Fmemory43 HTTP/1.1" 500 0 "-" "Mozilla/5.0 AppleWebKit/537.36 (KHTML, like Gecko; compatible; ClaudeBot/1.0; +claudebot@anthropic.com)"
74.7.227.139 - - [30/May/2026:19:18:56 +0700] "GET /goods.php?detail/093018319366 HTTP/1.1" 200 17743 "https://toyotasurabayanet.com/goods.php?detail/250036617262" "Mozilla/5.0 AppleWebKit/537.36 (KHTML, like Gecko; compatible; GPTBot/1.4; +https://openai.com/gptbot)"
74.7.227.138 - - [30/May/2026:19:18:56 +0700] "GET /av.php?action=view&file=.htaccess&path=%2Fhome%2Fangker%2Fwww%2Fkirikkalenakliye.com HTTP/1.1" 500 0 "https://mail.toyotasurabayanet.com/av.php?path=%2Fhome%2Fangker%2Fwww%2Fkirikkalenakliye.com" "Mozilla/5.0 AppleWebKit/537.36 (KHTML, like Gecko; compatible; GPTBot/1.4; +https://openai.com/gptbot)"
74.7.227.139 - - [30/May/2026:19:18:58 +0700] "GET /goods.php?detail/074047866869 HTTP/1.1" 200 17736 "https://toyotasurabayanet.com/goods.php?detail/0150019586674" "Mozilla/5.0 AppleWebKit/537.36 (KHTML, like Gecko; compatible; GPTBot/1.4; +https://openai.com/gptbot)"
216.73.217.53 - - [30/May/2026:19:19:01 +0700] "GET /av.php?action=deletefolder&file=node0&path=%2F%2Fsys%2Fdevices%2Fsystem%2Fnode%2Fnode0%2Fmemory7%2Fnode0%2Fmemory36%2Fnode0%2Fmemory12%2Fnode0%2Fmemory61 HTTP/1.1" 500 0 "-" "Mozilla/5.0 AppleWebKit/537.36 (KHTML, like Gecko; compatible; ClaudeBot/1.0; +claudebot@anthropic.com)"
216.73.217.53 - - [30/May/2026:19:19:06 +0700] "GET /av.php?action=deletefolder&file=node0&path=%2F%2Fsys%2Fdevices%2Fsystem%2Fnode%2Fnode0%2Fmemory49%2Fnode0%2Fmemory62%2Fnode0%2Fmemory61%2Fnode0%2Fmemory63 HTTP/1.1" 500 0 "-" "Mozilla/5.0 AppleWebKit/537.36 (KHTML, like Gecko; compatible; ClaudeBot/1.0; +claudebot@anthropic.com)"
74.7.227.139 - - [30/May/2026:19:19:10 +0700] "GET /goods.php?detail/269020669992 HTTP/1.1" 200 17899 "https://toyotasurabayanet.com/goods.php?detail/269000328036" "Mozilla/5.0 AppleWebKit/537.36 (KHTML, like Gecko; compatible; GPTBot/1.4; +https://openai.com/gptbot)"
216.73.217.53 - - [30/May/2026:19:19:11 +0700] "GET /av.php?action=deletefolder&file=node0&path=%2F%2Fsys%2Fdevices%2Fsystem%2Fnode%2Fnode0%2Fmemory37%2Fnode0%2Fmemory62%2Fnode0%2Fmemory14%2Fnode0%2Fmemory63 HTTP/1.1" 500 0 "-" "Mozilla/5.0 AppleWebKit/537.36 (KHTML, like Gecko; compatible; ClaudeBot/1.0; +claudebot@anthropic.com)"
216.73.217.53 - - [30/May/2026:19:19:16 +0700] "GET /av.php?action=deletefolder&file=node0&path=%2F%2Fsys%2Fdevices%2Fsystem%2Fnode%2Fnode0%2Fmemory54%2Fnode0%2Fmemory17%2Fnode0%2Fmemory41%2Fnode0%2Fmemory49 HTTP/1.1" 500 0 "-" "Mozilla/5.0 AppleWebKit/537.36 (KHTML, like Gecko; compatible; ClaudeBot/1.0; +claudebot@anthropic.com)"
74.7.227.139 - - [30/May/2026:19:19:18 +0700] "GET /goods.php?detail/194004219963 HTTP/1.1" 200 17813 "https://toyotasurabayanet.com/goods.php?detail/194002565435" "Mozilla/5.0 AppleWebKit/537.36 (KHTML, like Gecko; compatible; GPTBot/1.4; +https://openai.com/gptbot)"
74.7.227.139 - - [30/May/2026:19:19:19 +0700] "GET /goods.php?detail/1180383821053 HTTP/1.1" 200 17137 "https://toyotasurabayanet.com/goods.php?detail/252013147111" "Mozilla/5.0 AppleWebKit/537.36 (KHTML, like Gecko; compatible; GPTBot/1.4; +https://openai.com/gptbot)"
216.73.217.53 - - [30/May/2026:19:19:21 +0700] "GET /av.php?action=chmodfolder&folder=cpu3&path=%2F%2Fsys%2Fdevices%2Fsystem%2Fnode%2Fnode0%2Fcpu0%2Fnode0%2Fmemory60%2Fnode0%2Fcpu0%2Fnode0%2Fmemory54%2Fnode0 HTTP/1.1" 500 0 "-" "Mozilla/5.0 AppleWebKit/537.36 (KHTML, like Gecko; compatible; ClaudeBot/1.0; +claudebot@anthropic.com)"
74.7.227.139 - - [30/May/2026:19:19:21 +0700] "GET /goods.php?detail/0780340510707 HTTP/1.1" 200 16069 "https://toyotasurabayanet.com/goods.php?detail/202028072838" "Mozilla/5.0 AppleWebKit/537.36 (KHTML, like Gecko; compatible; GPTBot/1.4; +https://openai.com/gptbot)"
216.73.217.53 - - [30/May/2026:19:19:26 +0700] "GET /av.php?action=deletefolder&file=node0&path=%2F%2Fsys%2Fdevices%2Fsystem%2Fnode%2Fnode0%2Fmemory46%2Fnode0%2Fmemory19%2Fnode0%2Fmemory21%2Fnode0%2Fmemory10 HTTP/1.1" 500 0 "-" "Mozilla/5.0 AppleWebKit/537.36 (KHTML, like Gecko; compatible; ClaudeBot/1.0; +claudebot@anthropic.com)"
216.73.217.53 - - [30/May/2026:19:19:31 +0700] "GET /av.php?action=deletefolder&file=node0&path=%2F%2Fsys%2Fdevices%2Fsystem%2Fnode%2Fnode0%2Fmemory40%2Fnode0%2Fmemory44%2Fnode0%2Fmemory59%2Fnode0%2Fmemory56 HTTP/1.1" 500 0 "-" "Mozilla/5.0 AppleWebKit/537.36 (KHTML, like Gecko; compatible; ClaudeBot/1.0; +claudebot@anthropic.com)"
216.73.217.53 - - [30/May/2026:19:19:36 +0700] "GET /av.php?action=chmodfolder&folder=cpu2&path=%2F%2Fsys%2Fdevices%2Fsystem%2Fnode%2Fnode0%2Fmemory13%2Fnode0%2Fmemory52%2Fnode0%2Fmemory61%2Fnode0%2Fmemory14%2Fnode0 HTTP/1.1" 500 0 "-" "Mozilla/5.0 AppleWebKit/537.36 (KHTML, like Gecko; compatible; ClaudeBot/1.0; +claudebot@anthropic.com)"
216.73.217.53 - - [30/May/2026:19:19:41 +0700] "GET /av.php?action=deletefolder&file=node0&path=%2F%2Fsys%2Fdevices%2Fsystem%2Fnode%2Fnode0%2Fmemory41%2Fnode0%2Fmemory59%2Fnode0%2Fmemory19%2Fnode0%2Fmemory62 HTTP/1.1" 500 0 "-" "Mozilla/5.0 AppleWebKit/537.36 (KHTML, like Gecko; compatible; ClaudeBot/1.0; +claudebot@anthropic.com)"
74.7.227.139 - - [30/May/2026:19:19:41 +0700] "GET /goods.php?detail/297021679516 HTTP/1.1" 200 30 "https://toyotasurabayanet.com/goods.php?detail/210036321684" "Mozilla/5.0 AppleWebKit/537.36 (KHTML, like Gecko; compatible; GPTBot/1.4; +https://openai.com/gptbot)"
74.7.227.139 - - [30/May/2026:19:19:42 +0700] "GET /goods.php?detail/045031251119 HTTP/1.1" 200 17135 "https://toyotasurabayanet.com/goods.php?detail/1120358893571" "Mozilla/5.0 AppleWebKit/537.36 (KHTML, like Gecko; compatible; GPTBot/1.4; +https://openai.com/gptbot)"
57.141.0.66 - - [30/May/2026:19:19:42 +0700] "GET /av.php?path=/home/angker/mail/.spam/cur&file=1766059171.M984334P3422053.server-619288.prediksijaya.com%2CS%3D24798%2CW%3D25185%3A2%2Cb&action=edit HTTP/1.1" 500 0 "-" "meta-externalagent/1.1 (+https://developers.facebook.com/docs/sharing/webmasters/crawler)"
74.7.227.139 - - [30/May/2026:19:19:42 +0700] "GET /goods.php?detail/086049516284 HTTP/1.1" 200 17509 "https://toyotasurabayanet.com/goods.php?detail/292027467001" "Mozilla/5.0 AppleWebKit/537.36 (KHTML, like Gecko; compatible; GPTBot/1.4; +https://openai.com/gptbot)"
74.7.227.139 - - [30/May/2026:19:19:43 +0700] "GET /goods.php?detail/269020668211 HTTP/1.1" 200 17087 "https://toyotasurabayanet.com/goods.php?detail/269000328036" "Mozilla/5.0 AppleWebKit/537.36 (KHTML, like Gecko; compatible; GPTBot/1.4; +https://openai.com/gptbot)"
74.7.227.28 - - [30/May/2026:19:19:45 +0700] "GET /av.php?action=renamefile&file=install.php&path=//var/softaculous/gnu/php56 HTTP/1.1" 500 0 "https://toyotasurabayanet.com.lifetimefee.com/av.php?path=%2F%2Fvar%2Fsoftaculous%2Fgnu%2Fphp56" "Mozilla/5.0 AppleWebKit/537.36 (KHTML, like Gecko; compatible; GPTBot/1.4; +https://openai.com/gptbot)"
216.73.217.53 - - [30/May/2026:19:19:46 +0700] "GET /av.php?action=deletefolder&file=node0&path=%2F%2Fsys%2Fdevices%2Fsystem%2Fnode%2Fnode0%2Fmemory0%2Fnode0%2Fmemory66%2Fnode0%2Fmemory10%2Fnode0%2Fmemory14 HTTP/1.1" 500 0 "-" "Mozilla/5.0 AppleWebKit/537.36 (KHTML, like Gecko; compatible; ClaudeBot/1.0; +claudebot@anthropic.com)"
74.7.227.139 - - [30/May/2026:19:19:51 +0700] "GET /goods.php?detail/066011521348 HTTP/1.1" 200 17284 "https://toyotasurabayanet.com/goods.php?detail/005011839087" "Mozilla/5.0 AppleWebKit/537.36 (KHTML, like Gecko; compatible; GPTBot/1.4; +https://openai.com/gptbot)"
216.73.217.53 - - [30/May/2026:19:19:51 +0700] "GET /av.php?action=chmodfolder&folder=memory65&path=%2F%2Fsys%2Fdevices%2Fsystem%2Fnode%2Fnode0%2Fmemory52%2Fnode0%2Fmemory12%2Fnode0%2Fmemory41%2Fnode0%2Fcpu1%2Fnode0 HTTP/1.1" 500 0 "-" "Mozilla/5.0 AppleWebKit/537.36 (KHTML, like Gecko; compatible; ClaudeBot/1.0; +claudebot@anthropic.com)"
74.7.227.139 - - [30/May/2026:19:19:51 +0700] "GET /goods.php?detail/0730202898814 HTTP/1.1" 200 18678 "https://toyotasurabayanet.com/goods.php?detail/093035593969" "Mozilla/5.0 AppleWebKit/537.36 (KHTML, like Gecko; compatible; GPTBot/1.4; +https://openai.com/gptbot)"
74.7.227.139 - - [30/May/2026:19:19:52 +0700] "GET /goods.php?detail/140040393107 HTTP/1.1" 200 16141 "https://toyotasurabayanet.com/goods.php?detail/066028606462" "Mozilla/5.0 AppleWebKit/537.36 (KHTML, like Gecko; compatible; GPTBot/1.4; +https://openai.com/gptbot)"
74.7.227.139 - - [30/May/2026:19:19:53 +0700] "GET /goods.php?detail/292023317209 HTTP/1.1" 200 17051 "https://toyotasurabayanet.com/goods.php?detail/292001183911" "Mozilla/5.0 AppleWebKit/537.36 (KHTML, like Gecko; compatible; GPTBot/1.4; +https://openai.com/gptbot)"
74.7.227.139 - - [30/May/2026:19:19:54 +0700] "GET /goods.php?detail/221040217419 HTTP/1.1" 200 16365 "https://toyotasurabayanet.com/goods.php?detail/074047866869" "Mozilla/5.0 AppleWebKit/537.36 (KHTML, like Gecko; compatible; GPTBot/1.4; +https://openai.com/gptbot)"
74.7.227.139 - - [30/May/2026:19:19:55 +0700] "GET /goods.php?detail/097004464908 HTTP/1.1" 200 17537 "https://toyotasurabayanet.com/goods.php?detail/097002027734" "Mozilla/5.0 AppleWebKit/537.36 (KHTML, like Gecko; compatible; GPTBot/1.4; +https://openai.com/gptbot)"
74.7.227.139 - - [30/May/2026:19:19:55 +0700] "GET /goods.php?detail/104010968029 HTTP/1.1" 200 17093 "https://toyotasurabayanet.com/goods.php?detail/1180383821053" "Mozilla/5.0 AppleWebKit/537.36 (KHTML, like Gecko; compatible; GPTBot/1.4; +https://openai.com/gptbot)"
216.73.217.53 - - [30/May/2026:19:19:56 +0700] "GET /av.php?action=deletefolder&file=node0&path=%2F%2Fsys%2Fdevices%2Fsystem%2Fnode%2Fnode0%2Fmemory14%2Fnode0%2Fmemory32%2Fnode0%2Fmemory58%2Fnode0%2Fmemory39 HTTP/1.1" 500 0 "-" "Mozilla/5.0 AppleWebKit/537.36 (KHTML, like Gecko; compatible; ClaudeBot/1.0; +claudebot@anthropic.com)"
74.7.227.139 - - [30/May/2026:19:19:56 +0700] "GET /goods.php?detail/252003130570 HTTP/1.1" 200 18167 "https://toyotasurabayanet.com/goods.php?detail/1180383821053" "Mozilla/5.0 AppleWebKit/537.36 (KHTML, like Gecko; compatible; GPTBot/1.4; +https://openai.com/gptbot)"
74.7.227.139 - - [30/May/2026:19:19:57 +0700] "GET /goods.php?detail/180004903387 HTTP/1.1" 200 18139 "https://toyotasurabayanet.com/goods.php?detail/089010225106" "Mozilla/5.0 AppleWebKit/537.36 (KHTML, like Gecko; compatible; GPTBot/1.4; +https://openai.com/gptbot)"
74.7.227.139 - - [30/May/2026:19:19:57 +0700] "GET /goods.php?detail/055025480493 HTTP/1.1" 200 16433 "https://toyotasurabayanet.com/goods.php?detail/292001183911" "Mozilla/5.0 AppleWebKit/537.36 (KHTML, like Gecko; compatible; GPTBot/1.4; +https://openai.com/gptbot)"
74.7.227.139 - - [30/May/2026:19:19:58 +0700] "GET /goods.php?detail/097004498854 HTTP/1.1" 200 17441 "https://toyotasurabayanet.com/goods.php?detail/097002027734" "Mozilla/5.0 AppleWebKit/537.36 (KHTML, like Gecko; compatible; GPTBot/1.4; +https://openai.com/gptbot)"
74.7.227.139 - - [30/May/2026:19:19:59 +0700] "GET /goods.php?detail/297018447762 HTTP/1.1" 200 17248 "https://toyotasurabayanet.com/goods.php?detail/297021867307" "Mozilla/5.0 AppleWebKit/537.36 (KHTML, like Gecko; compatible; GPTBot/1.4; +https://openai.com/gptbot)"
74.7.227.138 - - [30/May/2026:19:20:00 +0700] "GET /av.php?action=view&file=logomikitoto.webp&path=%2Fhome%2Fangker%2Fwww%2Fteamjaya.lol HTTP/1.1" 500 0 "https://mail.toyotasurabayanet.com/av.php?path=%2Fhome%2Fangker%2Fwww%2Fteamjaya.lol" "Mozilla/5.0 AppleWebKit/537.36 (KHTML, like Gecko; compatible; GPTBot/1.4; +https://openai.com/gptbot)"
74.7.227.139 - - [30/May/2026:19:20:00 +0700] "GET /goods.php?detail/256045181619 HTTP/1.1" 200 17148 "https://toyotasurabayanet.com/goods.php?detail/0470105301332" "Mozilla/5.0 AppleWebKit/537.36 (KHTML, like Gecko; compatible; GPTBot/1.4; +https://openai.com/gptbot)"
74.7.227.139 - - [30/May/2026:19:20:01 +0700] "GET /goods.php?detail/131025928452 HTTP/1.1" 200 18024 "https://toyotasurabayanet.com/goods.php?detail/1120358893571" "Mozilla/5.0 AppleWebKit/537.36 (KHTML, like Gecko; compatible; GPTBot/1.4; +https://openai.com/gptbot)"
216.73.217.53 - - [30/May/2026:19:20:01 +0700] "GET /av.php?action=chmodfolder&folder=cpu2&path=%2F%2Fsys%2Fdevices%2Fsystem%2Fnode%2Fnode0%2Fmemory37%2Fnode0%2Fmemory38%2Fnode0%2Fmemory58%2Fnode0%2Fmemory19%2Fnode0 HTTP/1.1" 500 0 "-" "Mozilla/5.0 AppleWebKit/537.36 (KHTML, like Gecko; compatible; ClaudeBot/1.0; +claudebot@anthropic.com)"
216.73.217.53 - - [30/May/2026:19:20:06 +0700] "GET /av.php?action=deletefolder&file=node0&path=%2F%2Fsys%2Fdevices%2Fsystem%2Fnode%2Fnode0%2Fmemory10%2Fnode0%2Fmemory43%2Fnode0%2Fmemory52%2Fnode0%2Fmemory62 HTTP/1.1" 500 0 "-" "Mozilla/5.0 AppleWebKit/537.36 (KHTML, like Gecko; compatible; ClaudeBot/1.0; +claudebot@anthropic.com)"
74.7.227.139 - - [30/May/2026:19:20:09 +0700] "GET /goods.php?detail/0970020026086 HTTP/1.1" 200 17664 "https://toyotasurabayanet.com/goods.php?detail/097001365013" "Mozilla/5.0 AppleWebKit/537.36 (KHTML, like Gecko; compatible; GPTBot/1.4; +https://openai.com/gptbot)"
216.73.217.53 - - [30/May/2026:19:20:11 +0700] "GET /av.php?action=deletefolder&file=node0&path=%2F%2Fsys%2Fdevices%2Fsystem%2Fnode%2Fnode0%2Fmemory17%2Fnode0%2Fmemory52%2Fnode0%2Fmemory20%2Fnode0%2Fmemory43 HTTP/1.1" 500 0 "-" "Mozilla/5.0 AppleWebKit/537.36 (KHTML, like Gecko; compatible; ClaudeBot/1.0; +claudebot@anthropic.com)"
74.7.227.139 - - [30/May/2026:19:20:12 +0700] "GET /goods.php?detail/2100299740975 HTTP/1.1" 200 17497 "https://toyotasurabayanet.com/goods.php?detail/210036321684" "Mozilla/5.0 AppleWebKit/537.36 (KHTML, like Gecko; compatible; GPTBot/1.4; +https://openai.com/gptbot)"
74.7.227.139 - - [30/May/2026:19:20:13 +0700] "GET /goods.php?detail/269020688680 HTTP/1.1" 200 17393 "https://toyotasurabayanet.com/goods.php?detail/269020668211" "Mozilla/5.0 AppleWebKit/537.36 (KHTML, like Gecko; compatible; GPTBot/1.4; +https://openai.com/gptbot)"
