74.7.227.139 - - [30/May/2026:20:46:32 +0700] "GET /goods.php?detail/021004027815 HTTP/1.1" 200 18435 "https://toyotasurabayanet.com/goods.php?detail/021003994799" "Mozilla/5.0 AppleWebKit/537.36 (KHTML, like Gecko; compatible; GPTBot/1.4; +https://openai.com/gptbot)"
216.73.217.53 - - [30/May/2026:20:46:33 +0700] "GET /av.php?action=newfolder&path=%2F%2Fsys%2Fdevices%2Fsystem%2Fnode%2Fnode0%2Fcpu0%2Fnode0%2Fcpu0%2Fnode0 HTTP/1.1" 500 0 "-" "Mozilla/5.0 AppleWebKit/537.36 (KHTML, like Gecko; compatible; ClaudeBot/1.0; +claudebot@anthropic.com)"
74.7.227.139 - - [30/May/2026:20:46:34 +0700] "GET /goods.php?detail/173033779709 HTTP/1.1" 200 16993 "https://toyotasurabayanet.com/goods.php?detail/021003991140" "Mozilla/5.0 AppleWebKit/537.36 (KHTML, like Gecko; compatible; GPTBot/1.4; +https://openai.com/gptbot)"
216.73.217.53 - - [30/May/2026:20:46:38 +0700] "GET /av.php?action=chmodfolder&folder=node0&path=%2F%2Fsys%2Fdevices%2Fsystem%2Fnode%2Fnode0%2Fmemory55%2Fnode0%2Fmemory10%2Fnode0%2Fmemory4%2Fnode0%2Fmemory20 HTTP/1.1" 500 0 "-" "Mozilla/5.0 AppleWebKit/537.36 (KHTML, like Gecko; compatible; ClaudeBot/1.0; +claudebot@anthropic.com)"
74.7.227.138 - - [30/May/2026:20:46:40 +0700] "GET /av.php?action=view&file=cara-cepat-jackpot-idnslot-dragon-gold.html&path=%2Fhome%2Fangker%2Fpublic_html%2Fsman2siantar.sch.id%2Fblog%2Fviral HTTP/1.1" 500 0 "https://mail.toyotasurabayanet.com/av.php?path=%2Fhome%2Fangker%2Fpublic_html%2Fsman2siantar.sch.id%2Fblog%2Fviral" "Mozilla/5.0 AppleWebKit/537.36 (KHTML, like Gecko; compatible; GPTBot/1.4; +https://openai.com/gptbot)"
216.73.217.53 - - [30/May/2026:20:46:43 +0700] "GET /av.php?action=chmodfolder&folder=node0&path=%2F%2Fsys%2Fdevices%2Fsystem%2Fnode%2Fnode0%2Fmemory14%2Fnode0%2Fmemory62%2Fnode0%2Fmemory1%2Fnode0%2Fmemory43 HTTP/1.1" 500 0 "-" "Mozilla/5.0 AppleWebKit/537.36 (KHTML, like Gecko; compatible; ClaudeBot/1.0; +claudebot@anthropic.com)"
74.7.227.139 - - [30/May/2026:20:46:46 +0700] "GET /goods.php?detail/2880200263782 HTTP/1.1" 200 17385 "https://toyotasurabayanet.com/goods.php?detail/127028002866" "Mozilla/5.0 AppleWebKit/537.36 (KHTML, like Gecko; compatible; GPTBot/1.4; +https://openai.com/gptbot)"
216.73.217.53 - - [30/May/2026:20:46:48 +0700] "GET /av.php?action=chmodfolder&folder=subsystem&path=%2F%2Fsys%2Fdevices%2Fsystem%2Fnode%2Fnode0%2Fmemory14%2Fnode0%2Fmemory64%2Fnode0 HTTP/1.1" 500 0 "-" "Mozilla/5.0 AppleWebKit/537.36 (KHTML, like Gecko; compatible; ClaudeBot/1.0; +claudebot@anthropic.com)"
74.7.227.139 - - [30/May/2026:20:46:49 +0700] "GET /goods.php?detail/0410004679703 HTTP/1.1" 200 17027 "https://toyotasurabayanet.com/goods.php?detail/272039088315" "Mozilla/5.0 AppleWebKit/537.36 (KHTML, like Gecko; compatible; GPTBot/1.4; +https://openai.com/gptbot)"
216.73.217.53 - - [30/May/2026:20:46:53 +0700] "GET /av.php?action=deletefolder&file=node0&path=%2F%2Fsys%2Fdevices%2Fsystem%2Fnode%2Fnode0%2Fmemory57%2Fnode0%2Fmemory1 HTTP/1.1" 500 0 "-" "Mozilla/5.0 AppleWebKit/537.36 (KHTML, like Gecko; compatible; ClaudeBot/1.0; +claudebot@anthropic.com)"
74.7.227.139 - - [30/May/2026:20:46:54 +0700] "GET /goods.php?detail/046001544567 HTTP/1.1" 200 18512 "https://toyotasurabayanet.com/goods.php?detail/046044793005" "Mozilla/5.0 AppleWebKit/537.36 (KHTML, like Gecko; compatible; GPTBot/1.4; +https://openai.com/gptbot)"
74.7.227.139 - - [30/May/2026:20:46:56 +0700] "GET /goods.php?detail/085012953027 HTTP/1.1" 200 17109 "https://toyotasurabayanet.com/goods.php?detail/021003991140" "Mozilla/5.0 AppleWebKit/537.36 (KHTML, like Gecko; compatible; GPTBot/1.4; +https://openai.com/gptbot)"
114.119.130.97 - - [30/May/2026:20:46:58 +0700] "GET /old-sub/resources/show_id-21 HTTP/1.1" 500 0 "-" "Mozilla/5.0 (Linux; Android 7.0;) AppleWebKit/537.36 (KHTML, like Gecko) Mobile Safari/537.36 (compatible; PetalBot;+https://webmaster.petalsearch.com/site/petalbot)"
216.73.217.53 - - [30/May/2026:20:46:58 +0700] "GET /av.php?action=deletefolder&file=node0&path=%2F%2Fsys%2Fdevices%2Fsystem%2Fnode%2Fnode0%2Fmemory9%2Fnode0%2Fmemory54%2Fnode0%2Fcpu2 HTTP/1.1" 500 0 "-" "Mozilla/5.0 AppleWebKit/537.36 (KHTML, like Gecko; compatible; ClaudeBot/1.0; +claudebot@anthropic.com)"
74.7.227.139 - - [30/May/2026:20:47:00 +0700] "GET /goods.php?detail/283048518642 HTTP/1.1" 200 17433 "https://toyotasurabayanet.com/goods.php?detail/1270035429129" "Mozilla/5.0 AppleWebKit/537.36 (KHTML, like Gecko; compatible; GPTBot/1.4; +https://openai.com/gptbot)"
74.7.227.139 - - [30/May/2026:20:47:02 +0700] "GET /goods.php?detail/1930263635508 HTTP/1.1" 200 16937 "https://toyotasurabayanet.com/goods.php?detail/0920457768585" "Mozilla/5.0 AppleWebKit/537.36 (KHTML, like Gecko; compatible; GPTBot/1.4; +https://openai.com/gptbot)"
216.73.217.53 - - [30/May/2026:20:47:03 +0700] "GET /av.php?action=chmodfolder&folder=node0&path=%2F%2Fsys%2Fbus%2Fnode%2Fdevices%2Fnode0%2Fmemory0%2Fnode0%2Fcpu2%2Fnode0%2Fmemory47 HTTP/1.1" 500 0 "-" "Mozilla/5.0 AppleWebKit/537.36 (KHTML, like Gecko; compatible; ClaudeBot/1.0; +claudebot@anthropic.com)"
74.7.227.139 - - [30/May/2026:20:47:05 +0700] "GET /goods.php?detail/1070150763394 HTTP/1.1" 200 16856 "https://toyotasurabayanet.com/goods.php?detail/127028002866" "Mozilla/5.0 AppleWebKit/537.36 (KHTML, like Gecko; compatible; GPTBot/1.4; +https://openai.com/gptbot)"
216.73.217.53 - - [30/May/2026:20:47:09 +0700] "GET /av.php?action=chmodfolder&folder=memory2&path=%2F%2Fsys%2Fdevices%2Fsystem%2Fnode%2Fnode0%2Fmemory48%2Fnode0%2Fmemory35%2Fnode0%2Fmemory22%2Fnode0 HTTP/1.1" 500 0 "-" "Mozilla/5.0 AppleWebKit/537.36 (KHTML, like Gecko; compatible; ClaudeBot/1.0; +claudebot@anthropic.com)"
74.7.227.139 - - [30/May/2026:20:47:11 +0700] "GET /goods.php?detail/2630176172899 HTTP/1.1" 200 17534 "https://toyotasurabayanet.com/goods.php?detail/099000114118" "Mozilla/5.0 AppleWebKit/537.36 (KHTML, like Gecko; compatible; GPTBot/1.4; +https://openai.com/gptbot)"
74.7.227.139 - - [30/May/2026:20:47:12 +0700] "GET /goods.php?goods/131023688 HTTP/1.1" 200 16970 "https://toyotasurabayanet.com/goods.php?detail/067037655067" "Mozilla/5.0 AppleWebKit/537.36 (KHTML, like Gecko; compatible; GPTBot/1.4; +https://openai.com/gptbot)"
216.73.217.53 - - [30/May/2026:20:47:13 +0700] "GET /av.php?action=chmodfolder&folder=cache&path=%2F%2Fsys%2Fdevices%2Fsystem%2Fnode%2Fnode0%2Fmemory49%2Fnode0%2Fmemory70%2Fnode0%2Fcpu3 HTTP/1.1" 500 0 "-" "Mozilla/5.0 AppleWebKit/537.36 (KHTML, like Gecko; compatible; ClaudeBot/1.0; +claudebot@anthropic.com)"
74.7.227.139 - - [30/May/2026:20:47:13 +0700] "GET /goods.php?detail/113010793914 HTTP/1.1" 200 17930 "https://toyotasurabayanet.com/goods.php?detail/113045695395" "Mozilla/5.0 AppleWebKit/537.36 (KHTML, like Gecko; compatible; GPTBot/1.4; +https://openai.com/gptbot)"
74.7.227.139 - - [30/May/2026:20:47:15 +0700] "GET /goods.php?detail/199000997137 HTTP/1.1" 200 17488 "https://toyotasurabayanet.com/goods.php?detail/208048799131" "Mozilla/5.0 AppleWebKit/537.36 (KHTML, like Gecko; compatible; GPTBot/1.4; +https://openai.com/gptbot)"
74.7.227.139 - - [30/May/2026:20:47:16 +0700] "GET /goods.php?detail/161001969333 HTTP/1.1" 200 18235 "https://toyotasurabayanet.com/goods.php?detail/161006073799" "Mozilla/5.0 AppleWebKit/537.36 (KHTML, like Gecko; compatible; GPTBot/1.4; +https://openai.com/gptbot)"
74.7.227.139 - - [30/May/2026:20:47:17 +0700] "GET /goods.php?detail/161001960607 HTTP/1.1" 200 18145 "https://toyotasurabayanet.com/goods.php?detail/161006073799" "Mozilla/5.0 AppleWebKit/537.36 (KHTML, like Gecko; compatible; GPTBot/1.4; +https://openai.com/gptbot)"
74.7.227.139 - - [30/May/2026:20:47:18 +0700] "GET /goods.php?detail/161001970661 HTTP/1.1" 200 17916 "https://toyotasurabayanet.com/goods.php?detail/161006073799" "Mozilla/5.0 AppleWebKit/537.36 (KHTML, like Gecko; compatible; GPTBot/1.4; +https://openai.com/gptbot)"
216.73.217.53 - - [30/May/2026:20:47:18 +0700] "GET /av.php?action=chmodfolder&folder=cache&path=%2F%2Fsys%2Fdevices%2Fsystem%2Fnode%2Fnode0%2Fmemory33%2Fnode0%2Fmemory38%2Fnode0%2Fcpu0 HTTP/1.1" 500 0 "-" "Mozilla/5.0 AppleWebKit/537.36 (KHTML, like Gecko; compatible; ClaudeBot/1.0; +claudebot@anthropic.com)"
74.7.227.139 - - [30/May/2026:20:47:19 +0700] "GET /goods.php?detail/161001622085 HTTP/1.1" 200 16904 "https://toyotasurabayanet.com/goods.php?detail/161006073799" "Mozilla/5.0 AppleWebKit/537.36 (KHTML, like Gecko; compatible; GPTBot/1.4; +https://openai.com/gptbot)"
74.7.227.139 - - [30/May/2026:20:47:19 +0700] "GET /goods.php?detail/073001980839 HTTP/1.1" 200 17842 "https://toyotasurabayanet.com/goods.php?detail/073001959794" "Mozilla/5.0 AppleWebKit/537.36 (KHTML, like Gecko; compatible; GPTBot/1.4; +https://openai.com/gptbot)"
74.7.227.139 - - [30/May/2026:20:47:21 +0700] "GET /goods.php?detail/097029756763 HTTP/1.1" 200 17570 "https://toyotasurabayanet.com/goods.php?detail/067037655067" "Mozilla/5.0 AppleWebKit/537.36 (KHTML, like Gecko; compatible; GPTBot/1.4; +https://openai.com/gptbot)"
74.7.227.28 - - [30/May/2026:20:47:22 +0700] "GET /av.php?action=edit&file=install.php&path=//var/softaculous/dropzone/php82 HTTP/1.1" 500 0 "https://toyotasurabayanet.com.lifetimefee.com/av.php?path=%2F%2Fvar%2Fsoftaculous%2Fdropzone%2Fphp82" "Mozilla/5.0 AppleWebKit/537.36 (KHTML, like Gecko; compatible; GPTBot/1.4; +https://openai.com/gptbot)"
74.7.227.139 - - [30/May/2026:20:47:23 +0700] "GET /goods.php?detail/260034447740 HTTP/1.1" 200 17419 "https://toyotasurabayanet.com/goods.php?detail/046001544567" "Mozilla/5.0 AppleWebKit/537.36 (KHTML, like Gecko; compatible; GPTBot/1.4; +https://openai.com/gptbot)"
216.73.217.53 - - [30/May/2026:20:47:23 +0700] "GET /av.php?action=chmodfolder&folder=node0&path=%2F%2Fsys%2Fdevices%2Fsystem%2Fnode%2Fnode0%2Fmemory55%2Fnode0%2Fmemory38%2Fnode0%2Fmemory3%2Fnode0%2Fmemory39 HTTP/1.1" 500 0 "-" "Mozilla/5.0 AppleWebKit/537.36 (KHTML, like Gecko; compatible; ClaudeBot/1.0; +claudebot@anthropic.com)"
74.7.227.139 - - [30/May/2026:20:47:26 +0700] "GET /goods.php?detail/046001556262 HTTP/1.1" 200 18510 "https://toyotasurabayanet.com/goods.php?detail/046001544567" "Mozilla/5.0 AppleWebKit/537.36 (KHTML, like Gecko; compatible; GPTBot/1.4; +https://openai.com/gptbot)"
57.141.0.32 - - [30/May/2026:20:47:28 +0700] "GET /av.php?path=/home/angker/mail/.spam/cur&file=1766013280.M368691P3194447.server-619288.prediksijaya.com%2CS%3D6353%2CW%3D6458%3A2%2Ca&action=edit HTTP/1.1" 500 0 "-" "meta-externalagent/1.1 (+https://developers.facebook.com/docs/sharing/webmasters/crawler)"
216.73.217.53 - - [30/May/2026:20:47:28 +0700] "GET /av.php?action=chmodfolder&folder=memory2&path=%2F%2Fsys%2Fdevices%2Fsystem%2Fnode%2Fnode0%2Fmemory35%2Fnode0%2Fmemory48%2Fnode0%2Fmemory22%2Fnode0 HTTP/1.1" 500 0 "-" "Mozilla/5.0 AppleWebKit/537.36 (KHTML, like Gecko; compatible; ClaudeBot/1.0; +claudebot@anthropic.com)"
74.7.227.139 - - [30/May/2026:20:47:29 +0700] "GET /goods.php?detail/028039892388 HTTP/1.1" 200 16948 "https://toyotasurabayanet.com/goods.php?detail/046001544567" "Mozilla/5.0 AppleWebKit/537.36 (KHTML, like Gecko; compatible; GPTBot/1.4; +https://openai.com/gptbot)"
74.7.227.139 - - [30/May/2026:20:47:30 +0700] "GET /goods.php?detail/070020768747 HTTP/1.1" 200 16872 "https://toyotasurabayanet.com/goods.php?detail/1930263635508" "Mozilla/5.0 AppleWebKit/537.36 (KHTML, like Gecko; compatible; GPTBot/1.4; +https://openai.com/gptbot)"
74.7.227.139 - - [30/May/2026:20:47:32 +0700] "GET /goods.php?detail/193000214153 HTTP/1.1" 200 17516 "https://toyotasurabayanet.com/goods.php?detail/1930263635508" "Mozilla/5.0 AppleWebKit/537.36 (KHTML, like Gecko; compatible; GPTBot/1.4; +https://openai.com/gptbot)"
216.73.217.53 - - [30/May/2026:20:47:33 +0700] "GET /av.php?action=chmodfolder&folder=node0&path=%2F%2Fsys%2Fdevices%2Fsystem%2Fnode%2Fnode0%2Fmemory14%2Fnode0%2Fmemory14%2Fnode0%2Fmemory3%2Fnode0%2Fmemory19 HTTP/1.1" 500 0 "-" "Mozilla/5.0 AppleWebKit/537.36 (KHTML, like Gecko; compatible; ClaudeBot/1.0; +claudebot@anthropic.com)"
216.73.217.53 - - [30/May/2026:20:47:38 +0700] "GET /av.php?action=chmodfolder&folder=cpu2&path=%2F%2Fsys%2Fdevices%2Fsystem%2Fnode%2Fnode0%2Fmemory46%2Fnode0%2Fmemory15%2Fnode0%2Fmemory3%2Fnode0 HTTP/1.1" 500 0 "-" "Mozilla/5.0 AppleWebKit/537.36 (KHTML, like Gecko; compatible; ClaudeBot/1.0; +claudebot@anthropic.com)"
74.7.227.139 - - [30/May/2026:20:47:38 +0700] "GET /goods.php?detail/193000156892 HTTP/1.1" 200 17480 "https://toyotasurabayanet.com/goods.php?detail/1930263635508" "Mozilla/5.0 AppleWebKit/537.36 (KHTML, like Gecko; compatible; GPTBot/1.4; +https://openai.com/gptbot)"
74.7.227.139 - - [30/May/2026:20:47:39 +0700] "GET /goods.php?detail/073001981183 HTTP/1.1" 200 16745 "https://toyotasurabayanet.com/goods.php?detail/073001959794" "Mozilla/5.0 AppleWebKit/537.36 (KHTML, like Gecko; compatible; GPTBot/1.4; +https://openai.com/gptbot)"
74.7.227.138 - - [30/May/2026:20:47:43 +0700] "GET /av.php?action=deletefile&file=GREP_COLORS&path=//etc HTTP/1.1" 500 0 "https://mail.toyotasurabayanet.com/av.php?path=%2F%2Fetc" "Mozilla/5.0 AppleWebKit/537.36 (KHTML, like Gecko; compatible; GPTBot/1.4; +https://openai.com/gptbot)"
216.73.217.53 - - [30/May/2026:20:47:43 +0700] "GET /av.php?action=deletefolder&file=node0&path=%2F%2Fsys%2Fdevices%2Fsystem%2Fnode%2Fnode0%2Fcpu0%2Fnode0%2Fmemory9%2Fnode0%2Fmemory7 HTTP/1.1" 500 0 "-" "Mozilla/5.0 AppleWebKit/537.36 (KHTML, like Gecko; compatible; ClaudeBot/1.0; +claudebot@anthropic.com)"
74.7.227.139 - - [30/May/2026:20:47:47 +0700] "GET /goods.php?detail/179007857739 HTTP/1.1" 200 16436 "https://toyotasurabayanet.com/goods.php?detail/1930263635508" "Mozilla/5.0 AppleWebKit/537.36 (KHTML, like Gecko; compatible; GPTBot/1.4; +https://openai.com/gptbot)"
216.73.217.53 - - [30/May/2026:20:47:48 +0700] "GET /av.php?action=chmodfolder&folder=memory8&path=%2F%2Fsys%2Fdevices%2Fsystem%2Fnode%2Fnode0%2Fmemory20%2Fnode0%2Fmemory0%2Fnode0 HTTP/1.1" 500 0 "-" "Mozilla/5.0 AppleWebKit/537.36 (KHTML, like Gecko; compatible; ClaudeBot/1.0; +claudebot@anthropic.com)"
74.7.227.139 - - [30/May/2026:20:47:52 +0700] "GET /goods.php?detail/181004195530 HTTP/1.1" 200 18209 "https://toyotasurabayanet.com/goods.php?detail/181004015957" "Mozilla/5.0 AppleWebKit/537.36 (KHTML, like Gecko; compatible; GPTBot/1.4; +https://openai.com/gptbot)"
216.73.217.53 - - [30/May/2026:20:47:53 +0700] "GET /av.php?action=chmodfolder&folder=subsystem&path=%2F%2Fsys%2Fdevices%2Fsystem%2Fnode%2Fnode0%2Fmemory14%2Fnode0%2Fmemory71%2Fnode0 HTTP/1.1" 500 0 "-" "Mozilla/5.0 AppleWebKit/537.36 (KHTML, like Gecko; compatible; ClaudeBot/1.0; +claudebot@anthropic.com)"
74.7.227.139 - - [30/May/2026:20:47:56 +0700] "GET /goods.php?detail/073001978044 HTTP/1.1" 200 19046 "https://toyotasurabayanet.com/goods.php?detail/073001959794" "Mozilla/5.0 AppleWebKit/537.36 (KHTML, like Gecko; compatible; GPTBot/1.4; +https://openai.com/gptbot)"
74.7.227.139 - - [30/May/2026:20:47:57 +0700] "GET /goods.php?detail/161001959697 HTTP/1.1" 200 17193 "https://toyotasurabayanet.com/goods.php?detail/161006073799" "Mozilla/5.0 AppleWebKit/537.36 (KHTML, like Gecko; compatible; GPTBot/1.4; +https://openai.com/gptbot)"
74.7.227.139 - - [30/May/2026:20:47:58 +0700] "GET /goods.php?jp/166033238.html HTTP/1.1" 200 17576 "https://toyotasurabayanet.com/goods.php?detail/199000997137" "Mozilla/5.0 AppleWebKit/537.36 (KHTML, like Gecko; compatible; GPTBot/1.4; +https://openai.com/gptbot)"
216.73.217.53 - - [30/May/2026:20:47:58 +0700] "GET /av.php?action=chmodfolder&folder=node0&path=%2F%2Fsys%2Fdevices%2Fsystem%2Fnode%2Fnode0%2Fcpu3%2Fnode0%2Fmemory21%2Fnode0%2Fmemory45%2Fnode0%2Fmemory17 HTTP/1.1" 500 0 "-" "Mozilla/5.0 AppleWebKit/537.36 (KHTML, like Gecko; compatible; ClaudeBot/1.0; +claudebot@anthropic.com)"
74.7.227.139 - - [30/May/2026:20:47:59 +0700] "GET /goods.php?detail/181032433833 HTTP/1.1" 200 17011 "https://toyotasurabayanet.com/goods.php?goods/131023688" "Mozilla/5.0 AppleWebKit/537.36 (KHTML, like Gecko; compatible; GPTBot/1.4; +https://openai.com/gptbot)"
74.7.227.139 - - [30/May/2026:20:48:03 +0700] "GET /goods.php?detail/161006069239 HTTP/1.1" 200 17884 "https://toyotasurabayanet.com/goods.php?detail/161001622085" "Mozilla/5.0 AppleWebKit/537.36 (KHTML, like Gecko; compatible; GPTBot/1.4; +https://openai.com/gptbot)"
216.73.217.53 - - [30/May/2026:20:48:03 +0700] "GET /av.php?action=chmodfolder&folder=node0&path=%2F%2Fsys%2Fdevices%2Fsystem%2Fnode%2Fnode0%2Fmemory62%2Fnode0%2Fmemory34%2Fnode0%2Fmemory10 HTTP/1.1" 500 0 "-" "Mozilla/5.0 AppleWebKit/537.36 (KHTML, like Gecko; compatible; ClaudeBot/1.0; +claudebot@anthropic.com)"
74.7.227.139 - - [30/May/2026:20:48:07 +0700] "GET /goods.php?detail/044046318366 HTTP/1.1" 200 17247 "https://toyotasurabayanet.com/goods.php?detail/073001980839" "Mozilla/5.0 AppleWebKit/537.36 (KHTML, like Gecko; compatible; GPTBot/1.4; +https://openai.com/gptbot)"
216.73.217.53 - - [30/May/2026:20:48:08 +0700] "GET /av.php?action=chmodfolder&folder=node0&path=%2F%2Fsys%2Fdevices%2Fsystem%2Fnode%2Fnode0%2Fmemory34%2Fnode0%2Fmemory62%2Fnode0%2Fmemory10 HTTP/1.1" 500 0 "-" "Mozilla/5.0 AppleWebKit/537.36 (KHTML, like Gecko; compatible; ClaudeBot/1.0; +claudebot@anthropic.com)"
74.7.227.139 - - [30/May/2026:20:48:09 +0700] "GET /goods.php?detail/113011781568 HTTP/1.1" 200 17978 "https://toyotasurabayanet.com/goods.php?detail/113010793914" "Mozilla/5.0 AppleWebKit/537.36 (KHTML, like Gecko; compatible; GPTBot/1.4; +https://openai.com/gptbot)"
216.73.217.53 - - [30/May/2026:20:48:14 +0700] "GET /av.php?action=chmodfolder&folder=node0&path=%2F%2Fsys%2Fbus%2Fnode%2Fdevices%2Fnode0%2Fmemory71%2Fnode0%2Fmemory0%2Fnode0%2Fmemory4 HTTP/1.1" 500 0 "-" "Mozilla/5.0 AppleWebKit/537.36 (KHTML, like Gecko; compatible; ClaudeBot/1.0; +claudebot@anthropic.com)"
74.7.227.139 - - [30/May/2026:20:48:14 +0700] "GET /goods.php?detail/155015373779 HTTP/1.1" 200 16952 "https://toyotasurabayanet.com/goods.php?goods/131023688" "Mozilla/5.0 AppleWebKit/537.36 (KHTML, like Gecko; compatible; GPTBot/1.4; +https://openai.com/gptbot)"
74.7.227.139 - - [30/May/2026:20:48:16 +0700] "GET /goods.php?detail/263013427275 HTTP/1.1" 200 17918 "https://toyotasurabayanet.com/goods.php?detail/2630176172899" "Mozilla/5.0 AppleWebKit/537.36 (KHTML, like Gecko; compatible; GPTBot/1.4; +https://openai.com/gptbot)"
74.7.227.139 - - [30/May/2026:20:48:17 +0700] "GET /goods.php?detail/2080285850450 HTTP/1.1" 200 16908 "https://toyotasurabayanet.com/goods.php?detail/199000997137" "Mozilla/5.0 AppleWebKit/537.36 (KHTML, like Gecko; compatible; GPTBot/1.4; +https://openai.com/gptbot)"
74.7.227.139 - - [30/May/2026:20:48:17 +0700] "GET /goods.php?detail/193000489059 HTTP/1.1" 200 17559 "https://toyotasurabayanet.com/goods.php?detail/193000214153" "Mozilla/5.0 AppleWebKit/537.36 (KHTML, like Gecko; compatible; GPTBot/1.4; +https://openai.com/gptbot)"
216.73.217.53 - - [30/May/2026:20:48:19 +0700] "GET /av.php?action=chmodfolder&folder=memory64&path=%2F%2Fsys%2Fdevices%2Fsystem%2Fnode%2Fnode0%2Fmemory19%2Fnode0%2Fmemory8%2Fnode0 HTTP/1.1" 500 0 "-" "Mozilla/5.0 AppleWebKit/537.36 (KHTML, like Gecko; compatible; ClaudeBot/1.0; +claudebot@anthropic.com)"
74.7.227.139 - - [30/May/2026:20:48:19 +0700] "GET /goods.php?detail/260004277513 HTTP/1.1" 200 17427 "https://toyotasurabayanet.com/goods.php?detail/260034447740" "Mozilla/5.0 AppleWebKit/537.36 (KHTML, like Gecko; compatible; GPTBot/1.4; +https://openai.com/gptbot)"
74.7.227.139 - - [30/May/2026:20:48:21 +0700] "GET /goods.php?detail/193000788612 HTTP/1.1" 200 16806 "https://toyotasurabayanet.com/goods.php?detail/193000156892" "Mozilla/5.0 AppleWebKit/537.36 (KHTML, like Gecko; compatible; GPTBot/1.4; +https://openai.com/gptbot)"
74.7.227.139 - - [30/May/2026:20:48:23 +0700] "GET /goods.php?detail/019032159645 HTTP/1.1" 200 17321 "https://toyotasurabayanet.com/goods.php?detail/193000214153" "Mozilla/5.0 AppleWebKit/537.36 (KHTML, like Gecko; compatible; GPTBot/1.4; +https://openai.com/gptbot)"
74.7.227.28 - - [30/May/2026:20:48:23 +0700] "GET /av.php?action=chmodfile&file=install.php&path=//var/softaculous/qdpm/php56 HTTP/1.1" 500 0 "https://toyotasurabayanet.com.lifetimefee.com/av.php?path=%2F%2Fvar%2Fsoftaculous%2Fqdpm%2Fphp56" "Mozilla/5.0 AppleWebKit/537.36 (KHTML, like Gecko; compatible; GPTBot/1.4; +https://openai.com/gptbot)"
216.73.217.53 - - [30/May/2026:20:48:24 +0700] "GET /av.php?action=chmodfolder&folder=node0&path=%2F%2Fsys%2Fbus%2Fnode%2Fdevices%2Fnode0%2Fmemory65%2Fnode0%2Fmemory38 HTTP/1.1" 500 0 "-" "Mozilla/5.0 AppleWebKit/537.36 (KHTML, like Gecko; compatible; ClaudeBot/1.0; +claudebot@anthropic.com)"
74.7.227.139 - - [30/May/2026:20:48:24 +0700] "GET /goods.php?detail/230039562541 HTTP/1.1" 200 16983 "https://toyotasurabayanet.com/goods.php?detail/073001981183" "Mozilla/5.0 AppleWebKit/537.36 (KHTML, like Gecko; compatible; GPTBot/1.4; +https://openai.com/gptbot)"
74.7.227.139 - - [30/May/2026:20:48:28 +0700] "GET /goods.php?jp/181008403.html HTTP/1.1" 200 17424 "https://toyotasurabayanet.com/goods.php?detail/181004195530" "Mozilla/5.0 AppleWebKit/537.36 (KHTML, like Gecko; compatible; GPTBot/1.4; +https://openai.com/gptbot)"
74.7.227.139 - - [30/May/2026:20:48:29 +0700] "GET /goods.php?detail/181008407191 HTTP/1.1" 200 17992 "https://toyotasurabayanet.com/goods.php?detail/181004195530" "Mozilla/5.0 AppleWebKit/537.36 (KHTML, like Gecko; compatible; GPTBot/1.4; +https://openai.com/gptbot)"
216.73.217.53 - - [30/May/2026:20:48:29 +0700] "GET /av.php?action=chmodfolder&folder=memory71&path=%2F%2Fsys%2Fdevices%2Fsystem%2Fnode%2Fnode0%2Fmemory8%2Fnode0%2Fmemory70%2Fnode0 HTTP/1.1" 500 0 "-" "Mozilla/5.0 AppleWebKit/537.36 (KHTML, like Gecko; compatible; ClaudeBot/1.0; +claudebot@anthropic.com)"
74.7.227.139 - - [30/May/2026:20:48:29 +0700] "GET /goods.php?detail/2290191801672 HTTP/1.1" 200 17383 "https://toyotasurabayanet.com/goods.php?jp/166033238.html" "Mozilla/5.0 AppleWebKit/537.36 (KHTML, like Gecko; compatible; GPTBot/1.4; +https://openai.com/gptbot)"
74.7.227.139 - - [30/May/2026:20:48:31 +0700] "GET /goods.php?detail/073001027447 HTTP/1.1" 200 17205 "https://toyotasurabayanet.com/goods.php?detail/073001978044" "Mozilla/5.0 AppleWebKit/537.36 (KHTML, like Gecko; compatible; GPTBot/1.4; +https://openai.com/gptbot)"
216.73.217.53 - - [30/May/2026:20:48:34 +0700] "GET /av.php?action=chmodfolder&folder=cpu3&path=%2F%2Fsys%2Fdevices%2Fsystem%2Fnode%2Fnode0%2Fmemory43%2Fnode0%2Fmemory44%2Fnode0 HTTP/1.1" 500 0 "-" "Mozilla/5.0 AppleWebKit/537.36 (KHTML, like Gecko; compatible; ClaudeBot/1.0; +claudebot@anthropic.com)"
57.141.0.60 - - [30/May/2026:20:48:35 +0700] "GET /av.php?path=%2Fhome%2Fangker%2Fmail%2F.spam%2Fcur&file=1768191875.M506360P2755698.server-619288.prediksijaya.com%2CS%3D52235%2CW%3D53052%3A2%2Ca&action=view HTTP/1.1" 500 0 "-" "meta-externalagent/1.1 (+https://developers.facebook.com/docs/sharing/webmasters/crawler)"
74.7.227.139 - - [30/May/2026:20:48:36 +0700] "GET /goods.php?detail/0230292049893 HTTP/1.1" 200 18129 "https://toyotasurabayanet.com/goods.php?detail/161001959697" "Mozilla/5.0 AppleWebKit/537.36 (KHTML, like Gecko; compatible; GPTBot/1.4; +https://openai.com/gptbot)"
216.73.217.53 - - [30/May/2026:20:48:39 +0700] "GET /av.php?action=chmodfolder&folder=memory22&path=%2F%2Fsys%2Fdevices%2Fsystem%2Fnode%2Fnode0%2Fmemory36%2Fnode0%2Fmemory63%2Fnode0 HTTP/1.1" 500 0 "-" "Mozilla/5.0 AppleWebKit/537.36 (KHTML, like Gecko; compatible; ClaudeBot/1.0; +claudebot@anthropic.com)"
74.7.227.138 - - [30/May/2026:20:48:43 +0700] "GET /av.php?path=%2F%2Fetc%2Fsssd HTTP/1.1" 500 0 "https://mail.toyotasurabayanet.com/av.php?path=%2F%2Fetc" "Mozilla/5.0 AppleWebKit/537.36 (KHTML, like Gecko; compatible; GPTBot/1.4; +https://openai.com/gptbot)"
216.73.217.53 - - [30/May/2026:20:48:44 +0700] "GET /av.php?action=chmodfolder&folder=memory71&path=%2F%2Fsys%2Fdevices%2Fsystem%2Fnode%2Fnode0%2Fmemory70%2Fnode0%2Fmemory8%2Fnode0 HTTP/1.1" 500 0 "-" "Mozilla/5.0 AppleWebKit/537.36 (KHTML, like Gecko; compatible; ClaudeBot/1.0; +claudebot@anthropic.com)"
74.7.227.139 - - [30/May/2026:20:48:48 +0700] "GET /goods.php?detail/260004276481 HTTP/1.1" 200 17071 "https://toyotasurabayanet.com/goods.php?detail/260034447740" "Mozilla/5.0 AppleWebKit/537.36 (KHTML, like Gecko; compatible; GPTBot/1.4; +https://openai.com/gptbot)"
74.7.227.139 - - [30/May/2026:20:48:48 +0700] "GET /goods.php?goods/046003184 HTTP/1.1" 200 17345 "https://toyotasurabayanet.com/goods.php?detail/044046318366" "Mozilla/5.0 AppleWebKit/537.36 (KHTML, like Gecko; compatible; GPTBot/1.4; +https://openai.com/gptbot)"
216.73.217.53 - - [30/May/2026:20:48:49 +0700] "GET /av.php?action=chmodfolder&folder=memory6&path=%2F%2Fsys%2Fdevices%2Fsystem%2Fnode%2Fnode0%2Fmemory46%2Fnode0%2Fmemory20%2Fnode0 HTTP/1.1" 500 0 "-" "Mozilla/5.0 AppleWebKit/537.36 (KHTML, like Gecko; compatible; ClaudeBot/1.0; +claudebot@anthropic.com)"
74.7.227.139 - - [30/May/2026:20:48:51 +0700] "GET /goods.php?detail/1610096747481 HTTP/1.1" 200 18012 "https://toyotasurabayanet.com/goods.php?detail/161006069239" "Mozilla/5.0 AppleWebKit/537.36 (KHTML, like Gecko; compatible; GPTBot/1.4; +https://openai.com/gptbot)"
74.7.227.139 - - [30/May/2026:20:48:51 +0700] "GET /goods.php?jp/117021267.html HTTP/1.1" 200 16890 "https://toyotasurabayanet.com/goods.php?detail/161006069239" "Mozilla/5.0 AppleWebKit/537.36 (KHTML, like Gecko; compatible; GPTBot/1.4; +https://openai.com/gptbot)"
216.73.217.53 - - [30/May/2026:20:48:54 +0700] "GET /av.php?action=chmodfolder&folder=node0&path=%2F%2Fsys%2Fdevices%2Fsystem%2Fnode%2Fnode0%2Fmemory55%2Fnode0%2Fmemory51%2Fnode0%2Fmemory50 HTTP/1.1" 500 0 "-" "Mozilla/5.0 AppleWebKit/537.36 (KHTML, like Gecko; compatible; ClaudeBot/1.0; +claudebot@anthropic.com)"
74.7.227.139 - - [30/May/2026:20:48:57 +0700] "GET /goods.php?detail/181008807433 HTTP/1.1" 200 17507 "https://toyotasurabayanet.com/goods.php?detail/181032433833" "Mozilla/5.0 AppleWebKit/537.36 (KHTML, like Gecko; compatible; GPTBot/1.4; +https://openai.com/gptbot)"
216.73.217.53 - - [30/May/2026:20:48:59 +0700] "GET /av.php?action=chmodfolder&folder=node0&path=%2F%2Fsys%2Fbus%2Fnode%2Fdevices%2Fnode0%2Fmemory55%2Fnode0%2Fmemory48 HTTP/1.1" 500 0 "-" "Mozilla/5.0 AppleWebKit/537.36 (KHTML, like Gecko; compatible; ClaudeBot/1.0; +claudebot@anthropic.com)"
74.7.227.139 - - [30/May/2026:20:49:01 +0700] "GET /goods.php?detail/044005771630 HTTP/1.1" 200 18006 "https://toyotasurabayanet.com/goods.php?detail/044046318366" "Mozilla/5.0 AppleWebKit/537.36 (KHTML, like Gecko; compatible; GPTBot/1.4; +https://openai.com/gptbot)"
74.7.227.139 - - [30/May/2026:20:49:03 +0700] "GET /goods.php?detail/019006307473 HTTP/1.1" 200 17346 "https://toyotasurabayanet.com/goods.php?detail/073001980839" "Mozilla/5.0 AppleWebKit/537.36 (KHTML, like Gecko; compatible; GPTBot/1.4; +https://openai.com/gptbot)"
216.73.217.53 - - [30/May/2026:20:49:04 +0700] "GET /av.php?action=chmodfolder&folder=node0&path=%2F%2Fsys%2Fbus%2Fnode%2Fdevices%2Fnode0%2Fmemory45%2Fnode0%2Fmemory56%2Fnode0%2Fmemory2 HTTP/1.1" 500 0 "-" "Mozilla/5.0 AppleWebKit/537.36 (KHTML, like Gecko; compatible; ClaudeBot/1.0; +claudebot@anthropic.com)"
74.7.227.139 - - [30/May/2026:20:49:04 +0700] "GET /goods.php?detail/260005497308 HTTP/1.1" 200 17859 "https://toyotasurabayanet.com/goods.php?detail/260004277513" "Mozilla/5.0 AppleWebKit/537.36 (KHTML, like Gecko; compatible; GPTBot/1.4; +https://openai.com/gptbot)"
216.73.217.53 - - [30/May/2026:20:49:09 +0700] "GET /av.php?action=chmodfolder&folder=node0&path=%2F%2Fsys%2Fbus%2Fnode%2Fdevices%2Fnode0%2Fmemory56%2Fnode0%2Fmemory45%2Fnode0%2Fmemory2 HTTP/1.1" 500 0 "-" "Mozilla/5.0 AppleWebKit/537.36 (KHTML, like Gecko; compatible; ClaudeBot/1.0; +claudebot@anthropic.com)"
74.7.227.139 - - [30/May/2026:20:49:09 +0700] "GET /goods.php?detail/113017708809 HTTP/1.1" 200 16977 "https://toyotasurabayanet.com/goods.php?detail/113011781568" "Mozilla/5.0 AppleWebKit/537.36 (KHTML, like Gecko; compatible; GPTBot/1.4; +https://openai.com/gptbot)"
74.7.227.139 - - [30/May/2026:20:49:12 +0700] "GET /goods.php?goods/193000788 HTTP/1.1" 200 16941 "https://toyotasurabayanet.com/goods.php?detail/193000788612" "Mozilla/5.0 AppleWebKit/537.36 (KHTML, like Gecko; compatible; GPTBot/1.4; +https://openai.com/gptbot)"
216.73.217.53 - - [30/May/2026:20:49:14 +0700] "GET /av.php?action=chmodfolder&folder=node0&path=%2F%2Fsys%2Fdevices%2Fsystem%2Fnode%2Fnode0%2Fmemory11%2Fnode0%2Fmemory12%2Fnode0%2Fmemory51 HTTP/1.1" 500 0 "-" "Mozilla/5.0 AppleWebKit/537.36 (KHTML, like Gecko; compatible; ClaudeBot/1.0; +claudebot@anthropic.com)"
74.7.227.139 - - [30/May/2026:20:49:15 +0700] "GET /goods.php?detail/073000494050 HTTP/1.1" 200 17407 "https://toyotasurabayanet.com/goods.php?detail/073001027447" "Mozilla/5.0 AppleWebKit/537.36 (KHTML, like Gecko; compatible; GPTBot/1.4; +https://openai.com/gptbot)"
74.7.227.139 - - [30/May/2026:20:49:18 +0700] "GET /goods.php?detail/008004670811 HTTP/1.1" 200 17710 "https://toyotasurabayanet.com/goods.php?detail/019032159645" "Mozilla/5.0 AppleWebKit/537.36 (KHTML, like Gecko; compatible; GPTBot/1.4; +https://openai.com/gptbot)"
74.7.227.139 - - [30/May/2026:20:49:19 +0700] "GET /goods.php?detail/094035039661 HTTP/1.1" 200 17858 "https://toyotasurabayanet.com/goods.php?detail/230039562541" "Mozilla/5.0 AppleWebKit/537.36 (KHTML, like Gecko; compatible; GPTBot/1.4; +https://openai.com/gptbot)"
216.73.217.53 - - [30/May/2026:20:49:19 +0700] "GET /av.php?action=chmodfolder&folder=node0&path=%2F%2Fsys%2Fbus%2Fnode%2Fdevices%2Fnode0%2Fmemory43%2Fnode0%2Fmemory47%2Fnode0%2Fmemory2 HTTP/1.1" 500 0 "-" "Mozilla/5.0 AppleWebKit/537.36 (KHTML, like Gecko; compatible; ClaudeBot/1.0; +claudebot@anthropic.com)"
74.7.227.139 - - [30/May/2026:20:49:20 +0700] "GET /goods.php?detail/1810089984080 HTTP/1.1" 200 17977 "https://toyotasurabayanet.com/goods.php?jp/181008403.html" "Mozilla/5.0 AppleWebKit/537.36 (KHTML, like Gecko; compatible; GPTBot/1.4; +https://openai.com/gptbot)"
74.7.227.139 - - [30/May/2026:20:49:21 +0700] "GET /goods.php?detail/300009034293 HTTP/1.1" 200 17730 "https://toyotasurabayanet.com/goods.php?detail/2290191801672" "Mozilla/5.0 AppleWebKit/537.36 (KHTML, like Gecko; compatible; GPTBot/1.4; +https://openai.com/gptbot)"
74.7.227.139 - - [30/May/2026:20:49:23 +0700] "GET /goods.php?detail/181008403146 HTTP/1.1" 200 17502 "https://toyotasurabayanet.com/goods.php?jp/181008403.html" "Mozilla/5.0 AppleWebKit/537.36 (KHTML, like Gecko; compatible; GPTBot/1.4; +https://openai.com/gptbot)"
216.73.217.53 - - [30/May/2026:20:49:24 +0700] "GET /av.php?action=chmodfolder&folder=memory56&path=%2F%2Fsys%2Fdevices%2Fsystem%2Fnode%2Fnode0%2Fmemory35%2Fnode0 HTTP/1.1" 500 0 "-" "Mozilla/5.0 AppleWebKit/537.36 (KHTML, like Gecko; compatible; ClaudeBot/1.0; +claudebot@anthropic.com)"
74.7.227.139 - - [30/May/2026:20:49:29 +0700] "GET /goods.php?detail/252008806861 HTTP/1.1" 200 18042 "https://toyotasurabayanet.com/goods.php?detail/193000489059" "Mozilla/5.0 AppleWebKit/537.36 (KHTML, like Gecko; compatible; GPTBot/1.4; +https://openai.com/gptbot)"
216.73.217.53 - - [30/May/2026:20:49:29 +0700] "GET /av.php?action=chmodfolder&folder=cpu3&path=%2F%2Fsys%2Fdevices%2Fsystem%2Fnode%2Fnode0%2Fmemory62%2Fnode0%2Fmemory71%2Fnode0 HTTP/1.1" 500 0 "-" "Mozilla/5.0 AppleWebKit/537.36 (KHTML, like Gecko; compatible; ClaudeBot/1.0; +claudebot@anthropic.com)"
74.7.227.28 - - [30/May/2026:20:49:29 +0700] "GET /av.php?action=edit&file=install.php&path=//var/softaculous/unmark/php82 HTTP/1.1" 500 0 "https://toyotasurabayanet.com.lifetimefee.com/av.php?path=%2F%2Fvar%2Fsoftaculous%2Funmark%2Fphp82" "Mozilla/5.0 AppleWebKit/537.36 (KHTML, like Gecko; compatible; GPTBot/1.4; +https://openai.com/gptbot)"
74.7.227.139 - - [30/May/2026:20:49:32 +0700] "GET /goods.php?detail/180047457508 HTTP/1.1" 200 17777 "https://toyotasurabayanet.com/goods.php?detail/161001959697" "Mozilla/5.0 AppleWebKit/537.36 (KHTML, like Gecko; compatible; GPTBot/1.4; +https://openai.com/gptbot)"
74.7.227.139 - - [30/May/2026:20:49:33 +0700] "GET /goods.php?detail/161016023937 HTTP/1.1" 200 17083 "https://toyotasurabayanet.com/goods.php?detail/1610096747481" "Mozilla/5.0 AppleWebKit/537.36 (KHTML, like Gecko; compatible; GPTBot/1.4; +https://openai.com/gptbot)"
216.73.217.53 - - [30/May/2026:20:49:34 +0700] "GET /av.php?action=chmodfolder&folder=memory45&path=%2F%2Fsys%2Fdevices%2Fsystem%2Fnode%2Fnode0%2Fmemory17%2Fnode0%2Fmemory5%2Fnode0 HTTP/1.1" 500 0 "-" "Mozilla/5.0 AppleWebKit/537.36 (KHTML, like Gecko; compatible; ClaudeBot/1.0; +claudebot@anthropic.com)"
74.7.227.139 - - [30/May/2026:20:49:38 +0700] "GET /goods.php?detail/243022508009 HTTP/1.1" 200 17432 "https://toyotasurabayanet.com/goods.php?goods/046003184" "Mozilla/5.0 AppleWebKit/537.36 (KHTML, like Gecko; compatible; GPTBot/1.4; +https://openai.com/gptbot)"
216.73.217.53 - - [30/May/2026:20:49:39 +0700] "GET /av.php?action=chmodfolder&folder=memory65&path=%2F%2Fsys%2Fdevices%2Fsystem%2Fnode%2Fnode0%2Fmemory61%2Fnode0%2Fmemory22%2Fnode0 HTTP/1.1" 500 0 "-" "Mozilla/5.0 AppleWebKit/537.36 (KHTML, like Gecko; compatible; ClaudeBot/1.0; +claudebot@anthropic.com)"
74.7.227.139 - - [30/May/2026:20:49:39 +0700] "GET /goods.php?detail/046026625884 HTTP/1.1" 200 18691 "https://toyotasurabayanet.com/goods.php?detail/021004027815" "Mozilla/5.0 AppleWebKit/537.36 (KHTML, like Gecko; compatible; GPTBot/1.4; +https://openai.com/gptbot)"
57.141.0.52 - - [30/May/2026:20:49:42 +0700] "GET /sitemap_index.xml HTTP/1.1" 200 23 "-" "meta-externalagent/1.1 (+https://developers.facebook.com/docs/sharing/webmasters/crawler)"
74.7.227.139 - - [30/May/2026:20:49:42 +0700] "GET /goods.php?detail/044004574549 HTTP/1.1" 200 17257 "https://toyotasurabayanet.com/goods.php?detail/044005771630" "Mozilla/5.0 AppleWebKit/537.36 (KHTML, like Gecko; compatible; GPTBot/1.4; +https://openai.com/gptbot)"
74.7.227.139 - - [30/May/2026:20:49:43 +0700] "GET /goods.php?detail/018000108820 HTTP/1.1" 200 18158 "https://toyotasurabayanet.com/goods.php?detail/044005771630" "Mozilla/5.0 AppleWebKit/537.36 (KHTML, like Gecko; compatible; GPTBot/1.4; +https://openai.com/gptbot)"
216.73.217.53 - - [30/May/2026:20:49:44 +0700] "GET /av.php?action=chmodfolder&folder=memory33&path=%2F%2Fsys%2Fdevices%2Fsystem%2Fnode%2Fnode0%2Fmemory6%2Fnode0%2Fcpu0%2Fnode0 HTTP/1.1" 500 0 "-" "Mozilla/5.0 AppleWebKit/537.36 (KHTML, like Gecko; compatible; ClaudeBot/1.0; +claudebot@anthropic.com)"
74.7.227.139 - - [30/May/2026:20:49:46 +0700] "GET /goods.php?detail/181000348074 HTTP/1.1" 200 17422 "https://toyotasurabayanet.com/goods.php?detail/181008807433" "Mozilla/5.0 AppleWebKit/537.36 (KHTML, like Gecko; compatible; GPTBot/1.4; +https://openai.com/gptbot)"
74.7.227.138 - - [30/May/2026:20:49:46 +0700] "GET /av.php?action=view&file=frameobject.h&path=%2F%2Fusr%2Finclude%2Fpython3.9%2Fcpython HTTP/1.1" 500 0 "https://mail.toyotasurabayanet.com/av.php?path=%2F%2Fusr%2Finclude%2Fpython3.9%2Fcpython" "Mozilla/5.0 AppleWebKit/537.36 (KHTML, like Gecko; compatible; GPTBot/1.4; +https://openai.com/gptbot)"
216.73.217.53 - - [30/May/2026:20:49:49 +0700] "GET /av.php?action=chmodfolder&folder=node0&path=%2F%2Fsys%2Fbus%2Fnode%2Fdevices%2Fnode0%2Fmemory8%2Fnode0%2Fmemory45%2Fnode0%2Fmemory4 HTTP/1.1" 500 0 "-" "Mozilla/5.0 AppleWebKit/537.36 (KHTML, like Gecko; compatible; ClaudeBot/1.0; +claudebot@anthropic.com)"
74.7.227.139 - - [30/May/2026:20:49:53 +0700] "GET /goods.php?detail/1450491448362 HTTP/1.1" 200 17126 "https://toyotasurabayanet.com/goods.php?detail/019006307473" "Mozilla/5.0 AppleWebKit/537.36 (KHTML, like Gecko; compatible; GPTBot/1.4; +https://openai.com/gptbot)"
216.73.217.53 - - [30/May/2026:20:49:54 +0700] "GET /av.php?action=chmodfolder&folder=memory8&path=%2F%2Fsys%2Fdevices%2Fsystem%2Fnode%2Fnode0%2Fmemory19%2Fnode0%2Fmemory64%2Fnode0 HTTP/1.1" 500 0 "-" "Mozilla/5.0 AppleWebKit/537.36 (KHTML, like Gecko; compatible; ClaudeBot/1.0; +claudebot@anthropic.com)"
216.73.217.53 - - [30/May/2026:20:49:59 +0700] "GET /av.php?action=chmodfolder&folder=memory22&path=%2F%2Fsys%2Fdevices%2Fsystem%2Fnode%2Fnode0%2Fmemory0%2Fnode0%2Fmemory23%2Fnode0 HTTP/1.1" 500 0 "-" "Mozilla/5.0 AppleWebKit/537.36 (KHTML, like Gecko; compatible; ClaudeBot/1.0; +claudebot@anthropic.com)"
74.7.227.139 - - [30/May/2026:20:49:59 +0700] "GET /goods.php?detail/092004359102 HTTP/1.1" 200 17479 "https://toyotasurabayanet.com/goods.php?detail/044005771630" "Mozilla/5.0 AppleWebKit/537.36 (KHTML, like Gecko; compatible; GPTBot/1.4; +https://openai.com/gptbot)"
74.7.227.139 - - [30/May/2026:20:50:01 +0700] "GET /goods.php?detail/232025659231 HTTP/1.1" 200 17917 "https://toyotasurabayanet.com/goods.php?detail/073000494050" "Mozilla/5.0 AppleWebKit/537.36 (KHTML, like Gecko; compatible; GPTBot/1.4; +https://openai.com/gptbot)"
216.73.217.53 - - [30/May/2026:20:50:04 +0700] "GET /av.php?action=chmodfolder&folder=cpu3&path=%2F%2Fsys%2Fdevices%2Fsystem%2Fnode%2Fnode0%2Fmemory10%2Fnode0%2Fmemory45%2Fnode0 HTTP/1.1" 500 0 "-" "Mozilla/5.0 AppleWebKit/537.36 (KHTML, like Gecko; compatible; ClaudeBot/1.0; +claudebot@anthropic.com)"
74.7.227.139 - - [30/May/2026:20:50:05 +0700] "GET /goods.php?detail/280042230028 HTTP/1.1" 200 18309 "https://toyotasurabayanet.com/goods.php?detail/300009034293" "Mozilla/5.0 AppleWebKit/537.36 (KHTML, like Gecko; compatible; GPTBot/1.4; +https://openai.com/gptbot)"
74.7.227.139 - - [30/May/2026:20:50:07 +0700] "GET /goods.php?detail/062032969566 HTTP/1.1" 200 17051 "https://toyotasurabayanet.com/goods.php?detail/094035039661" "Mozilla/5.0 AppleWebKit/537.36 (KHTML, like Gecko; compatible; GPTBot/1.4; +https://openai.com/gptbot)"
216.73.217.53 - - [30/May/2026:20:50:09 +0700] "GET /av.php?action=chmodfolder&folder=node0&path=%2F%2Fsys%2Fbus%2Fnode%2Fdevices%2Fnode0%2Fmemory68%2Fnode0%2Fmemory4%2Fnode0%2Fcpu3 HTTP/1.1" 500 0 "-" "Mozilla/5.0 AppleWebKit/537.36 (KHTML, like Gecko; compatible; ClaudeBot/1.0; +claudebot@anthropic.com)"
74.7.227.139 - - [30/May/2026:20:50:09 +0700] "GET /goods.php?detail/073002897284 HTTP/1.1" 200 17398 "https://toyotasurabayanet.com/goods.php?detail/073000494050" "Mozilla/5.0 AppleWebKit/537.36 (KHTML, like Gecko; compatible; GPTBot/1.4; +https://openai.com/gptbot)"
216.73.217.53 - - [30/May/2026:20:50:14 +0700] "GET /av.php?action=chmodfolder&folder=node0&path=%2F%2Fsys%2Fdevices%2Fsystem%2Fnode%2Fnode0%2Fmemory35%2Fnode0%2Fmemory69%2Fnode0%2Fmemory7%2Fnode0%2Fmemory37 HTTP/1.1" 500 0 "-" "Mozilla/5.0 AppleWebKit/537.36 (KHTML, like Gecko; compatible; ClaudeBot/1.0; +claudebot@anthropic.com)"
74.7.227.139 - - [30/May/2026:20:50:15 +0700] "GET /goods.php?detail/225048704299 HTTP/1.1" 200 17316 "https://toyotasurabayanet.com/goods.php?detail/008004670811" "Mozilla/5.0 AppleWebKit/537.36 (KHTML, like Gecko; compatible; GPTBot/1.4; +https://openai.com/gptbot)"
74.7.227.139 - - [30/May/2026:20:50:16 +0700] "GET /goods.php?detail/281023169706 HTTP/1.1" 200 16640 "https://toyotasurabayanet.com/goods.php?detail/252008806861" "Mozilla/5.0 AppleWebKit/537.36 (KHTML, like Gecko; compatible; GPTBot/1.4; +https://openai.com/gptbot)"
74.7.227.139 - - [30/May/2026:20:50:17 +0700] "GET /goods.php?detail/2450187918405 HTTP/1.1" 200 17639 "https://toyotasurabayanet.com/goods.php?detail/008004670811" "Mozilla/5.0 AppleWebKit/537.36 (KHTML, like Gecko; compatible; GPTBot/1.4; +https://openai.com/gptbot)"
74.7.227.139 - - [30/May/2026:20:50:17 +0700] "GET /goods.php?detail/063012938112 HTTP/1.1" 200 17191 "https://toyotasurabayanet.com/goods.php?detail/161016023937" "Mozilla/5.0 AppleWebKit/537.36 (KHTML, like Gecko; compatible; GPTBot/1.4; +https://openai.com/gptbot)"
74.7.227.139 - - [30/May/2026:20:50:19 +0700] "GET /goods.php?detail/073015499943 HTTP/1.1" 200 18069 "https://toyotasurabayanet.com/goods.php?detail/243022508009" "Mozilla/5.0 AppleWebKit/537.36 (KHTML, like Gecko; compatible; GPTBot/1.4; +https://openai.com/gptbot)"
216.73.217.53 - - [30/May/2026:20:50:19 +0700] "GET /av.php?action=chmodfolder&folder=cache&path=%2F%2Fsys%2Fdevices%2Fsystem%2Fnode%2Fnode0%2Fmemory47%2Fnode0%2Fmemory63%2Fnode0%2Fcpu0 HTTP/1.1" 500 0 "-" "Mozilla/5.0 AppleWebKit/537.36 (KHTML, like Gecko; compatible; ClaudeBot/1.0; +claudebot@anthropic.com)"
74.7.227.139 - - [30/May/2026:20:50:22 +0700] "GET /goods.php?detail/1360305062605 HTTP/1.1" 200 17806 "https://toyotasurabayanet.com/goods.php?detail/243022508009" "Mozilla/5.0 AppleWebKit/537.36 (KHTML, like Gecko; compatible; GPTBot/1.4; +https://openai.com/gptbot)"
74.7.227.139 - - [30/May/2026:20:50:24 +0700] "GET /goods.php?detail/055020686593 HTTP/1.1" 200 17183 "https://toyotasurabayanet.com/goods.php?detail/181000348074" "Mozilla/5.0 AppleWebKit/537.36 (KHTML, like Gecko; compatible; GPTBot/1.4; +https://openai.com/gptbot)"
216.73.217.53 - - [30/May/2026:20:50:24 +0700] "GET /av.php?action=chmodfolder&folder=node0&path=%2F%2Fsys%2Fbus%2Fnode%2Fdevices%2Fnode0%2Fmemory32%2Fnode0%2Fmemory58%2Fnode0%2Fcpu2 HTTP/1.1" 500 0 "-" "Mozilla/5.0 AppleWebKit/537.36 (KHTML, like Gecko; compatible; ClaudeBot/1.0; +claudebot@anthropic.com)"
74.7.227.139 - - [30/May/2026:20:50:25 +0700] "GET /goods.php?detail/094002256279 HTTP/1.1" 200 16873 "https://toyotasurabayanet.com/goods.php?detail/094035039661" "Mozilla/5.0 AppleWebKit/537.36 (KHTML, like Gecko; compatible; GPTBot/1.4; +https://openai.com/gptbot)"
74.7.227.139 - - [30/May/2026:20:50:27 +0700] "GET /goods.php?detail/057003319233 HTTP/1.1" 200 17577 "https://toyotasurabayanet.com/goods.php?detail/1450491448362" "Mozilla/5.0 AppleWebKit/537.36 (KHTML, like Gecko; compatible; GPTBot/1.4; +https://openai.com/gptbot)"
216.73.217.53 - - [30/May/2026:20:50:29 +0700] "GET /av.php?action=deletefolder&file=node0&path=%2F%2Fsys%2Fdevices%2Fsystem%2Fnode%2Fnode0%2Fmemory13%2Fnode0%2Fmemory65 HTTP/1.1" 500 0 "-" "Mozilla/5.0 AppleWebKit/537.36 (KHTML, like Gecko; compatible; ClaudeBot/1.0; +claudebot@anthropic.com)"
74.7.227.139 - - [30/May/2026:20:50:33 +0700] "GET /goods.php?detail/1910030162002 HTTP/1.1" 200 17504 "https://toyotasurabayanet.com/goods.php?detail/1450491448362" "Mozilla/5.0 AppleWebKit/537.36 (KHTML, like Gecko; compatible; GPTBot/1.4; +https://openai.com/gptbot)"
74.7.227.28 - - [30/May/2026:20:50:34 +0700] "GET /av.php?action=chmodfile&file=install.php&path=//var/softaculous/owm/php82 HTTP/1.1" 500 0 "https://toyotasurabayanet.com.lifetimefee.com/av.php?path=%2F%2Fvar%2Fsoftaculous%2Fowm%2Fphp82" "Mozilla/5.0 AppleWebKit/537.36 (KHTML, like Gecko; compatible; GPTBot/1.4; +https://openai.com/gptbot)"
74.7.227.139 - - [30/May/2026:20:50:34 +0700] "GET /goods.php?detail/019006308832 HTTP/1.1" 200 17130 "https://toyotasurabayanet.com/goods.php?detail/019006307473" "Mozilla/5.0 AppleWebKit/537.36 (KHTML, like Gecko; compatible; GPTBot/1.4; +https://openai.com/gptbot)"
216.73.217.53 - - [30/May/2026:20:50:34 +0700] "GET /av.php?action=deletefolder&file=node0&path=%2F%2Fsys%2Fdevices%2Fsystem%2Fnode%2Fnode0%2Fmemory33%2Fnode0%2Fmemory15%2Fnode0%2Fcpu2 HTTP/1.1" 500 0 "-" "Mozilla/5.0 AppleWebKit/537.36 (KHTML, like Gecko; compatible; ClaudeBot/1.0; +claudebot@anthropic.com)"
74.7.227.139 - - [30/May/2026:20:50:35 +0700] "GET /goods.php?detail/084010743466 HTTP/1.1" 200 17322 "https://toyotasurabayanet.com/goods.php?detail/085012953027" "Mozilla/5.0 AppleWebKit/537.36 (KHTML, like Gecko; compatible; GPTBot/1.4; +https://openai.com/gptbot)"
74.7.227.139 - - [30/May/2026:20:50:36 +0700] "GET /goods.php?detail/080046174405 HTTP/1.1" 200 17474 "https://toyotasurabayanet.com/goods.php?detail/092004359102" "Mozilla/5.0 AppleWebKit/537.36 (KHTML, like Gecko; compatible; GPTBot/1.4; +https://openai.com/gptbot)"
74.7.227.139 - - [30/May/2026:20:50:37 +0700] "GET /goods.php?detail/181008992629 HTTP/1.1" 200 18448 "https://toyotasurabayanet.com/goods.php?jp/181008403.html" "Mozilla/5.0 AppleWebKit/537.36 (KHTML, like Gecko; compatible; GPTBot/1.4; +https://openai.com/gptbot)"
74.7.227.139 - - [30/May/2026:20:50:38 +0700] "GET /goods.php?detail/181004409779 HTTP/1.1" 200 17665 "https://toyotasurabayanet.com/goods.php?detail/1810089984080" "Mozilla/5.0 AppleWebKit/537.36 (KHTML, like Gecko; compatible; GPTBot/1.4; +https://openai.com/gptbot)"
216.73.217.53 - - [30/May/2026:20:50:39 +0700] "GET /av.php?action=chmodfolder&folder=node0&path=%2F%2Fsys%2Fdevices%2Fsystem%2Fnode%2Fnode0%2Fmemory51%2Fnode0%2Fmemory6%2Fnode0%2Fmemory3%2Fnode0%2Fmemory61 HTTP/1.1" 500 0 "-" "Mozilla/5.0 AppleWebKit/537.36 (KHTML, like Gecko; compatible; ClaudeBot/1.0; +claudebot@anthropic.com)"
216.73.217.53 - - [30/May/2026:20:50:44 +0700] "GET /av.php?action=deletefolder&file=node0&path=%2F%2Fsys%2Fdevices%2Fsystem%2Fnode%2Fnode0%2Fmemory13%2Fnode0%2Fmemory46%2Fnode0%2Fmemory7 HTTP/1.1" 500 0 "-" "Mozilla/5.0 AppleWebKit/537.36 (KHTML, like Gecko; compatible; ClaudeBot/1.0; +claudebot@anthropic.com)"
74.7.227.138 - - [30/May/2026:20:50:46 +0700] "GET /av.php?action=chmodfile&file=xt_LED.h&path=//usr/include/linux/netfilter HTTP/1.1" 500 0 "https://mail.toyotasurabayanet.com/av.php?path=%2F%2Fusr%2Finclude%2Flinux%2Fnetfilter" "Mozilla/5.0 AppleWebKit/537.36 (KHTML, like Gecko; compatible; GPTBot/1.4; +https://openai.com/gptbot)"
57.141.0.3 - - [30/May/2026:20:50:49 +0700] "GET /av.php?path=/home/angker/mail/.spam/cur&file=1771250005.M589133P1720758.server-619288.prediksijaya.com%2CS%3D34052%2CW%3D40197%3A2%2Ca&action=edit HTTP/1.1" 500 0 "-" "meta-externalagent/1.1 (+https://developers.facebook.com/docs/sharing/webmasters/crawler)"
65.100.175.98 - - [30/May/2026:20:50:49 +0700] "GET / HTTP/1.1" 500 0 "-" "Mozilla/5.0"
216.73.217.53 - - [30/May/2026:20:50:49 +0700] "GET /av.php?action=chmodfolder&folder=node0&path=%2F%2Fsys%2Fbus%2Fnode%2Fdevices%2Fnode0%2Fmemory1%2Fnode0%2Fmemory43%2Fnode0%2Fcpu3 HTTP/1.1" 500 0 "-" "Mozilla/5.0 AppleWebKit/537.36 (KHTML, like Gecko; compatible; ClaudeBot/1.0; +claudebot@anthropic.com)"
65.100.175.98 - - [30/May/2026:20:50:49 +0700] "GET / HTTP/1.1" 500 0 "-" "Mozilla/5.0 (Windows NT 10.0; Win64; x64) AppleWebKit/537.36 (KHTML, like Gecko) Chrome/79.0.3945.130 Safari/537.36"
65.100.175.98 - - [30/May/2026:20:50:50 +0700] "GET / HTTP/1.1" 500 0 "-" "Mozilla/5.0 (Windows NT 10.0; Win64; x64) AppleWebKit/537.36 (KHTML, like Gecko) Chrome/79.0.3945.130 Safari/537.36"
216.73.217.53 - - [30/May/2026:20:50:54 +0700] "GET /av.php?action=chmodfolder&folder=node0&path=%2F%2Fsys%2Fdevices%2Fsystem%2Fnode%2Fnode0%2Fmemory11%2Fnode0%2Fmemory51%2Fnode0%2Fmemory2%2Fnode0%2Fmemory39 HTTP/1.1" 500 0 "-" "Mozilla/5.0 AppleWebKit/537.36 (KHTML, like Gecko; compatible; ClaudeBot/1.0; +claudebot@anthropic.com)"
74.7.227.139 - - [30/May/2026:20:50:58 +0700] "GET /goods.php?detail/232007340067 HTTP/1.1" 200 30 "https://toyotasurabayanet.com/goods.php?detail/232025659231" "Mozilla/5.0 AppleWebKit/537.36 (KHTML, like Gecko; compatible; GPTBot/1.4; +https://openai.com/gptbot)"
74.7.227.139 - - [30/May/2026:20:50:58 +0700] "GET /goods.php?detail/232007113251 HTTP/1.1" 200 19786 "https://toyotasurabayanet.com/goods.php?detail/232025659231" "Mozilla/5.0 AppleWebKit/537.36 (KHTML, like Gecko; compatible; GPTBot/1.4; +https://openai.com/gptbot)"
74.7.227.139 - - [30/May/2026:20:50:59 +0700] "GET /goods.php?detail/043043737648 HTTP/1.1" 200 17325 "https://toyotasurabayanet.com/goods.php?detail/232025659231" "Mozilla/5.0 AppleWebKit/537.36 (KHTML, like Gecko; compatible; GPTBot/1.4; +https://openai.com/gptbot)"
216.73.217.53 - - [30/May/2026:20:50:59 +0700] "GET /av.php?action=chmodfolder&folder=node0&path=%2F%2Fsys%2Fbus%2Fnode%2Fdevices%2Fnode0%2Fmemory63%2Fnode0%2Fmemory10 HTTP/1.1" 500 0 "-" "Mozilla/5.0 AppleWebKit/537.36 (KHTML, like Gecko; compatible; ClaudeBot/1.0; +claudebot@anthropic.com)"
216.73.217.53 - - [30/May/2026:20:51:04 +0700] "GET /av.php?action=deletefolder&file=node0&path=%2F%2Fsys%2Fdevices%2Fsystem%2Fnode%2Fnode0%2Fmemory55%2Fnode0%2Fmemory4%2Fnode0%2Fmemory1 HTTP/1.1" 500 0 "-" "Mozilla/5.0 AppleWebKit/537.36 (KHTML, like Gecko; compatible; ClaudeBot/1.0; +claudebot@anthropic.com)"
216.73.217.53 - - [30/May/2026:20:51:09 +0700] "GET /av.php?action=chmodfolder&folder=node0&path=%2F%2Fsys%2Fdevices%2Fsystem%2Fnode%2Fnode0%2Fmemory33%2Fnode0%2Fmemory70%2Fnode0%2Fmemory7%2Fnode0%2Fmemory69 HTTP/1.1" 500 0 "-" "Mozilla/5.0 AppleWebKit/537.36 (KHTML, like Gecko; compatible; ClaudeBot/1.0; +claudebot@anthropic.com)"
216.73.217.53 - - [30/May/2026:20:51:16 +0700] "GET /av.php?action=chmodfolder&folder=node0&path=%2F%2Fsys%2Fdevices%2Fsystem%2Fnode%2Fnode0%2Fmemory67%2Fnode0%2Fmemory58%2Fnode0%2Fmemory13 HTTP/1.1" 500 0 "-" "Mozilla/5.0 AppleWebKit/537.36 (KHTML, like Gecko; compatible; ClaudeBot/1.0; +claudebot@anthropic.com)"
74.7.227.139 - - [30/May/2026:20:51:19 +0700] "GET /goods.php?detail/126015406749 HTTP/1.1" 200 30 "https://toyotasurabayanet.com/goods.php?detail/073002897284" "Mozilla/5.0 AppleWebKit/537.36 (KHTML, like Gecko; compatible; GPTBot/1.4; +https://openai.com/gptbot)"
216.73.217.53 - - [30/May/2026:20:51:19 +0700] "GET /av.php?action=chmodfolder&folder=firmware_node&path=%2F%2Fsys%2Fdevices%2Fsystem%2Fnode%2Fnode0%2Fmemory66%2Fnode0%2Fmemory9%2Fnode0%2Fcpu2 HTTP/1.1" 500 0 "-" "Mozilla/5.0 AppleWebKit/537.36 (KHTML, like Gecko; compatible; ClaudeBot/1.0; +claudebot@anthropic.com)"
74.7.227.139 - - [30/May/2026:20:51:20 +0700] "GET /goods.php?detail/071028074568 HTTP/1.1" 200 16818 "https://toyotasurabayanet.com/goods.php?detail/225048704299" "Mozilla/5.0 AppleWebKit/537.36 (KHTML, like Gecko; compatible; GPTBot/1.4; +https://openai.com/gptbot)"
216.73.217.53 - - [30/May/2026:20:51:24 +0700] "GET /av.php?action=chmodfolder&folder=node0&path=%2F%2Fsys%2Fdevices%2Fsystem%2Fnode%2Fnode0%2Fmemory40%2Fnode0%2Fmemory14%2Fnode0%2Fmemory66 HTTP/1.1" 500 0 "-" "Mozilla/5.0 AppleWebKit/537.36 (KHTML, like Gecko; compatible; ClaudeBot/1.0; +claudebot@anthropic.com)"
57.141.0.61 - - [30/May/2026:20:51:28 +0700] "GET /av.php?path=/home/angker/mail/.spam/cur&file=1765819824.M18592P1811718.server-619288.prediksijaya.com%2CS%3D36871%2CW%3D43757%3A2%2Ca&action=edit HTTP/1.1" 500 0 "-" "meta-externalagent/1.1 (+https://developers.facebook.com/docs/sharing/webmasters/crawler)"
