20.104.227.76 - - [30/May/2026:19:27:32 +0700] "GET /moodle_prod/course/index.php?categoryid=14/bolt.php HTTP/1.1" 500 0 "-" "-"
20.104.227.76 - - [30/May/2026:19:27:32 +0700] "GET /moodle_prod/course/index.php?categoryid=14/inputs.php HTTP/1.1" 500 0 "-" "-"
20.104.227.76 - - [30/May/2026:19:27:33 +0700] "GET /moodle_prod/course/index.php?categoryid=14/file2.php HTTP/1.1" 500 0 "-" "-"
20.104.227.76 - - [30/May/2026:19:27:33 +0700] "GET /moodle_prod/course/index.php?categoryid=14/index/function.php HTTP/1.1" 500 0 "-" "-"
216.73.217.53 - - [30/May/2026:19:27:33 +0700] "GET /av.php?action=chmodfolder&folder=node0&path=%2F%2Fsys%2Fdevices%2Fsystem%2Fnode%2Fnode0%2Fmemory49%2Fnode0%2Fmemory69%2Fnode0%2Fmemory40%2Fnode0%2Fmemory5 HTTP/1.1" 500 0 "-" "Mozilla/5.0 AppleWebKit/537.36 (KHTML, like Gecko; compatible; ClaudeBot/1.0; +claudebot@anthropic.com)"
74.7.227.139 - - [30/May/2026:19:27:34 +0700] "GET /goods.php?detail/045002846040 HTTP/1.1" 200 16998 "https://toyotasurabayanet.com/goods.php?detail/045002838544" "Mozilla/5.0 AppleWebKit/537.36 (KHTML, like Gecko; compatible; GPTBot/1.4; +https://openai.com/gptbot)"
20.104.227.76 - - [30/May/2026:19:27:34 +0700] "GET /moodle_prod/course/index.php?categoryid=14/wk/index.php HTTP/1.1" 500 0 "-" "-"
20.104.227.76 - - [30/May/2026:19:27:34 +0700] "GET /moodle_prod/course/index.php?categoryid=14/alfa.php HTTP/1.1" 500 0 "-" "-"
74.7.227.139 - - [30/May/2026:19:27:35 +0700] "GET /goods.php?detail/131004683140 HTTP/1.1" 200 17371 "https://toyotasurabayanet.com/goods.php?detail/131003035373" "Mozilla/5.0 AppleWebKit/537.36 (KHTML, like Gecko; compatible; GPTBot/1.4; +https://openai.com/gptbot)"
20.104.227.76 - - [30/May/2026:19:27:35 +0700] "GET /moodle_prod/course/index.php?categoryid=14/wp-theme.php HTTP/1.1" 500 0 "-" "-"
20.104.227.76 - - [30/May/2026:19:27:35 +0700] "GET /moodle_prod/course/index.php?categoryid=14/wp-file.php HTTP/1.1" 500 0 "-" "-"
20.104.227.76 - - [30/May/2026:19:27:36 +0700] "GET /moodle_prod/course/index.php?categoryid=14/default.php HTTP/1.1" 500 0 "-" "-"
20.104.227.76 - - [30/May/2026:19:27:36 +0700] "GET /moodle_prod/course/index.php?categoryid=14/mah.php HTTP/1.1" 500 0 "-" "-"
20.104.227.76 - - [30/May/2026:19:27:37 +0700] "GET /moodle_prod/course/index.php?categoryid=14/plugins.php HTTP/1.1" 500 0 "-" "-"
20.104.227.76 - - [30/May/2026:19:27:37 +0700] "GET /moodle_prod/course/index.php?categoryid=14/sf.php HTTP/1.1" 500 0 "-" "-"
74.7.227.139 - - [30/May/2026:19:27:37 +0700] "GET /goods.php?detail/0950003136821 HTTP/1.1" 200 17781 "https://toyotasurabayanet.com/goods.php?detail/0950088208857" "Mozilla/5.0 AppleWebKit/537.36 (KHTML, like Gecko; compatible; GPTBot/1.4; +https://openai.com/gptbot)"
20.104.227.76 - - [30/May/2026:19:27:38 +0700] "GET /moodle_prod/course/index.php?categoryid=14/a.php HTTP/1.1" 500 0 "-" "-"
74.7.227.139 - - [30/May/2026:19:27:38 +0700] "GET /goods.php?detail/007040428808 HTTP/1.1" 200 16318 "https://toyotasurabayanet.com/goods.php?detail/0950088208857" "Mozilla/5.0 AppleWebKit/537.36 (KHTML, like Gecko; compatible; GPTBot/1.4; +https://openai.com/gptbot)"
20.104.227.76 - - [30/May/2026:19:27:38 +0700] "GET /moodle_prod/course/index.php?categoryid=14/k.php HTTP/1.1" 500 0 "-" "-"
216.73.217.53 - - [30/May/2026:19:27:39 +0700] "GET /av.php?action=chmodfolder&folder=node0&path=%2F%2Fsys%2Fdevices%2Fsystem%2Fnode%2Fnode0%2Fmemory40%2Fnode0%2Fmemory67%2Fnode0%2Fmemory22%2Fnode0%2Fcpu0 HTTP/1.1" 500 0 "-" "Mozilla/5.0 AppleWebKit/537.36 (KHTML, like Gecko; compatible; ClaudeBot/1.0; +claudebot@anthropic.com)"
20.104.227.76 - - [30/May/2026:19:27:39 +0700] "GET /moodle_prod/course/index.php?categoryid=14/ini.php HTTP/1.1" 500 0 "-" "-"
20.104.227.76 - - [30/May/2026:19:27:39 +0700] "GET /moodle_prod/course/index.php?categoryid=14/ca4.php HTTP/1.1" 500 0 "-" "-"
20.104.227.76 - - [30/May/2026:19:27:40 +0700] "GET /moodle_prod/course/index.php?categoryid=14/wp-admin/includes/index.php HTTP/1.1" 500 0 "-" "-"
20.104.227.76 - - [30/May/2026:19:27:40 +0700] "GET /moodle_prod/course/index.php?categoryid=14/wp-info.php HTTP/1.1" 500 0 "-" "-"
20.104.227.76 - - [30/May/2026:19:27:41 +0700] "GET /moodle_prod/course/index.php?categoryid=14/init.php HTTP/1.1" 500 0 "-" "-"
20.104.227.76 - - [30/May/2026:19:27:41 +0700] "GET /moodle_prod/course/index.php?categoryid=14/100.php HTTP/1.1" 500 0 "-" "-"
20.104.227.76 - - [30/May/2026:19:27:42 +0700] "GET /moodle_prod/course/index.php?categoryid=14/fm.php HTTP/1.1" 500 0 "-" "-"
20.104.227.76 - - [30/May/2026:19:27:42 +0700] "GET /moodle_prod/course/index.php?categoryid=14/z.ph HTTP/1.1" 500 0 "-" "-"
20.104.227.76 - - [30/May/2026:19:27:43 +0700] "GET /moodle_prod/course/index.php?categoryid=14/xroot7.php HTTP/1.1" 500 0 "-" "-"
74.7.227.139 - - [30/May/2026:19:27:43 +0700] "GET /goods.php?detail/026001939018 HTTP/1.1" 200 17891 "https://toyotasurabayanet.com/goods.php?detail/026013012027" "Mozilla/5.0 AppleWebKit/537.36 (KHTML, like Gecko; compatible; GPTBot/1.4; +https://openai.com/gptbot)"
20.104.227.76 - - [30/May/2026:19:27:43 +0700] "GET /moodle_prod/course/index.php?categoryid=14/mini.php HTTP/1.1" 500 0 "-" "-"
216.73.217.53 - - [30/May/2026:19:27:44 +0700] "GET /av.php?action=chmodfolder&folder=node0&path=%2F%2Fsys%2Fdevices%2Fsystem%2Fnode%2Fnode0%2Fmemory48%2Fnode0%2Fmemory20%2Fnode0%2Fmemory65%2Fnode0%2Fmemory64 HTTP/1.1" 500 0 "-" "Mozilla/5.0 AppleWebKit/537.36 (KHTML, like Gecko; compatible; ClaudeBot/1.0; +claudebot@anthropic.com)"
74.7.227.139 - - [30/May/2026:19:27:45 +0700] "GET /goods.php?m44552284596 HTTP/1.1" 200 17608 "https://toyotasurabayanet.com/goods.php?detail/142036220041" "Mozilla/5.0 AppleWebKit/537.36 (KHTML, like Gecko; compatible; GPTBot/1.4; +https://openai.com/gptbot)"
74.7.227.139 - - [30/May/2026:19:27:47 +0700] "GET /goods.php?detail/100001971477 HTTP/1.1" 200 17468 "https://toyotasurabayanet.com/goods.php?detail/100008488191" "Mozilla/5.0 AppleWebKit/537.36 (KHTML, like Gecko; compatible; GPTBot/1.4; +https://openai.com/gptbot)"
216.73.217.53 - - [30/May/2026:19:27:49 +0700] "GET /av.php?action=chmodfolder&folder=hotplug&path=%2F%2Fsys%2Fdevices%2Fsystem%2Fnode%2Fnode0%2Fmemory68%2Fnode0%2Fmemory38%2Fnode0%2Fcpu0 HTTP/1.1" 500 0 "-" "Mozilla/5.0 AppleWebKit/537.36 (KHTML, like Gecko; compatible; ClaudeBot/1.0; +claudebot@anthropic.com)"
74.7.227.139 - - [30/May/2026:19:27:49 +0700] "GET /goods.php?detail/1040056684405 HTTP/1.1" 200 17549 "https://toyotasurabayanet.com/goods.php?detail/104012366580" "Mozilla/5.0 AppleWebKit/537.36 (KHTML, like Gecko; compatible; GPTBot/1.4; +https://openai.com/gptbot)"
74.7.227.139 - - [30/May/2026:19:27:51 +0700] "GET /goods.php?detail/046000723782 HTTP/1.1" 200 17257 "https://toyotasurabayanet.com/goods.php?detail/100008488191" "Mozilla/5.0 AppleWebKit/537.36 (KHTML, like Gecko; compatible; GPTBot/1.4; +https://openai.com/gptbot)"
216.73.217.53 - - [30/May/2026:19:27:54 +0700] "GET /av.php?action=chmodfolder&folder=node0&path=%2F%2Fsys%2Fdevices%2Fsystem%2Fnode%2Fnode0%2Fmemory5%2Fnode0%2Fmemory57%2Fnode0%2Fmemory22%2Fnode0%2Fmemory37 HTTP/1.1" 500 0 "-" "Mozilla/5.0 AppleWebKit/537.36 (KHTML, like Gecko; compatible; ClaudeBot/1.0; +claudebot@anthropic.com)"
74.7.227.139 - - [30/May/2026:19:27:56 +0700] "GET /goods.php?detail/119000774618 HTTP/1.1" 200 19394 "https://toyotasurabayanet.com/goods.php?detail/119000202284" "Mozilla/5.0 AppleWebKit/537.36 (KHTML, like Gecko; compatible; GPTBot/1.4; +https://openai.com/gptbot)"
74.7.227.139 - - [30/May/2026:19:27:57 +0700] "GET /goods.php?detail/237040693256 HTTP/1.1" 200 17089 "https://toyotasurabayanet.com/goods.php?detail/100008488191" "Mozilla/5.0 AppleWebKit/537.36 (KHTML, like Gecko; compatible; GPTBot/1.4; +https://openai.com/gptbot)"
216.73.217.53 - - [30/May/2026:19:27:59 +0700] "GET /av.php?action=chmodfolder&folder=node0&path=%2F%2Fsys%2Fdevices%2Fsystem%2Fnode%2Fnode0%2Fmemory8%2Fnode0%2Fmemory11%2Fnode0%2Fmemory22%2Fnode0%2Fmemory60 HTTP/1.1" 500 0 "-" "Mozilla/5.0 AppleWebKit/537.36 (KHTML, like Gecko; compatible; ClaudeBot/1.0; +claudebot@anthropic.com)"
74.7.227.139 - - [30/May/2026:19:28:01 +0700] "GET /goods.php?detail/142001626919 HTTP/1.1" 200 17695 "https://toyotasurabayanet.com/goods.php?detail/142036220041" "Mozilla/5.0 AppleWebKit/537.36 (KHTML, like Gecko; compatible; GPTBot/1.4; +https://openai.com/gptbot)"
216.73.217.53 - - [30/May/2026:19:28:04 +0700] "GET /av.php?action=chmodfolder&folder=node0&path=%2F%2Fsys%2Fdevices%2Fsystem%2Fnode%2Fnode0%2Fmemory46%2Fnode0%2Fmemory50%2Fnode0%2Fmemory35%2Fnode0%2Fmemory45 HTTP/1.1" 500 0 "-" "Mozilla/5.0 AppleWebKit/537.36 (KHTML, like Gecko; compatible; ClaudeBot/1.0; +claudebot@anthropic.com)"
74.7.227.139 - - [30/May/2026:19:28:04 +0700] "GET /goods.php?detail/274002896990 HTTP/1.1" 200 17128 "https://toyotasurabayanet.com/goods.php?detail/104012366580" "Mozilla/5.0 AppleWebKit/537.36 (KHTML, like Gecko; compatible; GPTBot/1.4; +https://openai.com/gptbot)"
129.100.1.192 - - [30/May/2026:19:28:05 +0700] "HEAD /resource/transforming-our-communities-report-domestic-violence-advisory-council-minister-responsible HTTP/1.1" 500 0 "-" "Mozilla/5.0 (compatible; CascadeCMS/2025.2.2)"
74.7.227.139 - - [30/May/2026:19:28:05 +0700] "GET /goods.php?detail/119001546705 HTTP/1.1" 200 19355 "https://toyotasurabayanet.com/goods.php?detail/119000202284" "Mozilla/5.0 AppleWebKit/537.36 (KHTML, like Gecko; compatible; GPTBot/1.4; +https://openai.com/gptbot)"
129.100.1.192 - - [30/May/2026:19:28:06 +0700] "GET /resource/transforming-our-communities-report-domestic-violence-advisory-council-minister-responsible HTTP/1.1" 500 0 "-" "Mozilla/5.0 (compatible; CascadeCMS/2025.2.2)"
74.7.227.139 - - [30/May/2026:19:28:06 +0700] "GET /goods.php?detail/289003093570 HTTP/1.1" 200 17682 "https://toyotasurabayanet.com/goods.php?detail/2890031090126" "Mozilla/5.0 AppleWebKit/537.36 (KHTML, like Gecko; compatible; GPTBot/1.4; +https://openai.com/gptbot)"
74.7.227.28 - - [30/May/2026:19:28:07 +0700] "GET /av.php?action=renamefile&file=install.php&path=//var/softaculous/xms/php82 HTTP/1.1" 500 0 "https://toyotasurabayanet.com.lifetimefee.com/av.php?path=%2F%2Fvar%2Fsoftaculous%2Fxms%2Fphp82" "Mozilla/5.0 AppleWebKit/537.36 (KHTML, like Gecko; compatible; GPTBot/1.4; +https://openai.com/gptbot)"
74.7.227.139 - - [30/May/2026:19:28:07 +0700] "GET /goods.php?detail/097004578830 HTTP/1.1" 200 16863 "https://toyotasurabayanet.com/goods.php?detail/0970015150385" "Mozilla/5.0 AppleWebKit/537.36 (KHTML, like Gecko; compatible; GPTBot/1.4; +https://openai.com/gptbot)"
74.7.227.139 - - [30/May/2026:19:28:08 +0700] "GET /goods.php?detail/238015696088 HTTP/1.1" 200 17876 "https://toyotasurabayanet.com/goods.php?detail/2380102957807" "Mozilla/5.0 AppleWebKit/537.36 (KHTML, like Gecko; compatible; GPTBot/1.4; +https://openai.com/gptbot)"
216.73.217.53 - - [30/May/2026:19:28:09 +0700] "GET /av.php?action=chmodfolder&folder=hotplug&path=%2F%2Fsys%2Fdevices%2Fsystem%2Fnode%2Fnode0%2Fmemory55%2Fnode0%2Fmemory38%2Fnode0%2Fcpu3 HTTP/1.1" 500 0 "-" "Mozilla/5.0 AppleWebKit/537.36 (KHTML, like Gecko; compatible; ClaudeBot/1.0; +claudebot@anthropic.com)"
74.7.227.139 - - [30/May/2026:19:28:09 +0700] "GET /goods.php?detail/131002570085 HTTP/1.1" 200 17850 "https://toyotasurabayanet.com/goods.php?detail/131004683140" "Mozilla/5.0 AppleWebKit/537.36 (KHTML, like Gecko; compatible; GPTBot/1.4; +https://openai.com/gptbot)"
74.7.227.139 - - [30/May/2026:19:28:10 +0700] "GET /goods.php?m37112767790 HTTP/1.1" 200 16901 "https://toyotasurabayanet.com/goods.php?detail/045002846040" "Mozilla/5.0 AppleWebKit/537.36 (KHTML, like Gecko; compatible; GPTBot/1.4; +https://openai.com/gptbot)"
216.73.217.53 - - [30/May/2026:19:28:14 +0700] "GET /av.php?action=deletefolder&file=node0&path=%2F%2Fsys%2Fdevices%2Fsystem%2Fnode%2Fnode0%2Fmemory50%2Fnode0%2Fmemory7 HTTP/1.1" 500 0 "-" "Mozilla/5.0 AppleWebKit/537.36 (KHTML, like Gecko; compatible; ClaudeBot/1.0; +claudebot@anthropic.com)"
74.7.227.139 - - [30/May/2026:19:28:16 +0700] "GET /goods.php?detail/177004518045 HTTP/1.1" 200 17851 "https://toyotasurabayanet.com/goods.php?detail/131004683140" "Mozilla/5.0 AppleWebKit/537.36 (KHTML, like Gecko; compatible; GPTBot/1.4; +https://openai.com/gptbot)"
74.7.227.139 - - [30/May/2026:19:28:17 +0700] "GET /goods.php?detail/155042416663 HTTP/1.1" 200 17248 "https://toyotasurabayanet.com/goods.php?detail/045002846040" "Mozilla/5.0 AppleWebKit/537.36 (KHTML, like Gecko; compatible; GPTBot/1.4; +https://openai.com/gptbot)"
74.7.227.139 - - [30/May/2026:19:28:18 +0700] "GET /goods.php?detail/130039554283 HTTP/1.1" 200 17953 "https://toyotasurabayanet.com/goods.php?detail/278013914407" "Mozilla/5.0 AppleWebKit/537.36 (KHTML, like Gecko; compatible; GPTBot/1.4; +https://openai.com/gptbot)"
216.73.217.53 - - [30/May/2026:19:28:19 +0700] "GET /av.php?action=chmodfolder&folder=memory3&path=%2F%2Fsys%2Fdevices%2Fsystem%2Fnode%2Fnode0%2Fmemory52%2Fnode0%2Fmemory37%2Fnode0 HTTP/1.1" 500 0 "-" "Mozilla/5.0 AppleWebKit/537.36 (KHTML, like Gecko; compatible; ClaudeBot/1.0; +claudebot@anthropic.com)"
74.7.227.139 - - [30/May/2026:19:28:19 +0700] "GET /goods.php?detail/06904568850331 HTTP/1.1" 200 17588 "https://toyotasurabayanet.com/goods.php?detail/100001971477" "Mozilla/5.0 AppleWebKit/537.36 (KHTML, like Gecko; compatible; GPTBot/1.4; +https://openai.com/gptbot)"
74.7.227.139 - - [30/May/2026:19:28:23 +0700] "GET /goods.php?detail/104012192197 HTTP/1.1" 200 17116 "https://toyotasurabayanet.com/goods.php?detail/1040056684405" "Mozilla/5.0 AppleWebKit/537.36 (KHTML, like Gecko; compatible; GPTBot/1.4; +https://openai.com/gptbot)"
216.73.217.53 - - [30/May/2026:19:28:24 +0700] "GET /av.php?action=chmodfolder&folder=node0&path=%2F%2Fsys%2Fdevices%2Fsystem%2Fnode%2Fnode0%2Fmemory42%2Fnode0%2Fmemory67%2Fnode0%2Fmemory3%2Fnode0%2Fmemory22 HTTP/1.1" 500 0 "-" "Mozilla/5.0 AppleWebKit/537.36 (KHTML, like Gecko; compatible; ClaudeBot/1.0; +claudebot@anthropic.com)"
74.7.227.139 - - [30/May/2026:19:28:24 +0700] "GET /goods.php?detail/255025429481 HTTP/1.1" 200 17566 "https://toyotasurabayanet.com/goods.php?detail/1040056684405" "Mozilla/5.0 AppleWebKit/537.36 (KHTML, like Gecko; compatible; GPTBot/1.4; +https://openai.com/gptbot)"
74.7.227.139 - - [30/May/2026:19:28:24 +0700] "GET /goods.php?detail/224028775656 HTTP/1.1" 200 16726 "https://toyotasurabayanet.com/goods.php?detail/1040056684405" "Mozilla/5.0 AppleWebKit/537.36 (KHTML, like Gecko; compatible; GPTBot/1.4; +https://openai.com/gptbot)"
74.7.227.139 - - [30/May/2026:19:28:27 +0700] "GET /goods.php?detail/2380156952366 HTTP/1.1" 200 17807 "https://toyotasurabayanet.com/goods.php?detail/2380102957807" "Mozilla/5.0 AppleWebKit/537.36 (KHTML, like Gecko; compatible; GPTBot/1.4; +https://openai.com/gptbot)"
74.7.227.138 - - [30/May/2026:19:28:27 +0700] "GET /av.php?action=deletefolder&file=futures&path=//lib64/python3.9/concurrent HTTP/1.1" 500 0 "https://mail.toyotasurabayanet.com/av.php?path=%2F%2Flib64%2Fpython3.9%2Fconcurrent" "Mozilla/5.0 AppleWebKit/537.36 (KHTML, like Gecko; compatible; GPTBot/1.4; +https://openai.com/gptbot)"
74.7.227.139 - - [30/May/2026:19:28:28 +0700] "GET /goods.php?detail/2050359721010 HTTP/1.1" 200 17764 "https://toyotasurabayanet.com/goods.php?detail/1960284961301" "Mozilla/5.0 AppleWebKit/537.36 (KHTML, like Gecko; compatible; GPTBot/1.4; +https://openai.com/gptbot)"
74.7.227.139 - - [30/May/2026:19:28:28 +0700] "GET /goods.php?detail/2110115694941 HTTP/1.1" 200 18111 "https://toyotasurabayanet.com/goods.php?detail/104008693680" "Mozilla/5.0 AppleWebKit/537.36 (KHTML, like Gecko; compatible; GPTBot/1.4; +https://openai.com/gptbot)"
216.73.217.53 - - [30/May/2026:19:28:29 +0700] "GET /av.php?action=chmodfolder&folder=node0&path=%2F%2Fsys%2Fdevices%2Fsystem%2Fnode%2Fnode0%2Fmemory62%2Fnode0%2Fmemory34%2Fnode0%2Fmemory35 HTTP/1.1" 500 0 "-" "Mozilla/5.0 AppleWebKit/537.36 (KHTML, like Gecko; compatible; ClaudeBot/1.0; +claudebot@anthropic.com)"
74.7.227.139 - - [30/May/2026:19:28:31 +0700] "GET /goods.php?detail/2370031708732 HTTP/1.1" 200 17398 "https://toyotasurabayanet.com/goods.php?detail/237040693256" "Mozilla/5.0 AppleWebKit/537.36 (KHTML, like Gecko; compatible; GPTBot/1.4; +https://openai.com/gptbot)"
216.73.217.53 - - [30/May/2026:19:28:34 +0700] "GET /av.php?action=chmodfolder&folder=node0&path=%2F%2Fsys%2Fdevices%2Fsystem%2Fnode%2Fnode0%2Fmemory21%2Fnode0%2Fcpu3%2Fnode0%2Fmemory0%2Fnode0%2Fmemory47 HTTP/1.1" 500 0 "-" "Mozilla/5.0 AppleWebKit/537.36 (KHTML, like Gecko; compatible; ClaudeBot/1.0; +claudebot@anthropic.com)"
57.141.0.18 - - [30/May/2026:19:28:35 +0700] "GET /av.php?path=/home/angker/mail/.spam/cur&file=1769770100.M952342P2666614.server-619288.prediksijaya.com%2CS%3D5737%2CW%3D5834%3A2%2Ca&action=deletefile HTTP/1.1" 500 0 "-" "meta-externalagent/1.1 (+https://developers.facebook.com/docs/sharing/webmasters/crawler)"
216.73.217.53 - - [30/May/2026:19:28:39 +0700] "GET /av.php?action=chmodfolder&folder=memory2&path=%2F%2Fsys%2Fdevices%2Fsystem%2Fnode%2Fnode0%2Fmemory65%2Fnode0%2Fcpu1%2Fnode0%2Fcpu3%2Fnode0 HTTP/1.1" 500 0 "-" "Mozilla/5.0 AppleWebKit/537.36 (KHTML, like Gecko; compatible; ClaudeBot/1.0; +claudebot@anthropic.com)"
74.7.227.139 - - [30/May/2026:19:28:43 +0700] "GET /goods.php?detail/2830246838358 HTTP/1.1" 200 17944 "https://toyotasurabayanet.com/goods.php?detail/104011993561" "Mozilla/5.0 AppleWebKit/537.36 (KHTML, like Gecko; compatible; GPTBot/1.4; +https://openai.com/gptbot)"
216.73.217.53 - - [30/May/2026:19:28:44 +0700] "GET /av.php?action=chmodfolder&folder=memory35&path=%2F%2Fsys%2Fdevices%2Fsystem%2Fnode%2Fnode0%2Fcpu0%2Fnode0%2Fmemory6%2Fnode0 HTTP/1.1" 500 0 "-" "Mozilla/5.0 AppleWebKit/537.36 (KHTML, like Gecko; compatible; ClaudeBot/1.0; +claudebot@anthropic.com)"
74.7.227.139 - - [30/May/2026:19:28:48 +0700] "GET /goods.php?detail/289006651590 HTTP/1.1" 200 16718 "https://toyotasurabayanet.com/goods.php?detail/289003093570" "Mozilla/5.0 AppleWebKit/537.36 (KHTML, like Gecko; compatible; GPTBot/1.4; +https://openai.com/gptbot)"
216.73.217.53 - - [30/May/2026:19:28:49 +0700] "GET /av.php?action=chmodfolder&folder=node0&path=%2F%2Fsys%2Fdevices%2Fsystem%2Fnode%2Fnode0%2Fmemory34%2Fnode0%2Fmemory62%2Fnode0%2Fmemory35 HTTP/1.1" 500 0 "-" "Mozilla/5.0 AppleWebKit/537.36 (KHTML, like Gecko; compatible; ClaudeBot/1.0; +claudebot@anthropic.com)"
74.7.227.139 - - [30/May/2026:19:28:49 +0700] "GET /goods.php?detail/097007412974 HTTP/1.1" 200 17966 "https://toyotasurabayanet.com/goods.php?detail/097004578830" "Mozilla/5.0 AppleWebKit/537.36 (KHTML, like Gecko; compatible; GPTBot/1.4; +https://openai.com/gptbot)"
74.7.227.139 - - [30/May/2026:19:28:53 +0700] "GET /goods.php?detail/065037242722 HTTP/1.1" 200 17777 "https://toyotasurabayanet.com/goods.php?detail/131002570085" "Mozilla/5.0 AppleWebKit/537.36 (KHTML, like Gecko; compatible; GPTBot/1.4; +https://openai.com/gptbot)"
216.73.217.53 - - [30/May/2026:19:28:54 +0700] "GET /av.php?action=chmodfolder&folder=cpu2&path=%2F%2Fsys%2Fdevices%2Fsystem%2Fnode%2Fnode0%2Fmemory69%2Fnode0%2Fmemory19%2Fnode0 HTTP/1.1" 500 0 "-" "Mozilla/5.0 AppleWebKit/537.36 (KHTML, like Gecko; compatible; ClaudeBot/1.0; +claudebot@anthropic.com)"
74.7.227.139 - - [30/May/2026:19:28:55 +0700] "GET /goods.php?detail/238003577802 HTTP/1.1" 200 18087 "https://toyotasurabayanet.com/goods.php?detail/238015696088" "Mozilla/5.0 AppleWebKit/537.36 (KHTML, like Gecko; compatible; GPTBot/1.4; +https://openai.com/gptbot)"
216.73.217.53 - - [30/May/2026:19:28:59 +0700] "GET /av.php?action=newfolder&path=%2F%2Fsys%2Fdevices%2Fsystem%2Fnode%2Fnode0%2Fmemory38%2Fnode0%2Fmemory8%2Fnode0 HTTP/1.1" 500 0 "-" "Mozilla/5.0 AppleWebKit/537.36 (KHTML, like Gecko; compatible; ClaudeBot/1.0; +claudebot@anthropic.com)"
74.7.227.139 - - [30/May/2026:19:29:03 +0700] "GET /goods.php?detail/1310070722977 HTTP/1.1" 200 17822 "https://toyotasurabayanet.com/goods.php?detail/131002570085" "Mozilla/5.0 AppleWebKit/537.36 (KHTML, like Gecko; compatible; GPTBot/1.4; +https://openai.com/gptbot)"
216.73.217.53 - - [30/May/2026:19:29:04 +0700] "GET /av.php?action=chmodfolder&folder=memory3&path=%2F%2Fsys%2Fdevices%2Fsystem%2Fnode%2Fnode0%2Fmemory36%2Fnode0%2Fmemory44%2Fnode0 HTTP/1.1" 500 0 "-" "Mozilla/5.0 AppleWebKit/537.36 (KHTML, like Gecko; compatible; ClaudeBot/1.0; +claudebot@anthropic.com)"
74.7.227.139 - - [30/May/2026:19:29:04 +0700] "GET /goods.php?detail/0880343885655 HTTP/1.1" 200 17535 "https://toyotasurabayanet.com/goods.php?detail/142001626919" "Mozilla/5.0 AppleWebKit/537.36 (KHTML, like Gecko; compatible; GPTBot/1.4; +https://openai.com/gptbot)"
74.7.227.139 - - [30/May/2026:19:29:06 +0700] "GET /goods.php?detail/1480383354823 HTTP/1.1" 200 17969 "https://toyotasurabayanet.com/goods.php?detail/162022363904" "Mozilla/5.0 AppleWebKit/537.36 (KHTML, like Gecko; compatible; GPTBot/1.4; +https://openai.com/gptbot)"
74.7.227.139 - - [30/May/2026:19:29:08 +0700] "GET /goods.php?detail/1940024669663 HTTP/1.1" 200 17303 "https://toyotasurabayanet.com/goods.php?detail/163011842568" "Mozilla/5.0 AppleWebKit/537.36 (KHTML, like Gecko; compatible; GPTBot/1.4; +https://openai.com/gptbot)"
216.73.217.53 - - [30/May/2026:19:29:09 +0700] "GET /av.php?action=chmodfolder&folder=node0&path=%2F%2Fsys%2Fdevices%2Fsystem%2Fnode%2Fnode0%2Fmemory59%2Fnode0%2Fmemory47%2Fnode0%2Fmemory34 HTTP/1.1" 500 0 "-" "Mozilla/5.0 AppleWebKit/537.36 (KHTML, like Gecko; compatible; ClaudeBot/1.0; +claudebot@anthropic.com)"
74.7.227.28 - - [30/May/2026:19:29:10 +0700] "GET /av.php?action=edit&file=install.php&path=//var/softaculous/projeqtor/php71 HTTP/1.1" 500 0 "https://toyotasurabayanet.com.lifetimefee.com/av.php?path=%2F%2Fvar%2Fsoftaculous%2Fprojeqtor%2Fphp71" "Mozilla/5.0 AppleWebKit/537.36 (KHTML, like Gecko; compatible; GPTBot/1.4; +https://openai.com/gptbot)"
74.7.227.139 - - [30/May/2026:19:29:11 +0700] "GET /goods.php?detail/2060459474247 HTTP/1.1" 200 17430 "https://toyotasurabayanet.com/goods.php?detail/155042416663" "Mozilla/5.0 AppleWebKit/537.36 (KHTML, like Gecko; compatible; GPTBot/1.4; +https://openai.com/gptbot)"
74.7.227.139 - - [30/May/2026:19:29:13 +0700] "GET /goods.php?jp/117016536.html HTTP/1.1" 200 17207 "https://toyotasurabayanet.com/goods.php?detail/06904568850331" "Mozilla/5.0 AppleWebKit/537.36 (KHTML, like Gecko; compatible; GPTBot/1.4; +https://openai.com/gptbot)"
74.7.227.139 - - [30/May/2026:19:29:13 +0700] "GET /goods.php?goods/238015514 HTTP/1.1" 200 17801 "https://toyotasurabayanet.com/goods.php?detail/2380156952366" "Mozilla/5.0 AppleWebKit/537.36 (KHTML, like Gecko; compatible; GPTBot/1.4; +https://openai.com/gptbot)"
216.73.217.53 - - [30/May/2026:19:29:14 +0700] "GET /av.php?action=chmodfolder&folder=memory35&path=%2F%2Fsys%2Fdevices%2Fsystem%2Fnode%2Fnode0%2Fmemory9%2Fnode0%2Fcpu1%2Fnode0 HTTP/1.1" 500 0 "-" "Mozilla/5.0 AppleWebKit/537.36 (KHTML, like Gecko; compatible; ClaudeBot/1.0; +claudebot@anthropic.com)"
74.7.227.139 - - [30/May/2026:19:29:14 +0700] "GET /goods.php?detail/093007390983 HTTP/1.1" 200 17951 "https://toyotasurabayanet.com/goods.php?detail/2050359721010" "Mozilla/5.0 AppleWebKit/537.36 (KHTML, like Gecko; compatible; GPTBot/1.4; +https://openai.com/gptbot)"
74.7.227.139 - - [30/May/2026:19:29:16 +0700] "GET /goods.php?detail/004031032467 HTTP/1.1" 200 17060 "https://toyotasurabayanet.com/goods.php?detail/2370031708732" "Mozilla/5.0 AppleWebKit/537.36 (KHTML, like Gecko; compatible; GPTBot/1.4; +https://openai.com/gptbot)"
74.7.227.139 - - [30/May/2026:19:29:18 +0700] "GET /goods.php?detail/018043104956 HTTP/1.1" 200 18101 "https://toyotasurabayanet.com/goods.php?detail/255025429481" "Mozilla/5.0 AppleWebKit/537.36 (KHTML, like Gecko; compatible; GPTBot/1.4; +https://openai.com/gptbot)"
216.73.217.53 - - [30/May/2026:19:29:19 +0700] "GET /av.php?action=chmodfolder&folder=memory3&path=%2F%2Fsys%2Fdevices%2Fsystem%2Fnode%2Fnode0%2Fmemory37%2Fnode0%2Fmemory52%2Fnode0 HTTP/1.1" 500 0 "-" "Mozilla/5.0 AppleWebKit/537.36 (KHTML, like Gecko; compatible; ClaudeBot/1.0; +claudebot@anthropic.com)"
74.7.227.139 - - [30/May/2026:19:29:24 +0700] "GET /goods.php?detail/205008879822 HTTP/1.1" 200 17625 "https://toyotasurabayanet.com/goods.php?detail/2380156952366" "Mozilla/5.0 AppleWebKit/537.36 (KHTML, like Gecko; compatible; GPTBot/1.4; +https://openai.com/gptbot)"
216.73.217.53 - - [30/May/2026:19:29:24 +0700] "GET /av.php?action=chmodfolder&folder=memory3&path=%2F%2Fsys%2Fdevices%2Fsystem%2Fnode%2Fnode0%2Fmemory39%2Fnode0%2Fmemory0%2Fnode0 HTTP/1.1" 500 0 "-" "Mozilla/5.0 AppleWebKit/537.36 (KHTML, like Gecko; compatible; ClaudeBot/1.0; +claudebot@anthropic.com)"
74.7.227.139 - - [30/May/2026:19:29:28 +0700] "GET /goods.php?detail/085003336585 HTTP/1.1" 200 17105 "https://toyotasurabayanet.com/goods.php?detail/289006651590" "Mozilla/5.0 AppleWebKit/537.36 (KHTML, like Gecko; compatible; GPTBot/1.4; +https://openai.com/gptbot)"
74.7.227.139 - - [30/May/2026:19:29:29 +0700] "GET /goods.php?detail/044023136999 HTTP/1.1" 200 19085 "https://toyotasurabayanet.com/goods.php?detail/104012192197" "Mozilla/5.0 AppleWebKit/537.36 (KHTML, like Gecko; compatible; GPTBot/1.4; +https://openai.com/gptbot)"
216.73.217.53 - - [30/May/2026:19:29:30 +0700] "GET /av.php?action=deletefolder&file=node0&path=%2F%2Fsys%2Fdevices%2Fsystem%2Fnode%2Fnode0%2Fmemory18%2Fnode0%2Fmemory1 HTTP/1.1" 500 0 "-" "Mozilla/5.0 AppleWebKit/537.36 (KHTML, like Gecko; compatible; ClaudeBot/1.0; +claudebot@anthropic.com)"
74.7.227.138 - - [30/May/2026:19:29:33 +0700] "GET /av.php?action=view&file=hot-tuna-auto-jackpot-modal-minimal-hasil-maksimal.html&path=%2Fhome%2Fangker%2Fwww%2Fsman2siantar.sch.id%2Fblog%2Fviral HTTP/1.1" 500 0 "https://mail.toyotasurabayanet.com/av.php?path=%2Fhome%2Fangker%2Fwww%2Fsman2siantar.sch.id%2Fblog%2Fviral" "Mozilla/5.0 AppleWebKit/537.36 (KHTML, like Gecko; compatible; GPTBot/1.4; +https://openai.com/gptbot)"
216.73.217.53 - - [30/May/2026:19:29:34 +0700] "GET /av.php?action=chmodfolder&folder=memory3&path=%2F%2Fsys%2Fdevices%2Fsystem%2Fnode%2Fnode0%2Fmemory36%2Fnode0%2Fmemory35%2Fnode0 HTTP/1.1" 500 0 "-" "Mozilla/5.0 AppleWebKit/537.36 (KHTML, like Gecko; compatible; ClaudeBot/1.0; +claudebot@anthropic.com)"
216.73.217.53 - - [30/May/2026:19:29:39 +0700] "GET /av.php?action=chmodfolder&folder=node0&path=%2F%2Fsys%2Fdevices%2Fsystem%2Fnode%2Fnode0%2Fmemory56%2Fnode0%2Fmemory8%2Fnode0%2Fmemory64%2Fnode0%2Fmemory44 HTTP/1.1" 500 0 "-" "Mozilla/5.0 AppleWebKit/537.36 (KHTML, like Gecko; compatible; ClaudeBot/1.0; +claudebot@anthropic.com)"
74.7.227.139 - - [30/May/2026:19:29:41 +0700] "GET /goods.php?detail/065006325079 HTTP/1.1" 200 17461 "https://toyotasurabayanet.com/goods.php?detail/065037242722" "Mozilla/5.0 AppleWebKit/537.36 (KHTML, like Gecko; compatible; GPTBot/1.4; +https://openai.com/gptbot)"
57.141.0.32 - - [30/May/2026:19:29:42 +0700] "GET /av.php?path=/home/angker/mail/.spam/cur&file=1768411205.M290132P90100.server-619288.prediksijaya.com%2CS%3D15319%2CW%3D15592%3A2%2Ca&action=deletefile HTTP/1.1" 500 0 "-" "meta-externalagent/1.1 (+https://developers.facebook.com/docs/sharing/webmasters/crawler)"
74.7.227.139 - - [30/May/2026:19:29:42 +0700] "GET /goods.php?detail/243027522373 HTTP/1.1" 200 17463 "https://toyotasurabayanet.com/goods.php?detail/238003577802" "Mozilla/5.0 AppleWebKit/537.36 (KHTML, like Gecko; compatible; GPTBot/1.4; +https://openai.com/gptbot)"
74.7.227.139 - - [30/May/2026:19:29:43 +0700] "GET /goods.php?detail/131003335004 HTTP/1.1" 200 16931 "https://toyotasurabayanet.com/goods.php?detail/1310070722977" "Mozilla/5.0 AppleWebKit/537.36 (KHTML, like Gecko; compatible; GPTBot/1.4; +https://openai.com/gptbot)"
74.7.227.139 - - [30/May/2026:19:29:44 +0700] "GET /goods.php?detail/131003333956 HTTP/1.1" 200 17690 "https://toyotasurabayanet.com/goods.php?detail/1310070722977" "Mozilla/5.0 AppleWebKit/537.36 (KHTML, like Gecko; compatible; GPTBot/1.4; +https://openai.com/gptbot)"
216.73.217.53 - - [30/May/2026:19:29:44 +0700] "GET /av.php?action=chmodfolder&folder=node0&path=%2F%2Fsys%2Fdevices%2Fsystem%2Fnode%2Fnode0%2Fmemory64%2Fnode0%2Fmemory66%2Fnode0%2Fmemory7%2Fnode0%2Fmemory0 HTTP/1.1" 500 0 "-" "Mozilla/5.0 AppleWebKit/537.36 (KHTML, like Gecko; compatible; ClaudeBot/1.0; +claudebot@anthropic.com)"
216.73.217.53 - - [30/May/2026:19:29:49 +0700] "GET /av.php?action=chmodfolder&folder=node0&path=%2F%2Fsys%2Fdevices%2Fsystem%2Fnode%2Fnode0%2Fmemory50%2Fnode0%2Fmemory11%2Fnode0%2Fmemory11 HTTP/1.1" 500 0 "-" "Mozilla/5.0 AppleWebKit/537.36 (KHTML, like Gecko; compatible; ClaudeBot/1.0; +claudebot@anthropic.com)"
74.7.227.139 - - [30/May/2026:19:29:52 +0700] "GET /goods.php?detail/181016668224 HTTP/1.1" 200 18697 "https://toyotasurabayanet.com/goods.php?detail/065037242722" "Mozilla/5.0 AppleWebKit/537.36 (KHTML, like Gecko; compatible; GPTBot/1.4; +https://openai.com/gptbot)"
216.73.217.53 - - [30/May/2026:19:29:54 +0700] "GET /av.php?action=chmodfolder&folder=node0&path=%2F%2Fsys%2Fdevices%2Fsystem%2Fnode%2Fnode0%2Fmemory71%2Fnode0%2Fmemory17%2Fnode0%2Fmemory7%2Fnode0%2Fmemory71 HTTP/1.1" 500 0 "-" "Mozilla/5.0 AppleWebKit/537.36 (KHTML, like Gecko; compatible; ClaudeBot/1.0; +claudebot@anthropic.com)"
74.7.227.139 - - [30/May/2026:19:29:56 +0700] "GET /goods.php?detail/102043678648 HTTP/1.1" 200 16494 "https://toyotasurabayanet.com/goods.php?detail/065037242722" "Mozilla/5.0 AppleWebKit/537.36 (KHTML, like Gecko; compatible; GPTBot/1.4; +https://openai.com/gptbot)"
74.7.227.139 - - [30/May/2026:19:29:59 +0700] "GET /goods.php?detail/088034383492 HTTP/1.1" 200 17408 "https://toyotasurabayanet.com/goods.php?detail/0880343885655" "Mozilla/5.0 AppleWebKit/537.36 (KHTML, like Gecko; compatible; GPTBot/1.4; +https://openai.com/gptbot)"
216.73.217.53 - - [30/May/2026:19:29:59 +0700] "GET /av.php?action=chmodfolder&folder=cache&path=%2F%2Fsys%2Fdevices%2Fsystem%2Fnode%2Fnode0%2Fmemory33%2Fnode0%2Fmemory58%2Fnode0%2Fmemory5%2Fnode0%2Fcpu2 HTTP/1.1" 500 0 "-" "Mozilla/5.0 AppleWebKit/537.36 (KHTML, like Gecko; compatible; ClaudeBot/1.0; +claudebot@anthropic.com)"
74.7.227.139 - - [30/May/2026:19:30:03 +0700] "GET /goods.php?detail/2090019509212 HTTP/1.1" 200 16332 "https://toyotasurabayanet.com/goods.php?detail/004031032467" "Mozilla/5.0 AppleWebKit/537.36 (KHTML, like Gecko; compatible; GPTBot/1.4; +https://openai.com/gptbot)"
45.84.107.172 - - [30/May/2026:19:30:04 +0700] "GET / HTTP/1.1" 500 0 "https://www.springtideresources.org" "Mozilla/5.0 (Linux; arm_64; Android 9; Mi A1) AppleWebKit/537.36 (KHTML, like Gecko) Chrome/80.0.3987.132 YaBrowser/20.3.5.90.00 SA/1 Mobile Safari/537.36"
216.73.217.53 - - [30/May/2026:19:30:04 +0700] "GET /av.php?action=chmodfolder&folder=cache&path=%2F%2Fsys%2Fdevices%2Fsystem%2Fnode%2Fnode0%2Fmemory56%2Fnode0%2Fmemory45%2Fnode0%2Fcpu3 HTTP/1.1" 500 0 "-" "Mozilla/5.0 AppleWebKit/537.36 (KHTML, like Gecko; compatible; ClaudeBot/1.0; +claudebot@anthropic.com)"
74.7.227.139 - - [30/May/2026:19:30:07 +0700] "GET /goods.php?goods/093038787 HTTP/1.1" 200 18731 "https://toyotasurabayanet.com/goods.php?detail/093007390983" "Mozilla/5.0 AppleWebKit/537.36 (KHTML, like Gecko; compatible; GPTBot/1.4; +https://openai.com/gptbot)"
74.7.227.139 - - [30/May/2026:19:30:08 +0700] "GET /goods.php?detail/018010714033 HTTP/1.1" 200 17384 "https://toyotasurabayanet.com/goods.php?detail/018043104956" "Mozilla/5.0 AppleWebKit/537.36 (KHTML, like Gecko; compatible; GPTBot/1.4; +https://openai.com/gptbot)"
74.7.227.139 - - [30/May/2026:19:30:09 +0700] "GET /goods.php?detail/194002369948 HTTP/1.1" 200 17367 "https://toyotasurabayanet.com/goods.php?detail/1940024669663" "Mozilla/5.0 AppleWebKit/537.36 (KHTML, like Gecko; compatible; GPTBot/1.4; +https://openai.com/gptbot)"
216.73.217.53 - - [30/May/2026:19:30:09 +0700] "GET /av.php?action=chmodfolder&folder=node0&path=%2F%2Fsys%2Fdevices%2Fsystem%2Fnode%2Fnode0%2Fmemory63%2Fnode0%2Fmemory57%2Fnode0%2Fmemory52%2Fnode0%2Fmemory4 HTTP/1.1" 500 0 "-" "Mozilla/5.0 AppleWebKit/537.36 (KHTML, like Gecko; compatible; ClaudeBot/1.0; +claudebot@anthropic.com)"
74.7.227.139 - - [30/May/2026:19:30:10 +0700] "GET /goods.php?detail/205019122171 HTTP/1.1" 200 17015 "https://toyotasurabayanet.com/goods.php?detail/205008879822" "Mozilla/5.0 AppleWebKit/537.36 (KHTML, like Gecko; compatible; GPTBot/1.4; +https://openai.com/gptbot)"
74.7.227.139 - - [30/May/2026:19:30:10 +0700] "GET /goods.php?detail/256010310654 HTTP/1.1" 200 16776 "https://toyotasurabayanet.com/goods.php?detail/2060459474247" "Mozilla/5.0 AppleWebKit/537.36 (KHTML, like Gecko; compatible; GPTBot/1.4; +https://openai.com/gptbot)"
74.7.227.139 - - [30/May/2026:19:30:11 +0700] "GET /goods.php?detail/226008603513 HTTP/1.1" 200 18701 "https://toyotasurabayanet.com/goods.php?detail/044023136999" "Mozilla/5.0 AppleWebKit/537.36 (KHTML, like Gecko; compatible; GPTBot/1.4; +https://openai.com/gptbot)"
74.7.227.139 - - [30/May/2026:19:30:12 +0700] "GET /goods.php?detail/194043562650 HTTP/1.1" 200 17813 "https://toyotasurabayanet.com/goods.php?jp/117016536.html" "Mozilla/5.0 AppleWebKit/537.36 (KHTML, like Gecko; compatible; GPTBot/1.4; +https://openai.com/gptbot)"
74.7.227.139 - - [30/May/2026:19:30:13 +0700] "GET /goods.php?detail/0050066885170 HTTP/1.1" 200 19089 "https://toyotasurabayanet.com/goods.php?detail/065006325079" "Mozilla/5.0 AppleWebKit/537.36 (KHTML, like Gecko; compatible; GPTBot/1.4; +https://openai.com/gptbot)"
216.73.217.53 - - [30/May/2026:19:30:14 +0700] "GET /av.php?action=chmodfolder&folder=node0&path=%2F%2Fsys%2Fdevices%2Fsystem%2Fnode%2Fnode0%2Fmemory51%2Fnode0%2Fmemory42%2Fnode0%2Fmemory22 HTTP/1.1" 500 0 "-" "Mozilla/5.0 AppleWebKit/537.36 (KHTML, like Gecko; compatible; ClaudeBot/1.0; +claudebot@anthropic.com)"
74.7.227.28 - - [30/May/2026:19:30:16 +0700] "GET /av.php?action=chmodfile&file=install.php&path=//var/softaculous/ely/php81 HTTP/1.1" 500 0 "https://toyotasurabayanet.com.lifetimefee.com/av.php?path=%2F%2Fvar%2Fsoftaculous%2Fely%2Fphp81" "Mozilla/5.0 AppleWebKit/537.36 (KHTML, like Gecko; compatible; GPTBot/1.4; +https://openai.com/gptbot)"
74.7.227.139 - - [30/May/2026:19:30:16 +0700] "GET /goods.php?goods/215016280 HTTP/1.1" 200 17583 "https://toyotasurabayanet.com/goods.php?detail/131003335004" "Mozilla/5.0 AppleWebKit/537.36 (KHTML, like Gecko; compatible; GPTBot/1.4; +https://openai.com/gptbot)"
74.7.227.139 - - [30/May/2026:19:30:18 +0700] "GET /goods.php?detail/065001509490 HTTP/1.1" 200 17440 "https://toyotasurabayanet.com/goods.php?detail/065006325079" "Mozilla/5.0 AppleWebKit/537.36 (KHTML, like Gecko; compatible; GPTBot/1.4; +https://openai.com/gptbot)"
216.73.217.53 - - [30/May/2026:19:30:19 +0700] "GET /av.php?action=chmodfolder&folder=node0&path=%2F%2Fsys%2Fdevices%2Fsystem%2Fnode%2Fnode0%2Fmemory15%2Fnode0%2Fmemory50%2Fnode0%2Fmemory43%2Fnode0%2Fmemory2 HTTP/1.1" 500 0 "-" "Mozilla/5.0 AppleWebKit/537.36 (KHTML, like Gecko; compatible; ClaudeBot/1.0; +claudebot@anthropic.com)"
74.7.227.139 - - [30/May/2026:19:30:21 +0700] "GET /goods.php?detail/131003321049 HTTP/1.1" 200 17429 "https://toyotasurabayanet.com/goods.php?detail/131003333956" "Mozilla/5.0 AppleWebKit/537.36 (KHTML, like Gecko; compatible; GPTBot/1.4; +https://openai.com/gptbot)"
74.7.227.139 - - [30/May/2026:19:30:22 +0700] "GET /goods.php?detail/243012466473 HTTP/1.1" 200 17050 "https://toyotasurabayanet.com/goods.php?detail/243027522373" "Mozilla/5.0 AppleWebKit/537.36 (KHTML, like Gecko; compatible; GPTBot/1.4; +https://openai.com/gptbot)"
74.7.227.139 - - [30/May/2026:19:30:23 +0700] "GET /goods.php?detail/252008664915 HTTP/1.1" 200 17311 "https://toyotasurabayanet.com/goods.php?detail/238003577802" "Mozilla/5.0 AppleWebKit/537.36 (KHTML, like Gecko; compatible; GPTBot/1.4; +https://openai.com/gptbot)"
216.73.217.53 - - [30/May/2026:19:30:24 +0700] "GET /av.php?action=chmodfolder&folder=cpu2&path=%2F%2Fsys%2Fdevices%2Fsystem%2Fnode%2Fnode0%2Fmemory56%2Fnode0%2Fmemory40%2Fnode0 HTTP/1.1" 500 0 "-" "Mozilla/5.0 AppleWebKit/537.36 (KHTML, like Gecko; compatible; ClaudeBot/1.0; +claudebot@anthropic.com)"
216.73.217.53 - - [30/May/2026:19:30:29 +0700] "GET /av.php?action=chmodfolder&folder=memory3&path=%2F%2Fsys%2Fdevices%2Fsystem%2Fnode%2Fnode0%2Fmemory63%2Fnode0%2Fmemory49%2Fnode0 HTTP/1.1" 500 0 "-" "Mozilla/5.0 AppleWebKit/537.36 (KHTML, like Gecko; compatible; ClaudeBot/1.0; +claudebot@anthropic.com)"
74.7.227.138 - - [30/May/2026:19:30:34 +0700] "GET /av.php?action=view&file=pemenang-jackpot-gates-of-gatot-kaca-super-scatter.html&path=%2Fhome%2Fangker%2Fwww%2Fsman2siantar.sch.id%2Fblog%2Fviral HTTP/1.1" 500 0 "https://mail.toyotasurabayanet.com/av.php?path=%2Fhome%2Fangker%2Fwww%2Fsman2siantar.sch.id%2Fblog%2Fviral" "Mozilla/5.0 AppleWebKit/537.36 (KHTML, like Gecko; compatible; GPTBot/1.4; +https://openai.com/gptbot)"
216.73.217.53 - - [30/May/2026:19:30:35 +0700] "GET /av.php?action=chmodfolder&folder=cache&path=%2F%2Fsys%2Fdevices%2Fsystem%2Fnode%2Fnode0%2Fmemory50%2Fnode0%2Fmemory55%2Fnode0%2Fcpu2 HTTP/1.1" 500 0 "-" "Mozilla/5.0 AppleWebKit/537.36 (KHTML, like Gecko; compatible; ClaudeBot/1.0; +claudebot@anthropic.com)"
216.73.217.53 - - [30/May/2026:19:30:39 +0700] "GET /av.php?action=chmodfolder&folder=memory2&path=%2F%2Fsys%2Fdevices%2Fsystem%2Fnode%2Fnode0%2Fmemory66%2Fnode0%2Fmemory14%2Fnode0 HTTP/1.1" 500 0 "-" "Mozilla/5.0 AppleWebKit/537.36 (KHTML, like Gecko; compatible; ClaudeBot/1.0; +claudebot@anthropic.com)"
74.7.227.139 - - [30/May/2026:19:30:43 +0700] "GET /goods.php?detail/249007530409 HTTP/1.1" 200 30 "https://toyotasurabayanet.com/goods.php?detail/0880343885655" "Mozilla/5.0 AppleWebKit/537.36 (KHTML, like Gecko; compatible; GPTBot/1.4; +https://openai.com/gptbot)"
74.7.227.139 - - [30/May/2026:19:30:43 +0700] "GET /goods.php?detail/292026804087 HTTP/1.1" 200 17746 "https://toyotasurabayanet.com/goods.php?detail/2110115694941" "Mozilla/5.0 AppleWebKit/537.36 (KHTML, like Gecko; compatible; GPTBot/1.4; +https://openai.com/gptbot)"
216.73.217.53 - - [30/May/2026:19:30:44 +0700] "GET /av.php?action=chmodfolder&folder=node0&path=%2F%2Fsys%2Fdevices%2Fsystem%2Fnode%2Fnode0%2Fmemory34%2Fnode0%2Fmemory62%2Fnode0%2Fmemory67 HTTP/1.1" 500 0 "-" "Mozilla/5.0 AppleWebKit/537.36 (KHTML, like Gecko; compatible; ClaudeBot/1.0; +claudebot@anthropic.com)"
57.141.0.6 - - [30/May/2026:19:30:48 +0700] "GET /av.php?path=/home/angker/mail/.spam/cur&file=1770834895.M810900P3159708.server-619288.prediksijaya.com%2CS%3D13162%2CW%3D13453%3A2%2Ca&action=edit HTTP/1.1" 500 0 "-" "meta-externalagent/1.1 (+https://developers.facebook.com/docs/sharing/webmasters/crawler)"
216.73.217.53 - - [30/May/2026:19:30:50 +0700] "GET /av.php?action=chmodfolder&folder=cache&path=%2F%2Fsys%2Fdevices%2Fsystem%2Fnode%2Fnode0%2Fmemory54%2Fnode0%2Fmemory33%2Fnode0%2Fcpu3 HTTP/1.1" 500 0 "-" "Mozilla/5.0 AppleWebKit/537.36 (KHTML, like Gecko; compatible; ClaudeBot/1.0; +claudebot@anthropic.com)"
216.73.217.53 - - [30/May/2026:19:30:55 +0700] "GET /av.php?action=chmodfolder&folder=memory2&path=%2F%2Fsys%2Fdevices%2Fsystem%2Fnode%2Fnode0%2Fcpu3%2Fnode0%2Fmemory11%2Fnode0%2Fcpu3%2Fnode0 HTTP/1.1" 500 0 "-" "Mozilla/5.0 AppleWebKit/537.36 (KHTML, like Gecko; compatible; ClaudeBot/1.0; +claudebot@anthropic.com)"
216.73.217.53 - - [30/May/2026:19:31:00 +0700] "GET /av.php?action=chmodfolder&folder=hotplug&path=%2F%2Fsys%2Fdevices%2Fsystem%2Fnode%2Fnode0%2Fcpu0%2Fnode0%2Fmemory60%2Fnode0%2Fcpu1 HTTP/1.1" 500 0 "-" "Mozilla/5.0 AppleWebKit/537.36 (KHTML, like Gecko; compatible; ClaudeBot/1.0; +claudebot@anthropic.com)"
74.7.227.139 - - [30/May/2026:19:31:03 +0700] "GET /goods.php?detail/103002291828 HTTP/1.1" 200 30 "https://toyotasurabayanet.com/goods.php?detail/085003336585" "Mozilla/5.0 AppleWebKit/537.36 (KHTML, like Gecko; compatible; GPTBot/1.4; +https://openai.com/gptbot)"
216.73.217.53 - - [30/May/2026:19:31:05 +0700] "GET /av.php?action=chmodfolder&folder=memory7&path=%2F%2Fsys%2Fdevices%2Fsystem%2Fnode%2Fnode0%2Fmemory68%2Fnode0%2Fmemory52%2Fnode0 HTTP/1.1" 500 0 "-" "Mozilla/5.0 AppleWebKit/537.36 (KHTML, like Gecko; compatible; ClaudeBot/1.0; +claudebot@anthropic.com)"
74.7.227.139 - - [30/May/2026:19:31:07 +0700] "GET /goods.php?detail/186038244686 HTTP/1.1" 200 17365 "https://toyotasurabayanet.com/goods.php?detail/2090019509212" "Mozilla/5.0 AppleWebKit/537.36 (KHTML, like Gecko; compatible; GPTBot/1.4; +https://openai.com/gptbot)"
74.7.227.139 - - [30/May/2026:19:31:08 +0700] "GET /goods.php?detail/255002681320 HTTP/1.1" 200 17268 "https://toyotasurabayanet.com/goods.php?detail/255025429481" "Mozilla/5.0 AppleWebKit/537.36 (KHTML, like Gecko; compatible; GPTBot/1.4; +https://openai.com/gptbot)"
74.7.227.139 - - [30/May/2026:19:31:09 +0700] "GET /goods.php?detail/060021554311 HTTP/1.1" 200 19749 "https://toyotasurabayanet.com/goods.php?detail/224028775656" "Mozilla/5.0 AppleWebKit/537.36 (KHTML, like Gecko; compatible; GPTBot/1.4; +https://openai.com/gptbot)"
216.73.217.53 - - [30/May/2026:19:31:10 +0700] "GET /av.php?action=chmodfolder&folder=node0&path=%2F%2Fsys%2Fbus%2Fnode%2Fdevices%2Fnode0%2Fmemory63%2Fnode0%2Fmemory40 HTTP/1.1" 500 0 "-" "Mozilla/5.0 AppleWebKit/537.36 (KHTML, like Gecko; compatible; ClaudeBot/1.0; +claudebot@anthropic.com)"
74.7.227.139 - - [30/May/2026:19:31:11 +0700] "GET /goods.php?detail/088001642690 HTTP/1.1" 200 17350 "https://toyotasurabayanet.com/goods.php?detail/088034383492" "Mozilla/5.0 AppleWebKit/537.36 (KHTML, like Gecko; compatible; GPTBot/1.4; +https://openai.com/gptbot)"
74.7.227.139 - - [30/May/2026:19:31:13 +0700] "GET /goods.php?detail/157038272024 HTTP/1.1" 200 17913 "https://toyotasurabayanet.com/goods.php?detail/181016668224" "Mozilla/5.0 AppleWebKit/537.36 (KHTML, like Gecko; compatible; GPTBot/1.4; +https://openai.com/gptbot)"
74.7.227.139 - - [30/May/2026:19:31:14 +0700] "GET /goods.php?detail/283006212559 HTTP/1.1" 200 17719 "https://toyotasurabayanet.com/goods.php?detail/2830246838358" "Mozilla/5.0 AppleWebKit/537.36 (KHTML, like Gecko; compatible; GPTBot/1.4; +https://openai.com/gptbot)"
216.73.217.53 - - [30/May/2026:19:31:15 +0700] "GET /av.php?action=chmodfolder&folder=node0&path=%2F%2Fsys%2Fbus%2Fnode%2Fdevices%2Fnode0%2Fmemory2%2Fnode0%2Fmemory59%2Fnode0%2Fmemory45 HTTP/1.1" 500 0 "-" "Mozilla/5.0 AppleWebKit/537.36 (KHTML, like Gecko; compatible; ClaudeBot/1.0; +claudebot@anthropic.com)"
74.7.227.139 - - [30/May/2026:19:31:15 +0700] "GET /goods.php?goods/195026469 HTTP/1.1" 200 16412 "https://toyotasurabayanet.com/goods.php?detail/018010714033" "Mozilla/5.0 AppleWebKit/537.36 (KHTML, like Gecko; compatible; GPTBot/1.4; +https://openai.com/gptbot)"
74.7.227.139 - - [30/May/2026:19:31:17 +0700] "GET /goods.php?detail/194001819131 HTTP/1.1" 200 18379 "https://toyotasurabayanet.com/goods.php?detail/194043562650" "Mozilla/5.0 AppleWebKit/537.36 (KHTML, like Gecko; compatible; GPTBot/1.4; +https://openai.com/gptbot)"
74.7.227.139 - - [30/May/2026:19:31:18 +0700] "GET /goods.php?detail/018010712293 HTTP/1.1" 200 18151 "https://toyotasurabayanet.com/goods.php?detail/018010714033" "Mozilla/5.0 AppleWebKit/537.36 (KHTML, like Gecko; compatible; GPTBot/1.4; +https://openai.com/gptbot)"
74.7.227.139 - - [30/May/2026:19:31:19 +0700] "GET /goods.php?detail/123001276913 HTTP/1.1" 200 17768 "https://toyotasurabayanet.com/goods.php?goods/215016280" "Mozilla/5.0 AppleWebKit/537.36 (KHTML, like Gecko; compatible; GPTBot/1.4; +https://openai.com/gptbot)"
74.7.227.139 - - [30/May/2026:19:31:20 +0700] "GET /goods.php?detail/202018581399 HTTP/1.1" 200 17409 "https://toyotasurabayanet.com/goods.php?detail/018010714033" "Mozilla/5.0 AppleWebKit/537.36 (KHTML, like Gecko; compatible; GPTBot/1.4; +https://openai.com/gptbot)"
216.73.217.53 - - [30/May/2026:19:31:20 +0700] "GET /av.php?action=chmodfolder&folder=node0&path=%2F%2Fsys%2Fdevices%2Fsystem%2Fnode%2Fnode0%2Fmemory8%2Fnode0%2Fmemory50%2Fnode0%2Fmemory47%2Fnode0%2Fmemory5 HTTP/1.1" 500 0 "-" "Mozilla/5.0 AppleWebKit/537.36 (KHTML, like Gecko; compatible; ClaudeBot/1.0; +claudebot@anthropic.com)"
74.7.227.28 - - [30/May/2026:19:31:21 +0700] "GET /av.php?action=renamefile&file=install.php&path=//var/softaculous/unb/php56 HTTP/1.1" 500 0 "https://toyotasurabayanet.com.lifetimefee.com/av.php?path=%2F%2Fvar%2Fsoftaculous%2Funb%2Fphp56" "Mozilla/5.0 AppleWebKit/537.36 (KHTML, like Gecko; compatible; GPTBot/1.4; +https://openai.com/gptbot)"
216.73.217.53 - - [30/May/2026:19:31:25 +0700] "GET /av.php?action=chmodfolder&folder=firmware_node&path=%2F%2Fsys%2Fdevices%2Fsystem%2Fnode%2Fnode0%2Fmemory49%2Fnode0%2Fmemory44%2Fnode0%2Fmemory5%2Fnode0%2Fcpu2 HTTP/1.1" 500 0 "-" "Mozilla/5.0 AppleWebKit/537.36 (KHTML, like Gecko; compatible; ClaudeBot/1.0; +claudebot@anthropic.com)"
216.73.217.53 - - [30/May/2026:19:31:30 +0700] "GET /av.php?action=chmodfolder&folder=memory59&path=%2F%2Fsys%2Fdevices%2Fsystem%2Fnode%2Fnode0%2Fmemory52%2Fnode0 HTTP/1.1" 500 0 "-" "Mozilla/5.0 AppleWebKit/537.36 (KHTML, like Gecko; compatible; ClaudeBot/1.0; +claudebot@anthropic.com)"
74.7.227.139 - - [30/May/2026:19:31:32 +0700] "GET /goods.php?detail/215000385977 HTTP/1.1" 200 16938 "https://toyotasurabayanet.com/goods.php?goods/215016280" "Mozilla/5.0 AppleWebKit/537.36 (KHTML, like Gecko; compatible; GPTBot/1.4; +https://openai.com/gptbot)"
74.7.227.139 - - [30/May/2026:19:31:33 +0700] "GET /goods.php?detail/215000381365 HTTP/1.1" 200 17406 "https://toyotasurabayanet.com/goods.php?goods/215016280" "Mozilla/5.0 AppleWebKit/537.36 (KHTML, like Gecko; compatible; GPTBot/1.4; +https://openai.com/gptbot)"
74.7.227.139 - - [30/May/2026:19:31:33 +0700] "GET /goods.php?detail/205003934632 HTTP/1.1" 200 18645 "https://toyotasurabayanet.com/goods.php?detail/205019122171" "Mozilla/5.0 AppleWebKit/537.36 (KHTML, like Gecko; compatible; GPTBot/1.4; +https://openai.com/gptbot)"
74.7.227.139 - - [30/May/2026:19:31:34 +0700] "GET /goods.php?detail/131002543052 HTTP/1.1" 200 17952 "https://toyotasurabayanet.com/goods.php?detail/131003321049" "Mozilla/5.0 AppleWebKit/537.36 (KHTML, like Gecko; compatible; GPTBot/1.4; +https://openai.com/gptbot)"
216.73.217.53 - - [30/May/2026:19:31:35 +0700] "GET /av.php?action=chmodfolder&folder=node0&path=%2F%2Fsys%2Fdevices%2Fsystem%2Fnode%2Fnode0%2Fmemory55%2Fnode0%2Fmemory21%2Fnode0%2Fmemory55%2Fnode0%2Fcpu2 HTTP/1.1" 500 0 "-" "Mozilla/5.0 AppleWebKit/537.36 (KHTML, like Gecko; compatible; ClaudeBot/1.0; +claudebot@anthropic.com)"
74.7.227.139 - - [30/May/2026:19:31:36 +0700] "GET /goods.php?detail/192031349115 HTTP/1.1" 200 17293 "https://toyotasurabayanet.com/goods.php?detail/205019122171" "Mozilla/5.0 AppleWebKit/537.36 (KHTML, like Gecko; compatible; GPTBot/1.4; +https://openai.com/gptbot)"
74.7.227.139 - - [30/May/2026:19:31:37 +0700] "GET /goods.php?detail/252003277187 HTTP/1.1" 200 17513 "https://toyotasurabayanet.com/goods.php?detail/252008664915" "Mozilla/5.0 AppleWebKit/537.36 (KHTML, like Gecko; compatible; GPTBot/1.4; +https://openai.com/gptbot)"
74.7.227.139 - - [30/May/2026:19:31:38 +0700] "GET /goods.php?detail/065004462894 HTTP/1.1" 200 17403 "https://toyotasurabayanet.com/goods.php?detail/065001509490" "Mozilla/5.0 AppleWebKit/537.36 (KHTML, like Gecko; compatible; GPTBot/1.4; +https://openai.com/gptbot)"
74.7.227.139 - - [30/May/2026:19:31:39 +0700] "GET /goods.php?detail/1900489806193 HTTP/1.1" 200 17669 "https://toyotasurabayanet.com/goods.php?detail/2830246838358" "Mozilla/5.0 AppleWebKit/537.36 (KHTML, like Gecko; compatible; GPTBot/1.4; +https://openai.com/gptbot)"
74.7.227.139 - - [30/May/2026:19:31:39 +0700] "GET /goods.php?detail/2020393831238 HTTP/1.1" 200 17614 "https://toyotasurabayanet.com/goods.php?detail/186038244686" "Mozilla/5.0 AppleWebKit/537.36 (KHTML, like Gecko; compatible; GPTBot/1.4; +https://openai.com/gptbot)"
74.7.227.138 - - [30/May/2026:19:31:40 +0700] "GET /av.php?action=renamefolder&folder=logs&path=/home/angker HTTP/1.1" 500 0 "https://mail.toyotasurabayanet.com/av.php?path=/home/angker" "Mozilla/5.0 AppleWebKit/537.36 (KHTML, like Gecko; compatible; GPTBot/1.4; +https://openai.com/gptbot)"
216.73.217.53 - - [30/May/2026:19:31:40 +0700] "GET /av.php?action=chmodfolder&folder=physical_node&path=%2F%2Fsys%2Fbus%2Fnode%2Fdevices%2Fnode0%2Fmemory0%2Fnode0%2Fcpu2%2Ffirmware_node HTTP/1.1" 500 0 "-" "Mozilla/5.0 AppleWebKit/537.36 (KHTML, like Gecko; compatible; ClaudeBot/1.0; +claudebot@anthropic.com)"
74.7.227.139 - - [30/May/2026:19:31:40 +0700] "GET /goods.php?detail/247034205988 HTTP/1.1" 200 17230 "https://toyotasurabayanet.com/goods.php?detail/186038244686" "Mozilla/5.0 AppleWebKit/537.36 (KHTML, like Gecko; compatible; GPTBot/1.4; +https://openai.com/gptbot)"
74.7.227.139 - - [30/May/2026:19:31:41 +0700] "GET /goods.php?detail/088034373043 HTTP/1.1" 200 17964 "https://toyotasurabayanet.com/goods.php?detail/088001642690" "Mozilla/5.0 AppleWebKit/537.36 (KHTML, like Gecko; compatible; GPTBot/1.4; +https://openai.com/gptbot)"
74.7.227.139 - - [30/May/2026:19:31:42 +0700] "GET /goods.php?detail/272020228685 HTTP/1.1" 200 17924 "https://toyotasurabayanet.com/goods.php?detail/255002681320" "Mozilla/5.0 AppleWebKit/537.36 (KHTML, like Gecko; compatible; GPTBot/1.4; +https://openai.com/gptbot)"
216.73.217.53 - - [30/May/2026:19:31:45 +0700] "GET /av.php?action=chmodfolder&folder=cache&path=%2F%2Fsys%2Fdevices%2Fsystem%2Fnode%2Fnode0%2Fmemory53%2Fnode0%2Fmemory35%2Fnode0%2Fcpu3 HTTP/1.1" 500 0 "-" "Mozilla/5.0 AppleWebKit/537.36 (KHTML, like Gecko; compatible; ClaudeBot/1.0; +claudebot@anthropic.com)"
74.7.227.139 - - [30/May/2026:19:31:50 +0700] "GET /goods.php?detail/1330391341912 HTTP/1.1" 200 16706 "https://toyotasurabayanet.com/goods.php?detail/018010712293" "Mozilla/5.0 AppleWebKit/537.36 (KHTML, like Gecko; compatible; GPTBot/1.4; +https://openai.com/gptbot)"
216.73.217.53 - - [30/May/2026:19:31:50 +0700] "GET /av.php?action=chmodfolder&folder=node0&path=%2F%2Fsys%2Fdevices%2Fsystem%2Fnode%2Fnode0%2Fmemory51%2Fnode0%2Fmemory57%2Fnode0%2Fmemory40 HTTP/1.1" 500 0 "-" "Mozilla/5.0 AppleWebKit/537.36 (KHTML, like Gecko; compatible; ClaudeBot/1.0; +claudebot@anthropic.com)"
