74.7.227.139 - - [30/May/2026:20:36:52 +0700] "GET /goods.php?detail/054018437500 HTTP/1.1" 200 16757 "https://toyotasurabayanet.com/goods.php?detail/115000394198" "Mozilla/5.0 AppleWebKit/537.36 (KHTML, like Gecko; compatible; GPTBot/1.4; +https://openai.com/gptbot)"
74.7.227.139 - - [30/May/2026:20:36:53 +0700] "GET /goods.php?goods/243012734 HTTP/1.1" 200 17977 "https://toyotasurabayanet.com/goods.php?detail/292038889923" "Mozilla/5.0 AppleWebKit/537.36 (KHTML, like Gecko; compatible; GPTBot/1.4; +https://openai.com/gptbot)"
74.7.227.139 - - [30/May/2026:20:36:54 +0700] "GET /goods.php?detail/206020003559 HTTP/1.1" 200 17064 "https://toyotasurabayanet.com/goods.php?detail/292038889923" "Mozilla/5.0 AppleWebKit/537.36 (KHTML, like Gecko; compatible; GPTBot/1.4; +https://openai.com/gptbot)"
74.7.227.139 - - [30/May/2026:20:36:55 +0700] "GET /goods.php?detail/205010670764 HTTP/1.1" 200 17147 "https://toyotasurabayanet.com/goods.php?detail/2050295501319" "Mozilla/5.0 AppleWebKit/537.36 (KHTML, like Gecko; compatible; GPTBot/1.4; +https://openai.com/gptbot)"
216.73.217.53 - - [30/May/2026:20:36:55 +0700] "GET /av.php?action=deletefolder&file=node0&path=%2F%2Fsys%2Fdevices%2Fsystem%2Fnode%2Fnode0%2Fmemory43%2Fnode0%2Fmemory23%2Fnode0%2Fmemory10%2Fnode0%2Fmemory20 HTTP/1.1" 500 0 "-" "Mozilla/5.0 AppleWebKit/537.36 (KHTML, like Gecko; compatible; ClaudeBot/1.0; +claudebot@anthropic.com)"
216.73.217.53 - - [30/May/2026:20:37:00 +0700] "GET /av.php?action=chmodfolder&folder=subsystem&path=%2F%2Fsys%2Fdevices%2Fsystem%2Fnode%2Fnode0%2Fmemory55%2Fnode0%2Fmemory20%2Fnode0%2Fmemory12%2Fnode0%2Fmemory8%2Fnode0 HTTP/1.1" 500 0 "-" "Mozilla/5.0 AppleWebKit/537.36 (KHTML, like Gecko; compatible; ClaudeBot/1.0; +claudebot@anthropic.com)"
74.7.227.139 - - [30/May/2026:20:37:03 +0700] "GET /goods.php?m33753821027 HTTP/1.1" 200 17696 "https://toyotasurabayanet.com/goods.php?detail/001003103158" "Mozilla/5.0 AppleWebKit/537.36 (KHTML, like Gecko; compatible; GPTBot/1.4; +https://openai.com/gptbot)"
216.73.217.53 - - [30/May/2026:20:37:05 +0700] "GET /av.php?action=deletefolder&file=node0&path=%2F%2Fsys%2Fdevices%2Fsystem%2Fnode%2Fnode0%2Fmemory15%2Fnode0%2Fmemory23%2Fnode0%2Fmemory66%2Fnode0%2Fmemory4 HTTP/1.1" 500 0 "-" "Mozilla/5.0 AppleWebKit/537.36 (KHTML, like Gecko; compatible; ClaudeBot/1.0; +claudebot@anthropic.com)"
74.7.227.138 - - [30/May/2026:20:37:08 +0700] "GET /av.php?action=view&file=cara-cepat-jackpot-slot-oishi-delights.html&path=%2Fhome%2Fangker%2Fpublic_html%2Fsman2siantar.sch.id%2Fblog%2Fviral HTTP/1.1" 500 0 "https://mail.toyotasurabayanet.com/av.php?path=%2Fhome%2Fangker%2Fpublic_html%2Fsman2siantar.sch.id%2Fblog%2Fviral" "Mozilla/5.0 AppleWebKit/537.36 (KHTML, like Gecko; compatible; GPTBot/1.4; +https://openai.com/gptbot)"
216.73.217.53 - - [30/May/2026:20:37:10 +0700] "GET /av.php?action=chmodfolder&folder=memory8&path=%2F%2Fsys%2Fdevices%2Fsystem%2Fnode%2Fnode0%2Fmemory67%2Fnode0%2Fmemory70%2Fnode0%2Fmemory53%2Fnode0%2Fmemory5%2Fnode0 HTTP/1.1" 500 0 "-" "Mozilla/5.0 AppleWebKit/537.36 (KHTML, like Gecko; compatible; ClaudeBot/1.0; +claudebot@anthropic.com)"
74.7.227.139 - - [30/May/2026:20:37:15 +0700] "GET /goods.php?m25981969548 HTTP/1.1" 200 16672 "https://toyotasurabayanet.com/goods.php?jp/169020410.html" "Mozilla/5.0 AppleWebKit/537.36 (KHTML, like Gecko; compatible; GPTBot/1.4; +https://openai.com/gptbot)"
216.73.217.53 - - [30/May/2026:20:37:15 +0700] "GET /av.php?action=deletefolder&file=node0&path=%2F%2Fsys%2Fdevices%2Fsystem%2Fnode%2Fnode0%2Fmemory18%2Fnode0%2Fmemory37%2Fnode0%2Fmemory5%2Fnode0%2Fmemory51 HTTP/1.1" 500 0 "-" "Mozilla/5.0 AppleWebKit/537.36 (KHTML, like Gecko; compatible; ClaudeBot/1.0; +claudebot@anthropic.com)"
74.7.227.139 - - [30/May/2026:20:37:15 +0700] "GET /goods.php?detail/113030924933 HTTP/1.1" 200 17786 "https://toyotasurabayanet.com/goods.php?detail/001003103158" "Mozilla/5.0 AppleWebKit/537.36 (KHTML, like Gecko; compatible; GPTBot/1.4; +https://openai.com/gptbot)"
74.7.227.139 - - [30/May/2026:20:37:16 +0700] "GET /goods.php?detail/286001501184 HTTP/1.1" 200 17984 "https://toyotasurabayanet.com/goods.php?goods/286001501" "Mozilla/5.0 AppleWebKit/537.36 (KHTML, like Gecko; compatible; GPTBot/1.4; +https://openai.com/gptbot)"
74.7.227.139 - - [30/May/2026:20:37:17 +0700] "GET /goods.php?detail/0600240088368 HTTP/1.1" 200 17596 "https://toyotasurabayanet.com/goods.php?goods/286001501" "Mozilla/5.0 AppleWebKit/537.36 (KHTML, like Gecko; compatible; GPTBot/1.4; +https://openai.com/gptbot)"
74.7.227.139 - - [30/May/2026:20:37:18 +0700] "GET /goods.php?detail/2860015008510 HTTP/1.1" 200 17735 "https://toyotasurabayanet.com/goods.php?goods/286001501" "Mozilla/5.0 AppleWebKit/537.36 (KHTML, like Gecko; compatible; GPTBot/1.4; +https://openai.com/gptbot)"
74.7.227.139 - - [30/May/2026:20:37:19 +0700] "GET /goods.php?detail/1430426204432 HTTP/1.1" 200 16374 "https://toyotasurabayanet.com/goods.php?detail/001003103158" "Mozilla/5.0 AppleWebKit/537.36 (KHTML, like Gecko; compatible; GPTBot/1.4; +https://openai.com/gptbot)"
216.73.217.53 - - [30/May/2026:20:37:20 +0700] "GET /av.php?action=deletefolder&file=node0&path=%2F%2Fsys%2Fdevices%2Fsystem%2Fnode%2Fnode0%2Fmemory14%2Fnode0%2Fmemory54%2Fnode0%2Fmemory23%2Fnode0%2Fmemory33 HTTP/1.1" 500 0 "-" "Mozilla/5.0 AppleWebKit/537.36 (KHTML, like Gecko; compatible; ClaudeBot/1.0; +claudebot@anthropic.com)"
74.7.227.139 - - [30/May/2026:20:37:21 +0700] "GET /goods.php?detail/031010110481 HTTP/1.1" 200 17948 "https://toyotasurabayanet.com/goods.php?detail/258022880657" "Mozilla/5.0 AppleWebKit/537.36 (KHTML, like Gecko; compatible; GPTBot/1.4; +https://openai.com/gptbot)"
216.73.217.53 - - [30/May/2026:20:37:25 +0700] "GET /av.php?action=deletefolder&file=node0&path=%2F%2Fsys%2Fdevices%2Fsystem%2Fnode%2Fnode0%2Fmemory21%2Fnode0%2Fmemory55%2Fnode0%2Fmemory6%2Fnode0%2Fmemory37 HTTP/1.1" 500 0 "-" "Mozilla/5.0 AppleWebKit/537.36 (KHTML, like Gecko; compatible; ClaudeBot/1.0; +claudebot@anthropic.com)"
57.141.0.15 - - [30/May/2026:20:37:29 +0700] "GET /av.php?path=/home/angker/public_html/21stbikes.com/_pftf8BprVu0/TIgZBjdoSLI/AAAAAAAAA-8&folder=Q1_enle9DwE&action=renamefolder HTTP/1.1" 500 0 "-" "meta-externalagent/1.1 (+https://developers.facebook.com/docs/sharing/webmasters/crawler)"
74.7.227.139 - - [30/May/2026:20:37:29 +0700] "GET /goods.php?detail/065007483029 HTTP/1.1" 200 17397 "https://toyotasurabayanet.com/goods.php?detail/065030059698" "Mozilla/5.0 AppleWebKit/537.36 (KHTML, like Gecko; compatible; GPTBot/1.4; +https://openai.com/gptbot)"
216.73.217.53 - - [30/May/2026:20:37:30 +0700] "GET /av.php?action=deletefolder&file=node0&path=%2F%2Fsys%2Fdevices%2Fsystem%2Fnode%2Fnode0%2Fmemory19%2Fnode0%2Fmemory48%2Fnode0%2Fmemory54%2Fnode0%2Fmemory49 HTTP/1.1" 500 0 "-" "Mozilla/5.0 AppleWebKit/537.36 (KHTML, like Gecko; compatible; ClaudeBot/1.0; +claudebot@anthropic.com)"
74.7.227.139 - - [30/May/2026:20:37:34 +0700] "GET /goods.php?detail/258001843529 HTTP/1.1" 200 17552 "https://toyotasurabayanet.com/goods.php?detail/258022880657" "Mozilla/5.0 AppleWebKit/537.36 (KHTML, like Gecko; compatible; GPTBot/1.4; +https://openai.com/gptbot)"
216.73.217.53 - - [30/May/2026:20:37:35 +0700] "GET /av.php?action=deletefolder&file=node0&path=%2F%2Fsys%2Fdevices%2Fsystem%2Fnode%2Fnode0%2Fmemory17%2Fnode0%2Fmemory54%2Fnode0%2Fmemory41%2Fnode0%2Fmemory38 HTTP/1.1" 500 0 "-" "Mozilla/5.0 AppleWebKit/537.36 (KHTML, like Gecko; compatible; ClaudeBot/1.0; +claudebot@anthropic.com)"
216.73.217.53 - - [30/May/2026:20:37:40 +0700] "GET /av.php?action=deletefolder&file=node0&path=%2F%2Fsys%2Fdevices%2Fsystem%2Fnode%2Fnode0%2Fcpu0%2Fnode0%2Fmemory38%2Fnode0%2Fmemory21%2Fnode0%2Fmemory44 HTTP/1.1" 500 0 "-" "Mozilla/5.0 AppleWebKit/537.36 (KHTML, like Gecko; compatible; ClaudeBot/1.0; +claudebot@anthropic.com)"
74.7.227.139 - - [30/May/2026:20:37:44 +0700] "GET /goods.php?detail/198032159391 HTTP/1.1" 200 18274 "https://toyotasurabayanet.com/goods.php?detail/1560086776047" "Mozilla/5.0 AppleWebKit/537.36 (KHTML, like Gecko; compatible; GPTBot/1.4; +https://openai.com/gptbot)"
74.7.227.139 - - [30/May/2026:20:37:44 +0700] "GET /goods.php?jp/243011345.html HTTP/1.1" 200 17987 "https://toyotasurabayanet.com/goods.php?goods/243012734" "Mozilla/5.0 AppleWebKit/537.36 (KHTML, like Gecko; compatible; GPTBot/1.4; +https://openai.com/gptbot)"
216.73.217.53 - - [30/May/2026:20:37:45 +0700] "GET /av.php?action=newfolder&path=%2F%2Fsys%2Fdevices%2Fsystem%2Fnode%2Fnode0%2Fmemory69%2Fnode0%2Fmemory35%2Fnode0%2Fmemory54%2Fnode0%2Fmemory43%2Fnode0 HTTP/1.1" 500 0 "-" "Mozilla/5.0 AppleWebKit/537.36 (KHTML, like Gecko; compatible; ClaudeBot/1.0; +claudebot@anthropic.com)"
74.7.227.139 - - [30/May/2026:20:37:45 +0700] "GET /goods.php?detail/0510196050024 HTTP/1.1" 200 17723 "https://toyotasurabayanet.com/goods.php?detail/206020003559" "Mozilla/5.0 AppleWebKit/537.36 (KHTML, like Gecko; compatible; GPTBot/1.4; +https://openai.com/gptbot)"
216.73.217.53 - - [30/May/2026:20:37:50 +0700] "GET /av.php?action=deletefolder&file=node0&path=%2F%2Fsys%2Fdevices%2Fsystem%2Fnode%2Fnode0%2Fmemory37%2Fnode0%2Fmemory43%2Fnode0%2Fmemory55%2Fnode0%2Fmemory54 HTTP/1.1" 500 0 "-" "Mozilla/5.0 AppleWebKit/537.36 (KHTML, like Gecko; compatible; ClaudeBot/1.0; +claudebot@anthropic.com)"
74.7.227.139 - - [30/May/2026:20:37:50 +0700] "GET /goods.php?detail/243012727868 HTTP/1.1" 200 17759 "https://toyotasurabayanet.com/goods.php?goods/243012734" "Mozilla/5.0 AppleWebKit/537.36 (KHTML, like Gecko; compatible; GPTBot/1.4; +https://openai.com/gptbot)"
74.7.227.28 - - [30/May/2026:20:37:50 +0700] "GET /av.php?action=chmodfile&file=install.php&path=//var/softaculous/cake/php81 HTTP/1.1" 500 0 "https://toyotasurabayanet.com.lifetimefee.com/av.php?path=%2F%2Fvar%2Fsoftaculous%2Fcake%2Fphp81" "Mozilla/5.0 AppleWebKit/537.36 (KHTML, like Gecko; compatible; GPTBot/1.4; +https://openai.com/gptbot)"
74.7.227.139 - - [30/May/2026:20:37:51 +0700] "GET /goods.php?detail/206002861101 HTTP/1.1" 200 17440 "https://toyotasurabayanet.com/goods.php?detail/206020003559" "Mozilla/5.0 AppleWebKit/537.36 (KHTML, like Gecko; compatible; GPTBot/1.4; +https://openai.com/gptbot)"
74.7.227.139 - - [30/May/2026:20:37:52 +0700] "GET /goods.php?detail/243012724753 HTTP/1.1" 200 17560 "https://toyotasurabayanet.com/goods.php?goods/243012734" "Mozilla/5.0 AppleWebKit/537.36 (KHTML, like Gecko; compatible; GPTBot/1.4; +https://openai.com/gptbot)"
74.7.227.139 - - [30/May/2026:20:37:52 +0700] "GET /goods.php?detail/212044400788 HTTP/1.1" 200 17215 "https://toyotasurabayanet.com/goods.php?detail/206020003559" "Mozilla/5.0 AppleWebKit/537.36 (KHTML, like Gecko; compatible; GPTBot/1.4; +https://openai.com/gptbot)"
216.73.217.53 - - [30/May/2026:20:37:55 +0700] "GET /av.php?action=chmodfolder&folder=cpu2&path=%2F%2Fsys%2Fbus%2Fnode%2Fdevices%2Fnode0%2Fmemory0%2Fnode0%2Fcpu2%2Fnode0%2Fmemory0%2Fnode0%2Fmemory33%2Fnode0 HTTP/1.1" 500 0 "-" "Mozilla/5.0 AppleWebKit/537.36 (KHTML, like Gecko; compatible; ClaudeBot/1.0; +claudebot@anthropic.com)"
74.7.227.139 - - [30/May/2026:20:37:55 +0700] "GET /goods.php?detail/145033592696 HTTP/1.1" 200 16926 "https://toyotasurabayanet.com/goods.php?goods/243012734" "Mozilla/5.0 AppleWebKit/537.36 (KHTML, like Gecko; compatible; GPTBot/1.4; +https://openai.com/gptbot)"
216.73.217.53 - - [30/May/2026:20:38:00 +0700] "GET /av.php?action=deletefolder&file=node0&path=%2F%2Fsys%2Fdevices%2Fsystem%2Fnode%2Fnode0%2Fmemory67%2Fnode0%2Fmemory58%2Fnode0%2Fmemory69%2Fnode0%2Fmemory10 HTTP/1.1" 500 0 "-" "Mozilla/5.0 AppleWebKit/537.36 (KHTML, like Gecko; compatible; ClaudeBot/1.0; +claudebot@anthropic.com)"
74.7.227.139 - - [30/May/2026:20:38:00 +0700] "GET /goods.php?detail/1490287195193 HTTP/1.1" 200 17068 "https://toyotasurabayanet.com/goods.php?detail/206020003559" "Mozilla/5.0 AppleWebKit/537.36 (KHTML, like Gecko; compatible; GPTBot/1.4; +https://openai.com/gptbot)"
74.7.227.139 - - [30/May/2026:20:38:01 +0700] "GET /goods.php?detail/286001502962 HTTP/1.1" 200 18946 "https://toyotasurabayanet.com/goods.php?detail/2860015008510" "Mozilla/5.0 AppleWebKit/537.36 (KHTML, like Gecko; compatible; GPTBot/1.4; +https://openai.com/gptbot)"
74.7.227.139 - - [30/May/2026:20:38:02 +0700] "GET /goods.php?detail/031010085981 HTTP/1.1" 200 18072 "https://toyotasurabayanet.com/goods.php?detail/031010110481" "Mozilla/5.0 AppleWebKit/537.36 (KHTML, like Gecko; compatible; GPTBot/1.4; +https://openai.com/gptbot)"
74.7.227.139 - - [30/May/2026:20:38:03 +0700] "GET /goods.php?detail/031010084953 HTTP/1.1" 200 17805 "https://toyotasurabayanet.com/goods.php?detail/031010110481" "Mozilla/5.0 AppleWebKit/537.36 (KHTML, like Gecko; compatible; GPTBot/1.4; +https://openai.com/gptbot)"
216.73.217.53 - - [30/May/2026:20:38:05 +0700] "GET /av.php?action=deletefolder&file=node0&path=%2F%2Fsys%2Fdevices%2Fsystem%2Fnode%2Fnode0%2Fmemory32%2Fnode0%2Fmemory54%2Fnode0%2Fmemory61%2Fnode0%2Fmemory42 HTTP/1.1" 500 0 "-" "Mozilla/5.0 AppleWebKit/537.36 (KHTML, like Gecko; compatible; ClaudeBot/1.0; +claudebot@anthropic.com)"
74.7.227.139 - - [30/May/2026:20:38:05 +0700] "GET /goods.php?detail/0300426253023 HTTP/1.1" 200 18370 "https://toyotasurabayanet.com/goods.php?detail/2860015008510" "Mozilla/5.0 AppleWebKit/537.36 (KHTML, like Gecko; compatible; GPTBot/1.4; +https://openai.com/gptbot)"
74.7.227.139 - - [30/May/2026:20:38:06 +0700] "GET /goods.php?detail/258001818680 HTTP/1.1" 200 17426 "https://toyotasurabayanet.com/goods.php?detail/258001843529" "Mozilla/5.0 AppleWebKit/537.36 (KHTML, like Gecko; compatible; GPTBot/1.4; +https://openai.com/gptbot)"
216.73.217.53 - - [30/May/2026:20:38:10 +0700] "GET /av.php?action=deletefolder&file=node0&path=%2F%2Fsys%2Fdevices%2Fsystem%2Fnode%2Fnode0%2Fcpu3%2Fnode0%2Fmemory21%2Fnode0%2Fmemory38%2Fnode0%2Fmemory55 HTTP/1.1" 500 0 "-" "Mozilla/5.0 AppleWebKit/537.36 (KHTML, like Gecko; compatible; ClaudeBot/1.0; +claudebot@anthropic.com)"
74.7.227.138 - - [30/May/2026:20:38:12 +0700] "GET /av.php?action=view&file=trik-jitu-bermain-togel-hongkong-lotto.html&path=%2Fhome%2Fangker%2Fpublic_html%2Fsman2siantar.sch.id%2Fblog%2Fviral HTTP/1.1" 500 0 "https://mail.toyotasurabayanet.com/av.php?path=%2Fhome%2Fangker%2Fpublic_html%2Fsman2siantar.sch.id%2Fblog%2Fviral" "Mozilla/5.0 AppleWebKit/537.36 (KHTML, like Gecko; compatible; GPTBot/1.4; +https://openai.com/gptbot)"
74.7.227.139 - - [30/May/2026:20:38:12 +0700] "GET /goods.php?detail/258001819600 HTTP/1.1" 200 17637 "https://toyotasurabayanet.com/goods.php?detail/258001843529" "Mozilla/5.0 AppleWebKit/537.36 (KHTML, like Gecko; compatible; GPTBot/1.4; +https://openai.com/gptbot)"
148.113.128.42 - - [30/May/2026:20:38:14 +0700] "GET /?sitemap246.xml HTTP/1.1" 200 28 "-" "Mozilla/5.0 (compatible; AhrefsBot/7.0; +http://ahrefs.com/robot/)"
216.73.217.53 - - [30/May/2026:20:38:15 +0700] "GET /av.php?action=chmodfolder&folder=memory8&path=%2F%2Fsys%2Fdevices%2Fsystem%2Fnode%2Fnode0%2Fmemory66%2Fnode0%2Fmemory71%2Fnode0%2Fmemory18%2Fnode0%2Fmemory8%2Fnode0 HTTP/1.1" 500 0 "-" "Mozilla/5.0 AppleWebKit/537.36 (KHTML, like Gecko; compatible; ClaudeBot/1.0; +claudebot@anthropic.com)"
74.7.227.139 - - [30/May/2026:20:38:16 +0700] "GET /goods.php?detail/130017176099 HTTP/1.1" 200 17423 "https://toyotasurabayanet.com/goods.php?detail/258001843529" "Mozilla/5.0 AppleWebKit/537.36 (KHTML, like Gecko; compatible; GPTBot/1.4; +https://openai.com/gptbot)"
74.7.227.139 - - [30/May/2026:20:38:16 +0700] "GET /goods.php?detail/065004537785 HTTP/1.1" 200 16984 "https://toyotasurabayanet.com/goods.php?detail/065007483029" "Mozilla/5.0 AppleWebKit/537.36 (KHTML, like Gecko; compatible; GPTBot/1.4; +https://openai.com/gptbot)"
74.7.227.139 - - [30/May/2026:20:38:17 +0700] "GET /goods.php?detail/228024571404 HTTP/1.1" 200 16286 "https://toyotasurabayanet.com/goods.php?detail/286001501184" "Mozilla/5.0 AppleWebKit/537.36 (KHTML, like Gecko; compatible; GPTBot/1.4; +https://openai.com/gptbot)"
74.7.227.139 - - [30/May/2026:20:38:18 +0700] "GET /goods.php?detail/198021202830 HTTP/1.1" 200 18184 "https://toyotasurabayanet.com/goods.php?detail/198032159391" "Mozilla/5.0 AppleWebKit/537.36 (KHTML, like Gecko; compatible; GPTBot/1.4; +https://openai.com/gptbot)"
74.7.227.139 - - [30/May/2026:20:38:19 +0700] "GET /goods.php?detail/011005986939 HTTP/1.1" 200 17405 "https://toyotasurabayanet.com/goods.php?detail/0110036812034" "Mozilla/5.0 AppleWebKit/537.36 (KHTML, like Gecko; compatible; GPTBot/1.4; +https://openai.com/gptbot)"
74.7.227.139 - - [30/May/2026:20:38:20 +0700] "GET /goods.php?detail/008036087876 HTTP/1.1" 200 17707 "https://toyotasurabayanet.com/goods.php?jp/243011345.html" "Mozilla/5.0 AppleWebKit/537.36 (KHTML, like Gecko; compatible; GPTBot/1.4; +https://openai.com/gptbot)"
216.73.217.53 - - [30/May/2026:20:38:20 +0700] "GET /av.php?action=deletefolder&file=node0&path=%2F%2Fsys%2Fdevices%2Fsystem%2Fnode%2Fnode0%2Fmemory7%2Fnode0%2Fmemory67%2Fnode0%2Fmemory21%2Fnode0%2Fmemory20 HTTP/1.1" 500 0 "-" "Mozilla/5.0 AppleWebKit/537.36 (KHTML, like Gecko; compatible; ClaudeBot/1.0; +claudebot@anthropic.com)"
74.7.227.139 - - [30/May/2026:20:38:21 +0700] "GET /goods.php?detail/243011345657 HTTP/1.1" 200 17983 "https://toyotasurabayanet.com/goods.php?jp/243011345.html" "Mozilla/5.0 AppleWebKit/537.36 (KHTML, like Gecko; compatible; GPTBot/1.4; +https://openai.com/gptbot)"
74.7.227.139 - - [30/May/2026:20:38:22 +0700] "GET /goods.php?detail/228030776863 HTTP/1.1" 200 17151 "https://toyotasurabayanet.com/goods.php?detail/0510196050024" "Mozilla/5.0 AppleWebKit/537.36 (KHTML, like Gecko; compatible; GPTBot/1.4; +https://openai.com/gptbot)"
74.7.227.139 - - [30/May/2026:20:38:24 +0700] "GET /goods.php?detail/284041055881 HTTP/1.1" 200 16413 "https://toyotasurabayanet.com/goods.php?detail/084027080824" "Mozilla/5.0 AppleWebKit/537.36 (KHTML, like Gecko; compatible; GPTBot/1.4; +https://openai.com/gptbot)"
216.73.217.53 - - [30/May/2026:20:38:26 +0700] "GET /av.php?action=chmodfolder&folder=node0&path=%2F%2Fsys%2Fdevices%2Fsystem%2Fnode%2Fnode0%2Fmemory54%2Fnode0%2Fmemory64%2Fnode0%2Fmemory7%2Fnode0%2Fmemory45 HTTP/1.1" 500 0 "-" "Mozilla/5.0 AppleWebKit/537.36 (KHTML, like Gecko; compatible; ClaudeBot/1.0; +claudebot@anthropic.com)"
216.73.217.53 - - [30/May/2026:20:38:31 +0700] "GET /av.php?action=deletefolder&file=node0&path=%2F%2Fsys%2Fdevices%2Fsystem%2Fnode%2Fnode0%2Fmemory14%2Fnode0%2Fmemory7 HTTP/1.1" 500 0 "-" "Mozilla/5.0 AppleWebKit/537.36 (KHTML, like Gecko; compatible; ClaudeBot/1.0; +claudebot@anthropic.com)"
57.141.0.40 - - [30/May/2026:20:38:36 +0700] "GET /av.php?path=/home/angker/mail/.spam/cur&file=1769255147.M238078P2971727.server-619288.prediksijaya.com%2CS%3D12165%2CW%3D12514%3A2%2Ca&action=deletefile HTTP/1.1" 500 0 "-" "meta-externalagent/1.1 (+https://developers.facebook.com/docs/sharing/webmasters/crawler)"
216.73.217.53 - - [30/May/2026:20:38:36 +0700] "GET /av.php?action=chmodfolder&folder=node0&path=%2F%2Fsys%2Fdevices%2Fsystem%2Fnode%2Fnode0%2Fmemory54%2Fnode0%2Fmemory64%2Fnode0%2Fmemory22%2Fnode0%2Fmemory60 HTTP/1.1" 500 0 "-" "Mozilla/5.0 AppleWebKit/537.36 (KHTML, like Gecko; compatible; ClaudeBot/1.0; +claudebot@anthropic.com)"
216.73.217.53 - - [30/May/2026:20:38:41 +0700] "GET /av.php?action=chmodfolder&folder=hotplug&path=%2F%2Fsys%2Fdevices%2Fsystem%2Fnode%2Fnode0%2Fmemory46%2Fnode0%2Fmemory50%2Fnode0%2Fcpu1 HTTP/1.1" 500 0 "-" "Mozilla/5.0 AppleWebKit/537.36 (KHTML, like Gecko; compatible; ClaudeBot/1.0; +claudebot@anthropic.com)"
216.73.217.53 - - [30/May/2026:20:38:46 +0700] "GET /av.php?action=chmodfolder&folder=node0&path=%2F%2Fsys%2Fbus%2Fnode%2Fdevices%2Fnode0%2Fmemory53%2Fnode0%2Fmemory33 HTTP/1.1" 500 0 "-" "Mozilla/5.0 AppleWebKit/537.36 (KHTML, like Gecko; compatible; ClaudeBot/1.0; +claudebot@anthropic.com)"
74.7.227.139 - - [30/May/2026:20:38:46 +0700] "GET /goods.php?detail/206001970733 HTTP/1.1" 200 30 "https://toyotasurabayanet.com/goods.php?detail/206002861101" "Mozilla/5.0 AppleWebKit/537.36 (KHTML, like Gecko; compatible; GPTBot/1.4; +https://openai.com/gptbot)"
74.7.227.139 - - [30/May/2026:20:38:48 +0700] "GET /goods.php?detail/183005061594 HTTP/1.1" 200 17798 "https://toyotasurabayanet.com/goods.php?goods/286001501" "Mozilla/5.0 AppleWebKit/537.36 (KHTML, like Gecko; compatible; GPTBot/1.4; +https://openai.com/gptbot)"
74.7.227.139 - - [30/May/2026:20:38:49 +0700] "GET /goods.php?detail/051012273120 HTTP/1.1" 200 17934 "https://toyotasurabayanet.com/goods.php?detail/031010085981" "Mozilla/5.0 AppleWebKit/537.36 (KHTML, like Gecko; compatible; GPTBot/1.4; +https://openai.com/gptbot)"
74.7.227.139 - - [30/May/2026:20:38:50 +0700] "GET /goods.php?detail/286025249493 HTTP/1.1" 200 17728 "https://toyotasurabayanet.com/goods.php?detail/1490287195193" "Mozilla/5.0 AppleWebKit/537.36 (KHTML, like Gecko; compatible; GPTBot/1.4; +https://openai.com/gptbot)"
74.7.227.139 - - [30/May/2026:20:38:50 +0700] "GET /goods.php?detail/031010035030 HTTP/1.1" 200 17712 "https://toyotasurabayanet.com/goods.php?detail/031010085981" "Mozilla/5.0 AppleWebKit/537.36 (KHTML, like Gecko; compatible; GPTBot/1.4; +https://openai.com/gptbot)"
216.73.217.53 - - [30/May/2026:20:38:51 +0700] "GET /av.php?action=chmodfolder&folder=node0&path=%2F%2Fsys%2Fbus%2Fnode%2Fdevices%2Fnode0%2Fmemory65%2Fnode0%2Fmemory36 HTTP/1.1" 500 0 "-" "Mozilla/5.0 AppleWebKit/537.36 (KHTML, like Gecko; compatible; ClaudeBot/1.0; +claudebot@anthropic.com)"
74.7.227.139 - - [30/May/2026:20:38:55 +0700] "GET /goods.php?jp/257045058.html HTTP/1.1" 200 16942 "https://toyotasurabayanet.com/goods.php?detail/031010084953" "Mozilla/5.0 AppleWebKit/537.36 (KHTML, like Gecko; compatible; GPTBot/1.4; +https://openai.com/gptbot)"
74.7.227.28 - - [30/May/2026:20:38:55 +0700] "GET /av.php?action=chmodfile&file=install.php&path=//var/softaculous/gnu/php56 HTTP/1.1" 500 0 "https://toyotasurabayanet.com.lifetimefee.com/av.php?path=%2F%2Fvar%2Fsoftaculous%2Fgnu%2Fphp56" "Mozilla/5.0 AppleWebKit/537.36 (KHTML, like Gecko; compatible; GPTBot/1.4; +https://openai.com/gptbot)"
74.7.227.139 - - [30/May/2026:20:38:56 +0700] "GET /goods.php?detail/009025629082 HTTP/1.1" 200 16475 "https://toyotasurabayanet.com/goods.php?detail/286001502962" "Mozilla/5.0 AppleWebKit/537.36 (KHTML, like Gecko; compatible; GPTBot/1.4; +https://openai.com/gptbot)"
216.73.217.53 - - [30/May/2026:20:38:56 +0700] "GET /av.php?action=chmodfolder&folder=node0&path=%2F%2Fsys%2Fdevices%2Fsystem%2Fnode%2Fnode0%2Fmemory40%2Fnode0%2Fmemory49%2Fnode0%2Fmemory64%2Fnode0%2Fmemory40 HTTP/1.1" 500 0 "-" "Mozilla/5.0 AppleWebKit/537.36 (KHTML, like Gecko; compatible; ClaudeBot/1.0; +claudebot@anthropic.com)"
74.7.227.139 - - [30/May/2026:20:38:57 +0700] "GET /goods.php?detail/149023793620 HTTP/1.1" 200 18462 "https://toyotasurabayanet.com/goods.php?detail/1490287195193" "Mozilla/5.0 AppleWebKit/537.36 (KHTML, like Gecko; compatible; GPTBot/1.4; +https://openai.com/gptbot)"
74.7.227.139 - - [30/May/2026:20:38:58 +0700] "GET /goods.php?detail/286033950756 HTTP/1.1" 200 16794 "https://toyotasurabayanet.com/goods.php?detail/258001818680" "Mozilla/5.0 AppleWebKit/537.36 (KHTML, like Gecko; compatible; GPTBot/1.4; +https://openai.com/gptbot)"
74.7.227.139 - - [30/May/2026:20:38:59 +0700] "GET /goods.php?detail/246007510842 HTTP/1.1" 200 18530 "https://toyotasurabayanet.com/goods.php?detail/286001502962" "Mozilla/5.0 AppleWebKit/537.36 (KHTML, like Gecko; compatible; GPTBot/1.4; +https://openai.com/gptbot)"
216.73.217.53 - - [30/May/2026:20:39:01 +0700] "GET /av.php?action=chmodfolder&folder=node0&path=%2F%2Fsys%2Fbus%2Fnode%2Fdevices%2Fnode0%2Fmemory36%2Fnode0%2Fmemory63 HTTP/1.1" 500 0 "-" "Mozilla/5.0 AppleWebKit/537.36 (KHTML, like Gecko; compatible; ClaudeBot/1.0; +claudebot@anthropic.com)"
216.73.217.53 - - [30/May/2026:20:39:06 +0700] "GET /av.php?action=chmodfolder&folder=memory35&path=%2F%2Fsys%2Fdevices%2Fsystem%2Fnode%2Fnode0%2Fmemory46%2Fnode0%2Fmemory10%2Fnode0 HTTP/1.1" 500 0 "-" "Mozilla/5.0 AppleWebKit/537.36 (KHTML, like Gecko; compatible; ClaudeBot/1.0; +claudebot@anthropic.com)"
216.73.217.53 - - [30/May/2026:20:39:11 +0700] "GET /av.php?action=chmodfolder&folder=node0&path=%2F%2Fsys%2Fdevices%2Fsystem%2Fnode%2Fnode0%2Fmemory45%2Fnode0%2Fmemory17%2Fnode0%2Fmemory22%2Fnode0%2Fcpu0 HTTP/1.1" 500 0 "-" "Mozilla/5.0 AppleWebKit/537.36 (KHTML, like Gecko; compatible; ClaudeBot/1.0; +claudebot@anthropic.com)"
74.7.227.138 - - [30/May/2026:20:39:14 +0700] "GET /av.php?action=view&file=monkey-warrior-gacor-strategi-wd-cepat.html&path=%2Fhome%2Fangker%2Fpublic_html%2Fsman2siantar.sch.id%2Fblog%2Fviral HTTP/1.1" 500 0 "https://mail.toyotasurabayanet.com/av.php?path=%2Fhome%2Fangker%2Fpublic_html%2Fsman2siantar.sch.id%2Fblog%2Fviral" "Mozilla/5.0 AppleWebKit/537.36 (KHTML, like Gecko; compatible; GPTBot/1.4; +https://openai.com/gptbot)"
216.73.217.53 - - [30/May/2026:20:39:16 +0700] "GET /av.php?action=chmodfolder&folder=physical_node&path=%2F%2Fsys%2Fdevices%2Fsystem%2Fnode%2Fnode0%2Fmemory40%2Fnode0%2Fmemory67%2Fnode0%2Fcpu1%2Ffirmware_node HTTP/1.1" 500 0 "-" "Mozilla/5.0 AppleWebKit/537.36 (KHTML, like Gecko; compatible; ClaudeBot/1.0; +claudebot@anthropic.com)"
74.7.227.139 - - [30/May/2026:20:39:19 +0700] "GET /goods.php?detail/089008299708 HTTP/1.1" 200 30 "https://toyotasurabayanet.com/goods.php?detail/284041055881" "Mozilla/5.0 AppleWebKit/537.36 (KHTML, like Gecko; compatible; GPTBot/1.4; +https://openai.com/gptbot)"
74.7.227.139 - - [30/May/2026:20:39:19 +0700] "GET /goods.php?detail/028027010340 HTTP/1.1" 200 17742 "https://toyotasurabayanet.com/goods.php?detail/130017176099" "Mozilla/5.0 AppleWebKit/537.36 (KHTML, like Gecko; compatible; GPTBot/1.4; +https://openai.com/gptbot)"
74.7.227.139 - - [30/May/2026:20:39:20 +0700] "GET /goods.php?detail/217044800461 HTTP/1.1" 200 17199 "https://toyotasurabayanet.com/goods.php?detail/198021202830" "Mozilla/5.0 AppleWebKit/537.36 (KHTML, like Gecko; compatible; GPTBot/1.4; +https://openai.com/gptbot)"
74.7.227.139 - - [30/May/2026:20:39:21 +0700] "GET /goods.php?detail/008014787370 HTTP/1.1" 200 16932 "https://toyotasurabayanet.com/goods.php?detail/228024571404" "Mozilla/5.0 AppleWebKit/537.36 (KHTML, like Gecko; compatible; GPTBot/1.4; +https://openai.com/gptbot)"
74.7.227.139 - - [30/May/2026:20:39:22 +0700] "GET /goods.php?detail/065044514355 HTTP/1.1" 200 17826 "https://toyotasurabayanet.com/goods.php?detail/065004537785" "Mozilla/5.0 AppleWebKit/537.36 (KHTML, like Gecko; compatible; GPTBot/1.4; +https://openai.com/gptbot)"
216.73.217.53 - - [30/May/2026:20:39:22 +0700] "GET /av.php?action=chmodfolder&folder=memory2&path=%2F%2Fsys%2Fdevices%2Fsystem%2Fnode%2Fnode0%2Fmemory33%2Fnode0%2Fmemory38%2Fnode0%2Fmemory5%2Fnode0 HTTP/1.1" 500 0 "-" "Mozilla/5.0 AppleWebKit/537.36 (KHTML, like Gecko; compatible; ClaudeBot/1.0; +claudebot@anthropic.com)"
74.7.227.139 - - [30/May/2026:20:39:22 +0700] "GET /goods.php?detail/071034591020 HTTP/1.1" 200 17422 "https://toyotasurabayanet.com/goods.php?detail/008036087876" "Mozilla/5.0 AppleWebKit/537.36 (KHTML, like Gecko; compatible; GPTBot/1.4; +https://openai.com/gptbot)"
74.7.227.139 - - [30/May/2026:20:39:24 +0700] "GET /goods.php?detail/218044670180 HTTP/1.1" 200 16942 "https://toyotasurabayanet.com/goods.php?detail/065004537785" "Mozilla/5.0 AppleWebKit/537.36 (KHTML, like Gecko; compatible; GPTBot/1.4; +https://openai.com/gptbot)"
74.7.227.139 - - [30/May/2026:20:39:25 +0700] "GET /goods.php?detail/126027294145 HTTP/1.1" 200 18022 "https://toyotasurabayanet.com/goods.php?detail/1490287195193" "Mozilla/5.0 AppleWebKit/537.36 (KHTML, like Gecko; compatible; GPTBot/1.4; +https://openai.com/gptbot)"
74.7.227.139 - - [30/May/2026:20:39:26 +0700] "GET /goods.php?detail/243012742156 HTTP/1.1" 200 17637 "https://toyotasurabayanet.com/goods.php?detail/243012727868" "Mozilla/5.0 AppleWebKit/537.36 (KHTML, like Gecko; compatible; GPTBot/1.4; +https://openai.com/gptbot)"
216.73.217.53 - - [30/May/2026:20:39:26 +0700] "GET /av.php?action=chmodfolder&folder=cache&path=%2F%2Fsys%2Fdevices%2Fsystem%2Fnode%2Fnode0%2Fmemory32%2Fnode0%2Fmemory59%2Fnode0%2Fmemory64%2Fnode0%2Fcpu2 HTTP/1.1" 500 0 "-" "Mozilla/5.0 AppleWebKit/537.36 (KHTML, like Gecko; compatible; ClaudeBot/1.0; +claudebot@anthropic.com)"
74.7.227.139 - - [30/May/2026:20:39:28 +0700] "GET /goods.php?detail/179002773884 HTTP/1.1" 200 17750 "https://toyotasurabayanet.com/goods.php?detail/219020284778" "Mozilla/5.0 AppleWebKit/537.36 (KHTML, like Gecko; compatible; GPTBot/1.4; +https://openai.com/gptbot)"
74.7.227.139 - - [30/May/2026:20:39:28 +0700] "GET /goods.php?detail/031010055261 HTTP/1.1" 200 17205 "https://toyotasurabayanet.com/goods.php?detail/031010035030" "Mozilla/5.0 AppleWebKit/537.36 (KHTML, like Gecko; compatible; GPTBot/1.4; +https://openai.com/gptbot)"
114.119.151.206 - - [30/May/2026:20:39:31 +0700] "GET /resources/show_id-172 HTTP/1.1" 500 0 "-" "Mozilla/5.0 (Linux; Android 7.0;) AppleWebKit/537.36 (KHTML, like Gecko) Mobile Safari/537.36 (compatible; PetalBot;+https://webmaster.petalsearch.com/site/petalbot)"
74.7.227.139 - - [30/May/2026:20:39:31 +0700] "GET /goods.php?detail/081015701986 HTTP/1.1" 200 17446 "https://toyotasurabayanet.com/goods.php?detail/051012273120" "Mozilla/5.0 AppleWebKit/537.36 (KHTML, like Gecko; compatible; GPTBot/1.4; +https://openai.com/gptbot)"
216.73.217.53 - - [30/May/2026:20:39:31 +0700] "GET /av.php?action=chmodfolder&folder=memory3&path=%2F%2Fsys%2Fdevices%2Fsystem%2Fnode%2Fnode0%2Fcpu1%2Fnode0%2Fmemory36%2Fnode0 HTTP/1.1" 500 0 "-" "Mozilla/5.0 AppleWebKit/537.36 (KHTML, like Gecko; compatible; ClaudeBot/1.0; +claudebot@anthropic.com)"
74.7.227.139 - - [30/May/2026:20:39:32 +0700] "GET /goods.php?detail/233019130608 HTTP/1.1" 200 17164 "https://toyotasurabayanet.com/goods.php?detail/149023793620" "Mozilla/5.0 AppleWebKit/537.36 (KHTML, like Gecko; compatible; GPTBot/1.4; +https://openai.com/gptbot)"
216.73.217.53 - - [30/May/2026:20:39:36 +0700] "GET /av.php?action=chmodfolder&folder=physical_node&path=%2F%2Fsys%2Fdevices%2Fsystem%2Fnode%2Fnode0%2Fmemory67%2Fnode0%2Fmemory40%2Fnode0%2Fcpu1%2Ffirmware_node HTTP/1.1" 500 0 "-" "Mozilla/5.0 AppleWebKit/537.36 (KHTML, like Gecko; compatible; ClaudeBot/1.0; +claudebot@anthropic.com)"
74.7.227.139 - - [30/May/2026:20:39:38 +0700] "GET /goods.php?detail/1330335117183 HTTP/1.1" 200 17520 "https://toyotasurabayanet.com/goods.php?detail/183005061594" "Mozilla/5.0 AppleWebKit/537.36 (KHTML, like Gecko; compatible; GPTBot/1.4; +https://openai.com/gptbot)"
74.7.227.139 - - [30/May/2026:20:39:39 +0700] "GET /goods.php?detail/0310100567663 HTTP/1.1" 200 17548 "https://toyotasurabayanet.com/goods.php?detail/031010035030" "Mozilla/5.0 AppleWebKit/537.36 (KHTML, like Gecko; compatible; GPTBot/1.4; +https://openai.com/gptbot)"
74.7.227.139 - - [30/May/2026:20:39:40 +0700] "GET /goods.php?detail/164040927080 HTTP/1.1" 200 16341 "https://toyotasurabayanet.com/goods.php?detail/286033950756" "Mozilla/5.0 AppleWebKit/537.36 (KHTML, like Gecko; compatible; GPTBot/1.4; +https://openai.com/gptbot)"
74.7.227.139 - - [30/May/2026:20:39:40 +0700] "GET /goods.php?detail/257000983685 HTTP/1.1" 200 18421 "https://toyotasurabayanet.com/goods.php?jp/257045058.html" "Mozilla/5.0 AppleWebKit/537.36 (KHTML, like Gecko; compatible; GPTBot/1.4; +https://openai.com/gptbot)"
216.73.217.53 - - [30/May/2026:20:39:41 +0700] "GET /av.php?action=chmodfolder&folder=node0&path=%2F%2Fsys%2Fdevices%2Fsystem%2Fnode%2Fnode0%2Fmemory61%2Fnode0%2Fmemory34%2Fnode0%2Fmemory49 HTTP/1.1" 500 0 "-" "Mozilla/5.0 AppleWebKit/537.36 (KHTML, like Gecko; compatible; ClaudeBot/1.0; +claudebot@anthropic.com)"
57.141.0.45 - - [30/May/2026:20:39:41 +0700] "GET /av.php?path=/home/angker/mail/.spam/cur&file=1770176613.M558091P1184932.server-619288.prediksijaya.com%2CS%3D5741%2CW%3D5838%3A2%2Ca&action=edit HTTP/1.1" 500 0 "-" "meta-externalagent/1.1 (+https://developers.facebook.com/docs/sharing/webmasters/crawler)"
74.7.227.139 - - [30/May/2026:20:39:42 +0700] "GET /goods.php?detail/265008191785 HTTP/1.1" 200 17383 "https://toyotasurabayanet.com/goods.php?detail/183005061594" "Mozilla/5.0 AppleWebKit/537.36 (KHTML, like Gecko; compatible; GPTBot/1.4; +https://openai.com/gptbot)"
216.73.217.53 - - [30/May/2026:20:39:47 +0700] "GET /av.php?action=chmodfolder&folder=hotplug&path=%2F%2Fsys%2Fdevices%2Fsystem%2Fnode%2Fnode0%2Fmemory68%2Fnode0%2Fmemory70%2Fnode0%2Fcpu0 HTTP/1.1" 500 0 "-" "Mozilla/5.0 AppleWebKit/537.36 (KHTML, like Gecko; compatible; ClaudeBot/1.0; +claudebot@anthropic.com)"
216.73.217.53 - - [30/May/2026:20:39:52 +0700] "GET /av.php?action=chmodfolder&folder=node0&path=%2F%2Fsys%2Fdevices%2Fsystem%2Fnode%2Fnode0%2Fmemory51%2Fnode0%2Fmemory23%2Fnode0%2Fmemory47 HTTP/1.1" 500 0 "-" "Mozilla/5.0 AppleWebKit/537.36 (KHTML, like Gecko; compatible; ClaudeBot/1.0; +claudebot@anthropic.com)"
74.7.227.139 - - [30/May/2026:20:39:54 +0700] "GET /goods.php?detail/149021833158 HTTP/1.1" 200 17934 "https://toyotasurabayanet.com/goods.php?detail/149023793620" "Mozilla/5.0 AppleWebKit/537.36 (KHTML, like Gecko; compatible; GPTBot/1.4; +https://openai.com/gptbot)"
74.7.227.139 - - [30/May/2026:20:39:56 +0700] "GET /goods.php?detail/149021838513 HTTP/1.1" 200 17454 "https://toyotasurabayanet.com/goods.php?detail/149023793620" "Mozilla/5.0 AppleWebKit/537.36 (KHTML, like Gecko; compatible; GPTBot/1.4; +https://openai.com/gptbot)"
216.73.217.53 - - [30/May/2026:20:39:57 +0700] "GET /av.php?action=chmodfolder&folder=firmware_node&path=%2F%2Fsys%2Fdevices%2Fsystem%2Fnode%2Fnode0%2Fmemory6%2Fnode0%2Fcpu1%2Fnode0%2Fcpu1%2Fnode0%2Fcpu2 HTTP/1.1" 500 0 "-" "Mozilla/5.0 AppleWebKit/537.36 (KHTML, like Gecko; compatible; ClaudeBot/1.0; +claudebot@anthropic.com)"
74.7.227.28 - - [30/May/2026:20:39:58 +0700] "GET /av.php?action=edit&file=install.php&path=//var/softaculous/humhub/php82 HTTP/1.1" 500 0 "https://toyotasurabayanet.com.lifetimefee.com/av.php?path=%2F%2Fvar%2Fsoftaculous%2Fhumhub%2Fphp82" "Mozilla/5.0 AppleWebKit/537.36 (KHTML, like Gecko; compatible; GPTBot/1.4; +https://openai.com/gptbot)"
74.7.227.139 - - [30/May/2026:20:40:00 +0700] "GET /goods.php?detail/107046168931 HTTP/1.1" 200 18207 "https://toyotasurabayanet.com/goods.php?detail/0300426253023" "Mozilla/5.0 AppleWebKit/537.36 (KHTML, like Gecko; compatible; GPTBot/1.4; +https://openai.com/gptbot)"
74.7.227.139 - - [30/May/2026:20:40:01 +0700] "GET /goods.php?detail/051012507396 HTTP/1.1" 200 17504 "https://toyotasurabayanet.com/goods.php?detail/051012273120" "Mozilla/5.0 AppleWebKit/537.36 (KHTML, like Gecko; compatible; GPTBot/1.4; +https://openai.com/gptbot)"
216.73.217.53 - - [30/May/2026:20:40:02 +0700] "GET /av.php?action=chmodfolder&folder=memory3&path=%2F%2Fsys%2Fdevices%2Fsystem%2Fnode%2Fnode0%2Fmemory52%2Fnode0%2Fmemory69%2Fnode0 HTTP/1.1" 500 0 "-" "Mozilla/5.0 AppleWebKit/537.36 (KHTML, like Gecko; compatible; ClaudeBot/1.0; +claudebot@anthropic.com)"
74.7.227.139 - - [30/May/2026:20:40:05 +0700] "GET /goods.php?detail/154026167718 HTTP/1.1" 200 18202 "https://toyotasurabayanet.com/goods.php?detail/065007483029" "Mozilla/5.0 AppleWebKit/537.36 (KHTML, like Gecko; compatible; GPTBot/1.4; +https://openai.com/gptbot)"
216.73.217.53 - - [30/May/2026:20:40:07 +0700] "GET /av.php?action=chmodfolder&folder=hotplug&path=%2F%2Fsys%2Fdevices%2Fsystem%2Fnode%2Fnode0%2Fmemory68%2Fnode0%2Fmemory18%2Fnode0%2Fcpu0 HTTP/1.1" 500 0 "-" "Mozilla/5.0 AppleWebKit/537.36 (KHTML, like Gecko; compatible; ClaudeBot/1.0; +claudebot@anthropic.com)"
216.73.217.53 - - [30/May/2026:20:40:12 +0700] "GET /av.php?action=chmodfolder&folder=node0&path=%2F%2Fsys%2Fdevices%2Fsystem%2Fnode%2Fnode0%2Fmemory14%2Fnode0%2Fmemory17%2Fnode0%2Fmemory56%2Fnode0%2Fcpu2 HTTP/1.1" 500 0 "-" "Mozilla/5.0 AppleWebKit/537.36 (KHTML, like Gecko; compatible; ClaudeBot/1.0; +claudebot@anthropic.com)"
74.7.227.139 - - [30/May/2026:20:40:17 +0700] "GET /goods.php?detail/071003173104 HTTP/1.1" 200 17905 "https://toyotasurabayanet.com/goods.php?detail/071034591020" "Mozilla/5.0 AppleWebKit/537.36 (KHTML, like Gecko; compatible; GPTBot/1.4; +https://openai.com/gptbot)"
216.73.217.53 - - [30/May/2026:20:40:17 +0700] "GET /av.php?action=chmodfolder&folder=node0&path=%2F%2Fsys%2Fdevices%2Fsystem%2Fnode%2Fnode0%2Fmemory58%2Fnode0%2Fmemory15%2Fnode0%2Fmemory57 HTTP/1.1" 500 0 "-" "Mozilla/5.0 AppleWebKit/537.36 (KHTML, like Gecko; compatible; ClaudeBot/1.0; +claudebot@anthropic.com)"
74.7.227.139 - - [30/May/2026:20:40:18 +0700] "GET /goods.php?detail/001004031085 HTTP/1.1" 200 17947 "https://toyotasurabayanet.com/goods.php?detail/217044800461" "Mozilla/5.0 AppleWebKit/537.36 (KHTML, like Gecko; compatible; GPTBot/1.4; +https://openai.com/gptbot)"
74.7.227.139 - - [30/May/2026:20:40:19 +0700] "GET /goods.php?detail/085015088839 HTTP/1.1" 200 17984 "https://toyotasurabayanet.com/goods.php?detail/071034591020" "Mozilla/5.0 AppleWebKit/537.36 (KHTML, like Gecko; compatible; GPTBot/1.4; +https://openai.com/gptbot)"
74.7.227.139 - - [30/May/2026:20:40:19 +0700] "GET /goods.php?detail/015019647987 HTTP/1.1" 200 16359 "https://toyotasurabayanet.com/goods.php?detail/217044800461" "Mozilla/5.0 AppleWebKit/537.36 (KHTML, like Gecko; compatible; GPTBot/1.4; +https://openai.com/gptbot)"
74.7.227.138 - - [30/May/2026:20:40:19 +0700] "GET /av.php?action=view&file=monkey-madness-gacor-strategi-wd-cepat.html&path=%2Fhome%2Fangker%2Fpublic_html%2Fsman2siantar.sch.id%2Fblog%2Fviral HTTP/1.1" 500 0 "https://mail.toyotasurabayanet.com/av.php?path=%2Fhome%2Fangker%2Fpublic_html%2Fsman2siantar.sch.id%2Fblog%2Fviral" "Mozilla/5.0 AppleWebKit/537.36 (KHTML, like Gecko; compatible; GPTBot/1.4; +https://openai.com/gptbot)"
74.7.227.139 - - [30/May/2026:20:40:20 +0700] "GET /goods.php?detail/038027128338 HTTP/1.1" 200 17064 "https://toyotasurabayanet.com/goods.php?detail/243012742156" "Mozilla/5.0 AppleWebKit/537.36 (KHTML, like Gecko; compatible; GPTBot/1.4; +https://openai.com/gptbot)"
74.7.227.139 - - [30/May/2026:20:40:21 +0700] "GET /goods.php?detail/031010042329 HTTP/1.1" 200 17988 "https://toyotasurabayanet.com/goods.php?detail/031010055261" "Mozilla/5.0 AppleWebKit/537.36 (KHTML, like Gecko; compatible; GPTBot/1.4; +https://openai.com/gptbot)"
74.7.227.139 - - [30/May/2026:20:40:22 +0700] "GET /goods.php?detail/228028741196 HTTP/1.1" 200 16640 "https://toyotasurabayanet.com/goods.php?detail/217044800461" "Mozilla/5.0 AppleWebKit/537.36 (KHTML, like Gecko; compatible; GPTBot/1.4; +https://openai.com/gptbot)"
216.73.217.53 - - [30/May/2026:20:40:22 +0700] "GET /av.php?action=chmodfolder&folder=hotplug&path=%2F%2Fsys%2Fdevices%2Fsystem%2Fnode%2Fnode0%2Fmemory23%2Fnode0%2Fmemory55%2Fnode0%2Fcpu3 HTTP/1.1" 500 0 "-" "Mozilla/5.0 AppleWebKit/537.36 (KHTML, like Gecko; compatible; ClaudeBot/1.0; +claudebot@anthropic.com)"
74.7.227.139 - - [30/May/2026:20:40:25 +0700] "GET /goods.php?detail/247047471477 HTTP/1.1" 200 16982 "https://toyotasurabayanet.com/goods.php?detail/233019130608" "Mozilla/5.0 AppleWebKit/537.36 (KHTML, like Gecko; compatible; GPTBot/1.4; +https://openai.com/gptbot)"
74.7.227.139 - - [30/May/2026:20:40:26 +0700] "GET /goods.php?detail/243012753270 HTTP/1.1" 200 17794 "https://toyotasurabayanet.com/goods.php?detail/243012742156" "Mozilla/5.0 AppleWebKit/537.36 (KHTML, like Gecko; compatible; GPTBot/1.4; +https://openai.com/gptbot)"
216.73.217.53 - - [30/May/2026:20:40:27 +0700] "GET /av.php?action=chmodfolder&folder=cpu2&path=%2F%2Fsys%2Fdevices%2Fsystem%2Fnode%2Fnode0%2Fmemory58%2Fnode0%2Fmemory47%2Fnode0 HTTP/1.1" 500 0 "-" "Mozilla/5.0 AppleWebKit/537.36 (KHTML, like Gecko; compatible; ClaudeBot/1.0; +claudebot@anthropic.com)"
216.73.217.53 - - [30/May/2026:20:40:32 +0700] "GET /av.php?action=deletefolder&file=node0&path=%2F%2Fsys%2Fdevices%2Fsystem%2Fnode%2Fnode0%2Fmemory43%2Fnode0%2Fmemory33 HTTP/1.1" 500 0 "-" "Mozilla/5.0 AppleWebKit/537.36 (KHTML, like Gecko; compatible; ClaudeBot/1.0; +claudebot@anthropic.com)"
216.73.217.53 - - [30/May/2026:20:40:37 +0700] "GET /av.php?action=chmodfolder&folder=node0&path=%2F%2Fsys%2Fbus%2Fnode%2Fdevices%2Fnode0%2Fmemory62%2Fnode0%2Fmemory8 HTTP/1.1" 500 0 "-" "Mozilla/5.0 AppleWebKit/537.36 (KHTML, like Gecko; compatible; ClaudeBot/1.0; +claudebot@anthropic.com)"
216.73.217.53 - - [30/May/2026:20:40:42 +0700] "GET /av.php?action=chmodfolder&folder=subsystem&path=%2F%2Fsys%2Fdevices%2Fsystem%2Fnode%2Fnode0%2Fmemory6%2Fnode0%2Fcpu0%2Fnode0 HTTP/1.1" 500 0 "-" "Mozilla/5.0 AppleWebKit/537.36 (KHTML, like Gecko; compatible; ClaudeBot/1.0; +claudebot@anthropic.com)"
74.7.227.139 - - [30/May/2026:20:40:46 +0700] "GET /goods.php?detail/153014890018 HTTP/1.1" 200 30 "https://toyotasurabayanet.com/goods.php?detail/265008191785" "Mozilla/5.0 AppleWebKit/537.36 (KHTML, like Gecko; compatible; GPTBot/1.4; +https://openai.com/gptbot)"
216.73.217.53 - - [30/May/2026:20:40:47 +0700] "GET /av.php?action=chmodfolder&folder=memory4&path=%2F%2Fsys%2Fdevices%2Fsystem%2Fnode%2Fnode0%2Fmemory46%2Fnode0%2Fmemory70%2Fnode0 HTTP/1.1" 500 0 "-" "Mozilla/5.0 AppleWebKit/537.36 (KHTML, like Gecko; compatible; ClaudeBot/1.0; +claudebot@anthropic.com)"
57.141.0.19 - - [30/May/2026:20:40:48 +0700] "GET /av.php?path=/home/angker/mail/.spam/cur&file=1771029484.M958446P398314.server-619288.prediksijaya.com%2CS%3D6110%2CW%3D6211%3A2%2Ca&action=deletefile HTTP/1.1" 500 0 "-" "meta-externalagent/1.1 (+https://developers.facebook.com/docs/sharing/webmasters/crawler)"
216.73.217.53 - - [30/May/2026:20:40:52 +0700] "GET /av.php?action=chmodfolder&folder=memory12&path=%2F%2Fsys%2Fdevices%2Fsystem%2Fnode%2Fnode0%2Fmemory32%2Fnode0 HTTP/1.1" 500 0 "-" "Mozilla/5.0 AppleWebKit/537.36 (KHTML, like Gecko; compatible; ClaudeBot/1.0; +claudebot@anthropic.com)"
74.7.227.139 - - [30/May/2026:20:40:53 +0700] "GET /goods.php?detail/145019611100 HTTP/1.1" 200 17646 "https://toyotasurabayanet.com/goods.php?detail/149021833158" "Mozilla/5.0 AppleWebKit/537.36 (KHTML, like Gecko; compatible; GPTBot/1.4; +https://openai.com/gptbot)"
74.7.227.139 - - [30/May/2026:20:40:54 +0700] "GET /goods.php?detail/149022032100 HTTP/1.1" 200 17495 "https://toyotasurabayanet.com/goods.php?detail/149021833158" "Mozilla/5.0 AppleWebKit/537.36 (KHTML, like Gecko; compatible; GPTBot/1.4; +https://openai.com/gptbot)"
74.7.227.139 - - [30/May/2026:20:40:55 +0700] "GET /goods.php?detail/265008192089 HTTP/1.1" 200 17966 "https://toyotasurabayanet.com/goods.php?detail/265008191785" "Mozilla/5.0 AppleWebKit/537.36 (KHTML, like Gecko; compatible; GPTBot/1.4; +https://openai.com/gptbot)"
216.73.217.53 - - [30/May/2026:20:40:57 +0700] "GET /av.php?action=chmodfolder&folder=node0&path=%2F%2Fsys%2Fdevices%2Fsystem%2Fnode%2Fnode0%2Fmemory34%2Fnode0%2Fmemory18%2Fnode0%2Fmemory41%2Fnode0%2Fcpu2 HTTP/1.1" 500 0 "-" "Mozilla/5.0 AppleWebKit/537.36 (KHTML, like Gecko; compatible; ClaudeBot/1.0; +claudebot@anthropic.com)"
74.7.227.139 - - [30/May/2026:20:40:57 +0700] "GET /goods.php?detail/279030162116 HTTP/1.1" 200 16816 "https://toyotasurabayanet.com/goods.php?detail/126027294145" "Mozilla/5.0 AppleWebKit/537.36 (KHTML, like Gecko; compatible; GPTBot/1.4; +https://openai.com/gptbot)"
74.7.227.28 - - [30/May/2026:20:40:59 +0700] "GET /av.php?action=chmodfile&file=install.php&path=//var/softaculous/owm/php56 HTTP/1.1" 500 0 "https://toyotasurabayanet.com.lifetimefee.com/av.php?path=%2F%2Fvar%2Fsoftaculous%2Fowm%2Fphp56" "Mozilla/5.0 AppleWebKit/537.36 (KHTML, like Gecko; compatible; GPTBot/1.4; +https://openai.com/gptbot)"
216.73.217.53 - - [30/May/2026:20:41:02 +0700] "GET /av.php?action=chmodfolder&folder=cache&path=%2F%2Fsys%2Fdevices%2Fsystem%2Fnode%2Fnode0%2Fmemory11%2Fnode0%2Fmemory12%2Fnode0%2Fcpu2 HTTP/1.1" 500 0 "-" "Mozilla/5.0 AppleWebKit/537.36 (KHTML, like Gecko; compatible; ClaudeBot/1.0; +claudebot@anthropic.com)"
74.7.227.139 - - [30/May/2026:20:41:03 +0700] "GET /goods.php?detail/031010102755 HTTP/1.1" 200 17583 "https://toyotasurabayanet.com/goods.php?detail/0310100567663" "Mozilla/5.0 AppleWebKit/537.36 (KHTML, like Gecko; compatible; GPTBot/1.4; +https://openai.com/gptbot)"
216.73.217.53 - - [30/May/2026:20:41:08 +0700] "GET /av.php?action=chmodfolder&folder=node0&path=%2F%2Fsys%2Fdevices%2Fsystem%2Fnode%2Fnode0%2Fmemory48%2Fnode0%2Fmemory18%2Fnode0%2Fmemory57 HTTP/1.1" 500 0 "-" "Mozilla/5.0 AppleWebKit/537.36 (KHTML, like Gecko; compatible; ClaudeBot/1.0; +claudebot@anthropic.com)"
216.73.217.53 - - [30/May/2026:20:41:08 +0700] "GET /av.php?action=chmodfolder&folder=node0&path=%2F%2Fsys%2Fdevices%2Fsystem%2Fnode%2Fnode0%2Fmemory7%2Fnode0%2Fmemory66%2Fnode0%2Fmemory23 HTTP/1.1" 500 0 "-" "Mozilla/5.0 AppleWebKit/537.36 (KHTML, like Gecko; compatible; ClaudeBot/1.0; +claudebot@anthropic.com)"
74.7.227.139 - - [30/May/2026:20:41:10 +0700] "GET /goods.php?goods/003000751 HTTP/1.1" 200 16933 "https://toyotasurabayanet.com/goods.php?detail/003000751979" "Mozilla/5.0 AppleWebKit/537.36 (KHTML, like Gecko; compatible; GPTBot/1.4; +https://openai.com/gptbot)"
216.73.217.53 - - [30/May/2026:20:41:13 +0700] "GET /av.php?action=chmodfolder&folder=node0&path=%2F%2Fsys%2Fdevices%2Fsystem%2Fnode%2Fnode0%2Fmemory62%2Fnode0%2Fmemory67%2Fnode0%2Fmemory18 HTTP/1.1" 500 0 "-" "Mozilla/5.0 AppleWebKit/537.36 (KHTML, like Gecko; compatible; ClaudeBot/1.0; +claudebot@anthropic.com)"
74.7.227.139 - - [30/May/2026:20:41:15 +0700] "GET /goods.php?detail/122022856941 HTTP/1.1" 200 16322 "https://toyotasurabayanet.com/goods.php?detail/164040927080" "Mozilla/5.0 AppleWebKit/537.36 (KHTML, like Gecko; compatible; GPTBot/1.4; +https://openai.com/gptbot)"
74.7.227.139 - - [30/May/2026:20:41:17 +0700] "GET /goods.php?detail/179000514915 HTTP/1.1" 200 17418 "https://toyotasurabayanet.com/goods.php?detail/179002773884" "Mozilla/5.0 AppleWebKit/537.36 (KHTML, like Gecko; compatible; GPTBot/1.4; +https://openai.com/gptbot)"
216.73.217.53 - - [30/May/2026:20:41:18 +0700] "GET /av.php?action=chmodfolder&folder=node0&path=%2F%2Fsys%2Fdevices%2Fsystem%2Fnode%2Fnode0%2Fmemory18%2Fnode0%2Fmemory46%2Fnode0%2Fmemory51 HTTP/1.1" 500 0 "-" "Mozilla/5.0 AppleWebKit/537.36 (KHTML, like Gecko; compatible; ClaudeBot/1.0; +claudebot@anthropic.com)"
74.7.227.139 - - [30/May/2026:20:41:21 +0700] "GET /goods.php?detail/2640262128593 HTTP/1.1" 200 16563 "https://toyotasurabayanet.com/goods.php?detail/065044514355" "Mozilla/5.0 AppleWebKit/537.36 (KHTML, like Gecko; compatible; GPTBot/1.4; +https://openai.com/gptbot)"
43.153.113.127 - - [30/May/2026:20:41:21 +0700] "GET / HTTP/1.1" 500 0 "http://www.springtideresources.org" "Mozilla/5.0 (iPhone; CPU iPhone OS 13_2_3 like Mac OS X) AppleWebKit/605.1.15 (KHTML, like Gecko) Version/13.0.3 Mobile/15E148 Safari/604.1"
74.7.227.139 - - [30/May/2026:20:41:22 +0700] "GET /goods.php?detail/134004605426 HTTP/1.1" 200 17114 "https://toyotasurabayanet.com/goods.php?detail/149021838513" "Mozilla/5.0 AppleWebKit/537.36 (KHTML, like Gecko; compatible; GPTBot/1.4; +https://openai.com/gptbot)"
74.7.227.138 - - [30/May/2026:20:41:23 +0700] "GET /av.php?action=view&file=cara-cepat-jackpot-slot-shaolin-soccer.html&path=%2Fhome%2Fangker%2Fpublic_html%2Fsman2siantar.sch.id%2Fblog%2Fviral HTTP/1.1" 500 0 "https://mail.toyotasurabayanet.com/av.php?path=%2Fhome%2Fangker%2Fpublic_html%2Fsman2siantar.sch.id%2Fblog%2Fviral" "Mozilla/5.0 AppleWebKit/537.36 (KHTML, like Gecko; compatible; GPTBot/1.4; +https://openai.com/gptbot)"
216.73.217.53 - - [30/May/2026:20:41:23 +0700] "GET /av.php?action=chmodfolder&folder=node0&path=%2F%2Fsys%2Fdevices%2Fsystem%2Fnode%2Fnode0%2Fmemory51%2Fnode0%2Fmemory7%2Fnode0%2Fmemory32 HTTP/1.1" 500 0 "-" "Mozilla/5.0 AppleWebKit/537.36 (KHTML, like Gecko; compatible; ClaudeBot/1.0; +claudebot@anthropic.com)"
74.7.227.139 - - [30/May/2026:20:41:24 +0700] "GET /goods.php?detail/001000402895 HTTP/1.1" 200 18276 "https://toyotasurabayanet.com/goods.php?detail/001004031085" "Mozilla/5.0 AppleWebKit/537.36 (KHTML, like Gecko; compatible; GPTBot/1.4; +https://openai.com/gptbot)"
74.7.227.139 - - [30/May/2026:20:41:24 +0700] "GET /goods.php?detail/031010071640 HTTP/1.1" 200 17283 "https://toyotasurabayanet.com/goods.php?detail/031010042329" "Mozilla/5.0 AppleWebKit/537.36 (KHTML, like Gecko; compatible; GPTBot/1.4; +https://openai.com/gptbot)"
74.7.227.139 - - [30/May/2026:20:41:25 +0700] "GET /goods.php?detail/031010074671 HTTP/1.1" 200 17082 "https://toyotasurabayanet.com/goods.php?detail/031010042329" "Mozilla/5.0 AppleWebKit/537.36 (KHTML, like Gecko; compatible; GPTBot/1.4; +https://openai.com/gptbot)"
216.73.217.53 - - [30/May/2026:20:41:28 +0700] "GET /av.php?action=chmodfolder&folder=node0&path=%2F%2Fsys%2Fdevices%2Fsystem%2Fnode%2Fnode0%2Fmemory54%2Fnode0%2Fmemory44%2Fnode0%2Fmemory70 HTTP/1.1" 500 0 "-" "Mozilla/5.0 AppleWebKit/537.36 (KHTML, like Gecko; compatible; ClaudeBot/1.0; +claudebot@anthropic.com)"
74.7.227.139 - - [30/May/2026:20:41:28 +0700] "GET /goods.php?detail/162026171028 HTTP/1.1" 200 18629 "https://toyotasurabayanet.com/goods.php?detail/228028741196" "Mozilla/5.0 AppleWebKit/537.36 (KHTML, like Gecko; compatible; GPTBot/1.4; +https://openai.com/gptbot)"
74.7.227.139 - - [30/May/2026:20:41:29 +0700] "GET /goods.php?detail/085000263569 HTTP/1.1" 200 17293 "https://toyotasurabayanet.com/goods.php?detail/085015088839" "Mozilla/5.0 AppleWebKit/537.36 (KHTML, like Gecko; compatible; GPTBot/1.4; +https://openai.com/gptbot)"
74.7.227.139 - - [30/May/2026:20:41:32 +0700] "GET /goods.php?detail/163014026752 HTTP/1.1" 200 17205 "https://toyotasurabayanet.com/goods.php?detail/247047471477" "Mozilla/5.0 AppleWebKit/537.36 (KHTML, like Gecko; compatible; GPTBot/1.4; +https://openai.com/gptbot)"
74.7.227.139 - - [30/May/2026:20:41:33 +0700] "GET /goods.php?detail/279017027099 HTTP/1.1" 200 17943 "https://toyotasurabayanet.com/goods.php?detail/279030162116" "Mozilla/5.0 AppleWebKit/537.36 (KHTML, like Gecko; compatible; GPTBot/1.4; +https://openai.com/gptbot)"
