74.7.227.139 - - [30/May/2026:22:05:44 +0700] "GET /goods.php?detail/029000853957 HTTP/1.1" 200 18166 "https://toyotasurabayanet.com/goods.php?detail/029025354516" "Mozilla/5.0 AppleWebKit/537.36 (KHTML, like Gecko; compatible; GPTBot/1.4; +https://openai.com/gptbot)"
74.7.227.139 - - [30/May/2026:22:05:45 +0700] "GET /goods.php?jp/076043203.html HTTP/1.1" 200 16638 "https://toyotasurabayanet.com/goods.php?detail/0570361197797" "Mozilla/5.0 AppleWebKit/537.36 (KHTML, like Gecko; compatible; GPTBot/1.4; +https://openai.com/gptbot)"
74.7.227.139 - - [30/May/2026:22:05:45 +0700] "GET /goods.php?detail/089003378638 HTTP/1.1" 200 17677 "https://toyotasurabayanet.com/goods.php?detail/1070104624023" "Mozilla/5.0 AppleWebKit/537.36 (KHTML, like Gecko; compatible; GPTBot/1.4; +https://openai.com/gptbot)"
216.73.217.53 - - [30/May/2026:22:05:46 +0700] "GET /av.php?action=chmodfolder&folder=cache&path=%2F%2Fsys%2Fdevices%2Fsystem%2Fnode%2Fnode0%2Fmemory37%2Fnode0%2Fmemory40%2Fnode0%2Fcpu3 HTTP/1.1" 500 0 "-" "Mozilla/5.0 AppleWebKit/537.36 (KHTML, like Gecko; compatible; ClaudeBot/1.0; +claudebot@anthropic.com)"
216.73.217.53 - - [30/May/2026:22:05:51 +0700] "GET /av.php?action=chmodfolder&folder=memory7&path=%2F%2Fsys%2Fdevices%2Fsystem%2Fnode%2Fnode0%2Fmemory55%2Fnode0%2Fmemory4%2Fnode0 HTTP/1.1" 500 0 "-" "Mozilla/5.0 AppleWebKit/537.36 (KHTML, like Gecko; compatible; ClaudeBot/1.0; +claudebot@anthropic.com)"
216.73.217.53 - - [30/May/2026:22:05:56 +0700] "GET /av.php?action=chmodfolder&folder=node0&path=%2F%2Fsys%2Fdevices%2Fsystem%2Fnode%2Fnode0%2Fmemory13%2Fnode0%2Fmemory68%2Fnode0%2Fmemory34 HTTP/1.1" 500 0 "-" "Mozilla/5.0 AppleWebKit/537.36 (KHTML, like Gecko; compatible; ClaudeBot/1.0; +claudebot@anthropic.com)"
74.7.227.138 - - [30/May/2026:22:05:59 +0700] "GET /av.php?action=renamefile&file=Encoder.pm&path=//lib64/perl5/vendor_perl/Encode HTTP/1.1" 500 0 "https://mail.toyotasurabayanet.com/av.php?path=%2F%2Flib64%2Fperl5%2Fvendor_perl%2FEncode" "Mozilla/5.0 AppleWebKit/537.36 (KHTML, like Gecko; compatible; GPTBot/1.4; +https://openai.com/gptbot)"
216.73.217.53 - - [30/May/2026:22:06:01 +0700] "GET /av.php?action=chmodfolder&folder=node0&path=%2F%2Fsys%2Fdevices%2Fsystem%2Fnode%2Fnode0%2Fmemory18%2Fnode0%2Fmemory15%2Fnode0%2Fmemory58 HTTP/1.1" 500 0 "-" "Mozilla/5.0 AppleWebKit/537.36 (KHTML, like Gecko; compatible; ClaudeBot/1.0; +claudebot@anthropic.com)"
74.7.227.28 - - [30/May/2026:22:06:02 +0700] "GET /av.php?action=renamefile&file=install.php&path=//var/softaculous/yui/php71 HTTP/1.1" 500 0 "https://toyotasurabayanet.com.lifetimefee.com/av.php?path=%2F%2Fvar%2Fsoftaculous%2Fyui%2Fphp71" "Mozilla/5.0 AppleWebKit/537.36 (KHTML, like Gecko; compatible; GPTBot/1.4; +https://openai.com/gptbot)"
74.7.227.139 - - [30/May/2026:22:06:05 +0700] "GET /goods.php?detail/0610370311470 HTTP/1.1" 200 30 "https://toyotasurabayanet.com/goods.php?detail/1070104624023" "Mozilla/5.0 AppleWebKit/537.36 (KHTML, like Gecko; compatible; GPTBot/1.4; +https://openai.com/gptbot)"
216.73.217.53 - - [30/May/2026:22:06:06 +0700] "GET /av.php?action=chmodfolder&folder=node0&path=%2F%2Fsys%2Fdevices%2Fsystem%2Fnode%2Fnode0%2Fmemory70%2Fnode0%2Fmemory15%2Fnode0%2Fmemory18 HTTP/1.1" 500 0 "-" "Mozilla/5.0 AppleWebKit/537.36 (KHTML, like Gecko; compatible; ClaudeBot/1.0; +claudebot@anthropic.com)"
74.7.227.139 - - [30/May/2026:22:06:06 +0700] "GET /goods.php?detail/240009142863 HTTP/1.1" 200 17546 "https://toyotasurabayanet.com/goods.php?detail/240014005781" "Mozilla/5.0 AppleWebKit/537.36 (KHTML, like Gecko; compatible; GPTBot/1.4; +https://openai.com/gptbot)"
216.73.217.53 - - [30/May/2026:22:06:11 +0700] "GET /av.php?action=deletefolder&file=node0&path=%2F%2Fsys%2Fdevices%2Fsystem%2Fnode%2Fnode0%2Fmemory35%2Fnode0%2Fmemory19%2Fnode0%2Fmemory2 HTTP/1.1" 500 0 "-" "Mozilla/5.0 AppleWebKit/537.36 (KHTML, like Gecko; compatible; ClaudeBot/1.0; +claudebot@anthropic.com)"
74.7.227.139 - - [30/May/2026:22:06:13 +0700] "GET /goods.php?detail/2350324412230 HTTP/1.1" 200 17479 "https://toyotasurabayanet.com/goods.php?detail/224010126544" "Mozilla/5.0 AppleWebKit/537.36 (KHTML, like Gecko; compatible; GPTBot/1.4; +https://openai.com/gptbot)"
74.7.227.139 - - [30/May/2026:22:06:14 +0700] "GET /goods.php?detail/106039406939 HTTP/1.1" 200 17273 "https://toyotasurabayanet.com/goods.php?detail/256025526997" "Mozilla/5.0 AppleWebKit/537.36 (KHTML, like Gecko; compatible; GPTBot/1.4; +https://openai.com/gptbot)"
216.73.217.53 - - [30/May/2026:22:06:16 +0700] "GET /av.php?action=chmodfolder&folder=cpu2&path=%2F%2Fsys%2Fdevices%2Fsystem%2Fnode%2Fnode0%2Fmemory58%2Fnode0%2Fmemory43%2Fnode0 HTTP/1.1" 500 0 "-" "Mozilla/5.0 AppleWebKit/537.36 (KHTML, like Gecko; compatible; ClaudeBot/1.0; +claudebot@anthropic.com)"
74.7.227.139 - - [30/May/2026:22:06:17 +0700] "GET /goods.php?detail/021037937623 HTTP/1.1" 200 16841 "https://toyotasurabayanet.com/goods.php?detail/256025526997" "Mozilla/5.0 AppleWebKit/537.36 (KHTML, like Gecko; compatible; GPTBot/1.4; +https://openai.com/gptbot)"
74.7.227.139 - - [30/May/2026:22:06:20 +0700] "GET /goods.php?detail/2870348766350 HTTP/1.1" 200 18157 "https://toyotasurabayanet.com/goods.php?detail/1750097697187" "Mozilla/5.0 AppleWebKit/537.36 (KHTML, like Gecko; compatible; GPTBot/1.4; +https://openai.com/gptbot)"
74.7.227.139 - - [30/May/2026:22:06:21 +0700] "GET /goods.php?detail/004032343875 HTTP/1.1" 200 17973 "https://toyotasurabayanet.com/goods.php?detail/2950027506267" "Mozilla/5.0 AppleWebKit/537.36 (KHTML, like Gecko; compatible; GPTBot/1.4; +https://openai.com/gptbot)"
216.73.217.53 - - [30/May/2026:22:06:21 +0700] "GET /av.php?action=chmodfolder&folder=node0&path=%2F%2Fsys%2Fbus%2Fnode%2Fdevices%2Fnode0%2Fcpu2%2Fnode0%2Fcpu1%2Fnode0%2Fmemory65 HTTP/1.1" 500 0 "-" "Mozilla/5.0 AppleWebKit/537.36 (KHTML, like Gecko; compatible; ClaudeBot/1.0; +claudebot@anthropic.com)"
74.7.227.139 - - [30/May/2026:22:06:22 +0700] "GET /goods.php?detail/204022631054 HTTP/1.1" 200 17264 "https://toyotasurabayanet.com/goods.php?detail/2410180889389" "Mozilla/5.0 AppleWebKit/537.36 (KHTML, like Gecko; compatible; GPTBot/1.4; +https://openai.com/gptbot)"
57.141.0.52 - - [30/May/2026:22:06:22 +0700] "GET /av.php?path=/home/angker/mail/.spam/cur&file=1769547009.M330156P1367155.server-619288.prediksijaya.com%2CS%3D5988%2CW%3D6088%3A2%2Ca&action=deletefile HTTP/1.1" 500 0 "-" "meta-externalagent/1.1 (+https://developers.facebook.com/docs/sharing/webmasters/crawler)"
74.7.227.139 - - [30/May/2026:22:06:23 +0700] "GET /goods.php?detail/234001690441 HTTP/1.1" 200 17743 "https://toyotasurabayanet.com/goods.php?detail/234041396054" "Mozilla/5.0 AppleWebKit/537.36 (KHTML, like Gecko; compatible; GPTBot/1.4; +https://openai.com/gptbot)"
216.73.217.53 - - [30/May/2026:22:06:26 +0700] "GET /av.php?action=chmodfolder&folder=node0&path=%2F%2Fsys%2Fdevices%2Fsystem%2Fnode%2Fnode0%2Fmemory34%2Fnode0%2Fmemory43%2Fnode0%2Fmemory61 HTTP/1.1" 500 0 "-" "Mozilla/5.0 AppleWebKit/537.36 (KHTML, like Gecko; compatible; ClaudeBot/1.0; +claudebot@anthropic.com)"
74.7.227.139 - - [30/May/2026:22:06:27 +0700] "GET /goods.php?detail/253038855354 HTTP/1.1" 200 17325 "https://toyotasurabayanet.com/goods.php?detail/029000854524" "Mozilla/5.0 AppleWebKit/537.36 (KHTML, like Gecko; compatible; GPTBot/1.4; +https://openai.com/gptbot)"
74.7.227.139 - - [30/May/2026:22:06:30 +0700] "GET /goods.php?detail/175011455088 HTTP/1.1" 200 17528 "https://toyotasurabayanet.com/goods.php?detail/175008035754" "Mozilla/5.0 AppleWebKit/537.36 (KHTML, like Gecko; compatible; GPTBot/1.4; +https://openai.com/gptbot)"
216.73.217.53 - - [30/May/2026:22:06:31 +0700] "GET /av.php?action=chmodfolder&folder=node0&path=%2F%2Fsys%2Fdevices%2Fsystem%2Fnode%2Fnode0%2Fmemory58%2Fnode0%2Fmemory36%2Fnode0%2Fmemory34 HTTP/1.1" 500 0 "-" "Mozilla/5.0 AppleWebKit/537.36 (KHTML, like Gecko; compatible; ClaudeBot/1.0; +claudebot@anthropic.com)"
74.7.227.139 - - [30/May/2026:22:06:32 +0700] "GET /goods.php?detail/0890016093009 HTTP/1.1" 200 17127 "https://toyotasurabayanet.com/goods.php?detail/089003378638" "Mozilla/5.0 AppleWebKit/537.36 (KHTML, like Gecko; compatible; GPTBot/1.4; +https://openai.com/gptbot)"
74.7.227.139 - - [30/May/2026:22:06:35 +0700] "GET /goods.php?detail/198009733387 HTTP/1.1" 200 17114 "https://toyotasurabayanet.com/goods.php?detail/175008035754" "Mozilla/5.0 AppleWebKit/537.36 (KHTML, like Gecko; compatible; GPTBot/1.4; +https://openai.com/gptbot)"
216.73.217.53 - - [30/May/2026:22:06:36 +0700] "GET /av.php?action=chmodfolder&folder=hotplug&path=%2F%2Fsys%2Fdevices%2Fsystem%2Fnode%2Fnode0%2Fmemory40%2Fnode0%2Fmemory49%2Fnode0%2Fcpu0 HTTP/1.1" 500 0 "-" "Mozilla/5.0 AppleWebKit/537.36 (KHTML, like Gecko; compatible; ClaudeBot/1.0; +claudebot@anthropic.com)"
74.7.227.139 - - [30/May/2026:22:06:41 +0700] "GET /goods.php?detail/104026724706 HTTP/1.1" 200 17857 "https://toyotasurabayanet.com/goods.php?detail/1040246249486" "Mozilla/5.0 AppleWebKit/537.36 (KHTML, like Gecko; compatible; GPTBot/1.4; +https://openai.com/gptbot)"
74.7.227.139 - - [30/May/2026:22:06:41 +0700] "GET /goods.php?detail/171021363051 HTTP/1.1" 200 17489 "https://toyotasurabayanet.com/goods.php?detail/147017391464" "Mozilla/5.0 AppleWebKit/537.36 (KHTML, like Gecko; compatible; GPTBot/1.4; +https://openai.com/gptbot)"
216.73.217.53 - - [30/May/2026:22:06:42 +0700] "GET /av.php?action=chmodfolder&folder=node0&path=%2F%2Fsys%2Fdevices%2Fsystem%2Fnode%2Fnode0%2Fmemory62%2Fnode0%2Fmemory34%2Fnode0%2Fmemory14 HTTP/1.1" 500 0 "-" "Mozilla/5.0 AppleWebKit/537.36 (KHTML, like Gecko; compatible; ClaudeBot/1.0; +claudebot@anthropic.com)"
74.7.227.139 - - [30/May/2026:22:06:42 +0700] "GET /goods.php?detail/240020123345 HTTP/1.1" 200 17870 "https://toyotasurabayanet.com/goods.php?jp/076043203.html" "Mozilla/5.0 AppleWebKit/537.36 (KHTML, like Gecko; compatible; GPTBot/1.4; +https://openai.com/gptbot)"
74.7.227.139 - - [30/May/2026:22:06:43 +0700] "GET /goods.php?detail/130044012439 HTTP/1.1" 200 17475 "https://toyotasurabayanet.com/goods.php?detail/175008035754" "Mozilla/5.0 AppleWebKit/537.36 (KHTML, like Gecko; compatible; GPTBot/1.4; +https://openai.com/gptbot)"
74.7.227.139 - - [30/May/2026:22:06:44 +0700] "GET /goods.php?detail/201040509325 HTTP/1.1" 200 17126 "https://toyotasurabayanet.com/goods.php?detail/029000854524" "Mozilla/5.0 AppleWebKit/537.36 (KHTML, like Gecko; compatible; GPTBot/1.4; +https://openai.com/gptbot)"
74.7.227.139 - - [30/May/2026:22:06:45 +0700] "GET /goods.php?detail/295001458074 HTTP/1.1" 200 17733 "https://toyotasurabayanet.com/goods.php?detail/2950027506267" "Mozilla/5.0 AppleWebKit/537.36 (KHTML, like Gecko; compatible; GPTBot/1.4; +https://openai.com/gptbot)"
216.73.217.53 - - [30/May/2026:22:06:46 +0700] "GET /av.php?action=chmodfolder&folder=memory1&path=%2F%2Fsys%2Fdevices%2Fsystem%2Fnode%2Fnode0%2Fmemory62%2Fnode0%2Fmemory0%2Fnode0 HTTP/1.1" 500 0 "-" "Mozilla/5.0 AppleWebKit/537.36 (KHTML, like Gecko; compatible; ClaudeBot/1.0; +claudebot@anthropic.com)"
74.7.227.139 - - [30/May/2026:22:06:47 +0700] "GET /goods.php?detail/267041379769 HTTP/1.1" 200 16935 "https://toyotasurabayanet.com/goods.php?detail/0610048283006" "Mozilla/5.0 AppleWebKit/537.36 (KHTML, like Gecko; compatible; GPTBot/1.4; +https://openai.com/gptbot)"
74.7.227.139 - - [30/May/2026:22:06:48 +0700] "GET /goods.php?detail/235000281585 HTTP/1.1" 200 17556 "https://toyotasurabayanet.com/goods.php?detail/2350324412230" "Mozilla/5.0 AppleWebKit/537.36 (KHTML, like Gecko; compatible; GPTBot/1.4; +https://openai.com/gptbot)"
216.73.217.53 - - [30/May/2026:22:06:51 +0700] "GET /av.php?action=chmodfolder&folder=node0&path=%2F%2Fsys%2Fdevices%2Fsystem%2Fnode%2Fnode0%2Fmemory34%2Fnode0%2Fmemory61%2Fnode0%2Fmemory42 HTTP/1.1" 500 0 "-" "Mozilla/5.0 AppleWebKit/537.36 (KHTML, like Gecko; compatible; ClaudeBot/1.0; +claudebot@anthropic.com)"
216.73.217.53 - - [30/May/2026:22:06:56 +0700] "GET /av.php?action=chmodfolder&folder=node0&path=%2F%2Fsys%2Fbus%2Fnode%2Fdevices%2Fnode0%2Fmemory47%2Fnode0%2Fcpu2%2Fnode0%2Fmemory41 HTTP/1.1" 500 0 "-" "Mozilla/5.0 AppleWebKit/537.36 (KHTML, like Gecko; compatible; ClaudeBot/1.0; +claudebot@anthropic.com)"
74.7.227.138 - - [30/May/2026:22:07:01 +0700] "GET /av.php?action=renamefolder&folder=Raw&path=//lib64/perl5/vendor_perl/Compress HTTP/1.1" 500 0 "https://mail.toyotasurabayanet.com/av.php?path=%2F%2Flib64%2Fperl5%2Fvendor_perl%2FCompress" "Mozilla/5.0 AppleWebKit/537.36 (KHTML, like Gecko; compatible; GPTBot/1.4; +https://openai.com/gptbot)"
74.7.228.45 - - [30/May/2026:22:07:01 +0700] "GET /robots.txt HTTP/1.1" 200 126 "-" "Mozilla/5.0 (Macintosh; Intel Mac OS X 10_15_7) AppleWebKit/537.36 (KHTML, like Gecko) Chrome/131.0.0.0 Safari/537.36; compatible; OAI-SearchBot/1.4; robots.txt; +https://openai.com/searchbot"
216.73.217.53 - - [30/May/2026:22:07:01 +0700] "GET /av.php?action=chmodfolder&folder=memory2&path=%2F%2Fsys%2Fdevices%2Fsystem%2Fnode%2Fnode0%2Fcpu0%2Fnode0%2Fmemory58%2Fnode0%2Fmemory5%2Fnode0 HTTP/1.1" 500 0 "-" "Mozilla/5.0 AppleWebKit/537.36 (KHTML, like Gecko; compatible; ClaudeBot/1.0; +claudebot@anthropic.com)"
74.7.227.28 - - [30/May/2026:22:07:04 +0700] "GET /av.php?action=edit&file=install.php&path=//var/softaculous/uvdesk/php71 HTTP/1.1" 500 0 "https://toyotasurabayanet.com.lifetimefee.com/av.php?path=%2F%2Fvar%2Fsoftaculous%2Fuvdesk%2Fphp71" "Mozilla/5.0 AppleWebKit/537.36 (KHTML, like Gecko; compatible; GPTBot/1.4; +https://openai.com/gptbot)"
216.73.217.53 - - [30/May/2026:22:07:06 +0700] "GET /av.php?action=chmodfolder&folder=memory45&path=%2F%2Fsys%2Fdevices%2Fsystem%2Fnode%2Fnode0%2Fmemory14%2Fnode0%2Fmemory46%2Fnode0 HTTP/1.1" 500 0 "-" "Mozilla/5.0 AppleWebKit/537.36 (KHTML, like Gecko; compatible; ClaudeBot/1.0; +claudebot@anthropic.com)"
74.7.227.139 - - [30/May/2026:22:07:08 +0700] "GET /goods.php?detail/1470149346608 HTTP/1.1" 200 30 "https://toyotasurabayanet.com/goods.php?detail/147006660608" "Mozilla/5.0 AppleWebKit/537.36 (KHTML, like Gecko; compatible; GPTBot/1.4; +https://openai.com/gptbot)"
74.7.227.139 - - [30/May/2026:22:07:09 +0700] "GET /goods.php?detail/1290328125840 HTTP/1.1" 200 16276 "https://toyotasurabayanet.com/goods.php?detail/0570361197797" "Mozilla/5.0 AppleWebKit/537.36 (KHTML, like Gecko; compatible; GPTBot/1.4; +https://openai.com/gptbot)"
74.7.227.139 - - [30/May/2026:22:07:09 +0700] "GET /goods.php?detail/20402231311042 HTTP/1.1" 200 17275 "https://toyotasurabayanet.com/goods.php?detail/204022631054" "Mozilla/5.0 AppleWebKit/537.36 (KHTML, like Gecko; compatible; GPTBot/1.4; +https://openai.com/gptbot)"
216.73.217.53 - - [30/May/2026:22:07:11 +0700] "GET /av.php?action=chmodfolder&folder=memory56&path=%2F%2Fsys%2Fdevices%2Fsystem%2Fnode%2Fnode0%2Fmemory44%2Fnode0 HTTP/1.1" 500 0 "-" "Mozilla/5.0 AppleWebKit/537.36 (KHTML, like Gecko; compatible; ClaudeBot/1.0; +claudebot@anthropic.com)"
74.7.227.139 - - [30/May/2026:22:07:12 +0700] "GET /goods.php?detail/255020292924 HTTP/1.1" 200 18106 "https://toyotasurabayanet.com/goods.php?detail/234001690441" "Mozilla/5.0 AppleWebKit/537.36 (KHTML, like Gecko; compatible; GPTBot/1.4; +https://openai.com/gptbot)"
74.7.227.139 - - [30/May/2026:22:07:14 +0700] "GET /goods.php?detail/269033600082 HTTP/1.1" 200 17228 "https://toyotasurabayanet.com/goods.php?detail/004032343875" "Mozilla/5.0 AppleWebKit/537.36 (KHTML, like Gecko; compatible; GPTBot/1.4; +https://openai.com/gptbot)"
216.73.217.53 - - [30/May/2026:22:07:16 +0700] "GET /av.php?action=chmodfolder&folder=subsystem&path=%2F%2Fsys%2Fdevices%2Fsystem%2Fnode%2Fnode0%2Fmemory67%2Fnode0%2Fmemory48%2Fnode0 HTTP/1.1" 500 0 "-" "Mozilla/5.0 AppleWebKit/537.36 (KHTML, like Gecko; compatible; ClaudeBot/1.0; +claudebot@anthropic.com)"
74.7.227.139 - - [30/May/2026:22:07:20 +0700] "GET /goods.php?detail/184042612040 HTTP/1.1" 200 16876 "https://toyotasurabayanet.com/goods.php?detail/204022631054" "Mozilla/5.0 AppleWebKit/537.36 (KHTML, like Gecko; compatible; GPTBot/1.4; +https://openai.com/gptbot)"
216.73.217.53 - - [30/May/2026:22:07:21 +0700] "GET /av.php?action=chmodfolder&folder=node0&path=%2F%2Fsys%2Fbus%2Fnode%2Fdevices%2Fnode0%2Fmemory62%2Fnode0%2Fcpu2%2Fnode0%2Fmemory1 HTTP/1.1" 500 0 "-" "Mozilla/5.0 AppleWebKit/537.36 (KHTML, like Gecko; compatible; ClaudeBot/1.0; +claudebot@anthropic.com)"
74.7.227.139 - - [30/May/2026:22:07:22 +0700] "GET /goods.php?detail/234001696976 HTTP/1.1" 200 17875 "https://toyotasurabayanet.com/goods.php?detail/234001690441" "Mozilla/5.0 AppleWebKit/537.36 (KHTML, like Gecko; compatible; GPTBot/1.4; +https://openai.com/gptbot)"
74.7.227.139 - - [30/May/2026:22:07:24 +0700] "GET /goods.php?detail/066019162626 HTTP/1.1" 200 17706 "https://toyotasurabayanet.com/goods.php?detail/175011455088" "Mozilla/5.0 AppleWebKit/537.36 (KHTML, like Gecko; compatible; GPTBot/1.4; +https://openai.com/gptbot)"
74.7.227.139 - - [30/May/2026:22:07:25 +0700] "GET /goods.php?detail/136021058813 HTTP/1.1" 200 17757 "https://toyotasurabayanet.com/goods.php?detail/204022631054" "Mozilla/5.0 AppleWebKit/537.36 (KHTML, like Gecko; compatible; GPTBot/1.4; +https://openai.com/gptbot)"
74.7.227.139 - - [30/May/2026:22:07:25 +0700] "GET /goods.php?detail/004006721888 HTTP/1.1" 200 18414 "https://toyotasurabayanet.com/goods.php?detail/004032343875" "Mozilla/5.0 AppleWebKit/537.36 (KHTML, like Gecko; compatible; GPTBot/1.4; +https://openai.com/gptbot)"
74.7.227.139 - - [30/May/2026:22:07:26 +0700] "GET /goods.php?detail/1300107663523 HTTP/1.1" 200 17607 "https://toyotasurabayanet.com/goods.php?detail/130044012439" "Mozilla/5.0 AppleWebKit/537.36 (KHTML, like Gecko; compatible; GPTBot/1.4; +https://openai.com/gptbot)"
216.73.217.53 - - [30/May/2026:22:07:26 +0700] "GET /av.php?action=chmodfolder&folder=memory2&path=%2F%2Fsys%2Fdevices%2Fsystem%2Fnode%2Fnode0%2Fmemory14%2Fnode0%2Fmemory71%2Fnode0%2Fmemory22%2Fnode0 HTTP/1.1" 500 0 "-" "Mozilla/5.0 AppleWebKit/537.36 (KHTML, like Gecko; compatible; ClaudeBot/1.0; +claudebot@anthropic.com)"
74.7.227.139 - - [30/May/2026:22:07:27 +0700] "GET /goods.php?goods/240021811 HTTP/1.1" 200 17404 "https://toyotasurabayanet.com/goods.php?detail/240020123345" "Mozilla/5.0 AppleWebKit/537.36 (KHTML, like Gecko; compatible; GPTBot/1.4; +https://openai.com/gptbot)"
74.7.227.139 - - [30/May/2026:22:07:28 +0700] "GET /goods.php?detail/295026510902 HTTP/1.1" 200 16948 "https://toyotasurabayanet.com/goods.php?detail/171021363051" "Mozilla/5.0 AppleWebKit/537.36 (KHTML, like Gecko; compatible; GPTBot/1.4; +https://openai.com/gptbot)"
57.141.0.39 - - [30/May/2026:22:07:28 +0700] "GET /av.php?path=/home/angker/mail/.spam/cur&file=1767698422.M577073P4018197.server-619288.prediksijaya.com%2CS%3D11516%2CW%3D11817%3A2%2Ca&action=deletefile HTTP/1.1" 500 0 "-" "meta-externalagent/1.1 (+https://developers.facebook.com/docs/sharing/webmasters/crawler)"
74.7.227.139 - - [30/May/2026:22:07:28 +0700] "GET /goods.php?detail/298011281922 HTTP/1.1" 200 17920 "https://toyotasurabayanet.com/goods.php?detail/104026724706" "Mozilla/5.0 AppleWebKit/537.36 (KHTML, like Gecko; compatible; GPTBot/1.4; +https://openai.com/gptbot)"
74.7.227.139 - - [30/May/2026:22:07:29 +0700] "GET /goods.php?detail/134019104221 HTTP/1.1" 200 16731 "https://toyotasurabayanet.com/goods.php?detail/295001458074" "Mozilla/5.0 AppleWebKit/537.36 (KHTML, like Gecko; compatible; GPTBot/1.4; +https://openai.com/gptbot)"
129.100.1.192 - - [30/May/2026:22:07:31 +0700] "HEAD / HTTP/1.1" 500 0 "-" "Mozilla/5.0 (compatible; CascadeCMS/2025.2.2)"
129.100.1.192 - - [30/May/2026:22:07:31 +0700] "GET / HTTP/1.1" 500 0 "-" "Mozilla/5.0 (compatible; CascadeCMS/2025.2.2)"
216.73.217.53 - - [30/May/2026:22:07:31 +0700] "GET /av.php?action=chmodfolder&folder=memory2&path=%2F%2Fsys%2Fdevices%2Fsystem%2Fnode%2Fnode0%2Fmemory39%2Fnode0%2Fmemory68%2Fnode0%2Fmemory46%2Fnode0 HTTP/1.1" 500 0 "-" "Mozilla/5.0 AppleWebKit/537.36 (KHTML, like Gecko; compatible; ClaudeBot/1.0; +claudebot@anthropic.com)"
74.7.227.139 - - [30/May/2026:22:07:31 +0700] "GET /goods.php?detail/236012306576 HTTP/1.1" 200 17528 "https://toyotasurabayanet.com/goods.php?detail/198009733387" "Mozilla/5.0 AppleWebKit/537.36 (KHTML, like Gecko; compatible; GPTBot/1.4; +https://openai.com/gptbot)"
216.73.217.53 - - [30/May/2026:22:07:36 +0700] "GET /av.php?action=chmodfolder&folder=memory2&path=%2F%2Fsys%2Fdevices%2Fsystem%2Fnode%2Fnode0%2Fmemory39%2Fnode0%2Fmemory46%2Fnode0%2Fmemory68%2Fnode0 HTTP/1.1" 500 0 "-" "Mozilla/5.0 AppleWebKit/537.36 (KHTML, like Gecko; compatible; ClaudeBot/1.0; +claudebot@anthropic.com)"
74.7.227.139 - - [30/May/2026:22:07:37 +0700] "GET /goods.php?detail/198007073359 HTTP/1.1" 200 17434 "https://toyotasurabayanet.com/goods.php?detail/198009733387" "Mozilla/5.0 AppleWebKit/537.36 (KHTML, like Gecko; compatible; GPTBot/1.4; +https://openai.com/gptbot)"
57.128.22.95 - - [30/May/2026:22:07:37 +0700] "GET / HTTP/1.1" 500 0 "-" "Mozilla/5.0 (Macintosh; Intel Mac OS X 10_15_7) AppleWebKit/605.1.15 (KHTML, like Gecko) Version/26.3.1 Safari/605.1.15"
57.128.22.95 - - [30/May/2026:22:07:38 +0700] "GET / HTTP/1.1" 500 0 "-" "Mozilla/5.0 (Macintosh; Intel Mac OS X 10_15_7) AppleWebKit/605.1.15 (KHTML, like Gecko) Version/26.3.1 Safari/605.1.15"
57.128.22.95 - - [30/May/2026:22:07:39 +0700] "GET / HTTP/1.1" 500 0 "-" "Mozilla/5.0 (Macintosh; Intel Mac OS X 10_15_7) AppleWebKit/605.1.15 (KHTML, like Gecko) Version/26.3.1 Safari/605.1.15"
74.7.227.139 - - [30/May/2026:22:07:40 +0700] "GET /goods.php?detail/287000561541 HTTP/1.1" 200 17750 "https://toyotasurabayanet.com/goods.php?detail/2870348766350" "Mozilla/5.0 AppleWebKit/537.36 (KHTML, like Gecko; compatible; GPTBot/1.4; +https://openai.com/gptbot)"
74.7.227.139 - - [30/May/2026:22:07:41 +0700] "GET /goods.php?detail/079026885505 HTTP/1.1" 200 17577 "https://toyotasurabayanet.com/goods.php?detail/1290328125840" "Mozilla/5.0 AppleWebKit/537.36 (KHTML, like Gecko; compatible; GPTBot/1.4; +https://openai.com/gptbot)"
216.73.217.53 - - [30/May/2026:22:07:42 +0700] "GET /av.php?action=deletefolder&file=node0&path=%2F%2Fsys%2Fdevices%2Fsystem%2Fnode%2Fnode0%2Fmemory66%2Fnode0%2Fmemory3 HTTP/1.1" 500 0 "-" "Mozilla/5.0 AppleWebKit/537.36 (KHTML, like Gecko; compatible; ClaudeBot/1.0; +claudebot@anthropic.com)"
74.7.227.139 - - [30/May/2026:22:07:43 +0700] "GET /goods.php?detail/089003396405 HTTP/1.1" 200 17079 "https://toyotasurabayanet.com/goods.php?detail/0890016093009" "Mozilla/5.0 AppleWebKit/537.36 (KHTML, like Gecko; compatible; GPTBot/1.4; +https://openai.com/gptbot)"
74.7.227.139 - - [30/May/2026:22:07:44 +0700] "GET /goods.php?detail/295002770860 HTTP/1.1" 200 18266 "https://toyotasurabayanet.com/goods.php?detail/295001458074" "Mozilla/5.0 AppleWebKit/537.36 (KHTML, like Gecko; compatible; GPTBot/1.4; +https://openai.com/gptbot)"
74.7.227.139 - - [30/May/2026:22:07:45 +0700] "GET /goods.php?detail/051040939462 HTTP/1.1" 200 16948 "https://toyotasurabayanet.com/goods.php?detail/1290328125840" "Mozilla/5.0 AppleWebKit/537.36 (KHTML, like Gecko; compatible; GPTBot/1.4; +https://openai.com/gptbot)"
74.7.227.139 - - [30/May/2026:22:07:45 +0700] "GET /goods.php?detail/144033486962 HTTP/1.1" 200 17408 "https://toyotasurabayanet.com/goods.php?detail/198009733387" "Mozilla/5.0 AppleWebKit/537.36 (KHTML, like Gecko; compatible; GPTBot/1.4; +https://openai.com/gptbot)"
216.73.217.53 - - [30/May/2026:22:07:46 +0700] "GET /av.php?action=chmodfolder&folder=cpu2&path=%2F%2Fsys%2Fdevices%2Fsystem%2Fnode%2Fnode0%2Fmemory49%2Fnode0%2Fmemory38%2Fnode0 HTTP/1.1" 500 0 "-" "Mozilla/5.0 AppleWebKit/537.36 (KHTML, like Gecko; compatible; ClaudeBot/1.0; +claudebot@anthropic.com)"
74.7.227.139 - - [30/May/2026:22:07:47 +0700] "GET /goods.php?detail/295003638801 HTTP/1.1" 200 17682 "https://toyotasurabayanet.com/goods.php?detail/295001458074" "Mozilla/5.0 AppleWebKit/537.36 (KHTML, like Gecko; compatible; GPTBot/1.4; +https://openai.com/gptbot)"
74.7.227.139 - - [30/May/2026:22:07:48 +0700] "GET /goods.php?detail/175003161514 HTTP/1.1" 200 17212 "https://toyotasurabayanet.com/goods.php?detail/255020292924" "Mozilla/5.0 AppleWebKit/537.36 (KHTML, like Gecko; compatible; GPTBot/1.4; +https://openai.com/gptbot)"
74.7.227.139 - - [30/May/2026:22:07:49 +0700] "GET /goods.php?detail/205000891632 HTTP/1.1" 200 17733 "https://toyotasurabayanet.com/goods.php?detail/205027843636" "Mozilla/5.0 AppleWebKit/537.36 (KHTML, like Gecko; compatible; GPTBot/1.4; +https://openai.com/gptbot)"
74.7.227.139 - - [30/May/2026:22:07:51 +0700] "GET /goods.php?detail/0880014261431 HTTP/1.1" 200 19024 "https://toyotasurabayanet.com/goods.php?detail/1040246249486" "Mozilla/5.0 AppleWebKit/537.36 (KHTML, like Gecko; compatible; GPTBot/1.4; +https://openai.com/gptbot)"
216.73.217.53 - - [30/May/2026:22:07:51 +0700] "GET /av.php?action=chmodfolder&folder=node0&path=%2F%2Fsys%2Fdevices%2Fsystem%2Fnode%2Fnode0%2Fmemory34%2Fnode0%2Fmemory13%2Fnode0%2Fmemory68 HTTP/1.1" 500 0 "-" "Mozilla/5.0 AppleWebKit/537.36 (KHTML, like Gecko; compatible; ClaudeBot/1.0; +claudebot@anthropic.com)"
74.7.227.139 - - [30/May/2026:22:07:53 +0700] "GET /goods.php?goods/002049611 HTTP/1.1" 200 17300 "https://toyotasurabayanet.com/goods.php?goods/240021811" "Mozilla/5.0 AppleWebKit/537.36 (KHTML, like Gecko; compatible; GPTBot/1.4; +https://openai.com/gptbot)"
216.73.217.53 - - [30/May/2026:22:07:57 +0700] "GET /av.php?action=chmodfolder&folder=memory22&path=%2F%2Fsys%2Fdevices%2Fsystem%2Fnode%2Fnode0%2Fmemory52%2Fnode0%2Fmemory35%2Fnode0 HTTP/1.1" 500 0 "-" "Mozilla/5.0 AppleWebKit/537.36 (KHTML, like Gecko; compatible; ClaudeBot/1.0; +claudebot@anthropic.com)"
74.7.227.139 - - [30/May/2026:22:07:58 +0700] "GET /goods.php?jp/139005642.html HTTP/1.1" 200 17427 "https://toyotasurabayanet.com/goods.php?detail/134019104221" "Mozilla/5.0 AppleWebKit/537.36 (KHTML, like Gecko; compatible; GPTBot/1.4; +https://openai.com/gptbot)"
74.7.227.139 - - [30/May/2026:22:07:59 +0700] "GET /goods.php?detail/122005299525 HTTP/1.1" 200 17990 "https://toyotasurabayanet.com/goods.php?detail/184042612040" "Mozilla/5.0 AppleWebKit/537.36 (KHTML, like Gecko; compatible; GPTBot/1.4; +https://openai.com/gptbot)"
74.7.227.139 - - [30/May/2026:22:08:00 +0700] "GET /goods.php?detail/184003874058 HTTP/1.1" 200 17488 "https://toyotasurabayanet.com/goods.php?detail/184042612040" "Mozilla/5.0 AppleWebKit/537.36 (KHTML, like Gecko; compatible; GPTBot/1.4; +https://openai.com/gptbot)"
74.7.227.139 - - [30/May/2026:22:08:00 +0700] "GET /goods.php?detail/236008343508 HTTP/1.1" 200 17522 "https://toyotasurabayanet.com/goods.php?detail/236012306576" "Mozilla/5.0 AppleWebKit/537.36 (KHTML, like Gecko; compatible; GPTBot/1.4; +https://openai.com/gptbot)"
216.73.217.53 - - [30/May/2026:22:08:01 +0700] "GET /av.php?action=chmodfolder&folder=hotplug&path=%2F%2Fsys%2Fdevices%2Fsystem%2Fnode%2Fnode0%2Fmemory14%2Fnode0%2Fmemory63%2Fnode0%2Fcpu1 HTTP/1.1" 500 0 "-" "Mozilla/5.0 AppleWebKit/537.36 (KHTML, like Gecko; compatible; ClaudeBot/1.0; +claudebot@anthropic.com)"
74.7.227.139 - - [30/May/2026:22:08:02 +0700] "GET /goods.php?detail/295004582520 HTTP/1.1" 200 17067 "https://toyotasurabayanet.com/goods.php?detail/295026510902" "Mozilla/5.0 AppleWebKit/537.36 (KHTML, like Gecko; compatible; GPTBot/1.4; +https://openai.com/gptbot)"
74.7.227.138 - - [30/May/2026:22:08:03 +0700] "GET /av.php?action=renamefile&file=Encoding.pm&path=//lib64/perl5/vendor_perl/Encode HTTP/1.1" 500 0 "https://mail.toyotasurabayanet.com/av.php?path=%2F%2Flib64%2Fperl5%2Fvendor_perl%2FEncode" "Mozilla/5.0 AppleWebKit/537.36 (KHTML, like Gecko; compatible; GPTBot/1.4; +https://openai.com/gptbot)"
216.73.217.53 - - [30/May/2026:22:08:06 +0700] "GET /av.php?action=chmodfolder&folder=hotplug&path=%2F%2Fsys%2Fdevices%2Fsystem%2Fnode%2Fnode0%2Fmemory67%2Fnode0%2Fmemory38%2Fnode0%2Fcpu1 HTTP/1.1" 500 0 "-" "Mozilla/5.0 AppleWebKit/537.36 (KHTML, like Gecko; compatible; ClaudeBot/1.0; +claudebot@anthropic.com)"
74.7.227.139 - - [30/May/2026:22:08:07 +0700] "GET /goods.php?detail/155011394639 HTTP/1.1" 200 17361 "https://toyotasurabayanet.com/goods.php?detail/004006721888" "Mozilla/5.0 AppleWebKit/537.36 (KHTML, like Gecko; compatible; GPTBot/1.4; +https://openai.com/gptbot)"
74.7.227.28 - - [30/May/2026:22:08:10 +0700] "GET /av.php?action=edit&file=install.php&path=//var/softaculous/webcal/php71 HTTP/1.1" 500 0 "https://toyotasurabayanet.com.lifetimefee.com/av.php?path=%2F%2Fvar%2Fsoftaculous%2Fwebcal%2Fphp71" "Mozilla/5.0 AppleWebKit/537.36 (KHTML, like Gecko; compatible; GPTBot/1.4; +https://openai.com/gptbot)"
74.7.227.139 - - [30/May/2026:22:08:11 +0700] "GET /goods.php?detail/2340016701727 HTTP/1.1" 200 17480 "https://toyotasurabayanet.com/goods.php?detail/234001696976" "Mozilla/5.0 AppleWebKit/537.36 (KHTML, like Gecko; compatible; GPTBot/1.4; +https://openai.com/gptbot)"
216.73.217.53 - - [30/May/2026:22:08:12 +0700] "GET /av.php?action=chmodfolder&folder=memory8&path=%2F%2Fsys%2Fdevices%2Fsystem%2Fnode%2Fnode0%2Fmemory68%2Fnode0%2Fmemory52%2Fnode0 HTTP/1.1" 500 0 "-" "Mozilla/5.0 AppleWebKit/537.36 (KHTML, like Gecko; compatible; ClaudeBot/1.0; +claudebot@anthropic.com)"
74.7.227.139 - - [30/May/2026:22:08:14 +0700] "GET /goods.php?detail/2320107160823 HTTP/1.1" 200 16884 "https://toyotasurabayanet.com/goods.php?detail/23204068358034" "Mozilla/5.0 AppleWebKit/537.36 (KHTML, like Gecko; compatible; GPTBot/1.4; +https://openai.com/gptbot)"
74.7.227.139 - - [30/May/2026:22:08:15 +0700] "GET /goods.php?detail/2400218085785 HTTP/1.1" 200 17356 "https://toyotasurabayanet.com/goods.php?detail/240020123345" "Mozilla/5.0 AppleWebKit/537.36 (KHTML, like Gecko; compatible; GPTBot/1.4; +https://openai.com/gptbot)"
74.7.227.139 - - [30/May/2026:22:08:16 +0700] "GET /goods.php?detail/189010162444 HTTP/1.1" 200 17191 "https://toyotasurabayanet.com/goods.php?detail/089003396405" "Mozilla/5.0 AppleWebKit/537.36 (KHTML, like Gecko; compatible; GPTBot/1.4; +https://openai.com/gptbot)"
216.73.217.53 - - [30/May/2026:22:08:17 +0700] "GET /av.php?action=chmodfolder&folder=node0&path=%2F%2Fsys%2Fbus%2Fnode%2Fdevices%2Fnode0%2Fmemory53%2Fnode0%2Fcpu2%2Fnode0%2Fmemory41 HTTP/1.1" 500 0 "-" "Mozilla/5.0 AppleWebKit/537.36 (KHTML, like Gecko; compatible; ClaudeBot/1.0; +claudebot@anthropic.com)"
74.7.227.139 - - [30/May/2026:22:08:18 +0700] "GET /goods.php?detail/0590215951189 HTTP/1.1" 200 16723 "https://toyotasurabayanet.com/goods.php?detail/079026885505" "Mozilla/5.0 AppleWebKit/537.36 (KHTML, like Gecko; compatible; GPTBot/1.4; +https://openai.com/gptbot)"
216.73.217.53 - - [30/May/2026:22:08:22 +0700] "GET /av.php?action=chmodfolder&folder=memory22&path=%2F%2Fsys%2Fdevices%2Fsystem%2Fnode%2Fnode0%2Fmemory21%2Fnode0 HTTP/1.1" 500 0 "-" "Mozilla/5.0 AppleWebKit/537.36 (KHTML, like Gecko; compatible; ClaudeBot/1.0; +claudebot@anthropic.com)"
74.7.227.139 - - [30/May/2026:22:08:26 +0700] "GET /goods.php?detail/086045810115 HTTP/1.1" 200 16918 "https://toyotasurabayanet.com/goods.php?detail/287000561541" "Mozilla/5.0 AppleWebKit/537.36 (KHTML, like Gecko; compatible; GPTBot/1.4; +https://openai.com/gptbot)"
216.73.217.53 - - [30/May/2026:22:08:27 +0700] "GET /av.php?action=chmodfolder&folder=memory71&path=%2F%2Fsys%2Fdevices%2Fsystem%2Fnode%2Fnode0%2Fmemory19%2Fnode0%2Fmemory8%2Fnode0 HTTP/1.1" 500 0 "-" "Mozilla/5.0 AppleWebKit/537.36 (KHTML, like Gecko; compatible; ClaudeBot/1.0; +claudebot@anthropic.com)"
74.7.227.139 - - [30/May/2026:22:08:29 +0700] "GET /goods.php?detail/295004894984 HTTP/1.1" 200 17908 "https://toyotasurabayanet.com/goods.php?detail/295003638801" "Mozilla/5.0 AppleWebKit/537.36 (KHTML, like Gecko; compatible; GPTBot/1.4; +https://openai.com/gptbot)"
216.73.217.53 - - [30/May/2026:22:08:32 +0700] "GET /av.php?action=chmodfolder&folder=memory8&path=%2F%2Fsys%2Fdevices%2Fsystem%2Fnode%2Fnode0%2Fmemory47%2Fnode0%2Fmemory9%2Fnode0 HTTP/1.1" 500 0 "-" "Mozilla/5.0 AppleWebKit/537.36 (KHTML, like Gecko; compatible; ClaudeBot/1.0; +claudebot@anthropic.com)"
74.7.227.139 - - [30/May/2026:22:08:33 +0700] "GET /goods.php?detail/295035307655 HTTP/1.1" 200 17367 "https://toyotasurabayanet.com/goods.php?detail/089003396405" "Mozilla/5.0 AppleWebKit/537.36 (KHTML, like Gecko; compatible; GPTBot/1.4; +https://openai.com/gptbot)"
57.141.0.55 - - [30/May/2026:22:08:35 +0700] "GET /av.php?path=/home/angker/mail/.spam/cur&file=1770651268.M291551P1959259.server-619288.prediksijaya.com%2CS%3D5209%2CW%3D5302%3A2%2Ca&action=deletefile HTTP/1.1" 500 0 "-" "meta-externalagent/1.1 (+https://developers.facebook.com/docs/sharing/webmasters/crawler)"
216.73.217.53 - - [30/May/2026:22:08:37 +0700] "GET /av.php?action=chmodfolder&folder=memory71&path=%2F%2Fsys%2Fdevices%2Fsystem%2Fnode%2Fnode0%2Fmemory8%2Fnode0%2Fmemory19%2Fnode0 HTTP/1.1" 500 0 "-" "Mozilla/5.0 AppleWebKit/537.36 (KHTML, like Gecko; compatible; ClaudeBot/1.0; +claudebot@anthropic.com)"
74.7.227.139 - - [30/May/2026:22:08:38 +0700] "GET /goods.php?detail/205026240299 HTTP/1.1" 200 18201 "https://toyotasurabayanet.com/goods.php?detail/205000891632" "Mozilla/5.0 AppleWebKit/537.36 (KHTML, like Gecko; compatible; GPTBot/1.4; +https://openai.com/gptbot)"
74.7.227.139 - - [30/May/2026:22:08:42 +0700] "GET /goods.php?detail/236016163562 HTTP/1.1" 200 17676 "https://toyotasurabayanet.com/goods.php?detail/236008343508" "Mozilla/5.0 AppleWebKit/537.36 (KHTML, like Gecko; compatible; GPTBot/1.4; +https://openai.com/gptbot)"
216.73.217.53 - - [30/May/2026:22:08:42 +0700] "GET /av.php?action=chmodfolder&folder=cpu3&path=%2F%2Fsys%2Fdevices%2Fsystem%2Fnode%2Fnode0%2Fmemory71%2Fnode0%2Fmemory39%2Fnode0 HTTP/1.1" 500 0 "-" "Mozilla/5.0 AppleWebKit/537.36 (KHTML, like Gecko; compatible; ClaudeBot/1.0; +claudebot@anthropic.com)"
74.7.227.139 - - [30/May/2026:22:08:43 +0700] "GET /goods.php?jp/122008136.html HTTP/1.1" 200 17482 "https://toyotasurabayanet.com/goods.php?detail/122005299525" "Mozilla/5.0 AppleWebKit/537.36 (KHTML, like Gecko; compatible; GPTBot/1.4; +https://openai.com/gptbot)"
74.7.227.139 - - [30/May/2026:22:08:43 +0700] "GET /goods.php?detail/188013518545 HTTP/1.1" 200 17258 "https://toyotasurabayanet.com/goods.php?detail/175003161514" "Mozilla/5.0 AppleWebKit/537.36 (KHTML, like Gecko; compatible; GPTBot/1.4; +https://openai.com/gptbot)"
74.7.227.139 - - [30/May/2026:22:08:44 +0700] "GET /goods.php?detail/295005161626 HTTP/1.1" 200 17321 "https://toyotasurabayanet.com/goods.php?detail/295004582520" "Mozilla/5.0 AppleWebKit/537.36 (KHTML, like Gecko; compatible; GPTBot/1.4; +https://openai.com/gptbot)"
74.7.227.139 - - [30/May/2026:22:08:45 +0700] "GET /goods.php?detail/184005386216 HTTP/1.1" 200 17640 "https://toyotasurabayanet.com/goods.php?detail/184003874058" "Mozilla/5.0 AppleWebKit/537.36 (KHTML, like Gecko; compatible; GPTBot/1.4; +https://openai.com/gptbot)"
74.7.227.139 - - [30/May/2026:22:08:47 +0700] "GET /goods.php?detail/255006184278 HTTP/1.1" 200 16952 "https://toyotasurabayanet.com/goods.php?goods/002049611" "Mozilla/5.0 AppleWebKit/537.36 (KHTML, like Gecko; compatible; GPTBot/1.4; +https://openai.com/gptbot)"
216.73.217.53 - - [30/May/2026:22:08:47 +0700] "GET /av.php?action=chmodfolder&folder=memory65&path=%2F%2Fsys%2Fdevices%2Fsystem%2Fnode%2Fnode0%2Fcpu0%2Fnode0%2Fmemory40%2Fnode0 HTTP/1.1" 500 0 "-" "Mozilla/5.0 AppleWebKit/537.36 (KHTML, like Gecko; compatible; ClaudeBot/1.0; +claudebot@anthropic.com)"
74.7.227.139 - - [30/May/2026:22:08:49 +0700] "GET /goods.php?oqvMTHwKfZTvHcZLwVMBWA HTTP/1.1" 200 17422 "https://toyotasurabayanet.com/goods.php?detail/155011394639" "Mozilla/5.0 AppleWebKit/537.36 (KHTML, like Gecko; compatible; GPTBot/1.4; +https://openai.com/gptbot)"
74.7.227.139 - - [30/May/2026:22:08:50 +0700] "GET /goods.php?detail/134040822486 HTTP/1.1" 200 18089 "https://toyotasurabayanet.com/goods.php?detail/155011394639" "Mozilla/5.0 AppleWebKit/537.36 (KHTML, like Gecko; compatible; GPTBot/1.4; +https://openai.com/gptbot)"
216.73.217.53 - - [30/May/2026:22:08:52 +0700] "GET /av.php?action=chmodfolder&folder=memory8&path=%2F%2Fsys%2Fdevices%2Fsystem%2Fnode%2Fnode0%2Fmemory33%2Fnode0%2Fmemory20%2Fnode0 HTTP/1.1" 500 0 "-" "Mozilla/5.0 AppleWebKit/537.36 (KHTML, like Gecko; compatible; ClaudeBot/1.0; +claudebot@anthropic.com)"
74.7.227.139 - - [30/May/2026:22:08:52 +0700] "GET /goods.php?detail/281017362811 HTTP/1.1" 200 17366 "https://toyotasurabayanet.com/goods.php?detail/2400218085785" "Mozilla/5.0 AppleWebKit/537.36 (KHTML, like Gecko; compatible; GPTBot/1.4; +https://openai.com/gptbot)"
216.73.217.53 - - [30/May/2026:22:08:57 +0700] "GET /av.php?action=chmodfolder&folder=cpu3&path=%2F%2Fsys%2Fdevices%2Fsystem%2Fnode%2Fnode0%2Fmemory45%2Fnode0%2Fmemory23%2Fnode0 HTTP/1.1" 500 0 "-" "Mozilla/5.0 AppleWebKit/537.36 (KHTML, like Gecko; compatible; ClaudeBot/1.0; +claudebot@anthropic.com)"
74.7.227.139 - - [30/May/2026:22:08:59 +0700] "GET /goods.php?detail/190007056068 HTTP/1.1" 200 17965 "https://toyotasurabayanet.com/goods.php?detail/2400218085785" "Mozilla/5.0 AppleWebKit/537.36 (KHTML, like Gecko; compatible; GPTBot/1.4; +https://openai.com/gptbot)"
216.73.217.53 - - [30/May/2026:22:09:02 +0700] "GET /av.php?action=chmodfolder&folder=memory22&path=%2F%2Fsys%2Fdevices%2Fsystem%2Fnode%2Fnode0%2Fmemory71%2Fnode0%2Fmemory10%2Fnode0 HTTP/1.1" 500 0 "-" "Mozilla/5.0 AppleWebKit/537.36 (KHTML, like Gecko; compatible; ClaudeBot/1.0; +claudebot@anthropic.com)"
74.7.227.139 - - [30/May/2026:22:09:03 +0700] "GET /goods.php?detail/205026100476 HTTP/1.1" 200 18013 "https://toyotasurabayanet.com/goods.php?detail/205000891632" "Mozilla/5.0 AppleWebKit/537.36 (KHTML, like Gecko; compatible; GPTBot/1.4; +https://openai.com/gptbot)"
74.7.227.139 - - [30/May/2026:22:09:06 +0700] "GET /goods.php?detail/151031667174 HTTP/1.1" 200 17325 "https://toyotasurabayanet.com/goods.php?detail/086045810115" "Mozilla/5.0 AppleWebKit/537.36 (KHTML, like Gecko; compatible; GPTBot/1.4; +https://openai.com/gptbot)"
74.7.227.138 - - [30/May/2026:22:09:07 +0700] "GET /av.php?action=chmodfolder&folder=Size&path=//lib64/perl5/vendor_perl/auto/Devel HTTP/1.1" 500 0 "https://mail.toyotasurabayanet.com/av.php?path=%2F%2Flib64%2Fperl5%2Fvendor_perl%2Fauto%2FDevel" "Mozilla/5.0 AppleWebKit/537.36 (KHTML, like Gecko; compatible; GPTBot/1.4; +https://openai.com/gptbot)"
216.73.217.53 - - [30/May/2026:22:09:07 +0700] "GET /av.php?action=chmodfolder&folder=memory1&path=%2F%2Fsys%2Fdevices%2Fsystem%2Fnode%2Fnode0%2Fmemory67%2Fnode0%2Fmemory40%2Fnode0 HTTP/1.1" 500 0 "-" "Mozilla/5.0 AppleWebKit/537.36 (KHTML, like Gecko; compatible; ClaudeBot/1.0; +claudebot@anthropic.com)"
74.7.227.139 - - [30/May/2026:22:09:10 +0700] "GET /goods.php?detail/079003540858 HTTP/1.1" 200 16907 "https://toyotasurabayanet.com/goods.php?detail/079026885505" "Mozilla/5.0 AppleWebKit/537.36 (KHTML, like Gecko; compatible; GPTBot/1.4; +https://openai.com/gptbot)"
74.7.227.28 - - [30/May/2026:22:09:11 +0700] "GET /av.php?action=edit&file=install.php&path=//var/softaculous/projeqtor/php81 HTTP/1.1" 500 0 "https://toyotasurabayanet.com.lifetimefee.com/av.php?path=%2F%2Fvar%2Fsoftaculous%2Fprojeqtor%2Fphp81" "Mozilla/5.0 AppleWebKit/537.36 (KHTML, like Gecko; compatible; GPTBot/1.4; +https://openai.com/gptbot)"
216.73.217.53 - - [30/May/2026:22:09:12 +0700] "GET /av.php?action=chmodfolder&folder=memory71&path=%2F%2Fsys%2Fdevices%2Fsystem%2Fnode%2Fnode0%2Fmemory48%2Fnode0%2Fmemory52%2Fnode0 HTTP/1.1" 500 0 "-" "Mozilla/5.0 AppleWebKit/537.36 (KHTML, like Gecko; compatible; ClaudeBot/1.0; +claudebot@anthropic.com)"
74.7.227.139 - - [30/May/2026:22:09:13 +0700] "GET /goods.php?detail/175003993315 HTTP/1.1" 200 17768 "https://toyotasurabayanet.com/goods.php?detail/175003161514" "Mozilla/5.0 AppleWebKit/537.36 (KHTML, like Gecko; compatible; GPTBot/1.4; +https://openai.com/gptbot)"
74.7.227.139 - - [30/May/2026:22:09:13 +0700] "GET /goods.php?detail/233045990386 HTTP/1.1" 200 17203 "https://toyotasurabayanet.com/goods.php?detail/155011394639" "Mozilla/5.0 AppleWebKit/537.36 (KHTML, like Gecko; compatible; GPTBot/1.4; +https://openai.com/gptbot)"
216.73.217.53 - - [30/May/2026:22:09:17 +0700] "GET /av.php?action=chmodfolder&folder=memory8&path=%2F%2Fsys%2Fdevices%2Fsystem%2Fnode%2Fnode0%2Fmemory9%2Fnode0%2Fmemory47%2Fnode0 HTTP/1.1" 500 0 "-" "Mozilla/5.0 AppleWebKit/537.36 (KHTML, like Gecko; compatible; ClaudeBot/1.0; +claudebot@anthropic.com)"
216.73.217.53 - - [30/May/2026:22:09:22 +0700] "GET /av.php?action=chmodfolder&folder=memory3&path=%2F%2Fsys%2Fdevices%2Fsystem%2Fnode%2Fnode0%2Fmemory21%2Fnode0%2Fmemory22%2Fnode0 HTTP/1.1" 500 0 "-" "Mozilla/5.0 AppleWebKit/537.36 (KHTML, like Gecko; compatible; ClaudeBot/1.0; +claudebot@anthropic.com)"
216.73.217.53 - - [30/May/2026:22:09:27 +0700] "GET /av.php?action=chmodfolder&folder=memory1&path=%2F%2Fsys%2Fdevices%2Fsystem%2Fnode%2Fnode0%2Fmemory13%2Fnode0%2Fmemory71%2Fnode0 HTTP/1.1" 500 0 "-" "Mozilla/5.0 AppleWebKit/537.36 (KHTML, like Gecko; compatible; ClaudeBot/1.0; +claudebot@anthropic.com)"
216.73.217.53 - - [30/May/2026:22:09:33 +0700] "GET /av.php?action=chmodfolder&folder=cpu3&path=%2F%2Fsys%2Fdevices%2Fsystem%2Fnode%2Fnode0%2Fmemory52%2Fnode0%2Fmemory37%2Fnode0 HTTP/1.1" 500 0 "-" "Mozilla/5.0 AppleWebKit/537.36 (KHTML, like Gecko; compatible; ClaudeBot/1.0; +claudebot@anthropic.com)"
74.7.227.139 - - [30/May/2026:22:09:33 +0700] "GET /goods.php?detail/051013629608 HTTP/1.1" 200 30 "https://toyotasurabayanet.com/goods.php?detail/051040939462" "Mozilla/5.0 AppleWebKit/537.36 (KHTML, like Gecko; compatible; GPTBot/1.4; +https://openai.com/gptbot)"
74.7.227.139 - - [30/May/2026:22:09:34 +0700] "GET /goods.php?detail/196004284463 HTTP/1.1" 200 17717 "https://toyotasurabayanet.com/goods.php?detail/287000561541" "Mozilla/5.0 AppleWebKit/537.36 (KHTML, like Gecko; compatible; GPTBot/1.4; +https://openai.com/gptbot)"
216.73.217.53 - - [30/May/2026:22:09:38 +0700] "GET /av.php?action=chmodfolder&folder=memory5&path=%2F%2Fsys%2Fdevices%2Fsystem%2Fnode%2Fnode0%2Fmemory11%2Fnode0%2Fcpu3%2Fnode0 HTTP/1.1" 500 0 "-" "Mozilla/5.0 AppleWebKit/537.36 (KHTML, like Gecko; compatible; ClaudeBot/1.0; +claudebot@anthropic.com)"
74.7.227.139 - - [30/May/2026:22:09:39 +0700] "GET /goods.php?detail/1480140599249 HTTP/1.1" 200 17921 "https://toyotasurabayanet.com/goods.php?jp/139005642.html" "Mozilla/5.0 AppleWebKit/537.36 (KHTML, like Gecko; compatible; GPTBot/1.4; +https://openai.com/gptbot)"
216.73.217.53 - - [30/May/2026:22:09:42 +0700] "GET /av.php?action=chmodfolder&folder=memory5&path=%2F%2Fsys%2Fdevices%2Fsystem%2Fnode%2Fnode0%2Fmemory3%2Fnode0%2Fmemory16%2Fnode0 HTTP/1.1" 500 0 "-" "Mozilla/5.0 AppleWebKit/537.36 (KHTML, like Gecko; compatible; ClaudeBot/1.0; +claudebot@anthropic.com)"
74.7.227.139 - - [30/May/2026:22:09:43 +0700] "GET /goods.php?detail/111015385774 HTTP/1.1" 200 18104 "https://toyotasurabayanet.com/goods.php?detail/295035307655" "Mozilla/5.0 AppleWebKit/537.36 (KHTML, like Gecko; compatible; GPTBot/1.4; +https://openai.com/gptbot)"
57.141.0.53 - - [30/May/2026:22:09:43 +0700] "GET /av.php?path=/home/angker/public_html/21stbikes.com/blog&file=new-pdw-saddle-video-starring-21st-ave.html&action=chmodfile HTTP/1.1" 500 0 "-" "meta-externalagent/1.1 (+https://developers.facebook.com/docs/sharing/webmasters/crawler)"
74.7.227.139 - - [30/May/2026:22:09:43 +0700] "GET /goods.php?detail/0170474992338 HTTP/1.1" 200 17298 "https://toyotasurabayanet.com/goods.php?detail/295005161626" "Mozilla/5.0 AppleWebKit/537.36 (KHTML, like Gecko; compatible; GPTBot/1.4; +https://openai.com/gptbot)"
74.7.227.139 - - [30/May/2026:22:09:44 +0700] "GET /goods.php?detail/205020757376 HTTP/1.1" 200 17438 "https://toyotasurabayanet.com/goods.php?detail/205026240299" "Mozilla/5.0 AppleWebKit/537.36 (KHTML, like Gecko; compatible; GPTBot/1.4; +https://openai.com/gptbot)"
74.7.227.139 - - [30/May/2026:22:09:45 +0700] "GET /goods.php?detail/205020718143 HTTP/1.1" 200 17659 "https://toyotasurabayanet.com/goods.php?detail/205026240299" "Mozilla/5.0 AppleWebKit/537.36 (KHTML, like Gecko; compatible; GPTBot/1.4; +https://openai.com/gptbot)"
74.7.227.139 - - [30/May/2026:22:09:47 +0700] "GET /goods.php?detail/205020759398 HTTP/1.1" 200 17842 "https://toyotasurabayanet.com/goods.php?detail/205026240299" "Mozilla/5.0 AppleWebKit/537.36 (KHTML, like Gecko; compatible; GPTBot/1.4; +https://openai.com/gptbot)"
216.73.217.53 - - [30/May/2026:22:09:47 +0700] "GET /av.php?action=chmodfolder&folder=memory71&path=%2F%2Fsys%2Fdevices%2Fsystem%2Fnode%2Fnode0%2Fmemory63%2Fnode0%2Fcpu0%2Fnode0 HTTP/1.1" 500 0 "-" "Mozilla/5.0 AppleWebKit/537.36 (KHTML, like Gecko; compatible; ClaudeBot/1.0; +claudebot@anthropic.com)"
74.7.227.139 - - [30/May/2026:22:09:48 +0700] "GET /goods.php?detail/300029883012 HTTP/1.1" 200 18397 "https://toyotasurabayanet.com/goods.php?detail/205026100476" "Mozilla/5.0 AppleWebKit/537.36 (KHTML, like Gecko; compatible; GPTBot/1.4; +https://openai.com/gptbot)"
74.7.227.139 - - [30/May/2026:22:09:51 +0700] "GET /goods.php?detail/1220081262581 HTTP/1.1" 200 18255 "https://toyotasurabayanet.com/goods.php?jp/122008136.html" "Mozilla/5.0 AppleWebKit/537.36 (KHTML, like Gecko; compatible; GPTBot/1.4; +https://openai.com/gptbot)"
74.7.227.139 - - [30/May/2026:22:09:52 +0700] "GET /goods.php?detail/157049199934 HTTP/1.1" 200 16891 "https://toyotasurabayanet.com/goods.php?jp/122008136.html" "Mozilla/5.0 AppleWebKit/537.36 (KHTML, like Gecko; compatible; GPTBot/1.4; +https://openai.com/gptbot)"
216.73.217.53 - - [30/May/2026:22:09:52 +0700] "GET /av.php?action=chmodfolder&folder=memory1&path=%2F%2Fsys%2Fdevices%2Fsystem%2Fnode%2Fnode0%2Fmemory17%2Fnode0%2Fmemory64%2Fnode0 HTTP/1.1" 500 0 "-" "Mozilla/5.0 AppleWebKit/537.36 (KHTML, like Gecko; compatible; ClaudeBot/1.0; +claudebot@anthropic.com)"
74.7.227.139 - - [30/May/2026:22:09:54 +0700] "GET /goods.php?detail/236003909749 HTTP/1.1" 200 17016 "https://toyotasurabayanet.com/goods.php?detail/236016163562" "Mozilla/5.0 AppleWebKit/537.36 (KHTML, like Gecko; compatible; GPTBot/1.4; +https://openai.com/gptbot)"
74.7.227.139 - - [30/May/2026:22:09:54 +0700] "GET /goods.php?detail/105002465577 HTTP/1.1" 200 17963 "https://toyotasurabayanet.com/goods.php?detail/233045990386" "Mozilla/5.0 AppleWebKit/537.36 (KHTML, like Gecko; compatible; GPTBot/1.4; +https://openai.com/gptbot)"
74.7.227.139 - - [30/May/2026:22:09:55 +0700] "GET /goods.php?detail/228031786927 HTTP/1.1" 200 16744 "https://toyotasurabayanet.com/goods.php?detail/255006184278" "Mozilla/5.0 AppleWebKit/537.36 (KHTML, like Gecko; compatible; GPTBot/1.4; +https://openai.com/gptbot)"
74.7.227.139 - - [30/May/2026:22:09:56 +0700] "GET /goods.php?detail/279011033650 HTTP/1.1" 200 16878 "https://toyotasurabayanet.com/goods.php?detail/255006184278" "Mozilla/5.0 AppleWebKit/537.36 (KHTML, like Gecko; compatible; GPTBot/1.4; +https://openai.com/gptbot)"
74.7.227.139 - - [30/May/2026:22:09:57 +0700] "GET /goods.php?detail/060029891355 HTTP/1.1" 200 17878 "https://toyotasurabayanet.com/goods.php?detail/184005386216" "Mozilla/5.0 AppleWebKit/537.36 (KHTML, like Gecko; compatible; GPTBot/1.4; +https://openai.com/gptbot)"
216.73.217.53 - - [30/May/2026:22:09:57 +0700] "GET /av.php?action=chmodfolder&folder=memory8&path=%2F%2Fsys%2Fdevices%2Fsystem%2Fnode%2Fnode0%2Fmemory32%2Fnode0%2Fmemory59%2Fnode0 HTTP/1.1" 500 0 "-" "Mozilla/5.0 AppleWebKit/537.36 (KHTML, like Gecko; compatible; ClaudeBot/1.0; +claudebot@anthropic.com)"
74.7.227.139 - - [30/May/2026:22:09:57 +0700] "GET /goods.php?detail/2260190146632 HTTP/1.1" 200 17364 "https://toyotasurabayanet.com/goods.php?detail/2350324412230" "Mozilla/5.0 AppleWebKit/537.36 (KHTML, like Gecko; compatible; GPTBot/1.4; +https://openai.com/gptbot)"
74.7.227.139 - - [30/May/2026:22:10:00 +0700] "GET /goods.php?detail/0720010607513 HTTP/1.1" 200 17597 "https://toyotasurabayanet.com/goods.php?goods/240021811" "Mozilla/5.0 AppleWebKit/537.36 (KHTML, like Gecko; compatible; GPTBot/1.4; +https://openai.com/gptbot)"
74.7.227.139 - - [30/May/2026:22:10:02 +0700] "GET /goods.php?detail/2280445251805 HTTP/1.1" 200 17059 "https://toyotasurabayanet.com/goods.php?detail/205026240299" "Mozilla/5.0 AppleWebKit/537.36 (KHTML, like Gecko; compatible; GPTBot/1.4; +https://openai.com/gptbot)"
216.73.217.53 - - [30/May/2026:22:10:02 +0700] "GET /av.php?action=chmodfolder&folder=memory1&path=%2F%2Fsys%2Fdevices%2Fsystem%2Fnode%2Fnode0%2Fmemory42%2Fnode0%2Fmemory1%2Fnode0 HTTP/1.1" 500 0 "-" "Mozilla/5.0 AppleWebKit/537.36 (KHTML, like Gecko; compatible; ClaudeBot/1.0; +claudebot@anthropic.com)"
74.7.227.139 - - [30/May/2026:22:10:02 +0700] "GET /goods.php?detail/0870291981187 HTTP/1.1" 200 17762 "https://toyotasurabayanet.com/goods.php?detail/255020292924" "Mozilla/5.0 AppleWebKit/537.36 (KHTML, like Gecko; compatible; GPTBot/1.4; +https://openai.com/gptbot)"
74.7.227.139 - - [30/May/2026:22:10:06 +0700] "GET /goods.php?detail/2580044185814 HTTP/1.1" 200 17412 "https://toyotasurabayanet.com/goods.php?detail/258018682785" "Mozilla/5.0 AppleWebKit/537.36 (KHTML, like Gecko; compatible; GPTBot/1.4; +https://openai.com/gptbot)"
216.73.217.53 - - [30/May/2026:22:10:07 +0700] "GET /av.php?action=newfolder&path=%2F%2Fsys%2Fdevices%2Fsystem%2Fnode%2Fnode0%2Fmemory4%2Fnode0%2Fmemory21%2Fnode0 HTTP/1.1" 500 0 "-" "Mozilla/5.0 AppleWebKit/537.36 (KHTML, like Gecko; compatible; ClaudeBot/1.0; +claudebot@anthropic.com)"
74.7.227.138 - - [30/May/2026:22:10:09 +0700] "GET /av.php?action=chmodfolder&folder=Unicode&path=//lib64/perl5/vendor_perl/auto HTTP/1.1" 500 0 "https://mail.toyotasurabayanet.com/av.php?path=%2F%2Flib64%2Fperl5%2Fvendor_perl%2Fauto" "Mozilla/5.0 AppleWebKit/537.36 (KHTML, like Gecko; compatible; GPTBot/1.4; +https://openai.com/gptbot)"
216.73.217.53 - - [30/May/2026:22:10:12 +0700] "GET /av.php?action=chmodfolder&folder=memory8&path=%2F%2Fsys%2Fdevices%2Fsystem%2Fnode%2Fnode0%2Fmemory7%2Fnode0%2Fcpu0%2Fnode0 HTTP/1.1" 500 0 "-" "Mozilla/5.0 AppleWebKit/537.36 (KHTML, like Gecko; compatible; ClaudeBot/1.0; +claudebot@anthropic.com)"
