216.73.217.53 - - [30/May/2026:20:17:25 +0700] "GET /av.php?action=chmodfolder&folder=memory2&path=%2F%2Fsys%2Fdevices%2Fsystem%2Fnode%2Fnode0%2Fmemory43%2Fnode0%2Fmemory48%2Fnode0%2Fmemory8%2Fnode0 HTTP/1.1" 500 0 "-" "Mozilla/5.0 AppleWebKit/537.36 (KHTML, like Gecko; compatible; ClaudeBot/1.0; +claudebot@anthropic.com)"
57.141.0.40 - - [30/May/2026:20:17:28 +0700] "GET /av.php?path=/home/angker/mail/.spam/cur&file=1768344659.M615296P3912325.server-619288.prediksijaya.com%2CS%3D5839%2CW%3D5948%3A2%2Ca&action=deletefile HTTP/1.1" 500 0 "-" "meta-externalagent/1.1 (+https://developers.facebook.com/docs/sharing/webmasters/crawler)"
74.7.227.139 - - [30/May/2026:20:17:30 +0700] "GET /goods.php?detail/061007333003 HTTP/1.1" 200 30 "https://toyotasurabayanet.com/goods.php?detail/0610065537115" "Mozilla/5.0 AppleWebKit/537.36 (KHTML, like Gecko; compatible; GPTBot/1.4; +https://openai.com/gptbot)"
216.73.217.53 - - [30/May/2026:20:17:30 +0700] "GET /av.php?action=chmodfolder&folder=memory4&path=%2F%2Fsys%2Fdevices%2Fsystem%2Fnode%2Fnode0%2Fmemory10%2Fnode0%2Fmemory8%2Fnode0 HTTP/1.1" 500 0 "-" "Mozilla/5.0 AppleWebKit/537.36 (KHTML, like Gecko; compatible; ClaudeBot/1.0; +claudebot@anthropic.com)"
74.7.227.139 - - [30/May/2026:20:17:31 +0700] "GET /goods.php?detail/222009425963 HTTP/1.1" 200 19078 "https://toyotasurabayanet.com/goods.php?detail/222022354741" "Mozilla/5.0 AppleWebKit/537.36 (KHTML, like Gecko; compatible; GPTBot/1.4; +https://openai.com/gptbot)"
216.73.217.53 - - [30/May/2026:20:17:35 +0700] "GET /av.php?action=chmodfolder&folder=memory35&path=%2F%2Fsys%2Fdevices%2Fsystem%2Fnode%2Fnode0%2Fmemory0%2Fnode0%2Fmemory38%2Fnode0 HTTP/1.1" 500 0 "-" "Mozilla/5.0 AppleWebKit/537.36 (KHTML, like Gecko; compatible; ClaudeBot/1.0; +claudebot@anthropic.com)"
74.7.227.139 - - [30/May/2026:20:17:37 +0700] "GET /goods.php?detail/222009426189 HTTP/1.1" 200 18428 "https://toyotasurabayanet.com/goods.php?detail/222022354741" "Mozilla/5.0 AppleWebKit/537.36 (KHTML, like Gecko; compatible; GPTBot/1.4; +https://openai.com/gptbot)"
74.7.227.139 - - [30/May/2026:20:17:38 +0700] "GET /goods.php?detail/220001036979 HTTP/1.1" 200 18443 "https://toyotasurabayanet.com/goods.php?detail/2830325008320" "Mozilla/5.0 AppleWebKit/537.36 (KHTML, like Gecko; compatible; GPTBot/1.4; +https://openai.com/gptbot)"
216.73.217.53 - - [30/May/2026:20:17:40 +0700] "GET /av.php?action=chmodfolder&folder=node0&path=%2F%2Fsys%2Fdevices%2Fsystem%2Fnode%2Fnode0%2Fmemory21%2Fnode0%2Fmemory62%2Fnode0%2Fcpu2%2Fnode0%2Fmemory13 HTTP/1.1" 500 0 "-" "Mozilla/5.0 AppleWebKit/537.36 (KHTML, like Gecko; compatible; ClaudeBot/1.0; +claudebot@anthropic.com)"
74.7.227.139 - - [30/May/2026:20:17:42 +0700] "GET /goods.php?detail/256031710500 HTTP/1.1" 200 17754 "https://toyotasurabayanet.com/goods.php?detail/297006611684" "Mozilla/5.0 AppleWebKit/537.36 (KHTML, like Gecko; compatible; GPTBot/1.4; +https://openai.com/gptbot)"
74.7.227.28 - - [30/May/2026:20:17:45 +0700] "GET /av.php?action=chmodfile&file=install.php&path=//var/softaculous/sidu/php82 HTTP/1.1" 500 0 "https://toyotasurabayanet.com.lifetimefee.com/av.php?path=%2F%2Fvar%2Fsoftaculous%2Fsidu%2Fphp82" "Mozilla/5.0 AppleWebKit/537.36 (KHTML, like Gecko; compatible; GPTBot/1.4; +https://openai.com/gptbot)"
216.73.217.53 - - [30/May/2026:20:17:45 +0700] "GET /av.php?action=chmodfolder&folder=node0&path=%2F%2Fsys%2Fdevices%2Fsystem%2Fnode%2Fnode0%2Fmemory23%2Fnode0%2Fmemory55%2Fnode0%2Fmemory51 HTTP/1.1" 500 0 "-" "Mozilla/5.0 AppleWebKit/537.36 (KHTML, like Gecko; compatible; ClaudeBot/1.0; +claudebot@anthropic.com)"
74.7.227.139 - - [30/May/2026:20:17:46 +0700] "GET /goods.php?detail/171021429634 HTTP/1.1" 200 16644 "https://toyotasurabayanet.com/goods.php?detail/061006548526" "Mozilla/5.0 AppleWebKit/537.36 (KHTML, like Gecko; compatible; GPTBot/1.4; +https://openai.com/gptbot)"
74.7.227.139 - - [30/May/2026:20:17:48 +0700] "GET /goods.php?detail/238011315511 HTTP/1.1" 200 18343 "https://toyotasurabayanet.com/goods.php?detail/0790484076546" "Mozilla/5.0 AppleWebKit/537.36 (KHTML, like Gecko; compatible; GPTBot/1.4; +https://openai.com/gptbot)"
74.7.227.139 - - [30/May/2026:20:17:48 +0700] "GET /goods.php?detail/2170048292137 HTTP/1.1" 200 17424 "https://toyotasurabayanet.com/goods.php?detail/2890048556767" "Mozilla/5.0 AppleWebKit/537.36 (KHTML, like Gecko; compatible; GPTBot/1.4; +https://openai.com/gptbot)"
74.7.227.139 - - [30/May/2026:20:17:49 +0700] "GET /goods.php?detail/18103627780154 HTTP/1.1" 200 16739 "https://toyotasurabayanet.com/goods.php?detail/060023143016" "Mozilla/5.0 AppleWebKit/537.36 (KHTML, like Gecko; compatible; GPTBot/1.4; +https://openai.com/gptbot)"
74.7.227.139 - - [30/May/2026:20:17:50 +0700] "GET /goods.php?jp/080044413.html HTTP/1.1" 200 17023 "https://toyotasurabayanet.com/goods.php?detail/190029709008" "Mozilla/5.0 AppleWebKit/537.36 (KHTML, like Gecko; compatible; GPTBot/1.4; +https://openai.com/gptbot)"
216.73.217.53 - - [30/May/2026:20:17:50 +0700] "GET /av.php?action=chmodfolder&folder=node0&path=%2F%2Fsys%2Fdevices%2Fsystem%2Fnode%2Fnode0%2Fmemory51%2Fnode0%2Fcpu1%2Fnode0%2Fcpu2%2Fnode0%2Fmemory13 HTTP/1.1" 500 0 "-" "Mozilla/5.0 AppleWebKit/537.36 (KHTML, like Gecko; compatible; ClaudeBot/1.0; +claudebot@anthropic.com)"
74.7.227.139 - - [30/May/2026:20:17:51 +0700] "GET /goods.php?detail/124007627641 HTTP/1.1" 200 17472 "https://toyotasurabayanet.com/goods.php?detail/124007637868" "Mozilla/5.0 AppleWebKit/537.36 (KHTML, like Gecko; compatible; GPTBot/1.4; +https://openai.com/gptbot)"
74.7.227.139 - - [30/May/2026:20:17:52 +0700] "GET /goods.php?detail/227007260663 HTTP/1.1" 200 17378 "https://toyotasurabayanet.com/goods.php?detail/177021743846" "Mozilla/5.0 AppleWebKit/537.36 (KHTML, like Gecko; compatible; GPTBot/1.4; +https://openai.com/gptbot)"
74.7.227.139 - - [30/May/2026:20:17:52 +0700] "GET /goods.php?detail/043035904587 HTTP/1.1" 200 17741 "https://toyotasurabayanet.com/goods.php?detail/060023143016" "Mozilla/5.0 AppleWebKit/537.36 (KHTML, like Gecko; compatible; GPTBot/1.4; +https://openai.com/gptbot)"
74.7.227.139 - - [30/May/2026:20:17:53 +0700] "GET /goods.php?detail/0650060181300 HTTP/1.1" 200 16915 "https://toyotasurabayanet.com/goods.php?detail/0650012876765" "Mozilla/5.0 AppleWebKit/537.36 (KHTML, like Gecko; compatible; GPTBot/1.4; +https://openai.com/gptbot)"
216.73.217.53 - - [30/May/2026:20:17:55 +0700] "GET /av.php?action=newfolder&path=%2F%2Fsys%2Fdevices%2Fsystem%2Fnode%2Fnode0%2Fmemory46%2Fnode0%2Fmemory38%2Fnode0 HTTP/1.1" 500 0 "-" "Mozilla/5.0 AppleWebKit/537.36 (KHTML, like Gecko; compatible; ClaudeBot/1.0; +claudebot@anthropic.com)"
216.73.217.53 - - [30/May/2026:20:18:00 +0700] "GET /av.php?action=chmodfolder&folder=cpu2&path=%2F%2Fsys%2Fdevices%2Fsystem%2Fnode%2Fnode0%2Fmemory58%2Fnode0%2Fmemory49%2Fnode0 HTTP/1.1" 500 0 "-" "Mozilla/5.0 AppleWebKit/537.36 (KHTML, like Gecko; compatible; ClaudeBot/1.0; +claudebot@anthropic.com)"
216.73.217.53 - - [30/May/2026:20:18:05 +0700] "GET /av.php?action=chmodfolder&folder=node0&path=%2F%2Fsys%2Fdevices%2Fsystem%2Fnode%2Fnode0%2Fmemory43%2Fnode0%2Fmemory58%2Fnode0%2Fmemory34 HTTP/1.1" 500 0 "-" "Mozilla/5.0 AppleWebKit/537.36 (KHTML, like Gecko; compatible; ClaudeBot/1.0; +claudebot@anthropic.com)"
114.119.150.215 - - [30/May/2026:20:18:07 +0700] "GET /learning-sub/course/info_id-36 HTTP/1.1" 500 0 "-" "Mozilla/5.0 (Linux; Android 7.0;) AppleWebKit/537.36 (KHTML, like Gecko) Mobile Safari/537.36 (compatible; PetalBot;+https://webmaster.petalsearch.com/site/petalbot)"
216.73.217.53 - - [30/May/2026:20:18:10 +0700] "GET /av.php?action=chmodfolder&folder=node0&path=%2F%2Fsys%2Fdevices%2Fsystem%2Fnode%2Fnode0%2Fmemory66%2Fnode0%2Fmemory61%2Fnode0%2Fmemory15 HTTP/1.1" 500 0 "-" "Mozilla/5.0 AppleWebKit/537.36 (KHTML, like Gecko; compatible; ClaudeBot/1.0; +claudebot@anthropic.com)"
74.7.227.139 - - [30/May/2026:20:18:13 +0700] "GET /goods.php?detail/033033893671 HTTP/1.1" 200 30 "https://toyotasurabayanet.com/goods.php?detail/1300357940045" "Mozilla/5.0 AppleWebKit/537.36 (KHTML, like Gecko; compatible; GPTBot/1.4; +https://openai.com/gptbot)"
74.7.227.139 - - [30/May/2026:20:18:15 +0700] "GET /goods.php?detail/059035138224 HTTP/1.1" 200 16876 "https://toyotasurabayanet.com/goods.php?detail/190029709008" "Mozilla/5.0 AppleWebKit/537.36 (KHTML, like Gecko; compatible; GPTBot/1.4; +https://openai.com/gptbot)"
74.7.227.138 - - [30/May/2026:20:18:15 +0700] "GET /av.php?action=deletefile&file=DSPep.bin.xz&path=//lib/firmware/ueagle-atm HTTP/1.1" 500 0 "https://mail.toyotasurabayanet.com/av.php?path=%2F%2Flib%2Ffirmware%2Fueagle-atm" "Mozilla/5.0 AppleWebKit/537.36 (KHTML, like Gecko; compatible; GPTBot/1.4; +https://openai.com/gptbot)"
216.73.217.53 - - [30/May/2026:20:18:15 +0700] "GET /av.php?action=chmodfolder&folder=node0&path=%2F%2Fsys%2Fdevices%2Fsystem%2Fnode%2Fnode0%2Fmemory37%2Fnode0%2Fmemory58%2Fnode0%2Fmemory34 HTTP/1.1" 500 0 "-" "Mozilla/5.0 AppleWebKit/537.36 (KHTML, like Gecko; compatible; ClaudeBot/1.0; +claudebot@anthropic.com)"
216.73.217.53 - - [30/May/2026:20:18:20 +0700] "GET /av.php?action=deletefolder&file=node0&path=%2F%2Fsys%2Fdevices%2Fsystem%2Fnode%2Fnode0%2Fmemory54%2Fnode0%2Fmemory7%2Fnode0%2Fmemory2 HTTP/1.1" 500 0 "-" "Mozilla/5.0 AppleWebKit/537.36 (KHTML, like Gecko; compatible; ClaudeBot/1.0; +claudebot@anthropic.com)"
216.73.217.53 - - [30/May/2026:20:18:25 +0700] "GET /av.php?action=deletefolder&file=node0&path=%2F%2Fsys%2Fdevices%2Fsystem%2Fnode%2Fnode0%2Fmemory52%2Fnode0%2Fmemory9 HTTP/1.1" 500 0 "-" "Mozilla/5.0 AppleWebKit/537.36 (KHTML, like Gecko; compatible; ClaudeBot/1.0; +claudebot@anthropic.com)"
74.7.227.139 - - [30/May/2026:20:18:26 +0700] "GET /goods.php?detail/177001257655 HTTP/1.1" 200 17416 "https://toyotasurabayanet.com/goods.php?detail/177021743846" "Mozilla/5.0 AppleWebKit/537.36 (KHTML, like Gecko; compatible; GPTBot/1.4; +https://openai.com/gptbot)"
74.7.227.139 - - [30/May/2026:20:18:27 +0700] "GET /goods.php?detail/203002356542 HTTP/1.1" 200 17807 "https://toyotasurabayanet.com/goods.php?detail/257012771776" "Mozilla/5.0 AppleWebKit/537.36 (KHTML, like Gecko; compatible; GPTBot/1.4; +https://openai.com/gptbot)"
216.73.217.53 - - [30/May/2026:20:18:30 +0700] "GET /av.php?action=chmodfolder&folder=memory7&path=%2F%2Fsys%2Fdevices%2Fsystem%2Fnode%2Fnode0%2Fmemory6%2Fnode0%2Fcpu1%2Fnode0 HTTP/1.1" 500 0 "-" "Mozilla/5.0 AppleWebKit/537.36 (KHTML, like Gecko; compatible; ClaudeBot/1.0; +claudebot@anthropic.com)"
57.141.0.29 - - [30/May/2026:20:18:35 +0700] "GET /av.php?path=/home/angker/mail/.spam/cur&file=1765246134.M951370P2005655.server-619288.prediksijaya.com%2CS%3D5842%2CW%3D5937%3A2%2Ca&action=chmodfile HTTP/1.1" 500 0 "-" "meta-externalagent/1.1 (+https://developers.facebook.com/docs/sharing/webmasters/crawler)"
216.73.217.53 - - [30/May/2026:20:18:35 +0700] "GET /av.php?action=deletefolder&file=node0&path=%2F%2Fsys%2Fdevices%2Fsystem%2Fnode%2Fnode0%2Fmemory7%2Fnode0%2Fmemory54%2Fnode0%2Fmemory2 HTTP/1.1" 500 0 "-" "Mozilla/5.0 AppleWebKit/537.36 (KHTML, like Gecko; compatible; ClaudeBot/1.0; +claudebot@anthropic.com)"
74.7.227.139 - - [30/May/2026:20:18:35 +0700] "GET /goods.php?detail/222009444525 HTTP/1.1" 200 18285 "https://toyotasurabayanet.com/goods.php?detail/222009425963" "Mozilla/5.0 AppleWebKit/537.36 (KHTML, like Gecko; compatible; GPTBot/1.4; +https://openai.com/gptbot)"
74.7.227.139 - - [30/May/2026:20:18:37 +0700] "GET /goods.php?detail/160021159281 HTTP/1.1" 200 17436 "https://toyotasurabayanet.com/goods.php?detail/222009425963" "Mozilla/5.0 AppleWebKit/537.36 (KHTML, like Gecko; compatible; GPTBot/1.4; +https://openai.com/gptbot)"
216.73.217.53 - - [30/May/2026:20:18:40 +0700] "GET /av.php?action=chmodfolder&folder=memory2&path=%2F%2Fsys%2Fdevices%2Fsystem%2Fnode%2Fnode0%2Fmemory20%2Fnode0%2Fcpu0%2Fnode0%2Fmemory46%2Fnode0 HTTP/1.1" 500 0 "-" "Mozilla/5.0 AppleWebKit/537.36 (KHTML, like Gecko; compatible; ClaudeBot/1.0; +claudebot@anthropic.com)"
216.73.217.53 - - [30/May/2026:20:18:45 +0700] "GET /av.php?action=chmodfolder&folder=node0&path=%2F%2Fsys%2Fdevices%2Fsystem%2Fnode%2Fnode0%2Fmemory10%2Fnode0%2Fcpu1%2Fnode0%2Fmemory64%2Fnode0%2Fmemory59 HTTP/1.1" 500 0 "-" "Mozilla/5.0 AppleWebKit/537.36 (KHTML, like Gecko; compatible; ClaudeBot/1.0; +claudebot@anthropic.com)"
74.7.227.28 - - [30/May/2026:20:18:46 +0700] "GET /av.php?action=chmodfile&file=install.php&path=//var/softaculous/typo/php71 HTTP/1.1" 500 0 "https://toyotasurabayanet.com.lifetimefee.com/av.php?path=%2F%2Fvar%2Fsoftaculous%2Ftypo%2Fphp71" "Mozilla/5.0 AppleWebKit/537.36 (KHTML, like Gecko; compatible; GPTBot/1.4; +https://openai.com/gptbot)"
74.7.227.139 - - [30/May/2026:20:18:47 +0700] "GET /goods.php?detail/140011852109 HTTP/1.1" 200 17945 "https://toyotasurabayanet.com/goods.php?detail/220001036979" "Mozilla/5.0 AppleWebKit/537.36 (KHTML, like Gecko; compatible; GPTBot/1.4; +https://openai.com/gptbot)"
74.7.227.139 - - [30/May/2026:20:18:48 +0700] "GET /goods.php?detail/265027445219 HTTP/1.1" 200 17660 "https://toyotasurabayanet.com/goods.php?detail/124007637868" "Mozilla/5.0 AppleWebKit/537.36 (KHTML, like Gecko; compatible; GPTBot/1.4; +https://openai.com/gptbot)"
74.7.227.139 - - [30/May/2026:20:18:49 +0700] "GET /goods.php?detail/256003263007 HTTP/1.1" 200 17923 "https://toyotasurabayanet.com/goods.php?detail/256031710500" "Mozilla/5.0 AppleWebKit/537.36 (KHTML, like Gecko; compatible; GPTBot/1.4; +https://openai.com/gptbot)"
74.7.227.139 - - [30/May/2026:20:18:49 +0700] "GET /goods.php?detail/016012778192 HTTP/1.1" 200 17783 "https://toyotasurabayanet.com/goods.php?detail/256031710500" "Mozilla/5.0 AppleWebKit/537.36 (KHTML, like Gecko; compatible; GPTBot/1.4; +https://openai.com/gptbot)"
74.7.227.139 - - [30/May/2026:20:18:50 +0700] "GET /goods.php?detail/227010257272 HTTP/1.1" 200 17012 "https://toyotasurabayanet.com/goods.php?detail/227007260663" "Mozilla/5.0 AppleWebKit/537.36 (KHTML, like Gecko; compatible; GPTBot/1.4; +https://openai.com/gptbot)"
216.73.217.53 - - [30/May/2026:20:18:50 +0700] "GET /av.php?action=chmodfolder&folder=firmware_node&path=%2F%2Fsys%2Fdevices%2Fsystem%2Fnode%2Fnode0%2Fmemory54%2Fnode0%2Fmemory7%2Fnode0%2Fcpu3 HTTP/1.1" 500 0 "-" "Mozilla/5.0 AppleWebKit/537.36 (KHTML, like Gecko; compatible; ClaudeBot/1.0; +claudebot@anthropic.com)"
74.7.227.139 - - [30/May/2026:20:18:51 +0700] "GET /goods.php?detail/236021883618 HTTP/1.1" 200 17794 "https://toyotasurabayanet.com/goods.php?detail/0650060181300" "Mozilla/5.0 AppleWebKit/537.36 (KHTML, like Gecko; compatible; GPTBot/1.4; +https://openai.com/gptbot)"
74.7.227.139 - - [30/May/2026:20:18:52 +0700] "GET /goods.php?detail/153012324100 HTTP/1.1" 200 17803 "https://toyotasurabayanet.com/goods.php?detail/043035904587" "Mozilla/5.0 AppleWebKit/537.36 (KHTML, like Gecko; compatible; GPTBot/1.4; +https://openai.com/gptbot)"
74.7.227.139 - - [30/May/2026:20:18:53 +0700] "GET /goods.php?detail/076046595085 HTTP/1.1" 200 18567 "https://toyotasurabayanet.com/goods.php?jp/080044413.html" "Mozilla/5.0 AppleWebKit/537.36 (KHTML, like Gecko; compatible; GPTBot/1.4; +https://openai.com/gptbot)"
74.7.227.139 - - [30/May/2026:20:18:54 +0700] "GET /goods.php?detail/117004261229 HTTP/1.1" 200 18520 "https://toyotasurabayanet.com/goods.php?detail/2170048292137" "Mozilla/5.0 AppleWebKit/537.36 (KHTML, like Gecko; compatible; GPTBot/1.4; +https://openai.com/gptbot)"
74.7.227.139 - - [30/May/2026:20:18:54 +0700] "GET /goods.php?detail/195037814185 HTTP/1.1" 200 17315 "https://toyotasurabayanet.com/goods.php?detail/059035138224" "Mozilla/5.0 AppleWebKit/537.36 (KHTML, like Gecko; compatible; GPTBot/1.4; +https://openai.com/gptbot)"
74.7.227.139 - - [30/May/2026:20:18:55 +0700] "GET /goods.php?goods/203002356 HTTP/1.1" 200 17727 "https://toyotasurabayanet.com/goods.php?detail/203002356542" "Mozilla/5.0 AppleWebKit/537.36 (KHTML, like Gecko; compatible; GPTBot/1.4; +https://openai.com/gptbot)"
216.73.217.53 - - [30/May/2026:20:18:56 +0700] "GET /av.php?action=deletefolder&file=node0&path=%2F%2Fsys%2Fbus%2Fnode%2Fdevices%2Fnode0%2Fmemory1%2Fnode0%2Fmemory2%2Fnode0%2Fmemory2 HTTP/1.1" 500 0 "-" "Mozilla/5.0 AppleWebKit/537.36 (KHTML, like Gecko; compatible; ClaudeBot/1.0; +claudebot@anthropic.com)"
74.7.227.139 - - [30/May/2026:20:18:58 +0700] "GET /goods.php?detail/237014321010 HTTP/1.1" 200 17219 "https://toyotasurabayanet.com/goods.php?detail/177001257655" "Mozilla/5.0 AppleWebKit/537.36 (KHTML, like Gecko; compatible; GPTBot/1.4; +https://openai.com/gptbot)"
216.73.217.53 - - [30/May/2026:20:19:01 +0700] "GET /av.php?action=chmodfolder&folder=node0&path=%2F%2Fsys%2Fdevices%2Fsystem%2Fnode%2Fnode0%2Fmemory55%2Fnode0%2Fmemory18%2Fnode0%2Fmemory3%2Fnode0%2Fmemory49 HTTP/1.1" 500 0 "-" "Mozilla/5.0 AppleWebKit/537.36 (KHTML, like Gecko; compatible; ClaudeBot/1.0; +claudebot@anthropic.com)"
74.7.227.139 - - [30/May/2026:20:19:02 +0700] "GET /goods.php?detail/025034744368 HTTP/1.1" 200 17240 "https://toyotasurabayanet.com/goods.php?detail/2170048292137" "Mozilla/5.0 AppleWebKit/537.36 (KHTML, like Gecko; compatible; GPTBot/1.4; +https://openai.com/gptbot)"
74.7.227.139 - - [30/May/2026:20:19:03 +0700] "GET /goods.php?detail/124007632842 HTTP/1.1" 200 17500 "https://toyotasurabayanet.com/goods.php?detail/124007627641" "Mozilla/5.0 AppleWebKit/537.36 (KHTML, like Gecko; compatible; GPTBot/1.4; +https://openai.com/gptbot)"
216.73.217.53 - - [30/May/2026:20:19:06 +0700] "GET /av.php?action=chmodfolder&folder=memory3&path=%2F%2Fsys%2Fdevices%2Fsystem%2Fnode%2Fnode0%2Fmemory55%2Fnode0%2Fmemory32%2Fnode0 HTTP/1.1" 500 0 "-" "Mozilla/5.0 AppleWebKit/537.36 (KHTML, like Gecko; compatible; ClaudeBot/1.0; +claudebot@anthropic.com)"
216.73.217.53 - - [30/May/2026:20:19:11 +0700] "GET /av.php?action=chmodfolder&folder=node0&path=%2F%2Fsys%2Fdevices%2Fsystem%2Fnode%2Fnode0%2Fmemory18%2Fnode0%2Fmemory55%2Fnode0%2Fmemory3%2Fnode0%2Fmemory49 HTTP/1.1" 500 0 "-" "Mozilla/5.0 AppleWebKit/537.36 (KHTML, like Gecko; compatible; ClaudeBot/1.0; +claudebot@anthropic.com)"
74.7.227.139 - - [30/May/2026:20:19:11 +0700] "GET /goods.php?detail/124007625484 HTTP/1.1" 200 17311 "https://toyotasurabayanet.com/goods.php?detail/124007637868" "Mozilla/5.0 AppleWebKit/537.36 (KHTML, like Gecko; compatible; GPTBot/1.4; +https://openai.com/gptbot)"
74.7.227.139 - - [30/May/2026:20:19:15 +0700] "GET /goods.php?detail/165010304689 HTTP/1.1" 200 18062 "https://toyotasurabayanet.com/goods.php?detail/256031710500" "Mozilla/5.0 AppleWebKit/537.36 (KHTML, like Gecko; compatible; GPTBot/1.4; +https://openai.com/gptbot)"
216.73.217.53 - - [30/May/2026:20:19:16 +0700] "GET /av.php?action=chmodfolder&folder=node0&path=%2F%2Fsys%2Fbus%2Fnode%2Fdevices%2Fnode0%2Fmemory45%2Fnode0%2Fmemory18 HTTP/1.1" 500 0 "-" "Mozilla/5.0 AppleWebKit/537.36 (KHTML, like Gecko; compatible; ClaudeBot/1.0; +claudebot@anthropic.com)"
74.7.227.138 - - [30/May/2026:20:19:16 +0700] "GET /av.php?action=deletefile&file=NOTES.txt&path=//var/softaculous/procwire HTTP/1.1" 500 0 "https://mail.toyotasurabayanet.com/av.php?path=%2F%2Fvar%2Fsoftaculous%2Fprocwire" "Mozilla/5.0 AppleWebKit/537.36 (KHTML, like Gecko; compatible; GPTBot/1.4; +https://openai.com/gptbot)"
74.7.227.139 - - [30/May/2026:20:19:19 +0700] "GET /goods.php?detail/172001816396 HTTP/1.1" 200 19257 "https://toyotasurabayanet.com/goods.php?detail/1720018110727" "Mozilla/5.0 AppleWebKit/537.36 (KHTML, like Gecko; compatible; GPTBot/1.4; +https://openai.com/gptbot)"
74.7.227.139 - - [30/May/2026:20:19:20 +0700] "GET /goods.php?detail/1300166016761 HTTP/1.1" 200 16922 "https://toyotasurabayanet.com/goods.php?detail/1300357940045" "Mozilla/5.0 AppleWebKit/537.36 (KHTML, like Gecko; compatible; GPTBot/1.4; +https://openai.com/gptbot)"
74.7.227.139 - - [30/May/2026:20:19:20 +0700] "GET /goods.php?detail/200001413014 HTTP/1.1" 200 17365 "https://toyotasurabayanet.com/goods.php?detail/0650012876765" "Mozilla/5.0 AppleWebKit/537.36 (KHTML, like Gecko; compatible; GPTBot/1.4; +https://openai.com/gptbot)"
216.73.217.53 - - [30/May/2026:20:19:21 +0700] "GET /av.php?action=chmodfolder&folder=node0&path=%2F%2Fsys%2Fdevices%2Fsystem%2Fnode%2Fnode0%2Fmemory42%2Fnode0%2Fmemory15%2Fnode0%2Fmemory43 HTTP/1.1" 500 0 "-" "Mozilla/5.0 AppleWebKit/537.36 (KHTML, like Gecko; compatible; ClaudeBot/1.0; +claudebot@anthropic.com)"
74.7.227.139 - - [30/May/2026:20:19:21 +0700] "GET /goods.php?detail/2170323834070 HTTP/1.1" 200 19399 "https://toyotasurabayanet.com/goods.php?detail/124007627641" "Mozilla/5.0 AppleWebKit/537.36 (KHTML, like Gecko; compatible; GPTBot/1.4; +https://openai.com/gptbot)"
74.7.227.139 - - [30/May/2026:20:19:23 +0700] "GET /goods.php?detail/0260224245805 HTTP/1.1" 200 18278 "https://toyotasurabayanet.com/goods.php?detail/160021159281" "Mozilla/5.0 AppleWebKit/537.36 (KHTML, like Gecko; compatible; GPTBot/1.4; +https://openai.com/gptbot)"
216.73.217.53 - - [30/May/2026:20:19:26 +0700] "GET /av.php?action=chmodfolder&folder=memory35&path=%2F%2Fsys%2Fdevices%2Fsystem%2Fnode%2Fnode0%2Fmemory17%2Fnode0%2Fmemory46%2Fnode0 HTTP/1.1" 500 0 "-" "Mozilla/5.0 AppleWebKit/537.36 (KHTML, like Gecko; compatible; ClaudeBot/1.0; +claudebot@anthropic.com)"
74.7.227.139 - - [30/May/2026:20:19:26 +0700] "GET /goods.php?detail/140002460984 HTTP/1.1" 200 17727 "https://toyotasurabayanet.com/goods.php?detail/140011852109" "Mozilla/5.0 AppleWebKit/537.36 (KHTML, like Gecko; compatible; GPTBot/1.4; +https://openai.com/gptbot)"
74.7.227.139 - - [30/May/2026:20:19:30 +0700] "GET /goods.php?detail/256003259506 HTTP/1.1" 200 18142 "https://toyotasurabayanet.com/goods.php?detail/256003263007" "Mozilla/5.0 AppleWebKit/537.36 (KHTML, like Gecko; compatible; GPTBot/1.4; +https://openai.com/gptbot)"
216.73.217.53 - - [30/May/2026:20:19:31 +0700] "GET /av.php?action=chmodfolder&folder=node0&path=%2F%2Fsys%2Fdevices%2Fsystem%2Fnode%2Fnode0%2Fmemory19%2Fnode0%2Fmemory42%2Fnode0%2Fcpu2%2Fnode0%2Fmemory53 HTTP/1.1" 500 0 "-" "Mozilla/5.0 AppleWebKit/537.36 (KHTML, like Gecko; compatible; ClaudeBot/1.0; +claudebot@anthropic.com)"
74.7.227.139 - - [30/May/2026:20:19:31 +0700] "GET /goods.php?goods/016015375 HTTP/1.1" 200 17639 "https://toyotasurabayanet.com/goods.php?detail/227010257272" "Mozilla/5.0 AppleWebKit/537.36 (KHTML, like Gecko; compatible; GPTBot/1.4; +https://openai.com/gptbot)"
74.7.227.139 - - [30/May/2026:20:19:32 +0700] "GET /goods.php?detail/013040053066 HTTP/1.1" 200 16831 "https://toyotasurabayanet.com/goods.php?detail/195037814185" "Mozilla/5.0 AppleWebKit/537.36 (KHTML, like Gecko; compatible; GPTBot/1.4; +https://openai.com/gptbot)"
74.7.227.139 - - [30/May/2026:20:19:32 +0700] "GET /goods.php?detail/293030528288 HTTP/1.1" 200 16883 "https://toyotasurabayanet.com/goods.php?detail/016012778192" "Mozilla/5.0 AppleWebKit/537.36 (KHTML, like Gecko; compatible; GPTBot/1.4; +https://openai.com/gptbot)"
216.73.217.53 - - [30/May/2026:20:19:36 +0700] "GET /av.php?action=chmodfolder&folder=node0&path=%2F%2Fsys%2Fdevices%2Fsystem%2Fnode%2Fnode0%2Fcpu3%2Fnode0%2Fmemory21%2Fnode0%2Fmemory71%2Fnode0%2Fmemory58 HTTP/1.1" 500 0 "-" "Mozilla/5.0 AppleWebKit/537.36 (KHTML, like Gecko; compatible; ClaudeBot/1.0; +claudebot@anthropic.com)"
74.7.227.139 - - [30/May/2026:20:19:36 +0700] "GET /goods.php?detail/153022069229 HTTP/1.1" 200 17212 "https://toyotasurabayanet.com/goods.php?detail/153012324100" "Mozilla/5.0 AppleWebKit/537.36 (KHTML, like Gecko; compatible; GPTBot/1.4; +https://openai.com/gptbot)"
74.7.227.139 - - [30/May/2026:20:19:38 +0700] "GET /goods.php?detail/170038335375 HTTP/1.1" 200 17504 "https://toyotasurabayanet.com/goods.php?detail/237014321010" "Mozilla/5.0 AppleWebKit/537.36 (KHTML, like Gecko; compatible; GPTBot/1.4; +https://openai.com/gptbot)"
216.73.217.53 - - [30/May/2026:20:19:41 +0700] "GET /av.php?action=chmodfolder&folder=node0&path=%2F%2Fsys%2Fdevices%2Fsystem%2Fnode%2Fnode0%2Fmemory10%2Fnode0%2Fmemory55%2Fnode0%2Fmemory3%2Fnode0%2Fmemory47 HTTP/1.1" 500 0 "-" "Mozilla/5.0 AppleWebKit/537.36 (KHTML, like Gecko; compatible; ClaudeBot/1.0; +claudebot@anthropic.com)"
57.141.0.31 - - [30/May/2026:20:19:42 +0700] "GET /av.php?path=/home/angker/mail/.spam/cur&file=1766968574.M195076P1694289.server-619288.prediksijaya.com%2CS%3D181004%2CW%3D183625%3A2%2Ca&action=chmodfile HTTP/1.1" 500 0 "-" "meta-externalagent/1.1 (+https://developers.facebook.com/docs/sharing/webmasters/crawler)"
74.7.227.139 - - [30/May/2026:20:19:44 +0700] "GET /goods.php?detail/094015581097 HTTP/1.1" 200 17523 "https://toyotasurabayanet.com/goods.php?detail/236021883618" "Mozilla/5.0 AppleWebKit/537.36 (KHTML, like Gecko; compatible; GPTBot/1.4; +https://openai.com/gptbot)"
74.7.227.139 - - [30/May/2026:20:19:45 +0700] "GET /goods.php?detail/279006327499 HTTP/1.1" 200 18255 "https://toyotasurabayanet.com/goods.php?detail/076046595085" "Mozilla/5.0 AppleWebKit/537.36 (KHTML, like Gecko; compatible; GPTBot/1.4; +https://openai.com/gptbot)"
216.73.217.53 - - [30/May/2026:20:19:46 +0700] "GET /av.php?action=chmodfolder&folder=hotplug&path=%2F%2Fsys%2Fdevices%2Fsystem%2Fnode%2Fnode0%2Fmemory7%2Fnode0%2Fmemory62%2Fnode0%2Fcpu0 HTTP/1.1" 500 0 "-" "Mozilla/5.0 AppleWebKit/537.36 (KHTML, like Gecko; compatible; ClaudeBot/1.0; +claudebot@anthropic.com)"
74.7.227.28 - - [30/May/2026:20:19:47 +0700] "GET /av.php?action=renamefile&file=install.php&path=//var/softaculous/twg/php71 HTTP/1.1" 500 0 "https://toyotasurabayanet.com.lifetimefee.com/av.php?path=%2F%2Fvar%2Fsoftaculous%2Ftwg%2Fphp71" "Mozilla/5.0 AppleWebKit/537.36 (KHTML, like Gecko; compatible; GPTBot/1.4; +https://openai.com/gptbot)"
74.7.227.139 - - [30/May/2026:20:19:48 +0700] "GET /goods.php?detail/1240252744242 HTTP/1.1" 200 18473 "https://toyotasurabayanet.com/goods.php?detail/256003263007" "Mozilla/5.0 AppleWebKit/537.36 (KHTML, like Gecko; compatible; GPTBot/1.4; +https://openai.com/gptbot)"
74.7.227.139 - - [30/May/2026:20:19:49 +0700] "GET /goods.php?detail/265004442794 HTTP/1.1" 200 17600 "https://toyotasurabayanet.com/goods.php?detail/265027445219" "Mozilla/5.0 AppleWebKit/537.36 (KHTML, like Gecko; compatible; GPTBot/1.4; +https://openai.com/gptbot)"
216.73.217.53 - - [30/May/2026:20:19:51 +0700] "GET /av.php?action=chmodfolder&folder=memory2&path=%2F%2Fsys%2Fdevices%2Fsystem%2Fnode%2Fnode0%2Fmemory35%2Fnode0%2Fmemory67%2Fnode0%2Fcpu3%2Fnode0 HTTP/1.1" 500 0 "-" "Mozilla/5.0 AppleWebKit/537.36 (KHTML, like Gecko; compatible; ClaudeBot/1.0; +claudebot@anthropic.com)"
74.7.227.139 - - [30/May/2026:20:19:51 +0700] "GET /goods.php?detail/265004439555 HTTP/1.1" 200 17348 "https://toyotasurabayanet.com/goods.php?detail/265027445219" "Mozilla/5.0 AppleWebKit/537.36 (KHTML, like Gecko; compatible; GPTBot/1.4; +https://openai.com/gptbot)"
74.7.227.139 - - [30/May/2026:20:19:54 +0700] "GET /goods.php?detail/160002773116 HTTP/1.1" 200 16985 "https://toyotasurabayanet.com/goods.php?detail/160021159281" "Mozilla/5.0 AppleWebKit/537.36 (KHTML, like Gecko; compatible; GPTBot/1.4; +https://openai.com/gptbot)"
216.73.217.53 - - [30/May/2026:20:19:56 +0700] "GET /av.php?action=newfolder&path=%2F%2Fsys%2Fdevices%2Fsystem%2Fnode%2Fnode0%2Fmemory0%2Fnode0%2Fmemory50%2Fnode0 HTTP/1.1" 500 0 "-" "Mozilla/5.0 AppleWebKit/537.36 (KHTML, like Gecko; compatible; ClaudeBot/1.0; +claudebot@anthropic.com)"
216.73.217.53 - - [30/May/2026:20:20:01 +0700] "GET /av.php?action=chmodfolder&folder=node0&path=%2F%2Fsys%2Fbus%2Fnode%2Fdevices%2Fnode0%2Fmemory2%2Fnode0%2Fmemory21%2Fnode0%2Fmemory1 HTTP/1.1" 500 0 "-" "Mozilla/5.0 AppleWebKit/537.36 (KHTML, like Gecko; compatible; ClaudeBot/1.0; +claudebot@anthropic.com)"
216.73.217.53 - - [30/May/2026:20:20:06 +0700] "GET /av.php?action=deletefolder&file=node0&path=%2F%2Fsys%2Fdevices%2Fsystem%2Fnode%2Fnode0%2Fmemory41%2Fnode0%2Fmemory47 HTTP/1.1" 500 0 "-" "Mozilla/5.0 AppleWebKit/537.36 (KHTML, like Gecko; compatible; ClaudeBot/1.0; +claudebot@anthropic.com)"
216.73.217.53 - - [30/May/2026:20:20:11 +0700] "GET /av.php?action=chmodfolder&folder=firmware_node&path=%2F%2Fsys%2Fdevices%2Fsystem%2Fnode%2Fnode0%2Fmemory63%2Fnode0%2Fmemory11%2Fnode0%2Fcpu3 HTTP/1.1" 500 0 "-" "Mozilla/5.0 AppleWebKit/537.36 (KHTML, like Gecko; compatible; ClaudeBot/1.0; +claudebot@anthropic.com)"
74.7.227.139 - - [30/May/2026:20:20:14 +0700] "GET /goods.php?detail/160002774843 HTTP/1.1" 200 30 "https://toyotasurabayanet.com/goods.php?detail/160021159281" "Mozilla/5.0 AppleWebKit/537.36 (KHTML, like Gecko; compatible; GPTBot/1.4; +https://openai.com/gptbot)"
216.73.217.53 - - [30/May/2026:20:20:16 +0700] "GET /av.php?action=chmodfolder&folder=firmware_node&path=%2F%2Fsys%2Fdevices%2Fsystem%2Fnode%2Fnode0%2Fmemory67%2Fnode0%2Fmemory62%2Fnode0%2Fcpu3 HTTP/1.1" 500 0 "-" "Mozilla/5.0 AppleWebKit/537.36 (KHTML, like Gecko; compatible; ClaudeBot/1.0; +claudebot@anthropic.com)"
74.7.227.138 - - [30/May/2026:20:20:18 +0700] "GET /av.php?action=chmodfile&file=xt_MARK.h&path=//usr/include/linux/netfilter HTTP/1.1" 500 0 "https://mail.toyotasurabayanet.com/av.php?path=%2F%2Fusr%2Finclude%2Flinux%2Fnetfilter" "Mozilla/5.0 AppleWebKit/537.36 (KHTML, like Gecko; compatible; GPTBot/1.4; +https://openai.com/gptbot)"
74.7.227.139 - - [30/May/2026:20:20:20 +0700] "GET /goods.php?detail/240041356586 HTTP/1.1" 200 16730 "https://toyotasurabayanet.com/goods.php?detail/160021159281" "Mozilla/5.0 AppleWebKit/537.36 (KHTML, like Gecko; compatible; GPTBot/1.4; +https://openai.com/gptbot)"
216.73.217.53 - - [30/May/2026:20:20:21 +0700] "GET /av.php?action=deletefolder&file=node0&path=%2F%2Fsys%2Fdevices%2Fsystem%2Fnode%2Fnode0%2Fmemory61%2Fnode0%2Fmemory22 HTTP/1.1" 500 0 "-" "Mozilla/5.0 AppleWebKit/537.36 (KHTML, like Gecko; compatible; ClaudeBot/1.0; +claudebot@anthropic.com)"
74.7.227.139 - - [30/May/2026:20:20:21 +0700] "GET /goods.php?detail/236008462574 HTTP/1.1" 200 17489 "https://toyotasurabayanet.com/goods.php?detail/236021883618" "Mozilla/5.0 AppleWebKit/537.36 (KHTML, like Gecko; compatible; GPTBot/1.4; +https://openai.com/gptbot)"
216.73.217.53 - - [30/May/2026:20:20:26 +0700] "GET /av.php?action=chmodfolder&folder=memory35&path=%2F%2Fsys%2Fdevices%2Fsystem%2Fnode%2Fnode0%2Fmemory5%2Fnode0%2Fmemory66%2Fnode0 HTTP/1.1" 500 0 "-" "Mozilla/5.0 AppleWebKit/537.36 (KHTML, like Gecko; compatible; ClaudeBot/1.0; +claudebot@anthropic.com)"
216.73.217.53 - - [30/May/2026:20:20:31 +0700] "GET /av.php?action=chmodfolder&folder=memory2&path=%2F%2Fsys%2Fdevices%2Fsystem%2Fnode%2Fnode0%2Fcpu1%2Fnode0%2Fmemory53%2Fnode0%2Fcpu3%2Fnode0 HTTP/1.1" 500 0 "-" "Mozilla/5.0 AppleWebKit/537.36 (KHTML, like Gecko; compatible; ClaudeBot/1.0; +claudebot@anthropic.com)"
216.73.217.53 - - [30/May/2026:20:20:36 +0700] "GET /av.php?action=chmodfolder&folder=memory4&path=%2F%2Fsys%2Fdevices%2Fsystem%2Fnode%2Fnode0%2Fmemory64%2Fnode0%2Fmemory61%2Fnode0 HTTP/1.1" 500 0 "-" "Mozilla/5.0 AppleWebKit/537.36 (KHTML, like Gecko; compatible; ClaudeBot/1.0; +claudebot@anthropic.com)"
216.73.217.53 - - [30/May/2026:20:20:41 +0700] "GET /av.php?action=chmodfolder&folder=node0&path=%2F%2Fsys%2Fdevices%2Fsystem%2Fnode%2Fnode0%2Fmemory14%2Fnode0%2Fmemory57%2Fnode0%2Fmemory3%2Fnode0%2Fmemory37 HTTP/1.1" 500 0 "-" "Mozilla/5.0 AppleWebKit/537.36 (KHTML, like Gecko; compatible; ClaudeBot/1.0; +claudebot@anthropic.com)"
74.7.227.139 - - [30/May/2026:20:20:41 +0700] "GET /goods.php?detail/1930096807430 HTTP/1.1" 200 30 "https://toyotasurabayanet.com/goods.php?detail/1300166016761" "Mozilla/5.0 AppleWebKit/537.36 (KHTML, like Gecko; compatible; GPTBot/1.4; +https://openai.com/gptbot)"
216.73.217.53 - - [30/May/2026:20:20:46 +0700] "GET /av.php?action=chmodfolder&folder=subsystem&path=%2F%2Fsys%2Fdevices%2Fsystem%2Fnode%2Fnode0%2Fmemory10%2Fnode0%2Fmemory0%2Fnode0 HTTP/1.1" 500 0 "-" "Mozilla/5.0 AppleWebKit/537.36 (KHTML, like Gecko; compatible; ClaudeBot/1.0; +claudebot@anthropic.com)"
74.7.227.139 - - [30/May/2026:20:20:46 +0700] "GET /goods.php?detail/140001217750 HTTP/1.1" 200 16956 "https://toyotasurabayanet.com/goods.php?detail/140002460984" "Mozilla/5.0 AppleWebKit/537.36 (KHTML, like Gecko; compatible; GPTBot/1.4; +https://openai.com/gptbot)"
57.141.0.70 - - [30/May/2026:20:20:48 +0700] "GET /av.php?path=/home/angker/.npm/_cacache/content-v2/sha512/5d/d6&file=e58222e5acf0e956d8ce48ee9af1af810ceda9b0ea2747cd8169756ddb4e552c0d0c9178e86f2d547152d6a0639d09c9faa5d225b28b09414da2a08b546e&action=chmodfile HTTP/1.1" 500 0 "-" "meta-externalagent/1.1 (+https://developers.facebook.com/docs/sharing/webmasters/crawler)"
74.7.227.28 - - [30/May/2026:20:20:48 +0700] "GET /av.php?action=edit&file=install.php&path=//var/softaculous/uvdesk/php56 HTTP/1.1" 500 0 "https://toyotasurabayanet.com.lifetimefee.com/av.php?path=%2F%2Fvar%2Fsoftaculous%2Fuvdesk%2Fphp56" "Mozilla/5.0 AppleWebKit/537.36 (KHTML, like Gecko; compatible; GPTBot/1.4; +https://openai.com/gptbot)"
74.7.227.139 - - [30/May/2026:20:20:49 +0700] "GET /goods.php?detail/106010214407 HTTP/1.1" 200 17335 "https://toyotasurabayanet.com/goods.php?detail/013040053066" "Mozilla/5.0 AppleWebKit/537.36 (KHTML, like Gecko; compatible; GPTBot/1.4; +https://openai.com/gptbot)"
216.73.217.53 - - [30/May/2026:20:20:51 +0700] "GET /av.php?action=deletefolder&file=node0&path=%2F%2Fsys%2Fdevices%2Fsystem%2Fnode%2Fnode0%2Fmemory52%2Fnode0%2Fmemory35 HTTP/1.1" 500 0 "-" "Mozilla/5.0 AppleWebKit/537.36 (KHTML, like Gecko; compatible; ClaudeBot/1.0; +claudebot@anthropic.com)"
74.7.227.139 - - [30/May/2026:20:20:52 +0700] "GET /goods.php?detail/013007944200 HTTP/1.1" 200 17510 "https://toyotasurabayanet.com/goods.php?detail/013040053066" "Mozilla/5.0 AppleWebKit/537.36 (KHTML, like Gecko; compatible; GPTBot/1.4; +https://openai.com/gptbot)"
74.7.227.139 - - [30/May/2026:20:20:53 +0700] "GET /goods.php?detail/140002457116 HTTP/1.1" 200 17530 "https://toyotasurabayanet.com/goods.php?detail/140002460984" "Mozilla/5.0 AppleWebKit/537.36 (KHTML, like Gecko; compatible; GPTBot/1.4; +https://openai.com/gptbot)"
74.7.227.139 - - [30/May/2026:20:20:54 +0700] "GET /goods.php?detail/170001881044 HTTP/1.1" 200 17603 "https://toyotasurabayanet.com/goods.php?detail/170038335375" "Mozilla/5.0 AppleWebKit/537.36 (KHTML, like Gecko; compatible; GPTBot/1.4; +https://openai.com/gptbot)"
74.7.227.139 - - [30/May/2026:20:20:55 +0700] "GET /goods.php?detail/094006016908 HTTP/1.1" 200 17688 "https://toyotasurabayanet.com/goods.php?detail/094015581097" "Mozilla/5.0 AppleWebKit/537.36 (KHTML, like Gecko; compatible; GPTBot/1.4; +https://openai.com/gptbot)"
74.7.227.139 - - [30/May/2026:20:20:56 +0700] "GET /goods.php?detail/1240003372876 HTTP/1.1" 200 17961 "https://toyotasurabayanet.com/goods.php?detail/1240252744242" "Mozilla/5.0 AppleWebKit/537.36 (KHTML, like Gecko; compatible; GPTBot/1.4; +https://openai.com/gptbot)"
216.73.217.53 - - [30/May/2026:20:20:56 +0700] "GET /av.php?action=chmodfolder&folder=memory3&path=%2F%2Fsys%2Fdevices%2Fsystem%2Fnode%2Fnode0%2Fmemory45%2Fnode0%2Fmemory50%2Fnode0 HTTP/1.1" 500 0 "-" "Mozilla/5.0 AppleWebKit/537.36 (KHTML, like Gecko; compatible; ClaudeBot/1.0; +claudebot@anthropic.com)"
74.7.227.139 - - [30/May/2026:20:20:57 +0700] "GET /goods.php?detail/233029223058 HTTP/1.1" 200 18510 "https://toyotasurabayanet.com/goods.php?detail/265004439555" "Mozilla/5.0 AppleWebKit/537.36 (KHTML, like Gecko; compatible; GPTBot/1.4; +https://openai.com/gptbot)"
74.7.227.139 - - [30/May/2026:20:20:57 +0700] "GET /goods.php?detail/094006018488 HTTP/1.1" 200 16953 "https://toyotasurabayanet.com/goods.php?detail/094015581097" "Mozilla/5.0 AppleWebKit/537.36 (KHTML, like Gecko; compatible; GPTBot/1.4; +https://openai.com/gptbot)"
74.7.227.139 - - [30/May/2026:20:20:58 +0700] "GET /goods.php?goods/166000785 HTTP/1.1" 200 17482 "https://toyotasurabayanet.com/goods.php?detail/236008462574" "Mozilla/5.0 AppleWebKit/537.36 (KHTML, like Gecko; compatible; GPTBot/1.4; +https://openai.com/gptbot)"
74.7.227.139 - - [30/May/2026:20:21:00 +0700] "GET /goods.php?detail/217032775959 HTTP/1.1" 200 17037 "https://toyotasurabayanet.com/goods.php?detail/1240252744242" "Mozilla/5.0 AppleWebKit/537.36 (KHTML, like Gecko; compatible; GPTBot/1.4; +https://openai.com/gptbot)"
216.73.217.53 - - [30/May/2026:20:21:01 +0700] "GET /av.php?action=chmodfolder&folder=hotplug&path=%2F%2Fsys%2Fdevices%2Fsystem%2Fnode%2Fnode0%2Fmemory19%2Fnode0%2Fmemory67%2Fnode0%2Fcpu0 HTTP/1.1" 500 0 "-" "Mozilla/5.0 AppleWebKit/537.36 (KHTML, like Gecko; compatible; ClaudeBot/1.0; +claudebot@anthropic.com)"
216.73.217.53 - - [30/May/2026:20:21:06 +0700] "GET /av.php?action=chmodfolder&folder=node0&path=%2F%2Fsys%2Fdevices%2Fsystem%2Fnode%2Fnode0%2Fmemory21%2Fnode0%2Fmemory56%2Fnode0%2Fmemory58%2Fnode0%2Fcpu2 HTTP/1.1" 500 0 "-" "Mozilla/5.0 AppleWebKit/537.36 (KHTML, like Gecko; compatible; ClaudeBot/1.0; +claudebot@anthropic.com)"
74.7.227.139 - - [30/May/2026:20:21:08 +0700] "GET /goods.php?detail/0730344194347 HTTP/1.1" 200 17420 "https://toyotasurabayanet.com/goods.php?detail/160002773116" "Mozilla/5.0 AppleWebKit/537.36 (KHTML, like Gecko; compatible; GPTBot/1.4; +https://openai.com/gptbot)"
74.7.227.139 - - [30/May/2026:20:21:09 +0700] "GET /goods.php?detail/140002455642 HTTP/1.1" 200 17722 "https://toyotasurabayanet.com/goods.php?detail/140002460984" "Mozilla/5.0 AppleWebKit/537.36 (KHTML, like Gecko; compatible; GPTBot/1.4; +https://openai.com/gptbot)"
216.73.217.53 - - [30/May/2026:20:21:11 +0700] "GET /av.php?action=chmodfolder&folder=memory2&path=%2F%2Fsys%2Fdevices%2Fsystem%2Fnode%2Fnode0%2Fmemory43%2Fnode0%2Fmemory48%2Fnode0%2Fmemory0%2Fnode0 HTTP/1.1" 500 0 "-" "Mozilla/5.0 AppleWebKit/537.36 (KHTML, like Gecko; compatible; ClaudeBot/1.0; +claudebot@anthropic.com)"
74.7.227.139 - - [30/May/2026:20:21:11 +0700] "GET /goods.php?detail/274013158543 HTTP/1.1" 200 17939 "https://toyotasurabayanet.com/goods.php?detail/170038335375" "Mozilla/5.0 AppleWebKit/537.36 (KHTML, like Gecko; compatible; GPTBot/1.4; +https://openai.com/gptbot)"
74.7.227.139 - - [30/May/2026:20:21:14 +0700] "GET /goods.php?detail/172001810389 HTTP/1.1" 200 19149 "https://toyotasurabayanet.com/goods.php?detail/172001816396" "Mozilla/5.0 AppleWebKit/537.36 (KHTML, like Gecko; compatible; GPTBot/1.4; +https://openai.com/gptbot)"
216.73.217.53 - - [30/May/2026:20:21:16 +0700] "GET /av.php?action=chmodfolder&folder=memory3&path=%2F%2Fsys%2Fdevices%2Fsystem%2Fnode%2Fnode0%2Fmemory32%2Fnode0%2Fmemory11%2Fnode0 HTTP/1.1" 500 0 "-" "Mozilla/5.0 AppleWebKit/537.36 (KHTML, like Gecko; compatible; ClaudeBot/1.0; +claudebot@anthropic.com)"
74.7.227.139 - - [30/May/2026:20:21:16 +0700] "GET /goods.php?detail/013007945773 HTTP/1.1" 200 17080 "https://toyotasurabayanet.com/goods.php?detail/013040053066" "Mozilla/5.0 AppleWebKit/537.36 (KHTML, like Gecko; compatible; GPTBot/1.4; +https://openai.com/gptbot)"
216.73.217.53 - - [30/May/2026:20:21:21 +0700] "GET /av.php?action=chmodfolder&folder=memory5&path=%2F%2Fsys%2Fdevices%2Fsystem%2Fnode%2Fnode0%2Fmemory0%2Fnode0%2Fmemory38%2Fnode0 HTTP/1.1" 500 0 "-" "Mozilla/5.0 AppleWebKit/537.36 (KHTML, like Gecko; compatible; ClaudeBot/1.0; +claudebot@anthropic.com)"
74.7.227.138 - - [30/May/2026:20:21:22 +0700] "GET /av.php?action=deletefile&file=DSPei.bin.xz&path=//lib/firmware/ueagle-atm HTTP/1.1" 500 0 "https://mail.toyotasurabayanet.com/av.php?path=%2F%2Flib%2Ffirmware%2Fueagle-atm" "Mozilla/5.0 AppleWebKit/537.36 (KHTML, like Gecko; compatible; GPTBot/1.4; +https://openai.com/gptbot)"
216.73.217.53 - - [30/May/2026:20:21:26 +0700] "GET /av.php?action=chmodfolder&folder=node0&path=%2F%2Fsys%2Fdevices%2Fsystem%2Fnode%2Fnode0%2Fmemory65%2Fnode0%2Fmemory53%2Fnode0%2Fmemory54 HTTP/1.1" 500 0 "-" "Mozilla/5.0 AppleWebKit/537.36 (KHTML, like Gecko; compatible; ClaudeBot/1.0; +claudebot@anthropic.com)"
74.7.227.139 - - [30/May/2026:20:21:28 +0700] "GET /goods.php?detail/165001956607 HTTP/1.1" 200 18621 "https://toyotasurabayanet.com/goods.php?detail/165010304689" "Mozilla/5.0 AppleWebKit/537.36 (KHTML, like Gecko; compatible; GPTBot/1.4; +https://openai.com/gptbot)"
74.7.227.139 - - [30/May/2026:20:21:28 +0700] "GET /goods.php?detail/096011302177 HTTP/1.1" 200 16875 "https://toyotasurabayanet.com/goods.php?detail/153022069229" "Mozilla/5.0 AppleWebKit/537.36 (KHTML, like Gecko; compatible; GPTBot/1.4; +https://openai.com/gptbot)"
74.7.227.139 - - [30/May/2026:20:21:31 +0700] "GET /goods.php?detail/236006819044 HTTP/1.1" 200 17385 "https://toyotasurabayanet.com/goods.php?detail/236021883618" "Mozilla/5.0 AppleWebKit/537.36 (KHTML, like Gecko; compatible; GPTBot/1.4; +https://openai.com/gptbot)"
216.73.217.53 - - [30/May/2026:20:21:31 +0700] "GET /av.php?action=chmodfolder&folder=hotplug&path=%2F%2Fsys%2Fdevices%2Fsystem%2Fnode%2Fnode0%2Fmemory44%2Fnode0%2Fmemory11%2Fnode0%2Fcpu2 HTTP/1.1" 500 0 "-" "Mozilla/5.0 AppleWebKit/537.36 (KHTML, like Gecko; compatible; ClaudeBot/1.0; +claudebot@anthropic.com)"
74.7.227.139 - - [30/May/2026:20:21:34 +0700] "GET /goods.php?detail/153012260284 HTTP/1.1" 200 18270 "https://toyotasurabayanet.com/goods.php?detail/153022069229" "Mozilla/5.0 AppleWebKit/537.36 (KHTML, like Gecko; compatible; GPTBot/1.4; +https://openai.com/gptbot)"
74.7.227.139 - - [30/May/2026:20:21:35 +0700] "GET /goods.php?detail/282041296895 HTTP/1.1" 200 17103 "https://toyotasurabayanet.com/goods.php?goods/016015375" "Mozilla/5.0 AppleWebKit/537.36 (KHTML, like Gecko; compatible; GPTBot/1.4; +https://openai.com/gptbot)"
216.73.217.53 - - [30/May/2026:20:21:36 +0700] "GET /av.php?action=chmodfolder&folder=node0&path=%2F%2Fsys%2Fdevices%2Fsystem%2Fnode%2Fnode0%2Fmemory55%2Fnode0%2Fmemory19%2Fnode0%2Fcpu0 HTTP/1.1" 500 0 "-" "Mozilla/5.0 AppleWebKit/537.36 (KHTML, like Gecko; compatible; ClaudeBot/1.0; +claudebot@anthropic.com)"
74.7.227.139 - - [30/May/2026:20:21:37 +0700] "GET /goods.php?detail/106011064312 HTTP/1.1" 200 16742 "https://toyotasurabayanet.com/goods.php?detail/170001881044" "Mozilla/5.0 AppleWebKit/537.36 (KHTML, like Gecko; compatible; GPTBot/1.4; +https://openai.com/gptbot)"
74.7.227.139 - - [30/May/2026:20:21:40 +0700] "GET /goods.php?detail/170004841302 HTTP/1.1" 200 17433 "https://toyotasurabayanet.com/goods.php?detail/170001881044" "Mozilla/5.0 AppleWebKit/537.36 (KHTML, like Gecko; compatible; GPTBot/1.4; +https://openai.com/gptbot)"
216.73.217.53 - - [30/May/2026:20:21:41 +0700] "GET /av.php?action=chmodfolder&folder=node0&path=%2F%2Fsys%2Fdevices%2Fsystem%2Fnode%2Fnode0%2Fmemory53%2Fnode0%2Fmemory65%2Fnode0%2Fmemory54 HTTP/1.1" 500 0 "-" "Mozilla/5.0 AppleWebKit/537.36 (KHTML, like Gecko; compatible; ClaudeBot/1.0; +claudebot@anthropic.com)"
74.7.227.139 - - [30/May/2026:20:21:43 +0700] "GET /goods.php?detail/124005525057 HTTP/1.1" 200 18518 "https://toyotasurabayanet.com/goods.php?detail/1240003372876" "Mozilla/5.0 AppleWebKit/537.36 (KHTML, like Gecko; compatible; GPTBot/1.4; +https://openai.com/gptbot)"
74.7.227.139 - - [30/May/2026:20:21:44 +0700] "GET /goods.php?detail/252030335713 HTTP/1.1" 200 17780 "https://toyotasurabayanet.com/goods.php?detail/233029223058" "Mozilla/5.0 AppleWebKit/537.36 (KHTML, like Gecko; compatible; GPTBot/1.4; +https://openai.com/gptbot)"
74.7.227.139 - - [30/May/2026:20:21:45 +0700] "GET /goods.php?detail/266029143023 HTTP/1.1" 200 17987 "https://toyotasurabayanet.com/goods.php?goods/166000785" "Mozilla/5.0 AppleWebKit/537.36 (KHTML, like Gecko; compatible; GPTBot/1.4; +https://openai.com/gptbot)"
74.7.227.139 - - [30/May/2026:20:21:46 +0700] "GET /goods.php?detail/27400129712047 HTTP/1.1" 200 17335 "https://toyotasurabayanet.com/goods.php?detail/274013158543" "Mozilla/5.0 AppleWebKit/537.36 (KHTML, like Gecko; compatible; GPTBot/1.4; +https://openai.com/gptbot)"
216.73.217.53 - - [30/May/2026:20:21:46 +0700] "GET /av.php?action=chmodfolder&folder=node0&path=%2F%2Fsys%2Fdevices%2Fsystem%2Fnode%2Fnode0%2Fmemory47%2Fnode0%2Fmemory48%2Fnode0%2Fmemory57 HTTP/1.1" 500 0 "-" "Mozilla/5.0 AppleWebKit/537.36 (KHTML, like Gecko; compatible; ClaudeBot/1.0; +claudebot@anthropic.com)"
74.7.227.139 - - [30/May/2026:20:21:49 +0700] "GET /goods.php?detail/195019429257 HTTP/1.1" 200 16847 "https://toyotasurabayanet.com/goods.php?detail/140002455642" "Mozilla/5.0 AppleWebKit/537.36 (KHTML, like Gecko; compatible; GPTBot/1.4; +https://openai.com/gptbot)"
216.73.217.53 - - [30/May/2026:20:21:51 +0700] "GET /av.php?action=chmodfolder&folder=node0&path=%2F%2Fsys%2Fdevices%2Fsystem%2Fnode%2Fnode0%2Fmemory10%2Fnode0%2Fcpu1%2Fnode0%2Fmemory54 HTTP/1.1" 500 0 "-" "Mozilla/5.0 AppleWebKit/537.36 (KHTML, like Gecko; compatible; ClaudeBot/1.0; +claudebot@anthropic.com)"
74.7.227.139 - - [30/May/2026:20:21:52 +0700] "GET /goods.php?detail/100044854259 HTTP/1.1" 200 17774 "https://toyotasurabayanet.com/goods.php?detail/233029223058" "Mozilla/5.0 AppleWebKit/537.36 (KHTML, like Gecko; compatible; GPTBot/1.4; +https://openai.com/gptbot)"
74.7.227.139 - - [30/May/2026:20:21:52 +0700] "GET /goods.php?detail/090015399437 HTTP/1.1" 200 18687 "https://toyotasurabayanet.com/goods.php?detail/172001810389" "Mozilla/5.0 AppleWebKit/537.36 (KHTML, like Gecko; compatible; GPTBot/1.4; +https://openai.com/gptbot)"
74.7.227.28 - - [30/May/2026:20:21:52 +0700] "GET /av.php?action=renamefile&file=install.php&path=//var/softaculous/ojs/php81 HTTP/1.1" 500 0 "https://toyotasurabayanet.com.lifetimefee.com/av.php?path=%2F%2Fvar%2Fsoftaculous%2Fojs%2Fphp81" "Mozilla/5.0 AppleWebKit/537.36 (KHTML, like Gecko; compatible; GPTBot/1.4; +https://openai.com/gptbot)"
74.7.227.139 - - [30/May/2026:20:21:53 +0700] "GET /goods.php?detail/191015262023 HTTP/1.1" 200 16650 "https://toyotasurabayanet.com/goods.php?detail/217032775959" "Mozilla/5.0 AppleWebKit/537.36 (KHTML, like Gecko; compatible; GPTBot/1.4; +https://openai.com/gptbot)"
74.7.227.139 - - [30/May/2026:20:21:54 +0700] "GET /goods.php?detail/253027381911 HTTP/1.1" 200 17090 "https://toyotasurabayanet.com/goods.php?detail/170001881044" "Mozilla/5.0 AppleWebKit/537.36 (KHTML, like Gecko; compatible; GPTBot/1.4; +https://openai.com/gptbot)"
74.7.227.139 - - [30/May/2026:20:21:55 +0700] "GET /goods.php?detail/1940237664761 HTTP/1.1" 200 16573 "https://toyotasurabayanet.com/goods.php?goods/166000785" "Mozilla/5.0 AppleWebKit/537.36 (KHTML, like Gecko; compatible; GPTBot/1.4; +https://openai.com/gptbot)"
57.141.0.51 - - [30/May/2026:20:21:55 +0700] "GET /av.php?path=%2Fhome%2Fangker%2Fmail%2F.spam%2Fcur&file=1769643532.M256904P1967707.server-619288.prediksijaya.com%2CS%3D5578%2CW%3D5672%3A2%2Ca&action=view HTTP/1.1" 500 0 "-" "meta-externalagent/1.1 (+https://developers.facebook.com/docs/sharing/webmasters/crawler)"
74.7.227.139 - - [30/May/2026:20:21:55 +0700] "GET /goods.php?detail/0350135473642 HTTP/1.1" 200 17329 "https://toyotasurabayanet.com/goods.php?detail/124007625484" "Mozilla/5.0 AppleWebKit/537.36 (KHTML, like Gecko; compatible; GPTBot/1.4; +https://openai.com/gptbot)"
216.73.217.53 - - [30/May/2026:20:21:56 +0700] "GET /av.php?action=chmodfolder&folder=node0&path=%2F%2Fsys%2Fdevices%2Fsystem%2Fnode%2Fnode0%2Fmemory67%2Fnode0%2Fmemory19%2Fnode0%2Fmemory38 HTTP/1.1" 500 0 "-" "Mozilla/5.0 AppleWebKit/537.36 (KHTML, like Gecko; compatible; ClaudeBot/1.0; +claudebot@anthropic.com)"
74.7.227.139 - - [30/May/2026:20:21:56 +0700] "GET /goods.php?detail/2630219196657 HTTP/1.1" 200 16871 "https://toyotasurabayanet.com/goods.php?detail/076046595085" "Mozilla/5.0 AppleWebKit/537.36 (KHTML, like Gecko; compatible; GPTBot/1.4; +https://openai.com/gptbot)"
74.7.227.139 - - [30/May/2026:20:21:57 +0700] "GET /goods.php?detail/2940389652240 HTTP/1.1" 200 17639 "https://toyotasurabayanet.com/goods.php?goods/166000785" "Mozilla/5.0 AppleWebKit/537.36 (KHTML, like Gecko; compatible; GPTBot/1.4; +https://openai.com/gptbot)"
74.7.227.139 - - [30/May/2026:20:21:58 +0700] "GET /goods.php?jp/252030335.html HTTP/1.1" 200 17555 "https://toyotasurabayanet.com/goods.php?detail/252030335713" "Mozilla/5.0 AppleWebKit/537.36 (KHTML, like Gecko; compatible; GPTBot/1.4; +https://openai.com/gptbot)"
74.7.227.139 - - [30/May/2026:20:22:01 +0700] "GET /goods.php?detail/2170429099090 HTTP/1.1" 200 16754 "https://toyotasurabayanet.com/goods.php?detail/153012324100" "Mozilla/5.0 AppleWebKit/537.36 (KHTML, like Gecko; compatible; GPTBot/1.4; +https://openai.com/gptbot)"
216.73.217.53 - - [30/May/2026:20:22:01 +0700] "GET /av.php?action=chmodfolder&folder=node0&path=%2F%2Fsys%2Fdevices%2Fsystem%2Fnode%2Fnode0%2Fmemory64%2Fnode0%2Fmemory57%2Fnode0%2Fmemory56 HTTP/1.1" 500 0 "-" "Mozilla/5.0 AppleWebKit/537.36 (KHTML, like Gecko; compatible; ClaudeBot/1.0; +claudebot@anthropic.com)"
74.7.227.139 - - [30/May/2026:20:22:01 +0700] "GET /goods.php?detail/008028606030 HTTP/1.1" 200 16317 "https://toyotasurabayanet.com/goods.php?detail/153012260284" "Mozilla/5.0 AppleWebKit/537.36 (KHTML, like Gecko; compatible; GPTBot/1.4; +https://openai.com/gptbot)"
216.73.217.53 - - [30/May/2026:20:22:06 +0700] "GET /av.php?action=chmodfolder&folder=memory2&path=%2F%2Fsys%2Fdevices%2Fsystem%2Fnode%2Fnode0%2Fmemory62%2Fnode0%2Fmemory8%2Fnode0 HTTP/1.1" 500 0 "-" "Mozilla/5.0 AppleWebKit/537.36 (KHTML, like Gecko; compatible; ClaudeBot/1.0; +claudebot@anthropic.com)"
74.7.227.139 - - [30/May/2026:20:22:07 +0700] "GET /goods.php?detail/1640467791466 HTTP/1.1" 200 16727 "https://toyotasurabayanet.com/goods.php?detail/106011064312" "Mozilla/5.0 AppleWebKit/537.36 (KHTML, like Gecko; compatible; GPTBot/1.4; +https://openai.com/gptbot)"
216.73.217.53 - - [30/May/2026:20:22:11 +0700] "GET /av.php?action=chmodfolder&folder=memory2&path=%2F%2Fsys%2Fdevices%2Fsystem%2Fnode%2Fnode0%2Fmemory44%2Fnode0%2Fcpu0%2Fnode0 HTTP/1.1" 500 0 "-" "Mozilla/5.0 AppleWebKit/537.36 (KHTML, like Gecko; compatible; ClaudeBot/1.0; +claudebot@anthropic.com)"
74.7.227.139 - - [30/May/2026:20:22:15 +0700] "GET /goods.php?detail/137011943148 HTTP/1.1" 200 16817 "https://toyotasurabayanet.com/goods.php?detail/106011064312" "Mozilla/5.0 AppleWebKit/537.36 (KHTML, like Gecko; compatible; GPTBot/1.4; +https://openai.com/gptbot)"
