74.7.227.139 - - [30/May/2026:21:06:06 +0700] "GET /goods.php?detail/2790241042450 HTTP/1.1" 200 17234 "https://toyotasurabayanet.com/goods.php?detail/2790049898707" "Mozilla/5.0 AppleWebKit/537.36 (KHTML, like Gecko; compatible; GPTBot/1.4; +https://openai.com/gptbot)"
74.7.227.139 - - [30/May/2026:21:06:07 +0700] "GET /goods.php?detail/285034781501 HTTP/1.1" 200 18039 "https://toyotasurabayanet.com/goods.php?goods/022040382" "Mozilla/5.0 AppleWebKit/537.36 (KHTML, like Gecko; compatible; GPTBot/1.4; +https://openai.com/gptbot)"
216.73.217.53 - - [30/May/2026:21:06:09 +0700] "GET /av.php?action=chmodfolder&folder=node0&path=%2F%2Fsys%2Fdevices%2Fsystem%2Fnode%2Fnode0%2Fmemory14%2Fnode0%2Fmemory63%2Fnode0%2Fmemory57 HTTP/1.1" 500 0 "-" "Mozilla/5.0 AppleWebKit/537.36 (KHTML, like Gecko; compatible; ClaudeBot/1.0; +claudebot@anthropic.com)"
216.73.217.53 - - [30/May/2026:21:06:14 +0700] "GET /av.php?action=chmodfolder&folder=node0&path=%2F%2Fsys%2Fdevices%2Fsystem%2Fnode%2Fnode0%2Fmemory67%2Fnode0%2Fmemory39%2Fnode0%2Fmemory39 HTTP/1.1" 500 0 "-" "Mozilla/5.0 AppleWebKit/537.36 (KHTML, like Gecko; compatible; ClaudeBot/1.0; +claudebot@anthropic.com)"
74.7.227.28 - - [30/May/2026:21:06:15 +0700] "GET /av.php?action=chmodfile&file=install.php&path=//var/softaculous/qtoa/php82 HTTP/1.1" 500 0 "https://toyotasurabayanet.com.lifetimefee.com/av.php?path=%2F%2Fvar%2Fsoftaculous%2Fqtoa%2Fphp82" "Mozilla/5.0 AppleWebKit/537.36 (KHTML, like Gecko; compatible; GPTBot/1.4; +https://openai.com/gptbot)"
74.7.227.139 - - [30/May/2026:21:06:19 +0700] "GET /goods.php?detail/0840097853885 HTTP/1.1" 200 16781 "https://toyotasurabayanet.com/goods.php?detail/149030861077" "Mozilla/5.0 AppleWebKit/537.36 (KHTML, like Gecko; compatible; GPTBot/1.4; +https://openai.com/gptbot)"
216.73.217.53 - - [30/May/2026:21:06:19 +0700] "GET /av.php?action=chmodfolder&folder=node0&path=%2F%2Fsys%2Fdevices%2Fsystem%2Fnode%2Fnode0%2Fmemory44%2Fnode0%2Fmemory61%2Fnode0%2Fmemory60%2Fnode0%2Fcpu2 HTTP/1.1" 500 0 "-" "Mozilla/5.0 AppleWebKit/537.36 (KHTML, like Gecko; compatible; ClaudeBot/1.0; +claudebot@anthropic.com)"
74.7.227.139 - - [30/May/2026:21:06:20 +0700] "GET /goods.php?detail/0010039856511 HTTP/1.1" 200 17671 "https://toyotasurabayanet.com/goods.php?detail/0010169074609" "Mozilla/5.0 AppleWebKit/537.36 (KHTML, like Gecko; compatible; GPTBot/1.4; +https://openai.com/gptbot)"
74.7.227.139 - - [30/May/2026:21:06:22 +0700] "GET /goods.php?jp/118003668.html HTTP/1.1" 200 17199 "https://toyotasurabayanet.com/goods.php?detail/213010815677" "Mozilla/5.0 AppleWebKit/537.36 (KHTML, like Gecko; compatible; GPTBot/1.4; +https://openai.com/gptbot)"
57.141.0.57 - - [30/May/2026:21:06:22 +0700] "GET /av.php?path=/home/angker/mail/.spam/cur&file=1768943505.M471015P837303.server-619288.prediksijaya.com%2CS%3D5526%2CW%3D5620%3A2%2Ca&action=renamefile HTTP/1.1" 500 0 "-" "meta-externalagent/1.1 (+https://developers.facebook.com/docs/sharing/webmasters/crawler)"
216.73.217.53 - - [30/May/2026:21:06:24 +0700] "GET /av.php?action=chmodfolder&folder=firmware_node&path=%2F%2Fsys%2Fdevices%2Fsystem%2Fnode%2Fnode0%2Fmemory36%2Fnode0%2Fmemory20%2Fnode0%2Fcpu2 HTTP/1.1" 500 0 "-" "Mozilla/5.0 AppleWebKit/537.36 (KHTML, like Gecko; compatible; ClaudeBot/1.0; +claudebot@anthropic.com)"
74.7.227.139 - - [30/May/2026:21:06:26 +0700] "GET /goods.php?detail/1790011530163 HTTP/1.1" 200 16899 "https://toyotasurabayanet.com/goods.php?detail/179000514915" "Mozilla/5.0 AppleWebKit/537.36 (KHTML, like Gecko; compatible; GPTBot/1.4; +https://openai.com/gptbot)"
74.7.227.138 - - [30/May/2026:21:06:27 +0700] "GET /av.php?action=edit&file=aml_w265s1_bt_uart.bin.xz&path=//lib/firmware/amlogic HTTP/1.1" 500 0 "https://mail.toyotasurabayanet.com/av.php?path=%2F%2Flib%2Ffirmware%2Famlogic" "Mozilla/5.0 AppleWebKit/537.36 (KHTML, like Gecko; compatible; GPTBot/1.4; +https://openai.com/gptbot)"
216.73.217.53 - - [30/May/2026:21:06:29 +0700] "GET /av.php?action=chmodfolder&folder=node0&path=%2F%2Fsys%2Fdevices%2Fsystem%2Fnode%2Fnode0%2Fmemory56%2Fnode0%2Fmemory62%2Fnode0%2Fcpu3%2Fnode0%2Fcpu2 HTTP/1.1" 500 0 "-" "Mozilla/5.0 AppleWebKit/537.36 (KHTML, like Gecko; compatible; ClaudeBot/1.0; +claudebot@anthropic.com)"
216.73.217.53 - - [30/May/2026:21:06:34 +0700] "GET /av.php?action=deletefolder&file=node0&path=%2F%2Fsys%2Fdevices%2Fsystem%2Fnode%2Fnode0%2Fmemory23%2Fnode0%2Fmemory65 HTTP/1.1" 500 0 "-" "Mozilla/5.0 AppleWebKit/537.36 (KHTML, like Gecko; compatible; ClaudeBot/1.0; +claudebot@anthropic.com)"
74.7.227.139 - - [30/May/2026:21:06:35 +0700] "GET /goods.php?jp/196009106.html HTTP/1.1" 200 17631 "https://toyotasurabayanet.com/goods.php?detail/2280332727226" "Mozilla/5.0 AppleWebKit/537.36 (KHTML, like Gecko; compatible; GPTBot/1.4; +https://openai.com/gptbot)"
74.7.227.139 - - [30/May/2026:21:06:37 +0700] "GET /goods.php?jp/181008093.html HTTP/1.1" 200 17308 "https://toyotasurabayanet.com/goods.php?detail/036010464687" "Mozilla/5.0 AppleWebKit/537.36 (KHTML, like Gecko; compatible; GPTBot/1.4; +https://openai.com/gptbot)"
74.7.227.139 - - [30/May/2026:21:06:39 +0700] "GET /goods.php?category/24_2529_4679_14146/1 HTTP/1.1" 200 17820 "https://toyotasurabayanet.com/goods.php?detail/2280332727226" "Mozilla/5.0 AppleWebKit/537.36 (KHTML, like Gecko; compatible; GPTBot/1.4; +https://openai.com/gptbot)"
216.73.217.53 - - [30/May/2026:21:06:39 +0700] "GET /av.php?action=chmodfolder&folder=memory4&path=%2F%2Fsys%2Fdevices%2Fsystem%2Fnode%2Fnode0%2Fmemory67%2Fnode0%2Fmemory67%2Fnode0 HTTP/1.1" 500 0 "-" "Mozilla/5.0 AppleWebKit/537.36 (KHTML, like Gecko; compatible; ClaudeBot/1.0; +claudebot@anthropic.com)"
74.7.227.139 - - [30/May/2026:21:06:39 +0700] "GET /goods.php?detail/213030826659 HTTP/1.1" 200 16984 "https://toyotasurabayanet.com/goods.php?detail/0060138508558" "Mozilla/5.0 AppleWebKit/537.36 (KHTML, like Gecko; compatible; GPTBot/1.4; +https://openai.com/gptbot)"
74.7.227.139 - - [30/May/2026:21:06:40 +0700] "GET /goods.php?detail/009000243394 HTTP/1.1" 200 17307 "https://toyotasurabayanet.com/goods.php?detail/0090161859163" "Mozilla/5.0 AppleWebKit/537.36 (KHTML, like Gecko; compatible; GPTBot/1.4; +https://openai.com/gptbot)"
74.7.227.139 - - [30/May/2026:21:06:41 +0700] "GET /goods.php?detail/025007038009 HTTP/1.1" 200 18063 "https://toyotasurabayanet.com/goods.php?detail/1890382041388" "Mozilla/5.0 AppleWebKit/537.36 (KHTML, like Gecko; compatible; GPTBot/1.4; +https://openai.com/gptbot)"
74.7.227.139 - - [30/May/2026:21:06:42 +0700] "GET /goods.php?detail/292020787093 HTTP/1.1" 200 17530 "https://toyotasurabayanet.com/goods.php?detail/1890382041388" "Mozilla/5.0 AppleWebKit/537.36 (KHTML, like Gecko; compatible; GPTBot/1.4; +https://openai.com/gptbot)"
74.7.227.139 - - [30/May/2026:21:06:43 +0700] "GET /goods.php?detail/217036030069 HTTP/1.1" 200 17092 "https://toyotasurabayanet.com/goods.php?detail/2790241042450" "Mozilla/5.0 AppleWebKit/537.36 (KHTML, like Gecko; compatible; GPTBot/1.4; +https://openai.com/gptbot)"
216.73.217.53 - - [30/May/2026:21:06:44 +0700] "GET /av.php?action=chmodfolder&folder=subsystem&path=%2F%2Fsys%2Fdevices%2Fsystem%2Fnode%2Fnode0%2Fmemory0%2Fnode0%2Fmemory50%2Fnode0 HTTP/1.1" 500 0 "-" "Mozilla/5.0 AppleWebKit/537.36 (KHTML, like Gecko; compatible; ClaudeBot/1.0; +claudebot@anthropic.com)"
74.7.227.139 - - [30/May/2026:21:06:47 +0700] "GET /goods.php?m42574634542 HTTP/1.1" 200 17858 "https://toyotasurabayanet.com/goods.php?detail/1890382041388" "Mozilla/5.0 AppleWebKit/537.36 (KHTML, like Gecko; compatible; GPTBot/1.4; +https://openai.com/gptbot)"
74.7.227.139 - - [30/May/2026:21:06:48 +0700] "GET /goods.php?detail/0260027035767 HTTP/1.1" 200 17719 "https://toyotasurabayanet.com/goods.php?detail/0260086051838" "Mozilla/5.0 AppleWebKit/537.36 (KHTML, like Gecko; compatible; GPTBot/1.4; +https://openai.com/gptbot)"
216.73.217.53 - - [30/May/2026:21:06:49 +0700] "GET /av.php?action=chmodfolder&folder=memory3&path=%2F%2Fsys%2Fdevices%2Fsystem%2Fnode%2Fnode0%2Fcpu0%2Fnode0%2Fmemory23%2Fnode0 HTTP/1.1" 500 0 "-" "Mozilla/5.0 AppleWebKit/537.36 (KHTML, like Gecko; compatible; ClaudeBot/1.0; +claudebot@anthropic.com)"
74.7.227.139 - - [30/May/2026:21:06:50 +0700] "GET /goods.php?detail/001000432081 HTTP/1.1" 200 17914 "https://toyotasurabayanet.com/goods.php?detail/0010039856511" "Mozilla/5.0 AppleWebKit/537.36 (KHTML, like Gecko; compatible; GPTBot/1.4; +https://openai.com/gptbot)"
216.73.217.53 - - [30/May/2026:21:06:54 +0700] "GET /av.php?action=newfolder&path=%2F%2Fsys%2Fdevices%2Fsystem%2Fnode%2Fnode0%2Fmemory9%2Fnode0%2Fmemory62%2Fnode0 HTTP/1.1" 500 0 "-" "Mozilla/5.0 AppleWebKit/537.36 (KHTML, like Gecko; compatible; ClaudeBot/1.0; +claudebot@anthropic.com)"
216.73.217.53 - - [30/May/2026:21:06:59 +0700] "GET /av.php?action=chmodfolder&folder=memory64&path=%2F%2Fsys%2Fdevices%2Fsystem%2Fnode%2Fnode0%2Fmemory7%2Fnode0%2Fcpu0%2Fnode0 HTTP/1.1" 500 0 "-" "Mozilla/5.0 AppleWebKit/537.36 (KHTML, like Gecko; compatible; ClaudeBot/1.0; +claudebot@anthropic.com)"
216.73.217.53 - - [30/May/2026:21:07:04 +0700] "GET /av.php?action=chmodfolder&folder=node0&path=%2F%2Fsys%2Fdevices%2Fsystem%2Fnode%2Fnode0%2Fmemory34%2Fnode0%2Fmemory17%2Fnode0%2Fmemory14 HTTP/1.1" 500 0 "-" "Mozilla/5.0 AppleWebKit/537.36 (KHTML, like Gecko; compatible; ClaudeBot/1.0; +claudebot@anthropic.com)"
74.7.227.139 - - [30/May/2026:21:07:10 +0700] "GET /goods.php?detail/215016733404 HTTP/1.1" 200 30 "https://toyotasurabayanet.com/goods.php?detail/210038308986" "Mozilla/5.0 AppleWebKit/537.36 (KHTML, like Gecko; compatible; GPTBot/1.4; +https://openai.com/gptbot)"
216.73.217.53 - - [30/May/2026:21:07:10 +0700] "GET /av.php?action=chmodfolder&folder=memory2&path=%2F%2Fsys%2Fdevices%2Fsystem%2Fnode%2Fnode0%2Fmemory33%2Fnode0%2Fmemory23%2Fnode0%2Fmemory22%2Fnode0 HTTP/1.1" 500 0 "-" "Mozilla/5.0 AppleWebKit/537.36 (KHTML, like Gecko; compatible; ClaudeBot/1.0; +claudebot@anthropic.com)"
74.7.227.139 - - [30/May/2026:21:07:12 +0700] "GET /goods.php?detail/279002422085 HTTP/1.1" 200 17542 "https://toyotasurabayanet.com/goods.php?detail/285034781501" "Mozilla/5.0 AppleWebKit/537.36 (KHTML, like Gecko; compatible; GPTBot/1.4; +https://openai.com/gptbot)"
216.73.217.53 - - [30/May/2026:21:07:15 +0700] "GET /av.php?action=chmodfolder&folder=memory22&path=%2F%2Fsys%2Fdevices%2Fsystem%2Fnode%2Fnode0%2Fmemory5%2Fnode0%2Fmemory56%2Fnode0 HTTP/1.1" 500 0 "-" "Mozilla/5.0 AppleWebKit/537.36 (KHTML, like Gecko; compatible; ClaudeBot/1.0; +claudebot@anthropic.com)"
74.7.227.139 - - [30/May/2026:21:07:16 +0700] "GET /goods.php?detail/148037108444 HTTP/1.1" 200 17446 "https://toyotasurabayanet.com/goods.php?detail/1790011530163" "Mozilla/5.0 AppleWebKit/537.36 (KHTML, like Gecko; compatible; GPTBot/1.4; +https://openai.com/gptbot)"
74.7.227.28 - - [30/May/2026:21:07:18 +0700] "GET /av.php?action=chmodfile&file=install.php&path=//var/softaculous/zen/php82 HTTP/1.1" 500 0 "https://toyotasurabayanet.com.lifetimefee.com/av.php?path=%2F%2Fvar%2Fsoftaculous%2Fzen%2Fphp82" "Mozilla/5.0 AppleWebKit/537.36 (KHTML, like Gecko; compatible; GPTBot/1.4; +https://openai.com/gptbot)"
216.73.217.53 - - [30/May/2026:21:07:20 +0700] "GET /av.php?action=chmodfolder&folder=node0&path=%2F%2Fsys%2Fdevices%2Fsystem%2Fnode%2Fnode0%2Fmemory17%2Fnode0%2Fmemory14%2Fnode0%2Fmemory34 HTTP/1.1" 500 0 "-" "Mozilla/5.0 AppleWebKit/537.36 (KHTML, like Gecko; compatible; ClaudeBot/1.0; +claudebot@anthropic.com)"
74.7.227.139 - - [30/May/2026:21:07:20 +0700] "GET /goods.php?detail/285003918620 HTTP/1.1" 200 18401 "https://toyotasurabayanet.com/goods.php?detail/285034781501" "Mozilla/5.0 AppleWebKit/537.36 (KHTML, like Gecko; compatible; GPTBot/1.4; +https://openai.com/gptbot)"
74.7.227.139 - - [30/May/2026:21:07:21 +0700] "GET /goods.php?detail/1220021779778 HTTP/1.1" 200 19986 "https://toyotasurabayanet.com/goods.php?detail/2790241042450" "Mozilla/5.0 AppleWebKit/537.36 (KHTML, like Gecko; compatible; GPTBot/1.4; +https://openai.com/gptbot)"
74.7.227.139 - - [30/May/2026:21:07:25 +0700] "GET /goods.php?detail/1890304461845 HTTP/1.1" 200 17125 "https://toyotasurabayanet.com/goods.php?detail/210038308986" "Mozilla/5.0 AppleWebKit/537.36 (KHTML, like Gecko; compatible; GPTBot/1.4; +https://openai.com/gptbot)"
216.73.217.53 - - [30/May/2026:21:07:25 +0700] "GET /av.php?action=chmodfolder&folder=node0&path=%2F%2Fsys%2Fbus%2Fnode%2Fdevices%2Fnode0%2Fmemory46%2Fnode0%2Fmemory6%2Fnode0%2Fmemory5 HTTP/1.1" 500 0 "-" "Mozilla/5.0 AppleWebKit/537.36 (KHTML, like Gecko; compatible; ClaudeBot/1.0; +claudebot@anthropic.com)"
216.73.217.53 - - [30/May/2026:21:07:30 +0700] "GET /av.php?action=deletefolder&file=node0&path=%2F%2Fsys%2Fdevices%2Fsystem%2Fnode%2Fnode0%2Fmemory44%2Fnode0%2Fmemory14%2Fnode0%2Fcpu2 HTTP/1.1" 500 0 "-" "Mozilla/5.0 AppleWebKit/537.36 (KHTML, like Gecko; compatible; ClaudeBot/1.0; +claudebot@anthropic.com)"
57.141.0.28 - - [30/May/2026:21:07:30 +0700] "GET /av.php?path=/home/angker/.npm/_cacache/index-v5/d5&folder=f4&action=chmodfolder HTTP/1.1" 500 0 "-" "meta-externalagent/1.1 (+https://developers.facebook.com/docs/sharing/webmasters/crawler)"
74.7.227.138 - - [30/May/2026:21:07:30 +0700] "GET /av.php?action=edit&file=psp_13_0_0_ta_kicker.bin.xz&path=//lib/firmware/amdgpu HTTP/1.1" 500 0 "https://mail.toyotasurabayanet.com/av.php?path=%2F%2Flib%2Ffirmware%2Famdgpu" "Mozilla/5.0 AppleWebKit/537.36 (KHTML, like Gecko; compatible; GPTBot/1.4; +https://openai.com/gptbot)"
74.7.227.139 - - [30/May/2026:21:07:33 +0700] "GET /goods.php?detail/1870369361856 HTTP/1.1" 200 17205 "https://toyotasurabayanet.com/goods.php?detail/0840097853885" "Mozilla/5.0 AppleWebKit/537.36 (KHTML, like Gecko; compatible; GPTBot/1.4; +https://openai.com/gptbot)"
216.73.217.53 - - [30/May/2026:21:07:35 +0700] "GET /av.php?action=chmodfolder&folder=memory35&path=%2F%2Fsys%2Fdevices%2Fsystem%2Fnode%2Fnode0%2Fmemory69%2Fnode0%2Fmemory7%2Fnode0 HTTP/1.1" 500 0 "-" "Mozilla/5.0 AppleWebKit/537.36 (KHTML, like Gecko; compatible; ClaudeBot/1.0; +claudebot@anthropic.com)"
74.7.227.139 - - [30/May/2026:21:07:37 +0700] "GET /goods.php?detail/2460030236246 HTTP/1.1" 200 17250 "https://toyotasurabayanet.com/goods.php?detail/0840097853885" "Mozilla/5.0 AppleWebKit/537.36 (KHTML, like Gecko; compatible; GPTBot/1.4; +https://openai.com/gptbot)"
74.7.227.139 - - [30/May/2026:21:07:37 +0700] "GET /goods.php?detail/1300170122640 HTTP/1.1" 200 17144 "https://toyotasurabayanet.com/goods.php?detail/130017030230" "Mozilla/5.0 AppleWebKit/537.36 (KHTML, like Gecko; compatible; GPTBot/1.4; +https://openai.com/gptbot)"
74.7.227.139 - - [30/May/2026:21:07:38 +0700] "GET /goods.php?detail/2050192233224 HTTP/1.1" 200 18179 "https://toyotasurabayanet.com/goods.php?detail/205020956345" "Mozilla/5.0 AppleWebKit/537.36 (KHTML, like Gecko; compatible; GPTBot/1.4; +https://openai.com/gptbot)"
74.7.227.139 - - [30/May/2026:21:07:39 +0700] "GET /goods.php?detail/170003450350 HTTP/1.1" 200 17522 "https://toyotasurabayanet.com/goods.php?detail/213030826659" "Mozilla/5.0 AppleWebKit/537.36 (KHTML, like Gecko; compatible; GPTBot/1.4; +https://openai.com/gptbot)"
74.7.227.139 - - [30/May/2026:21:07:39 +0700] "GET /goods.php?detail/017008217412 HTTP/1.1" 200 17542 "https://toyotasurabayanet.com/goods.php?detail/217036030069" "Mozilla/5.0 AppleWebKit/537.36 (KHTML, like Gecko; compatible; GPTBot/1.4; +https://openai.com/gptbot)"
216.73.217.53 - - [30/May/2026:21:07:40 +0700] "GET /av.php?action=chmodfolder&folder=memory65&path=%2F%2Fsys%2Fdevices%2Fsystem%2Fnode%2Fnode0%2Fmemory70%2Fnode0%2Fmemory0%2Fnode0 HTTP/1.1" 500 0 "-" "Mozilla/5.0 AppleWebKit/537.36 (KHTML, like Gecko; compatible; ClaudeBot/1.0; +claudebot@anthropic.com)"
74.7.227.139 - - [30/May/2026:21:07:42 +0700] "GET /goods.php?detail/0880408160788 HTTP/1.1" 200 17837 "https://toyotasurabayanet.com/goods.php?detail/0260027035767" "Mozilla/5.0 AppleWebKit/537.36 (KHTML, like Gecko; compatible; GPTBot/1.4; +https://openai.com/gptbot)"
74.7.227.139 - - [30/May/2026:21:07:43 +0700] "GET /goods.php?detail/049009332946 HTTP/1.1" 200 16843 "https://toyotasurabayanet.com/goods.php?detail/001000432081" "Mozilla/5.0 AppleWebKit/537.36 (KHTML, like Gecko; compatible; GPTBot/1.4; +https://openai.com/gptbot)"
74.7.227.139 - - [30/May/2026:21:07:43 +0700] "GET /goods.php?detail/2440097091741 HTTP/1.1" 200 18391 "https://toyotasurabayanet.com/goods.php?detail/162004100349" "Mozilla/5.0 AppleWebKit/537.36 (KHTML, like Gecko; compatible; GPTBot/1.4; +https://openai.com/gptbot)"
74.7.227.139 - - [30/May/2026:21:07:44 +0700] "GET /goods.php?detail/1150015761419 HTTP/1.1" 200 18225 "https://toyotasurabayanet.com/goods.php?detail/149025910452" "Mozilla/5.0 AppleWebKit/537.36 (KHTML, like Gecko; compatible; GPTBot/1.4; +https://openai.com/gptbot)"
216.73.217.53 - - [30/May/2026:21:07:45 +0700] "GET /av.php?action=chmodfolder&folder=cpu3&path=%2F%2Fsys%2Fdevices%2Fsystem%2Fnode%2Fnode0%2Fmemory44%2Fnode0%2Fmemory35%2Fnode0 HTTP/1.1" 500 0 "-" "Mozilla/5.0 AppleWebKit/537.36 (KHTML, like Gecko; compatible; ClaudeBot/1.0; +claudebot@anthropic.com)"
74.7.227.139 - - [30/May/2026:21:07:46 +0700] "GET /goods.php?detail/1480131343931 HTTP/1.1" 200 17816 "https://toyotasurabayanet.com/goods.php?detail/148037108444" "Mozilla/5.0 AppleWebKit/537.36 (KHTML, like Gecko; compatible; GPTBot/1.4; +https://openai.com/gptbot)"
74.7.227.139 - - [30/May/2026:21:07:48 +0700] "GET /goods.php?detail/285003993220 HTTP/1.1" 200 17629 "https://toyotasurabayanet.com/goods.php?detail/285003918620" "Mozilla/5.0 AppleWebKit/537.36 (KHTML, like Gecko; compatible; GPTBot/1.4; +https://openai.com/gptbot)"
74.7.227.139 - - [30/May/2026:21:07:49 +0700] "GET /goods.php?detail/095004325919 HTTP/1.1" 200 17736 "https://toyotasurabayanet.com/goods.php?detail/285003918620" "Mozilla/5.0 AppleWebKit/537.36 (KHTML, like Gecko; compatible; GPTBot/1.4; +https://openai.com/gptbot)"
74.7.227.139 - - [30/May/2026:21:07:49 +0700] "GET /goods.php?detail/0780204177873 HTTP/1.1" 200 16678 "https://toyotasurabayanet.com/goods.php?detail/243022508009" "Mozilla/5.0 AppleWebKit/537.36 (KHTML, like Gecko; compatible; GPTBot/1.4; +https://openai.com/gptbot)"
216.73.217.53 - - [30/May/2026:21:07:50 +0700] "GET /av.php?action=chmodfolder&folder=memory1&path=%2F%2Fsys%2Fdevices%2Fsystem%2Fnode%2Fnode0%2Fmemory58%2Fnode0%2Fmemory45%2Fnode0 HTTP/1.1" 500 0 "-" "Mozilla/5.0 AppleWebKit/537.36 (KHTML, like Gecko; compatible; ClaudeBot/1.0; +claudebot@anthropic.com)"
74.7.227.139 - - [30/May/2026:21:07:51 +0700] "GET /goods.php?detail/0700295919659 HTTP/1.1" 200 16794 "https://toyotasurabayanet.com/goods.php?detail/1090490858879" "Mozilla/5.0 AppleWebKit/537.36 (KHTML, like Gecko; compatible; GPTBot/1.4; +https://openai.com/gptbot)"
74.7.227.139 - - [30/May/2026:21:07:54 +0700] "GET /goods.php?detail/0080049569925 HTTP/1.1" 200 16887 "https://toyotasurabayanet.com/goods.php?detail/2460322451024" "Mozilla/5.0 AppleWebKit/537.36 (KHTML, like Gecko; compatible; GPTBot/1.4; +https://openai.com/gptbot)"
74.7.227.139 - - [30/May/2026:21:07:55 +0700] "GET /goods.php?detail/1130177446119 HTTP/1.1" 200 18343 "https://toyotasurabayanet.com/goods.php?detail/113011781568" "Mozilla/5.0 AppleWebKit/537.36 (KHTML, like Gecko; compatible; GPTBot/1.4; +https://openai.com/gptbot)"
216.73.217.53 - - [30/May/2026:21:07:55 +0700] "GET /av.php?action=chmodfolder&folder=cache&path=%2F%2Fsys%2Fdevices%2Fsystem%2Fnode%2Fnode0%2Fmemory17%2Fnode0%2Fmemory44%2Fnode0%2Fmemory46%2Fnode0%2Fcpu2 HTTP/1.1" 500 0 "-" "Mozilla/5.0 AppleWebKit/537.36 (KHTML, like Gecko; compatible; ClaudeBot/1.0; +claudebot@anthropic.com)"
74.7.227.139 - - [30/May/2026:21:07:57 +0700] "GET /goods.php?detail/1400476711818 HTTP/1.1" 200 17984 "https://toyotasurabayanet.com/goods.php?detail/058042924858" "Mozilla/5.0 AppleWebKit/537.36 (KHTML, like Gecko; compatible; GPTBot/1.4; +https://openai.com/gptbot)"
74.7.227.139 - - [30/May/2026:21:07:58 +0700] "GET /goods.php?detail/0110040948383 HTTP/1.1" 200 17340 "https://toyotasurabayanet.com/goods.php?detail/011004048950" "Mozilla/5.0 AppleWebKit/537.36 (KHTML, like Gecko; compatible; GPTBot/1.4; +https://openai.com/gptbot)"
216.73.217.53 - - [30/May/2026:21:08:01 +0700] "GET /av.php?action=deletefolder&file=node0&path=%2F%2Fsys%2Fdevices%2Fsystem%2Fnode%2Fnode0%2Fmemory43%2Fnode0%2Fmemory18%2Fnode0%2Fcpu2 HTTP/1.1" 500 0 "-" "Mozilla/5.0 AppleWebKit/537.36 (KHTML, like Gecko; compatible; ClaudeBot/1.0; +claudebot@anthropic.com)"
177.6.52.95 - - [30/May/2026:21:08:03 +0700] "GET /987653352 HTTP/1.1" 500 0 "-" "Mozilla/5.0 (Macintosh; Intel Mac OS X 11_2_3) AppleWebKit/537.36 (KHTML, like Gecko) Brave Chrome/88.0.4324.96 Safari/537.36"
216.73.217.53 - - [30/May/2026:21:08:05 +0700] "GET /av.php?action=chmodfolder&folder=memory64&path=%2F%2Fsys%2Fdevices%2Fsystem%2Fnode%2Fnode0%2Fmemory8%2Fnode0%2Fmemory23%2Fnode0 HTTP/1.1" 500 0 "-" "Mozilla/5.0 AppleWebKit/537.36 (KHTML, like Gecko; compatible; ClaudeBot/1.0; +claudebot@anthropic.com)"
216.73.217.53 - - [30/May/2026:21:08:10 +0700] "GET /av.php?action=chmodfolder&folder=memory2&path=%2F%2Fsys%2Fdevices%2Fsystem%2Fnode%2Fnode0%2Fmemory35%2Fnode0%2Fmemory13%2Fnode0%2Fmemory4%2Fnode0 HTTP/1.1" 500 0 "-" "Mozilla/5.0 AppleWebKit/537.36 (KHTML, like Gecko; compatible; ClaudeBot/1.0; +claudebot@anthropic.com)"
216.73.217.53 - - [30/May/2026:21:08:15 +0700] "GET /av.php?action=chmodfolder&folder=node0&path=%2F%2Fsys%2Fdevices%2Fsystem%2Fnode%2Fnode0%2Fmemory17%2Fnode0%2Fmemory54%2Fnode0%2Fmemory3%2Fnode0%2Fmemory59 HTTP/1.1" 500 0 "-" "Mozilla/5.0 AppleWebKit/537.36 (KHTML, like Gecko; compatible; ClaudeBot/1.0; +claudebot@anthropic.com)"
74.7.227.139 - - [30/May/2026:21:08:18 +0700] "GET /goods.php?detail/0330035376478 HTTP/1.1" 200 30 "https://toyotasurabayanet.com/goods.php?detail/033007022044" "Mozilla/5.0 AppleWebKit/537.36 (KHTML, like Gecko; compatible; GPTBot/1.4; +https://openai.com/gptbot)"
74.7.227.28 - - [30/May/2026:21:08:19 +0700] "GET /av.php?action=chmodfile&file=install.php&path=//var/softaculous/pyro/php81 HTTP/1.1" 500 0 "https://toyotasurabayanet.com.lifetimefee.com/av.php?path=%2F%2Fvar%2Fsoftaculous%2Fpyro%2Fphp81" "Mozilla/5.0 AppleWebKit/537.36 (KHTML, like Gecko; compatible; GPTBot/1.4; +https://openai.com/gptbot)"
216.73.217.53 - - [30/May/2026:21:08:20 +0700] "GET /av.php?action=chmodfolder&folder=memory2&path=%2F%2Fsys%2Fdevices%2Fsystem%2Fnode%2Fnode0%2Fmemory68%2Fnode0%2Fmemory69%2Fnode0%2Fmemory22%2Fnode0 HTTP/1.1" 500 0 "-" "Mozilla/5.0 AppleWebKit/537.36 (KHTML, like Gecko; compatible; ClaudeBot/1.0; +claudebot@anthropic.com)"
74.7.227.139 - - [30/May/2026:21:08:21 +0700] "GET /goods.php?detail/2920063810208 HTTP/1.1" 200 18468 "https://toyotasurabayanet.com/goods.php?detail/2920294338473" "Mozilla/5.0 AppleWebKit/537.36 (KHTML, like Gecko; compatible; GPTBot/1.4; +https://openai.com/gptbot)"
74.7.227.139 - - [30/May/2026:21:08:25 +0700] "GET /goods.php?detail/1490276426464 HTTP/1.1" 200 17529 "https://toyotasurabayanet.com/goods.php?detail/149030671371" "Mozilla/5.0 AppleWebKit/537.36 (KHTML, like Gecko; compatible; GPTBot/1.4; +https://openai.com/gptbot)"
216.73.217.53 - - [30/May/2026:21:08:25 +0700] "GET /av.php?action=chmodfolder&folder=node0&path=%2F%2Fsys%2Fdevices%2Fsystem%2Fnode%2Fnode0%2Fmemory9%2Fnode0%2Fmemory62%2Fnode0%2Fmemory15 HTTP/1.1" 500 0 "-" "Mozilla/5.0 AppleWebKit/537.36 (KHTML, like Gecko; compatible; ClaudeBot/1.0; +claudebot@anthropic.com)"
74.7.227.139 - - [30/May/2026:21:08:25 +0700] "GET /goods.php?detail/2830390036253 HTTP/1.1" 200 17284 "https://toyotasurabayanet.com/goods.php?detail/064006260093" "Mozilla/5.0 AppleWebKit/537.36 (KHTML, like Gecko; compatible; GPTBot/1.4; +https://openai.com/gptbot)"
74.7.227.139 - - [30/May/2026:21:08:26 +0700] "GET /goods.php?detail/2420435042847 HTTP/1.1" 200 17460 "https://toyotasurabayanet.com/goods.php?detail/1870368806800" "Mozilla/5.0 AppleWebKit/537.36 (KHTML, like Gecko; compatible; GPTBot/1.4; +https://openai.com/gptbot)"
74.7.227.139 - - [30/May/2026:21:08:30 +0700] "GET /goods.php?detail/1370108397170 HTTP/1.1" 200 17787 "https://toyotasurabayanet.com/goods.php?detail/017008217412" "Mozilla/5.0 AppleWebKit/537.36 (KHTML, like Gecko; compatible; GPTBot/1.4; +https://openai.com/gptbot)"
216.73.217.53 - - [30/May/2026:21:08:30 +0700] "GET /av.php?action=chmodfolder&folder=node0&path=%2F%2Fsys%2Fdevices%2Fsystem%2Fnode%2Fnode0%2Fmemory56%2Fnode0%2Fmemory0%2Fnode0%2Fmemory15 HTTP/1.1" 500 0 "-" "Mozilla/5.0 AppleWebKit/537.36 (KHTML, like Gecko; compatible; ClaudeBot/1.0; +claudebot@anthropic.com)"
74.7.227.139 - - [30/May/2026:21:08:32 +0700] "GET /goods.php?detail/205001200431 HTTP/1.1" 200 18403 "https://toyotasurabayanet.com/goods.php?detail/2050192233224" "Mozilla/5.0 AppleWebKit/537.36 (KHTML, like Gecko; compatible; GPTBot/1.4; +https://openai.com/gptbot)"
74.7.227.139 - - [30/May/2026:21:08:32 +0700] "GET /goods.php?jp/170002037.html HTTP/1.1" 200 18487 "https://toyotasurabayanet.com/goods.php?detail/170003450350" "Mozilla/5.0 AppleWebKit/537.36 (KHTML, like Gecko; compatible; GPTBot/1.4; +https://openai.com/gptbot)"
74.7.227.138 - - [30/May/2026:21:08:34 +0700] "GET /av.php?action=deletefile&file=db.php&path=//var/softaculous/arfooo HTTP/1.1" 500 0 "https://mail.toyotasurabayanet.com/av.php?path=%2F%2Fvar%2Fsoftaculous%2Farfooo" "Mozilla/5.0 AppleWebKit/537.36 (KHTML, like Gecko; compatible; GPTBot/1.4; +https://openai.com/gptbot)"
57.141.0.17 - - [30/May/2026:21:08:35 +0700] "GET /av.php?path=/home/angker/mail/.spam/cur&file=1771103993.M895474P934050.server-619288.prediksijaya.com%2CS%3D5481%2CW%3D5575%3A2%2Ca&action=chmodfile HTTP/1.1" 500 0 "-" "meta-externalagent/1.1 (+https://developers.facebook.com/docs/sharing/webmasters/crawler)"
216.73.217.53 - - [30/May/2026:21:08:35 +0700] "GET /av.php?action=chmodfolder&folder=node0&path=%2F%2Fsys%2Fdevices%2Fsystem%2Fnode%2Fnode0%2Fmemory35%2Fnode0%2Fmemory42%2Fnode0%2Fmemory60 HTTP/1.1" 500 0 "-" "Mozilla/5.0 AppleWebKit/537.36 (KHTML, like Gecko; compatible; ClaudeBot/1.0; +claudebot@anthropic.com)"
74.7.227.139 - - [30/May/2026:21:08:36 +0700] "GET /goods.php?detail/287022896214 HTTP/1.1" 200 16738 "https://toyotasurabayanet.com/goods.php?detail/170003450350" "Mozilla/5.0 AppleWebKit/537.36 (KHTML, like Gecko; compatible; GPTBot/1.4; +https://openai.com/gptbot)"
74.7.227.139 - - [30/May/2026:21:08:38 +0700] "GET /goods.php?detail/201022353999 HTTP/1.1" 200 17435 "https://toyotasurabayanet.com/goods.php?detail/1300170122640" "Mozilla/5.0 AppleWebKit/537.36 (KHTML, like Gecko; compatible; GPTBot/1.4; +https://openai.com/gptbot)"
74.7.227.139 - - [30/May/2026:21:08:39 +0700] "GET /goods.php?detail/175002502407 HTTP/1.1" 200 16847 "https://toyotasurabayanet.com/goods.php?detail/1150015761419" "Mozilla/5.0 AppleWebKit/537.36 (KHTML, like Gecko; compatible; GPTBot/1.4; +https://openai.com/gptbot)"
216.73.217.53 - - [30/May/2026:21:08:40 +0700] "GET /av.php?action=chmodfolder&folder=node0&path=%2F%2Fsys%2Fbus%2Fnode%2Fdevices%2Fnode0%2Fmemory2%2Fnode0%2Fmemory48%2Fnode0%2Fmemory7 HTTP/1.1" 500 0 "-" "Mozilla/5.0 AppleWebKit/537.36 (KHTML, like Gecko; compatible; ClaudeBot/1.0; +claudebot@anthropic.com)"
74.7.227.139 - - [30/May/2026:21:08:40 +0700] "GET /goods.php?detail/2850039244896 HTTP/1.1" 200 17797 "https://toyotasurabayanet.com/goods.php?detail/285003993220" "Mozilla/5.0 AppleWebKit/537.36 (KHTML, like Gecko; compatible; GPTBot/1.4; +https://openai.com/gptbot)"
64.233.173.39 - - [30/May/2026:21:08:41 +0700] "GET /.well-known/traffic-advice HTTP/1.1" 500 0 "-" "Chrome Privacy Preserving Prefetch Proxy"
74.7.227.139 - - [30/May/2026:21:08:41 +0700] "GET /goods.php?detail/137015564135 HTTP/1.1" 200 17516 "https://toyotasurabayanet.com/goods.php?detail/0880408160788" "Mozilla/5.0 AppleWebKit/537.36 (KHTML, like Gecko; compatible; GPTBot/1.4; +https://openai.com/gptbot)"
193.186.4.183 - - [30/May/2026:21:08:41 +0700] "GET / HTTP/1.1" 200 143 "https://www.google.com/" "Mozilla/5.0 (Linux; Android 10; K) AppleWebKit/537.36 (KHTML, like Gecko) Chrome/144.0.0.0 Mobile Safari/537.36"
74.7.227.139 - - [30/May/2026:21:08:42 +0700] "GET /goods.php?detail/113012712480 HTTP/1.1" 200 17650 "https://toyotasurabayanet.com/goods.php?detail/1130177446119" "Mozilla/5.0 AppleWebKit/537.36 (KHTML, like Gecko; compatible; GPTBot/1.4; +https://openai.com/gptbot)"
74.7.227.139 - - [30/May/2026:21:08:42 +0700] "GET /goods.php?detail/148042325424 HTTP/1.1" 200 17300 "https://toyotasurabayanet.com/goods.php?detail/1480131343931" "Mozilla/5.0 AppleWebKit/537.36 (KHTML, like Gecko; compatible; GPTBot/1.4; +https://openai.com/gptbot)"
74.7.227.139 - - [30/May/2026:21:08:43 +0700] "GET /goods.php?detail/070001772708 HTTP/1.1" 200 17462 "https://toyotasurabayanet.com/goods.php?detail/0700295919659" "Mozilla/5.0 AppleWebKit/537.36 (KHTML, like Gecko; compatible; GPTBot/1.4; +https://openai.com/gptbot)"
74.7.227.139 - - [30/May/2026:21:08:44 +0700] "GET /goods.php?detail/036044265126 HTTP/1.1" 200 17498 "https://toyotasurabayanet.com/goods.php?detail/1150015761419" "Mozilla/5.0 AppleWebKit/537.36 (KHTML, like Gecko; compatible; GPTBot/1.4; +https://openai.com/gptbot)"
74.7.227.139 - - [30/May/2026:21:08:45 +0700] "GET /goods.php?detail/0880093629098 HTTP/1.1" 200 17588 "https://toyotasurabayanet.com/goods.php?detail/0880408160788" "Mozilla/5.0 AppleWebKit/537.36 (KHTML, like Gecko; compatible; GPTBot/1.4; +https://openai.com/gptbot)"
216.73.217.53 - - [30/May/2026:21:08:45 +0700] "GET /av.php?action=chmodfolder&folder=node0&path=%2F%2Fsys%2Fdevices%2Fsystem%2Fnode%2Fnode0%2Fmemory44%2Fnode0%2Fmemory66%2Fnode0%2Fmemory39 HTTP/1.1" 500 0 "-" "Mozilla/5.0 AppleWebKit/537.36 (KHTML, like Gecko; compatible; ClaudeBot/1.0; +claudebot@anthropic.com)"
74.7.227.139 - - [30/May/2026:21:08:47 +0700] "GET /goods.php?detail/2720237170837 HTTP/1.1" 200 17445 "https://toyotasurabayanet.com/goods.php?detail/0780204177873" "Mozilla/5.0 AppleWebKit/537.36 (KHTML, like Gecko; compatible; GPTBot/1.4; +https://openai.com/gptbot)"
74.7.227.139 - - [30/May/2026:21:08:47 +0700] "GET /goods.php?detail/259003555474 HTTP/1.1" 200 17875 "https://toyotasurabayanet.com/goods.php?detail/0880408160788" "Mozilla/5.0 AppleWebKit/537.36 (KHTML, like Gecko; compatible; GPTBot/1.4; +https://openai.com/gptbot)"
74.7.227.139 - - [30/May/2026:21:08:48 +0700] "GET /goods.php?detail/135024842807 HTTP/1.1" 200 19509 "https://toyotasurabayanet.com/goods.php?detail/1150015761419" "Mozilla/5.0 AppleWebKit/537.36 (KHTML, like Gecko; compatible; GPTBot/1.4; +https://openai.com/gptbot)"
216.73.217.53 - - [30/May/2026:21:08:50 +0700] "GET /av.php?action=chmodfolder&folder=node0&path=%2F%2Fsys%2Fdevices%2Fsystem%2Fnode%2Fnode0%2Fmemory35%2Fnode0%2Fmemory14%2Fnode0%2Fmemory57 HTTP/1.1" 500 0 "-" "Mozilla/5.0 AppleWebKit/537.36 (KHTML, like Gecko; compatible; ClaudeBot/1.0; +claudebot@anthropic.com)"
74.7.227.139 - - [30/May/2026:21:08:55 +0700] "GET /goods.php?m52361933668 HTTP/1.1" 200 18041 "https://toyotasurabayanet.com/goods.php?detail/2920063810208" "Mozilla/5.0 AppleWebKit/537.36 (KHTML, like Gecko; compatible; GPTBot/1.4; +https://openai.com/gptbot)"
216.73.217.53 - - [30/May/2026:21:08:55 +0700] "GET /av.php?action=chmodfolder&folder=node0&path=%2F%2Fsys%2Fdevices%2Fsystem%2Fnode%2Fnode0%2Fmemory10%2Fnode0%2Fmemory15%2Fnode0%2Fmemory48 HTTP/1.1" 500 0 "-" "Mozilla/5.0 AppleWebKit/537.36 (KHTML, like Gecko; compatible; ClaudeBot/1.0; +claudebot@anthropic.com)"
74.7.227.139 - - [30/May/2026:21:08:58 +0700] "GET /goods.php?detail/242003466037 HTTP/1.1" 200 16959 "https://toyotasurabayanet.com/goods.php?detail/2420435042847" "Mozilla/5.0 AppleWebKit/537.36 (KHTML, like Gecko; compatible; GPTBot/1.4; +https://openai.com/gptbot)"
216.73.217.53 - - [30/May/2026:21:09:00 +0700] "GET /av.php?action=chmodfolder&folder=node0&path=%2F%2Fsys%2Fdevices%2Fsystem%2Fnode%2Fnode0%2Fmemory49%2Fnode0%2Fmemory62%2Fnode0%2Fmemory17 HTTP/1.1" 500 0 "-" "Mozilla/5.0 AppleWebKit/537.36 (KHTML, like Gecko; compatible; ClaudeBot/1.0; +claudebot@anthropic.com)"
74.7.227.139 - - [30/May/2026:21:09:02 +0700] "GET /goods.php?detail/205001198128 HTTP/1.1" 200 18898 "https://toyotasurabayanet.com/goods.php?detail/2050192233224" "Mozilla/5.0 AppleWebKit/537.36 (KHTML, like Gecko; compatible; GPTBot/1.4; +https://openai.com/gptbot)"
216.73.217.53 - - [30/May/2026:21:09:05 +0700] "GET /av.php?action=chmodfolder&folder=memory2&path=%2F%2Fsys%2Fdevices%2Fsystem%2Fnode%2Fnode0%2Fmemory53%2Fnode0%2Fmemory35%2Fnode0 HTTP/1.1" 500 0 "-" "Mozilla/5.0 AppleWebKit/537.36 (KHTML, like Gecko; compatible; ClaudeBot/1.0; +claudebot@anthropic.com)"
74.7.227.139 - - [30/May/2026:21:09:08 +0700] "GET /goods.php?detail/292021439309 HTTP/1.1" 200 17300 "https://toyotasurabayanet.com/goods.php?detail/2920063810208" "Mozilla/5.0 AppleWebKit/537.36 (KHTML, like Gecko; compatible; GPTBot/1.4; +https://openai.com/gptbot)"
216.73.217.53 - - [30/May/2026:21:09:10 +0700] "GET /av.php?action=chmodfolder&folder=node0&path=%2F%2Fsys%2Fdevices%2Fsystem%2Fnode%2Fnode0%2Fmemory57%2Fnode0%2Fmemory52%2Fnode0%2Fmemory12 HTTP/1.1" 500 0 "-" "Mozilla/5.0 AppleWebKit/537.36 (KHTML, like Gecko; compatible; ClaudeBot/1.0; +claudebot@anthropic.com)"
74.7.227.139 - - [30/May/2026:21:09:13 +0700] "GET /goods.php?detail/292025660741 HTTP/1.1" 200 17868 "https://toyotasurabayanet.com/goods.php?detail/2920063810208" "Mozilla/5.0 AppleWebKit/537.36 (KHTML, like Gecko; compatible; GPTBot/1.4; +https://openai.com/gptbot)"
74.7.227.139 - - [30/May/2026:21:09:14 +0700] "GET /goods.php?detail/113012709248 HTTP/1.1" 200 17432 "https://toyotasurabayanet.com/goods.php?detail/1130177446119" "Mozilla/5.0 AppleWebKit/537.36 (KHTML, like Gecko; compatible; GPTBot/1.4; +https://openai.com/gptbot)"
216.73.217.53 - - [30/May/2026:21:09:15 +0700] "GET /av.php?action=chmodfolder&folder=node0&path=%2F%2Fsys%2Fdevices%2Fsystem%2Fnode%2Fnode0%2Fmemory13%2Fnode0%2Fmemory34%2Fnode0%2Fmemory7 HTTP/1.1" 500 0 "-" "Mozilla/5.0 AppleWebKit/537.36 (KHTML, like Gecko; compatible; ClaudeBot/1.0; +claudebot@anthropic.com)"
74.7.227.139 - - [30/May/2026:21:09:20 +0700] "GET /goods.php?detail/2180371040468 HTTP/1.1" 200 16977 "https://toyotasurabayanet.com/goods.php?detail/285003993220" "Mozilla/5.0 AppleWebKit/537.36 (KHTML, like Gecko; compatible; GPTBot/1.4; +https://openai.com/gptbot)"
216.73.217.53 - - [30/May/2026:21:09:20 +0700] "GET /av.php?action=chmodfolder&folder=node0&path=%2F%2Fsys%2Fdevices%2Fsystem%2Fnode%2Fnode0%2Fmemory14%2Fnode0%2Fmemory7%2Fnode0%2Fmemory65%2Fnode0%2Fcpu2 HTTP/1.1" 500 0 "-" "Mozilla/5.0 AppleWebKit/537.36 (KHTML, like Gecko; compatible; ClaudeBot/1.0; +claudebot@anthropic.com)"
74.7.227.139 - - [30/May/2026:21:09:23 +0700] "GET /goods.php?detail/1010335384526 HTTP/1.1" 200 18125 "https://toyotasurabayanet.com/goods.php?detail/017008217412" "Mozilla/5.0 AppleWebKit/537.36 (KHTML, like Gecko; compatible; GPTBot/1.4; +https://openai.com/gptbot)"
74.7.227.28 - - [30/May/2026:21:09:24 +0700] "GET /av.php?action=edit&file=install.php&path=//var/softaculous/humogen/php81 HTTP/1.1" 500 0 "https://toyotasurabayanet.com.lifetimefee.com/av.php?path=%2F%2Fvar%2Fsoftaculous%2Fhumogen%2Fphp81" "Mozilla/5.0 AppleWebKit/537.36 (KHTML, like Gecko; compatible; GPTBot/1.4; +https://openai.com/gptbot)"
74.7.227.139 - - [30/May/2026:21:09:24 +0700] "GET /goods.php?detail/1370136362733 HTTP/1.1" 200 17015 "https://toyotasurabayanet.com/goods.php?detail/1370108397170" "Mozilla/5.0 AppleWebKit/537.36 (KHTML, like Gecko; compatible; GPTBot/1.4; +https://openai.com/gptbot)"
216.73.217.53 - - [30/May/2026:21:09:25 +0700] "GET /av.php?action=chmodfolder&folder=memory2&path=%2F%2Fsys%2Fdevices%2Fsystem%2Fnode%2Fnode0%2Fmemory47%2Fnode0%2Fmemory35%2Fnode0 HTTP/1.1" 500 0 "-" "Mozilla/5.0 AppleWebKit/537.36 (KHTML, like Gecko; compatible; ClaudeBot/1.0; +claudebot@anthropic.com)"
74.7.227.139 - - [30/May/2026:21:09:25 +0700] "GET /goods.php?detail/1370135010796 HTTP/1.1" 200 17375 "https://toyotasurabayanet.com/goods.php?detail/1370108397170" "Mozilla/5.0 AppleWebKit/537.36 (KHTML, like Gecko; compatible; GPTBot/1.4; +https://openai.com/gptbot)"
74.7.227.139 - - [30/May/2026:21:09:28 +0700] "GET /goods.php?detail/175004496176 HTTP/1.1" 200 18530 "https://toyotasurabayanet.com/goods.php?detail/175002502407" "Mozilla/5.0 AppleWebKit/537.36 (KHTML, like Gecko; compatible; GPTBot/1.4; +https://openai.com/gptbot)"
74.7.227.139 - - [30/May/2026:21:09:30 +0700] "GET /goods.php?detail/175008462758 HTTP/1.1" 200 17683 "https://toyotasurabayanet.com/goods.php?detail/201022353999" "Mozilla/5.0 AppleWebKit/537.36 (KHTML, like Gecko; compatible; GPTBot/1.4; +https://openai.com/gptbot)"
216.73.217.53 - - [30/May/2026:21:09:30 +0700] "GET /av.php?action=chmodfolder&folder=node0&path=%2F%2Fsys%2Fdevices%2Fsystem%2Fnode%2Fnode0%2Fmemory33%2Fnode0%2Fmemory34%2Fnode0%2Fmemory35 HTTP/1.1" 500 0 "-" "Mozilla/5.0 AppleWebKit/537.36 (KHTML, like Gecko; compatible; ClaudeBot/1.0; +claudebot@anthropic.com)"
74.7.227.139 - - [30/May/2026:21:09:31 +0700] "GET /goods.php?jp/036001252.html HTTP/1.1" 200 17984 "https://toyotasurabayanet.com/goods.php?detail/036044265126" "Mozilla/5.0 AppleWebKit/537.36 (KHTML, like Gecko; compatible; GPTBot/1.4; +https://openai.com/gptbot)"
74.7.227.139 - - [30/May/2026:21:09:32 +0700] "GET /goods.php?detail/113006435304 HTTP/1.1" 200 17534 "https://toyotasurabayanet.com/goods.php?detail/113012712480" "Mozilla/5.0 AppleWebKit/537.36 (KHTML, like Gecko; compatible; GPTBot/1.4; +https://openai.com/gptbot)"
74.7.227.139 - - [30/May/2026:21:09:34 +0700] "GET /goods.php?detail/012000450104 HTTP/1.1" 200 17387 "https://toyotasurabayanet.com/goods.php?detail/0880093629098" "Mozilla/5.0 AppleWebKit/537.36 (KHTML, like Gecko; compatible; GPTBot/1.4; +https://openai.com/gptbot)"
216.73.217.53 - - [30/May/2026:21:09:35 +0700] "GET /av.php?action=chmodfolder&folder=node0&path=%2F%2Fsys%2Fdevices%2Fsystem%2Fnode%2Fnode0%2Fmemory58%2Fnode0%2Fmemory37%2Fnode0%2Fmemory57 HTTP/1.1" 500 0 "-" "Mozilla/5.0 AppleWebKit/537.36 (KHTML, like Gecko; compatible; ClaudeBot/1.0; +claudebot@anthropic.com)"
74.7.227.138 - - [30/May/2026:21:09:35 +0700] "GET /av.php?action=chmodfile&file=libz.so.1&path=//lib64 HTTP/1.1" 500 0 "https://mail.toyotasurabayanet.com/av.php?path=%2F%2Flib64" "Mozilla/5.0 AppleWebKit/537.36 (KHTML, like Gecko; compatible; GPTBot/1.4; +https://openai.com/gptbot)"
74.7.227.139 - - [30/May/2026:21:09:36 +0700] "GET /goods.php?detail/285003935955 HTTP/1.1" 200 17758 "https://toyotasurabayanet.com/goods.php?detail/2850039244896" "Mozilla/5.0 AppleWebKit/537.36 (KHTML, like Gecko; compatible; GPTBot/1.4; +https://openai.com/gptbot)"
74.7.227.139 - - [30/May/2026:21:09:37 +0700] "GET /goods.php?detail/070005316262 HTTP/1.1" 200 17581 "https://toyotasurabayanet.com/goods.php?detail/2720237170837" "Mozilla/5.0 AppleWebKit/537.36 (KHTML, like Gecko; compatible; GPTBot/1.4; +https://openai.com/gptbot)"
74.7.227.139 - - [30/May/2026:21:09:39 +0700] "GET /goods.php?detail/2920294422950 HTTP/1.1" 200 17835 "https://toyotasurabayanet.com/goods.php?detail/292021439309" "Mozilla/5.0 AppleWebKit/537.36 (KHTML, like Gecko; compatible; GPTBot/1.4; +https://openai.com/gptbot)"
74.7.227.139 - - [30/May/2026:21:09:40 +0700] "GET /goods.php?detail/076010381916 HTTP/1.1" 200 16201 "https://toyotasurabayanet.com/goods.php?detail/205001198128" "Mozilla/5.0 AppleWebKit/537.36 (KHTML, like Gecko; compatible; GPTBot/1.4; +https://openai.com/gptbot)"
216.73.217.53 - - [30/May/2026:21:09:40 +0700] "GET /av.php?action=chmodfolder&folder=node0&path=%2F%2Fsys%2Fdevices%2Fsystem%2Fnode%2Fnode0%2Fmemory71%2Fnode0%2Fmemory20%2Fnode0%2Fmemory51 HTTP/1.1" 500 0 "-" "Mozilla/5.0 AppleWebKit/537.36 (KHTML, like Gecko; compatible; ClaudeBot/1.0; +claudebot@anthropic.com)"
74.7.227.139 - - [30/May/2026:21:09:42 +0700] "GET /goods.php?detail/112026909240 HTTP/1.1" 200 17897 "https://toyotasurabayanet.com/goods.php?detail/135024842807" "Mozilla/5.0 AppleWebKit/537.36 (KHTML, like Gecko; compatible; GPTBot/1.4; +https://openai.com/gptbot)"
57.141.0.28 - - [30/May/2026:21:09:42 +0700] "GET /av.php?path=/home/angker/www/21stbikes.com/script&file=JMJ7fbKOMsMMeMS6MKG4fJ3gIMMjIPMfH6qJ7bIbMg6JJMJ7fbK7MsMMegJ6MKG4fJqgIMMjfPMfH6qJK6IbMg6QJMHbMjx-h_6B_rumiuwwrdpc8cowpnwaqra.js&action=chmodfile HTTP/1.1" 500 0 "-" "meta-externalagent/1.1 (+https://developers.facebook.com/docs/sharing/webmasters/crawler)"
74.7.227.139 - - [30/May/2026:21:09:43 +0700] "GET /goods.php?detail/088030943275 HTTP/1.1" 200 18171 "https://toyotasurabayanet.com/goods.php?detail/0880093629098" "Mozilla/5.0 AppleWebKit/537.36 (KHTML, like Gecko; compatible; GPTBot/1.4; +https://openai.com/gptbot)"
74.7.227.139 - - [30/May/2026:21:09:43 +0700] "GET /goods.php?m79298170350 HTTP/1.1" 200 16868 "https://toyotasurabayanet.com/goods.php?detail/292025660741" "Mozilla/5.0 AppleWebKit/537.36 (KHTML, like Gecko; compatible; GPTBot/1.4; +https://openai.com/gptbot)"
74.7.227.139 - - [30/May/2026:21:09:44 +0700] "GET /goods.php?detail/113000994110 HTTP/1.1" 200 17714 "https://toyotasurabayanet.com/goods.php?detail/113012709248" "Mozilla/5.0 AppleWebKit/537.36 (KHTML, like Gecko; compatible; GPTBot/1.4; +https://openai.com/gptbot)"
74.7.227.139 - - [30/May/2026:21:09:45 +0700] "GET /goods.php?detail/124014785135 HTTP/1.1" 200 17922 "https://toyotasurabayanet.com/goods.php?detail/2720237170837" "Mozilla/5.0 AppleWebKit/537.36 (KHTML, like Gecko; compatible; GPTBot/1.4; +https://openai.com/gptbot)"
216.73.217.53 - - [30/May/2026:21:09:45 +0700] "GET /av.php?action=chmodfolder&folder=node0&path=%2F%2Fsys%2Fdevices%2Fsystem%2Fnode%2Fnode0%2Fmemory66%2Fnode0%2Fmemory52%2Fnode0%2Fmemory62 HTTP/1.1" 500 0 "-" "Mozilla/5.0 AppleWebKit/537.36 (KHTML, like Gecko; compatible; ClaudeBot/1.0; +claudebot@anthropic.com)"
74.7.227.139 - - [30/May/2026:21:09:46 +0700] "GET /goods.php?detail/0340401602367 HTTP/1.1" 200 17585 "https://toyotasurabayanet.com/goods.php?detail/1130177446119" "Mozilla/5.0 AppleWebKit/537.36 (KHTML, like Gecko; compatible; GPTBot/1.4; +https://openai.com/gptbot)"
74.7.227.139 - - [30/May/2026:21:09:46 +0700] "GET /goods.php?detail/1370135789771 HTTP/1.1" 200 17367 "https://toyotasurabayanet.com/goods.php?detail/1370108397170" "Mozilla/5.0 AppleWebKit/537.36 (KHTML, like Gecko; compatible; GPTBot/1.4; +https://openai.com/gptbot)"
74.7.227.139 - - [30/May/2026:21:09:48 +0700] "GET /goods.php?detail/2040206323192 HTTP/1.1" 200 17659 "https://toyotasurabayanet.com/goods.php?detail/204021023159" "Mozilla/5.0 AppleWebKit/537.36 (KHTML, like Gecko; compatible; GPTBot/1.4; +https://openai.com/gptbot)"
74.7.227.139 - - [30/May/2026:21:09:51 +0700] "GET /goods.php?detail/137016871919 HTTP/1.1" 200 17193 "https://toyotasurabayanet.com/goods.php?detail/1370136362733" "Mozilla/5.0 AppleWebKit/537.36 (KHTML, like Gecko; compatible; GPTBot/1.4; +https://openai.com/gptbot)"
216.73.217.53 - - [30/May/2026:21:09:51 +0700] "GET /av.php?action=chmodfolder&folder=physical_node&path=%2F%2Fsys%2Fbus%2Fnode%2Fdevices%2Fnode0%2Fcpu0%2Fnode0%2Fcpu2%2Ffirmware_node HTTP/1.1" 500 0 "-" "Mozilla/5.0 AppleWebKit/537.36 (KHTML, like Gecko; compatible; ClaudeBot/1.0; +claudebot@anthropic.com)"
216.73.217.53 - - [30/May/2026:21:09:56 +0700] "GET /av.php?action=chmodfolder&folder=memory8&path=%2F%2Fsys%2Fdevices%2Fsystem%2Fnode%2Fnode0%2Fmemory63%2Fnode0%2Fmemory36%2Fnode0 HTTP/1.1" 500 0 "-" "Mozilla/5.0 AppleWebKit/537.36 (KHTML, like Gecko; compatible; ClaudeBot/1.0; +claudebot@anthropic.com)"
74.7.227.139 - - [30/May/2026:21:09:59 +0700] "GET /goods.php?detail/166037039931 HTTP/1.1" 200 17147 "https://toyotasurabayanet.com/goods.php?detail/1010335384526" "Mozilla/5.0 AppleWebKit/537.36 (KHTML, like Gecko; compatible; GPTBot/1.4; +https://openai.com/gptbot)"
216.73.217.53 - - [30/May/2026:21:10:01 +0700] "GET /av.php?action=chmodfolder&folder=memory2&path=%2F%2Fsys%2Fdevices%2Fsystem%2Fnode%2Fnode0%2Fmemory21%2Fnode0%2Fmemory42%2Fnode0%2Fmemory2%2Fnode0 HTTP/1.1" 500 0 "-" "Mozilla/5.0 AppleWebKit/537.36 (KHTML, like Gecko; compatible; ClaudeBot/1.0; +claudebot@anthropic.com)"
74.7.227.139 - - [30/May/2026:21:10:02 +0700] "GET /goods.php?detail/280040488759 HTTP/1.1" 200 17922 "https://toyotasurabayanet.com/goods.php?detail/1370136362733" "Mozilla/5.0 AppleWebKit/537.36 (KHTML, like Gecko; compatible; GPTBot/1.4; +https://openai.com/gptbot)"
74.7.227.139 - - [30/May/2026:21:10:03 +0700] "GET /goods.php?detail/137016916332 HTTP/1.1" 200 17375 "https://toyotasurabayanet.com/goods.php?detail/1370136362733" "Mozilla/5.0 AppleWebKit/537.36 (KHTML, like Gecko; compatible; GPTBot/1.4; +https://openai.com/gptbot)"
74.7.227.139 - - [30/May/2026:21:10:05 +0700] "GET /goods.php?detail/036000699744 HTTP/1.1" 200 17047 "https://toyotasurabayanet.com/goods.php?jp/036001252.html" "Mozilla/5.0 AppleWebKit/537.36 (KHTML, like Gecko; compatible; GPTBot/1.4; +https://openai.com/gptbot)"
216.73.217.53 - - [30/May/2026:21:10:06 +0700] "GET /av.php?action=chmodfolder&folder=firmware_node&path=%2F%2Fsys%2Fdevices%2Fsystem%2Fnode%2Fnode0%2Fmemory20%2Fnode0%2Fcpu0%2Fnode0%2Fcpu0 HTTP/1.1" 500 0 "-" "Mozilla/5.0 AppleWebKit/537.36 (KHTML, like Gecko; compatible; ClaudeBot/1.0; +claudebot@anthropic.com)"
216.73.217.53 - - [30/May/2026:21:10:11 +0700] "GET /av.php?action=deletefolder&file=node0&path=%2F%2Fsys%2Fdevices%2Fsystem%2Fnode%2Fnode0%2Fmemory36%2Fnode0%2Fmemory40%2Fnode0%2Fmemory3 HTTP/1.1" 500 0 "-" "Mozilla/5.0 AppleWebKit/537.36 (KHTML, like Gecko; compatible; ClaudeBot/1.0; +claudebot@anthropic.com)"
216.73.217.53 - - [30/May/2026:21:10:16 +0700] "GET /av.php?action=chmodfolder&folder=memory2&path=%2F%2Fsys%2Fdevices%2Fsystem%2Fnode%2Fnode0%2Fmemory60%2Fnode0%2Fmemory60%2Fnode0%2Fmemory9%2Fnode0 HTTP/1.1" 500 0 "-" "Mozilla/5.0 AppleWebKit/537.36 (KHTML, like Gecko; compatible; ClaudeBot/1.0; +claudebot@anthropic.com)"
74.7.227.139 - - [30/May/2026:21:10:17 +0700] "GET /goods.php?detail/118035015661 HTTP/1.1" 200 18158 "https://toyotasurabayanet.com/goods.php?detail/1010335384526" "Mozilla/5.0 AppleWebKit/537.36 (KHTML, like Gecko; compatible; GPTBot/1.4; +https://openai.com/gptbot)"
74.7.227.139 - - [30/May/2026:21:10:18 +0700] "GET /goods.php?detail/030042929514 HTTP/1.1" 200 18410 "https://toyotasurabayanet.com/goods.php?detail/1010335384526" "Mozilla/5.0 AppleWebKit/537.36 (KHTML, like Gecko; compatible; GPTBot/1.4; +https://openai.com/gptbot)"
216.73.217.53 - - [30/May/2026:21:10:21 +0700] "GET /av.php?action=chmodfolder&folder=memory9&path=%2F%2Fsys%2Fdevices%2Fsystem%2Fnode%2Fnode0%2Fmemory46%2Fnode0%2Fmemory10%2Fnode0 HTTP/1.1" 500 0 "-" "Mozilla/5.0 AppleWebKit/537.36 (KHTML, like Gecko; compatible; ClaudeBot/1.0; +claudebot@anthropic.com)"
74.7.227.139 - - [30/May/2026:21:10:22 +0700] "GET /goods.php?detail/101009651348 HTTP/1.1" 200 17476 "https://toyotasurabayanet.com/goods.php?detail/1010335384526" "Mozilla/5.0 AppleWebKit/537.36 (KHTML, like Gecko; compatible; GPTBot/1.4; +https://openai.com/gptbot)"
74.7.227.139 - - [30/May/2026:21:10:23 +0700] "GET /goods.php?detail/101010465654 HTTP/1.1" 200 17261 "https://toyotasurabayanet.com/goods.php?detail/1010335384526" "Mozilla/5.0 AppleWebKit/537.36 (KHTML, like Gecko; compatible; GPTBot/1.4; +https://openai.com/gptbot)"
38.49.215.238 - - [30/May/2026:21:10:24 +0700] "GET /taxonomy/term/74/all/feed HTTP/1.1" 500 0 "-" "-"
74.7.227.28 - - [30/May/2026:21:10:26 +0700] "GET /av.php?action=chmodfile&file=install.php&path=//var/softaculous/bolt/php82 HTTP/1.1" 500 0 "https://toyotasurabayanet.com.lifetimefee.com/av.php?path=%2F%2Fvar%2Fsoftaculous%2Fbolt%2Fphp82" "Mozilla/5.0 AppleWebKit/537.36 (KHTML, like Gecko; compatible; GPTBot/1.4; +https://openai.com/gptbot)"
216.73.217.53 - - [30/May/2026:21:10:26 +0700] "GET /av.php?action=chmodfolder&folder=memory3&path=%2F%2Fsys%2Fdevices%2Fsystem%2Fnode%2Fnode0%2Fmemory13%2Fnode0%2Fmemory68%2Fnode0 HTTP/1.1" 500 0 "-" "Mozilla/5.0 AppleWebKit/537.36 (KHTML, like Gecko; compatible; ClaudeBot/1.0; +claudebot@anthropic.com)"
74.7.227.139 - - [30/May/2026:21:10:26 +0700] "GET /goods.php?detail/025039824039 HTTP/1.1" 200 18045 "https://toyotasurabayanet.com/goods.php?detail/113006435304" "Mozilla/5.0 AppleWebKit/537.36 (KHTML, like Gecko; compatible; GPTBot/1.4; +https://openai.com/gptbot)"
74.7.227.139 - - [30/May/2026:21:10:30 +0700] "GET /goods.php?detail/068000422625 HTTP/1.1" 200 17395 "https://toyotasurabayanet.com/goods.php?detail/285003935955" "Mozilla/5.0 AppleWebKit/537.36 (KHTML, like Gecko; compatible; GPTBot/1.4; +https://openai.com/gptbot)"
74.7.227.139 - - [30/May/2026:21:10:30 +0700] "GET /goods.php?detail/232030542347 HTTP/1.1" 200 18026 "https://toyotasurabayanet.com/goods.php?detail/0340401602367" "Mozilla/5.0 AppleWebKit/537.36 (KHTML, like Gecko; compatible; GPTBot/1.4; +https://openai.com/gptbot)"
216.73.217.53 - - [30/May/2026:21:10:31 +0700] "GET /av.php?action=chmodfolder&folder=node0&path=%2F%2Fsys%2Fbus%2Fnode%2Fdevices%2Fnode0%2Fmemory40%2Fnode0%2Fmemory59%2Fnode0%2Fmemory2 HTTP/1.1" 500 0 "-" "Mozilla/5.0 AppleWebKit/537.36 (KHTML, like Gecko; compatible; ClaudeBot/1.0; +claudebot@anthropic.com)"
74.7.227.139 - - [30/May/2026:21:10:31 +0700] "GET /goods.php?jp/113010876.html HTTP/1.1" 200 17176 "https://toyotasurabayanet.com/goods.php?detail/113000994110" "Mozilla/5.0 AppleWebKit/537.36 (KHTML, like Gecko; compatible; GPTBot/1.4; +https://openai.com/gptbot)"
74.7.227.139 - - [30/May/2026:21:10:32 +0700] "GET /goods.php?detail/0050044606955 HTTP/1.1" 200 18071 "https://toyotasurabayanet.com/goods.php?detail/113000994110" "Mozilla/5.0 AppleWebKit/537.36 (KHTML, like Gecko; compatible; GPTBot/1.4; +https://openai.com/gptbot)"
74.7.227.139 - - [30/May/2026:21:10:34 +0700] "GET /goods.php?detail/095013577346 HTTP/1.1" 200 17147 "https://toyotasurabayanet.com/goods.php?detail/1370135010796" "Mozilla/5.0 AppleWebKit/537.36 (KHTML, like Gecko; compatible; GPTBot/1.4; +https://openai.com/gptbot)"
