Google
Edit File: nuocuongbinhduong.com.lifetimefee.com-ssl_log
66.249.73.200 - - [31/May/2026:19:27:03 +0700] "GET /outlet/250040006 HTTP/1.1" 200 17804 "-" "Mozilla/5.0 (Linux; Android 6.0.1; Nexus 5X Build/MMB29P) AppleWebKit/537.36 (KHTML, like Gecko) Chrome/148.0.7778.96 Mobile Safari/537.36 (compatible; GoogleOther)"
66.249.73.201 - - [31/May/2026:19:31:43 +0700] "GET /?goods/078029304 HTTP/1.1" 200 17828 "-" "Mozilla/5.0 (Linux; Android 6.0.1; Nexus 5X Build/MMB29P) AppleWebKit/537.36 (KHTML, like Gecko) Chrome/148.0.7778.96 Mobile Safari/537.36 (compatible; GoogleOther)"
66.249.73.200 - - [31/May/2026:19:31:59 +0700] "GET /category/167_168_1611_7204_9043/1 HTTP/1.1" 200 18691 "-" "Mozilla/5.0 (Linux; Android 6.0.1; Nexus 5X Build/MMB29P) AppleWebKit/537.36 (KHTML, like Gecko) Chrome/148.0.7778.96 Mobile Safari/537.36 (compatible; GoogleOther)"
204.12.208.18 - - [31/May/2026:19:34:56 +0700] "GET /wp-content/imf98e0b/edit.php HTTP/1.1" 200 37 "https://www.nuocuongbinhduong.com.lifetimefee.com/wp-content/imf98e0b/edit.php" "Mozilla/4.0 (compatible; MSIE 8.0; Windows NT 5.1; Trident/4.0; .NET CLR 2.0.50727; InfoPath.1"
204.12.208.18 - - [31/May/2026:19:35:56 +0700] "GET /wp-content/imf98e0b/edit.php HTTP/1.1" 200 0 "https://www.nuocuongbinhduong.com.lifetimefee.com/wp-content/imf98e0b/edit.php" "Mozilla/5.0 (Windows NT 6.1; WOW64; rv:9.0.1) Gecko/20100101 Firefox/9.0.1"
173.208.176.202 - - [31/May/2026:19:35:56 +0700] "GET /wp-content/imf98e0b/edit.php?id=251520 HTTP/1.1" 200 0 "https://www.nuocuongbinhduong.com.lifetimefee.com/wp-content/imf98e0b/edit.php?id=251520" "Mozilla/5.0"
66.249.73.202 - - [31/May/2026:19:36:15 +0700] "GET /products/015010632 HTTP/1.1" 200 17682 "-" "Mozilla/5.0 (Linux; Android 6.0.1; Nexus 5X Build/MMB29P) AppleWebKit/537.36 (KHTML, like Gecko) Chrome/148.0.7778.96 Mobile Safari/537.36 (compatible; Googlebot/2.1; +http://www.google.com/bot.html)"
66.249.73.202 - - [31/May/2026:19:46:24 +0700] "GET /outlet/225004733 HTTP/1.1" 200 17382 "-" "Mozilla/5.0 (Linux; Android 6.0.1; Nexus 5X Build/MMB29P) AppleWebKit/537.36 (KHTML, like Gecko) Chrome/148.0.7778.96 Mobile Safari/537.36 (compatible; Googlebot/2.1; +http://www.google.com/bot.html)"
66.249.73.202 - - [31/May/2026:19:52:28 +0700] "GET /outlet/157017423 HTTP/1.1" 200 17482 "-" "Mozilla/5.0 (Linux; Android 6.0.1; Nexus 5X Build/MMB29P) AppleWebKit/537.36 (KHTML, like Gecko) Chrome/148.0.7778.96 Mobile Safari/537.36 (compatible; Googlebot/2.1; +http://www.google.com/bot.html)"
204.12.208.18 - - [31/May/2026:20:01:11 +0700] "GET /wp-content/imf98e0b/edit.php HTTP/1.1" 200 37 "https://www.nuocuongbinhduong.com.lifetimefee.com/wp-content/imf98e0b/edit.php" "Mozilla/4.0 (compatible; MSIE 7.0; Windows NT 5.1; SV1; .NET CLR 1.1.4322)"
66.249.73.202 - - [31/May/2026:20:01:40 +0700] "GET /?jp/227042658.html HTTP/1.1" 200 17236 "-" "Mozilla/5.0 (Linux; Android 6.0.1; Nexus 5X Build/MMB29P) AppleWebKit/537.36 (KHTML, like Gecko) Chrome/148.0.7778.96 Mobile Safari/537.36 (compatible; GoogleOther)"
66.249.73.200 - - [31/May/2026:20:02:17 +0700] "GET /?goods/223008292 HTTP/1.1" 200 17598 "-" "Mozilla/5.0 (Linux; Android 6.0.1; Nexus 5X Build/MMB29P) AppleWebKit/537.36 (KHTML, like Gecko) Chrome/148.0.7778.96 Mobile Safari/537.36 (compatible; GoogleOther)"
204.12.208.18 - - [31/May/2026:20:02:18 +0700] "GET /wp-content/imf98e0b/edit.php HTTP/1.1" 200 0 "https://www.nuocuongbinhduong.com.lifetimefee.com/wp-content/imf98e0b/edit.php" "Mozilla/5.0 (Macintosh; Intel Mac OS X 10_7_2) AppleWebKit/535.2 (KHTML, like Gecko) Chrome/15.0.874.106 Safari/535.2"
66.249.73.200 - - [31/May/2026:20:02:53 +0700] "GET /?goods/092010071 HTTP/1.1" 200 17737 "-" "Mozilla/5.0 (Linux; Android 6.0.1; Nexus 5X Build/MMB29P) AppleWebKit/537.36 (KHTML, like Gecko) Chrome/148.0.7778.96 Mobile Safari/537.36 (compatible; GoogleOther)"
173.208.176.202 - - [31/May/2026:20:03:51 +0700] "GET /wp-content/imf98e0b/edit.php?id=251520 HTTP/1.1" 200 0 "https://www.nuocuongbinhduong.com.lifetimefee.com/wp-content/imf98e0b/edit.php?id=251520" "Mozilla/5.0"
66.249.73.201 - - [31/May/2026:20:26:29 +0700] "GET /outlet/084043218 HTTP/1.1" 200 17483 "-" "Mozilla/5.0 (Linux; Android 6.0.1; Nexus 5X Build/MMB29P) AppleWebKit/537.36 (KHTML, like Gecko) Chrome/148.0.7778.96 Mobile Safari/537.36 (compatible; Googlebot/2.1; +http://www.google.com/bot.html)"
204.12.208.18 - - [31/May/2026:20:27:17 +0700] "GET /wp-content/imf98e0b/edit.php HTTP/1.1" 200 46 "https://www.nuocuongbinhduong.com.lifetimefee.com/wp-content/imf98e0b/edit.php" "Mozilla/5.0 (compatible; MSIE 9.0; Windows NT 6.1; WOW64; Trident/5.0; SLCC2; .NET CLR 2.0.50727; .NET CLR 3.5.30729; .NET CLR 3.0.30729; Media Center PC 6.0; MAGW; .NET4.0C; Lunascape 6.5.8.24780)"
204.12.208.18 - - [31/May/2026:20:28:09 +0700] "GET /wp-content/imf98e0b/edit.php HTTP/1.1" 200 0 "https://www.nuocuongbinhduong.com.lifetimefee.com/wp-content/imf98e0b/edit.php" "Mozilla/5.0 (Windows NT 10.0; WOW64) AppleWebKit/537.36 (KHTML, like Gecko) Chrome/74.0.3729.131 Safari/537.36"
66.249.73.201 - - [31/May/2026:20:31:33 +0700] "GET /category/1366/1 HTTP/1.1" 200 17782 "-" "Mozilla/5.0 (Linux; Android 6.0.1; Nexus 5X Build/MMB29P) AppleWebKit/537.36 (KHTML, like Gecko) Chrome/148.0.7778.96 Mobile Safari/537.36 (compatible; GoogleOther)"
66.249.73.201 - - [31/May/2026:20:36:56 +0700] "GET /outlet/138013178 HTTP/1.1" 200 18178 "-" "Mozilla/5.0 (Linux; Android 6.0.1; Nexus 5X Build/MMB29P) AppleWebKit/537.36 (KHTML, like Gecko) Chrome/148.0.7778.96 Mobile Safari/537.36 (compatible; Googlebot/2.1; +http://www.google.com/bot.html)"
204.12.208.18 - - [31/May/2026:20:53:08 +0700] "GET /wp-content/imf98e0b/edit.php HTTP/1.1" 200 37 "https://www.nuocuongbinhduong.com.lifetimefee.com/wp-content/imf98e0b/edit.php" "Mozilla/4.0 (compatible; MSIE 7.0; Windows NT 5.1)"
204.12.208.18 - - [31/May/2026:20:54:15 +0700] "GET /wp-content/imf98e0b/edit.php HTTP/1.1" 200 0 "https://www.nuocuongbinhduong.com.lifetimefee.com/wp-content/imf98e0b/edit.php" "Mozilla/5.0 (Windows NT 6.0; rv:7.0.1) Gecko/20100101 Firefox/7.0.1"
66.249.73.200 - - [31/May/2026:21:04:52 +0700] "GET /outlet/291024607 HTTP/1.1" 200 17470 "-" "Mozilla/5.0 (Linux; Android 6.0.1; Nexus 5X Build/MMB29P) AppleWebKit/537.36 (KHTML, like Gecko) Chrome/148.0.7778.96 Mobile Safari/537.36 (compatible; Googlebot/2.1; +http://www.google.com/bot.html)"
204.12.208.18 - - [31/May/2026:21:19:50 +0700] "GET /wp-content/imf98e0b/edit.php HTTP/1.1" 200 37 "https://www.nuocuongbinhduong.com.lifetimefee.com/wp-content/imf98e0b/edit.php" "Mozilla/5.0 (Macintosh; U; PPC Mac OS X 10_4_11; ja-jp) AppleWebKit/525.18 (KHTML, like Gecko) Version/3.1.2 Safari/525.22"
204.12.208.18 - - [31/May/2026:21:20:55 +0700] "GET /wp-content/imf98e0b/edit.php HTTP/1.1" 200 0 "https://www.nuocuongbinhduong.com.lifetimefee.com/wp-content/imf98e0b/edit.php" "Opera/9.80 (Windows NT 6.1; U; ja) Presto/2.9.168 Version/11.50"
66.249.73.200 - - [31/May/2026:21:26:28 +0700] "GET /outlet/223037719 HTTP/1.1" 200 17424 "-" "Mozilla/5.0 (Linux; Android 6.0.1; Nexus 5X Build/MMB29P) AppleWebKit/537.36 (KHTML, like Gecko) Chrome/148.0.7778.96 Mobile Safari/537.36 (compatible; Googlebot/2.1; +http://www.google.com/bot.html)"
66.249.73.201 - - [31/May/2026:21:34:53 +0700] "GET /products/051029356 HTTP/1.1" 200 17588 "-" "Mozilla/5.0 (Linux; Android 6.0.1; Nexus 5X Build/MMB29P) AppleWebKit/537.36 (KHTML, like Gecko) Chrome/148.0.7778.96 Mobile Safari/537.36 (compatible; GoogleOther)"
66.249.73.202 - - [31/May/2026:21:38:56 +0700] "GET /products/119048262 HTTP/1.1" 200 17007 "-" "Mozilla/5.0 (Linux; Android 6.0.1; Nexus 5X Build/MMB29P) AppleWebKit/537.36 (KHTML, like Gecko) Chrome/148.0.7778.96 Mobile Safari/537.36 (compatible; Googlebot/2.1; +http://www.google.com/bot.html)"
66.249.73.201 - - [31/May/2026:21:41:24 +0700] "GET /products/076027197 HTTP/1.1" 200 17570 "-" "Mozilla/5.0 (Linux; Android 6.0.1; Nexus 5X Build/MMB29P) AppleWebKit/537.36 (KHTML, like Gecko) Chrome/148.0.7778.96 Mobile Safari/537.36 (compatible; Googlebot/2.1; +http://www.google.com/bot.html)"
204.12.208.18 - - [31/May/2026:21:46:05 +0700] "GET /wp-content/imf98e0b/edit.php HTTP/1.1" 200 37 "https://www.nuocuongbinhduong.com.lifetimefee.com/wp-content/imf98e0b/edit.php" "Mozilla/5.0 (compatible; MSIE 10.0; Windows NT 6.2; Win64; x64; Trident/6.0)"
204.12.208.18 - - [31/May/2026:21:47:11 +0700] "GET /wp-content/imf98e0b/edit.php HTTP/1.1" 200 0 "https://www.nuocuongbinhduong.com.lifetimefee.com/wp-content/imf98e0b/edit.php" "Mozilla/5.0 (Windows NT 5.1) AppleWebKit/534.30 (KHTML, like Gecko) Chrome/12.0.742.122 Safari/534.30 ChromePlus/1.6.3.1"
66.249.73.201 - - [31/May/2026:21:49:18 +0700] "GET /category/1607/1 HTTP/1.1" 200 17222 "-" "Mozilla/5.0 (Linux; Android 6.0.1; Nexus 5X Build/MMB29P) AppleWebKit/537.36 (KHTML, like Gecko) Chrome/148.0.7778.96 Mobile Safari/537.36 (compatible; GoogleOther)"
204.12.208.18 - - [31/May/2026:22:11:49 +0700] "GET /wp-content/imf98e0b/edit.php HTTP/1.1" 200 46 "https://www.nuocuongbinhduong.com.lifetimefee.com/wp-content/imf98e0b/edit.php" "Mozilla/4.0 (compatible; MSIE 7.0; Windows NT 5.1; SV1; .NET CLR 1.0.3705; .NET CLR 2.0.50727; .NET CLR 1.1.4322)"
66.249.73.200 - - [31/May/2026:22:20:17 +0700] "GET /outlet/049047497 HTTP/1.1" 200 18249 "-" "Mozilla/5.0 (Linux; Android 6.0.1; Nexus 5X Build/MMB29P) AppleWebKit/537.36 (KHTML, like Gecko) Chrome/148.0.7778.96 Mobile Safari/537.36 (compatible; Googlebot/2.1; +http://www.google.com/bot.html)"
204.12.208.18 - - [31/May/2026:22:38:55 +0700] "GET /wp-content/imf98e0b/edit.php HTTP/1.1" 200 37 "https://www.nuocuongbinhduong.com.lifetimefee.com/wp-content/imf98e0b/edit.php" "Mozilla/5.0 (compatible; MSIE 10.0; Windows NT 6.2; WOW64; Trident/6.0)"
204.12.208.18 - - [31/May/2026:22:40:06 +0700] "GET /wp-content/imf98e0b/edit.php HTTP/1.1" 200 0 "https://www.nuocuongbinhduong.com.lifetimefee.com/wp-content/imf98e0b/edit.php" "Mozilla/5.0 (Macintosh; Intel Mac OS X 10_6_8) AppleWebKit/535.1 (KHTML, like Gecko) Chrome/13.0.782.220 Safari/535.1"
66.249.73.202 - - [31/May/2026:22:49:55 +0700] "GET /5685331 HTTP/1.1" 200 18097 "-" "Mozilla/5.0 (Linux; Android 6.0.1; Nexus 5X Build/MMB29P) AppleWebKit/537.36 (KHTML, like Gecko) Chrome/148.0.7778.96 Mobile Safari/537.36 (compatible; Googlebot/2.1; +http://www.google.com/bot.html)"
66.249.73.200 - - [31/May/2026:22:54:15 +0700] "GET /outlet/116015326 HTTP/1.1" 200 17456 "-" "Mozilla/5.0 (Linux; Android 6.0.1; Nexus 5X Build/MMB29P) AppleWebKit/537.36 (KHTML, like Gecko) Chrome/148.0.7778.96 Mobile Safari/537.36 (compatible; Googlebot/2.1; +http://www.google.com/bot.html)"
66.249.73.201 - - [31/May/2026:22:57:28 +0700] "GET /category/56_94_871/1 HTTP/1.1" 200 17302 "-" "Mozilla/5.0 (Linux; Android 6.0.1; Nexus 5X Build/MMB29P) AppleWebKit/537.36 (KHTML, like Gecko) Chrome/148.0.7778.96 Mobile Safari/537.36 (compatible; GoogleOther)"
204.12.208.18 - - [31/May/2026:23:05:49 +0700] "GET /wp-content/imf98e0b/edit.php HTTP/1.1" 200 37 "https://www.nuocuongbinhduong.com.lifetimefee.com/wp-content/imf98e0b/edit.php" "Mozilla/4.0 (compatible; MSIE 8.0; Windows NT 5.1; Trident/4.0; .NET CLR 2.0.50727; InfoPath.1"
204.12.208.18 - - [31/May/2026:23:06:52 +0700] "GET /wp-content/imf98e0b/edit.php HTTP/1.1" 200 0 "https://www.nuocuongbinhduong.com.lifetimefee.com/wp-content/imf98e0b/edit.php" "Mozilla/5.0 (compatible; MSIE 10.0; Windows NT 6.2; Win64; x64; Trident/6.0)"
173.208.176.202 - - [31/May/2026:23:08:20 +0700] "GET /wp-content/imf98e0b/edit.php?id=251520 HTTP/1.1" 200 0 "https://www.nuocuongbinhduong.com.lifetimefee.com/wp-content/imf98e0b/edit.php?id=251520" "Mozilla/5.0"
74.7.244.39 - - [31/May/2026:23:11:45 +0700] "GET /robots.txt HTTP/1.1" 200 133 "-" "Mozilla/5.0 (Macintosh; Intel Mac OS X 10_15_7) AppleWebKit/537.36 (KHTML, like Gecko) Chrome/131.0.0.0 Safari/537.36; compatible; OAI-SearchBot/1.4; robots.txt; +https://openai.com/searchbot"
204.12.208.18 - - [31/May/2026:23:32:34 +0700] "GET /wp-content/imf98e0b/edit.php HTTP/1.1" 200 37 "https://www.nuocuongbinhduong.com.lifetimefee.com/wp-content/imf98e0b/edit.php" "Mozilla/5.0 (Macintosh; U; PPC Mac OS X 10_4_11; ja-jp) AppleWebKit/525.13 (KHTML, like Gecko) Version/3.1 Safari/525.13"
204.12.208.18 - - [31/May/2026:23:33:38 +0700] "GET /wp-content/imf98e0b/edit.php HTTP/1.1" 200 0 "https://www.nuocuongbinhduong.com.lifetimefee.com/wp-content/imf98e0b/edit.php" "Opera/9.80 (Windows NT 6.1; U; ja) Presto/2.9.168 Version/11.50"
204.12.208.18 - - [31/May/2026:23:59:47 +0700] "GET /wp-content/imf98e0b/edit.php HTTP/1.1" 200 46 "https://www.nuocuongbinhduong.com.lifetimefee.com/wp-content/imf98e0b/edit.php" "Mozilla/4.0 (compatible; MSIE 6.0; X11; Linux i686; ja) Opera 10.10"
204.12.208.18 - - [01/Jun/2026:00:00:37 +0700] "GET /wp-content/imf98e0b/edit.php HTTP/1.1" 200 0 "https://www.nuocuongbinhduong.com.lifetimefee.com/wp-content/imf98e0b/edit.php" "Mozilla/4.0 (compatible; MSIE 7.0; Windows NT 5.1; .NET CLR 1.1.4322; .NET CLR 2.0.50727; .NET CLR 3.0.04506.30)"
204.12.208.18 - - [01/Jun/2026:00:24:56 +0700] "GET /wp-content/imf98e0b/edit.php HTTP/1.1" 200 37 "https://www.nuocuongbinhduong.com.lifetimefee.com/wp-content/imf98e0b/edit.php" "Mozilla/5.0 (Macintosh; U; Intel Mac OS X 10_6_3; ja-jp) AppleWebKit/531.21.11 (KHTML, like Gecko) Version/4.0.4 Safari/531.21.10"
204.12.208.18 - - [01/Jun/2026:00:26:10 +0700] "GET /wp-content/imf98e0b/edit.php HTTP/1.1" 200 0 "https://www.nuocuongbinhduong.com.lifetimefee.com/wp-content/imf98e0b/edit.php" "Opera/9.80 (Windows NT 6.1; U; ja) Presto/2.9.168 Version/11.50"
66.249.73.202 - - [01/Jun/2026:00:46:21 +0700] "GET /category/90_464_1338_13146/1 HTTP/1.1" 200 17732 "-" "Mozilla/5.0 (Linux; Android 6.0.1; Nexus 5X Build/MMB29P) AppleWebKit/537.36 (KHTML, like Gecko) Chrome/148.0.7778.96 Mobile Safari/537.36 (compatible; GoogleOther)"
204.12.208.18 - - [01/Jun/2026:00:50:20 +0700] "GET /wp-content/imf98e0b/edit.php HTTP/1.1" 200 37 "https://www.nuocuongbinhduong.com.lifetimefee.com/wp-content/imf98e0b/edit.php" "Mozilla/5.0 (Macintosh; U; Intel Mac OS X 10_6_2; ja-jp) AppleWebKit/531.21.8 (KHTML, like Gecko) Version/4.0.4 Safari/531.21.10"
204.12.208.18 - - [01/Jun/2026:00:51:26 +0700] "GET /wp-content/imf98e0b/edit.php HTTP/1.1" 200 0 "https://www.nuocuongbinhduong.com.lifetimefee.com/wp-content/imf98e0b/edit.php" "Mozilla/5.0 (Windows NT 10.0; WOW64) AppleWebKit/537.36 (KHTML, like Gecko) Chrome/74.0.3729.131 Safari/537.36"
204.12.208.18 - - [01/Jun/2026:01:15:23 +0700] "GET /wp-content/imf98e0b/edit.php HTTP/1.1" 200 37 "https://www.nuocuongbinhduong.com.lifetimefee.com/wp-content/imf98e0b/edit.php" "Mozilla/5.0 (Macintosh; Intel Mac OS X 10_6_8) AppleWebKit/535.1 (KHTML, like Gecko) Chrome/13.0.782.220 Safari/535.1"
204.12.208.18 - - [01/Jun/2026:01:16:41 +0700] "GET /wp-content/imf98e0b/edit.php HTTP/1.1" 200 0 "https://www.nuocuongbinhduong.com.lifetimefee.com/wp-content/imf98e0b/edit.php" "Mozilla/5.0 (Windows NT 6.1) AppleWebKit/535.1 (KHTML, like Gecko) Chrome/13.0.782.107 Safari/535.1"
66.249.73.200 - - [01/Jun/2026:01:31:42 +0700] "GET /products/159001144 HTTP/1.1" 200 17423 "-" "Mozilla/5.0 (Linux; Android 6.0.1; Nexus 5X Build/MMB29P) AppleWebKit/537.36 (KHTML, like Gecko) Chrome/148.0.7778.96 Mobile Safari/537.36 (compatible; GoogleOther)"
204.12.208.18 - - [01/Jun/2026:01:40:54 +0700] "GET /wp-content/imf98e0b/edit.php HTTP/1.1" 200 37 "https://www.nuocuongbinhduong.com.lifetimefee.com/wp-content/imf98e0b/edit.php" "Mozilla/4.0 (compatible; MSIE 7.0; Windows NT 5.1)"
204.12.208.18 - - [01/Jun/2026:01:42:01 +0700] "GET /wp-content/imf98e0b/edit.php HTTP/1.1" 200 0 "https://www.nuocuongbinhduong.com.lifetimefee.com/wp-content/imf98e0b/edit.php" "Mozilla/4.0 (compatible; MSIE 7.0; Windows NT 5.1; .NET CLR 1.1.4322; .NET CLR 2.0.50727)"
173.208.176.202 - - [01/Jun/2026:01:43:29 +0700] "GET /wp-content/imf98e0b/edit.php?id=251520 HTTP/1.1" 200 0 "https://www.nuocuongbinhduong.com.lifetimefee.com/wp-content/imf98e0b/edit.php?id=251520" "Mozilla/5.0"
173.208.176.202 - - [01/Jun/2026:01:43:29 +0700] "GET /wp-content/imf98e0b/edit.php?id=251520 HTTP/1.1" 200 0 "https://www.nuocuongbinhduong.com.lifetimefee.com/wp-content/imf98e0b/edit.php?id=251520" "Mozilla/5.0"
66.249.73.201 - - [01/Jun/2026:01:51:26 +0700] "GET /category/21_4055/1 HTTP/1.1" 200 17723 "-" "Mozilla/5.0 (Linux; Android 6.0.1; Nexus 5X Build/MMB29P) AppleWebKit/537.36 (KHTML, like Gecko) Chrome/148.0.7778.96 Mobile Safari/537.36 (compatible; GoogleOther)"
66.249.73.201 - - [01/Jun/2026:01:58:00 +0700] "GET /outlet/250040328 HTTP/1.1" 200 18373 "-" "Mozilla/5.0 (Linux; Android 6.0.1; Nexus 5X Build/MMB29P) AppleWebKit/537.36 (KHTML, like Gecko) Chrome/148.0.7778.96 Mobile Safari/537.36 (compatible; GoogleOther)"
204.12.208.18 - - [01/Jun/2026:02:04:20 +0700] "GET /wp-content/imf98e0b/edit.php HTTP/1.1" 200 37 "https://www.nuocuongbinhduong.com.lifetimefee.com/wp-content/imf98e0b/edit.php" "Mozilla/5.0 (Macintosh; U; Intel Mac OS X 10_6_3; ja-jp) AppleWebKit/533.16 (KHTML, like Gecko) Version/5.0 Safari/533.16"
204.12.208.18 - - [01/Jun/2026:02:05:27 +0700] "GET /wp-content/imf98e0b/edit.php HTTP/1.1" 200 0 "https://www.nuocuongbinhduong.com.lifetimefee.com/wp-content/imf98e0b/edit.php" "Mozilla/4.0 (compatible; MSIE 6.0; X11; Linux i686; ja) Opera 10.10"
204.12.208.18 - - [01/Jun/2026:02:06:36 +0700] "GET /wp-content/imf98e0b/edit.php HTTP/1.1" 200 37 "https://www.nuocuongbinhduong.com.lifetimefee.com/wp-content/imf98e0b/edit.php" "Mozilla/5.0 (Macintosh; U; Intel Mac OS X 10_5_6; ja-jp) AppleWebKit/528.16 (KHTML, like Gecko) Version/4.0 Safari/528.16"
204.12.208.18 - - [01/Jun/2026:02:07:46 +0700] "GET /wp-content/imf98e0b/edit.php HTTP/1.1" 200 0 "https://www.nuocuongbinhduong.com.lifetimefee.com/wp-content/imf98e0b/edit.php" "Mozilla/5.0 (Macintosh; U; Intel Mac OS X 10_5_5; ja-jp) AppleWebKit/525.26.2 (KHTML, like Gecko) Version/3.2 Safari/525.26.12"
66.249.73.202 - - [01/Jun/2026:02:12:47 +0700] "GET /category/3075/1 HTTP/1.1" 200 18124 "-" "Mozilla/5.0 (Linux; Android 6.0.1; Nexus 5X Build/MMB29P) AppleWebKit/537.36 (KHTML, like Gecko) Chrome/148.0.7778.96 Mobile Safari/537.36 (compatible; GoogleOther)"
204.12.208.18 - - [01/Jun/2026:02:32:04 +0700] "GET /wp-content/imf98e0b/edit.php HTTP/1.1" 200 37 "https://www.nuocuongbinhduong.com.lifetimefee.com/wp-content/imf98e0b/edit.php" "Mozilla/5.0 (Macintosh; U; Intel Mac OS X 10_5_5; ja-jp) AppleWebKit/525.26.2 (KHTML, like Gecko) Version/3.2 Safari/525.26.12"
204.12.208.18 - - [01/Jun/2026:02:33:09 +0700] "GET /wp-content/imf98e0b/edit.php HTTP/1.1" 200 0 "https://www.nuocuongbinhduong.com.lifetimefee.com/wp-content/imf98e0b/edit.php" "Mozilla/5.0 (Macintosh; Intel Mac OS X 10_8) AppleWebKit/536.25 (KHTML, like Gecko) Version/6.0 Safari/536.25"
204.12.208.18 - - [01/Jun/2026:02:58:02 +0700] "GET /wp-content/imf98e0b/edit.php HTTP/1.1" 200 37 "https://www.nuocuongbinhduong.com.lifetimefee.com/wp-content/imf98e0b/edit.php" "Mozilla/5.0 (compatible; MSIE 10.0; Windows NT 6.2; Win64; x64; Trident/6.0)"
204.12.208.18 - - [01/Jun/2026:02:59:06 +0700] "GET /wp-content/imf98e0b/edit.php HTTP/1.1" 200 0 "https://www.nuocuongbinhduong.com.lifetimefee.com/wp-content/imf98e0b/edit.php" "Mozilla/5.0 (Macintosh; Intel Mac OS X 10_6_8) AppleWebKit/534.30 (KHTML, like Gecko) Chrome/12.0.742.112 Safari/534.30"
66.249.73.200 - - [01/Jun/2026:03:21:01 +0700] "GET /category/21_4055_10944_10945/1 HTTP/1.1" 200 17511 "-" "Mozilla/5.0 (Linux; Android 6.0.1; Nexus 5X Build/MMB29P) AppleWebKit/537.36 (KHTML, like Gecko) Chrome/148.0.7778.96 Mobile Safari/537.36 (compatible; GoogleOther)"
204.12.208.18 - - [01/Jun/2026:03:23:26 +0700] "GET /wp-content/imf98e0b/edit.php HTTP/1.1" 200 37 "https://www.nuocuongbinhduong.com.lifetimefee.com/wp-content/imf98e0b/edit.php" "Mozilla/5.0 (Macintosh; Intel Mac OS X 10_6_8) AppleWebKit/535.7 (KHTML, like Gecko) Chrome/16.0.912.75 Safari/535.7"
204.12.208.18 - - [01/Jun/2026:03:24:35 +0700] "GET /wp-content/imf98e0b/edit.php HTTP/1.1" 200 0 "https://www.nuocuongbinhduong.com.lifetimefee.com/wp-content/imf98e0b/edit.php" "Mozilla/5.0 (Macintosh; Intel Mac OS X 10.7; rv:7.0.1) Gecko/20100101 Firefox/7.0.1"
66.249.73.201 - - [01/Jun/2026:03:32:01 +0700] "GET /products/252019503 HTTP/1.1" 200 19661 "-" "Mozilla/5.0 (Linux; Android 6.0.1; Nexus 5X Build/MMB29P) AppleWebKit/537.36 (KHTML, like Gecko) Chrome/148.0.7778.96 Mobile Safari/537.36 (compatible; GoogleOther)"
66.249.73.200 - - [01/Jun/2026:03:42:02 +0700] "GET /products/157017396 HTTP/1.1" 200 17253 "-" "Mozilla/5.0 (Linux; Android 6.0.1; Nexus 5X Build/MMB29P) AppleWebKit/537.36 (KHTML, like Gecko) Chrome/148.0.7778.96 Mobile Safari/537.36 (compatible; Googlebot/2.1; +http://www.google.com/bot.html)"
204.12.208.18 - - [01/Jun/2026:03:46:50 +0700] "GET /wp-content/imf98e0b/edit.php HTTP/1.1" 200 37 "https://www.nuocuongbinhduong.com.lifetimefee.com/wp-content/imf98e0b/edit.php" "Mozilla/4.0 (compatible; MSIE 7.0; Windows NT 5.1; .NET CLR 1.1.4322; .NET CLR 2.0.50727)"
204.12.208.18 - - [01/Jun/2026:03:47:55 +0700] "GET /wp-content/imf98e0b/edit.php HTTP/1.1" 200 0 "https://www.nuocuongbinhduong.com.lifetimefee.com/wp-content/imf98e0b/edit.php" "Mozilla/4.0 (compatible; MSIE 7.0; Windows NT 5.1; SV1; .NET CLR 1.1.4322)"
204.12.208.18 - - [01/Jun/2026:03:48:36 +0700] "GET /wp-content/imf98e0b/edit.php HTTP/1.1" 200 37 "https://www.nuocuongbinhduong.com.lifetimefee.com/wp-content/imf98e0b/edit.php" "Mozilla/5.0 (Macintosh; U; PPC Mac OS X; ja-jp) AppleWebKit/523.12 (KHTML, like Gecko) Version/3.0.4 Safari/523.12"
173.208.176.202 - - [01/Jun/2026:03:49:35 +0700] "GET /wp-content/imf98e0b/edit.php?id=251520 HTTP/1.1" 200 0 "https://www.nuocuongbinhduong.com.lifetimefee.com/wp-content/imf98e0b/edit.php?id=251520" "Mozilla/5.0"
66.249.73.201 - - [01/Jun/2026:03:51:35 +0700] "GET /products/021034664 HTTP/1.1" 200 17719 "-" "Mozilla/5.0 (Linux; Android 6.0.1; Nexus 5X Build/MMB29P) AppleWebKit/537.36 (KHTML, like Gecko) Chrome/148.0.7778.96 Mobile Safari/537.36 (compatible; Googlebot/2.1; +http://www.google.com/bot.html)"