196.251.66.105 - - [31/Oct/2025:14:58:01 +0700] "GET / HTTP/1.1" 200 7028 "-" "Mozilla/5.0 (Linux; Android 7.0; SM-G892A Build/NRD90M; wv) AppleWebKit/537.36 (KHTML, Gecko) Version/4.0 Chrome/60.0.3112.107 Mobile Safari/537.36"
196.251.66.105 - - [31/Oct/2025:14:58:11 +0700] "GET /wp-includes/html-api/index.php HTTP/1.1" 302 206 "-" "Mozilla/5.0 (Linux; Android 7.0; SM-G892A Build/NRD90M; wv) AppleWebKit/537.36 (KHTML, Gecko) Version/4.0 Chrome/60.0.3112.107 Mobile Safari/537.36"
196.251.66.105 - - [31/Oct/2025:14:58:12 +0700] "GET / HTTP/1.1" 200 7028 "-" "Mozilla/5.0 (Linux; Android 7.0; SM-G892A Build/NRD90M; wv) AppleWebKit/537.36 (KHTML, Gecko) Version/4.0 Chrome/60.0.3112.107 Mobile Safari/537.36"
196.251.66.105 - - [31/Oct/2025:14:58:12 +0700] "GET /wp-includes/ID3/index.php HTTP/1.1" 302 206 "-" "Mozilla/5.0 (Linux; Android 7.0; SM-G892A Build/NRD90M; wv) AppleWebKit/537.36 (KHTML, Gecko) Version/4.0 Chrome/60.0.3112.107 Mobile Safari/537.36"
196.251.66.105 - - [31/Oct/2025:14:58:12 +0700] "GET / HTTP/1.1" 200 7028 "-" "Mozilla/5.0 (Linux; Android 7.0; SM-G892A Build/NRD90M; wv) AppleWebKit/537.36 (KHTML, Gecko) Version/4.0 Chrome/60.0.3112.107 Mobile Safari/537.36"
196.251.66.105 - - [31/Oct/2025:14:58:13 +0700] "GET /wp-includes/IXR/index.php HTTP/1.1" 302 206 "-" "Mozilla/5.0 (Linux; Android 7.0; SM-G892A Build/NRD90M; wv) AppleWebKit/537.36 (KHTML, Gecko) Version/4.0 Chrome/60.0.3112.107 Mobile Safari/537.36"
196.251.66.105 - - [31/Oct/2025:14:58:13 +0700] "GET / HTTP/1.1" 200 7028 "-" "Mozilla/5.0 (Linux; Android 7.0; SM-G892A Build/NRD90M; wv) AppleWebKit/537.36 (KHTML, Gecko) Version/4.0 Chrome/60.0.3112.107 Mobile Safari/537.36"
196.251.66.105 - - [31/Oct/2025:14:58:14 +0700] "GET /wp-includes/PHPMailer/index.php HTTP/1.1" 302 206 "-" "Mozilla/5.0 (Linux; Android 7.0; SM-G892A Build/NRD90M; wv) AppleWebKit/537.36 (KHTML, Gecko) Version/4.0 Chrome/60.0.3112.107 Mobile Safari/537.36"
196.251.66.105 - - [31/Oct/2025:14:58:14 +0700] "GET / HTTP/1.1" 200 7028 "-" "Mozilla/5.0 (Linux; Android 7.0; SM-G892A Build/NRD90M; wv) AppleWebKit/537.36 (KHTML, Gecko) Version/4.0 Chrome/60.0.3112.107 Mobile Safari/537.36"
103.108.33.106 - - [31/Oct/2025:14:58:20 +0700] "GET / HTTP/1.1" 200 6294 "-" "Mozilla/5.0 (X11; Linux x86_64) AppleWebKit/537.36 (KHTML, like Gecko) Chrome/138.0.0.0 Safari/537.36"
196.251.66.105 - - [31/Oct/2025:14:58:23 +0700] "GET /wp-includes/Requests/index.php HTTP/1.1" 302 206 "-" "Mozilla/5.0 (Linux; Android 7.0; SM-G892A Build/NRD90M; wv) AppleWebKit/537.36 (KHTML, Gecko) Version/4.0 Chrome/60.0.3112.107 Mobile Safari/537.36"
196.251.66.105 - - [31/Oct/2025:14:58:23 +0700] "GET / HTTP/1.1" 200 7028 "-" "Mozilla/5.0 (Linux; Android 7.0; SM-G892A Build/NRD90M; wv) AppleWebKit/537.36 (KHTML, Gecko) Version/4.0 Chrome/60.0.3112.107 Mobile Safari/537.36"
196.251.66.105 - - [31/Oct/2025:14:58:25 +0700] "GET /wp-includes/Requests/Auth/index.php HTTP/1.1" 302 206 "-" "Mozilla/5.0 (Linux; Android 7.0; SM-G892A Build/NRD90M; wv) AppleWebKit/537.36 (KHTML, Gecko) Version/4.0 Chrome/60.0.3112.107 Mobile Safari/537.36"
196.251.66.105 - - [31/Oct/2025:14:58:25 +0700] "GET / HTTP/1.1" 200 7028 "-" "Mozilla/5.0 (Linux; Android 7.0; SM-G892A Build/NRD90M; wv) AppleWebKit/537.36 (KHTML, Gecko) Version/4.0 Chrome/60.0.3112.107 Mobile Safari/537.36"
196.251.66.105 - - [31/Oct/2025:14:58:34 +0700] "GET /wp-includes/Requests/Cookie/index.php HTTP/1.1" 302 206 "-" "Mozilla/5.0 (Linux; Android 7.0; SM-G892A Build/NRD90M; wv) AppleWebKit/537.36 (KHTML, Gecko) Version/4.0 Chrome/60.0.3112.107 Mobile Safari/537.36"
196.251.66.105 - - [31/Oct/2025:14:58:34 +0700] "GET / HTTP/1.1" 200 7028 "-" "Mozilla/5.0 (Linux; Android 7.0; SM-G892A Build/NRD90M; wv) AppleWebKit/537.36 (KHTML, Gecko) Version/4.0 Chrome/60.0.3112.107 Mobile Safari/537.36"
196.251.66.105 - - [31/Oct/2025:14:58:37 +0700] "GET /wp-includes/Requests/Exception/index.php HTTP/1.1" 302 206 "-" "Mozilla/5.0 (Linux; Android 7.0; SM-G892A Build/NRD90M; wv) AppleWebKit/537.36 (KHTML, Gecko) Version/4.0 Chrome/60.0.3112.107 Mobile Safari/537.36"
196.251.66.105 - - [31/Oct/2025:14:58:37 +0700] "GET / HTTP/1.1" 200 7028 "-" "Mozilla/5.0 (Linux; Android 7.0; SM-G892A Build/NRD90M; wv) AppleWebKit/537.36 (KHTML, Gecko) Version/4.0 Chrome/60.0.3112.107 Mobile Safari/537.36"
196.251.66.105 - - [31/Oct/2025:14:58:38 +0700] "GET /wp-includes/Requests/Exception/HTTP/index.php HTTP/1.1" 302 206 "-" "Mozilla/5.0 (Linux; Android 7.0; SM-G892A Build/NRD90M; wv) AppleWebKit/537.36 (KHTML, Gecko) Version/4.0 Chrome/60.0.3112.107 Mobile Safari/537.36"
196.251.66.105 - - [31/Oct/2025:14:58:38 +0700] "GET / HTTP/1.1" 200 7028 "-" "Mozilla/5.0 (Linux; Android 7.0; SM-G892A Build/NRD90M; wv) AppleWebKit/537.36 (KHTML, Gecko) Version/4.0 Chrome/60.0.3112.107 Mobile Safari/537.36"
196.251.66.105 - - [31/Oct/2025:14:58:41 +0700] "GET /wp-includes/Requests/Exception/Transport/index.php HTTP/1.1" 302 206 "-" "Mozilla/5.0 (Linux; Android 7.0; SM-G892A Build/NRD90M; wv) AppleWebKit/537.36 (KHTML, Gecko) Version/4.0 Chrome/60.0.3112.107 Mobile Safari/537.36"
196.251.66.105 - - [31/Oct/2025:14:58:41 +0700] "GET / HTTP/1.1" 200 7028 "-" "Mozilla/5.0 (Linux; Android 7.0; SM-G892A Build/NRD90M; wv) AppleWebKit/537.36 (KHTML, Gecko) Version/4.0 Chrome/60.0.3112.107 Mobile Safari/537.36"
196.251.66.105 - - [31/Oct/2025:14:58:42 +0700] "GET /wp-includes/Requests/Proxy/index.php HTTP/1.1" 302 206 "-" "Mozilla/5.0 (Linux; Android 7.0; SM-G892A Build/NRD90M; wv) AppleWebKit/537.36 (KHTML, Gecko) Version/4.0 Chrome/60.0.3112.107 Mobile Safari/537.36"
196.251.66.105 - - [31/Oct/2025:14:58:42 +0700] "GET / HTTP/1.1" 200 7028 "-" "Mozilla/5.0 (Linux; Android 7.0; SM-G892A Build/NRD90M; wv) AppleWebKit/537.36 (KHTML, Gecko) Version/4.0 Chrome/60.0.3112.107 Mobile Safari/537.36"
196.251.66.105 - - [31/Oct/2025:14:58:52 +0700] "GET /wp-includes/Requests/Response/index.php HTTP/1.1" 302 206 "-" "Mozilla/5.0 (Linux; Android 7.0; SM-G892A Build/NRD90M; wv) AppleWebKit/537.36 (KHTML, Gecko) Version/4.0 Chrome/60.0.3112.107 Mobile Safari/537.36"
196.251.66.105 - - [31/Oct/2025:14:58:52 +0700] "GET / HTTP/1.1" 200 7028 "-" "Mozilla/5.0 (Linux; Android 7.0; SM-G892A Build/NRD90M; wv) AppleWebKit/537.36 (KHTML, Gecko) Version/4.0 Chrome/60.0.3112.107 Mobile Safari/537.36"
196.251.66.105 - - [31/Oct/2025:14:58:55 +0700] "GET /wp-includes/Requests/Transport/index.php HTTP/1.1" 302 206 "-" "Mozilla/5.0 (Linux; Android 7.0; SM-G892A Build/NRD90M; wv) AppleWebKit/537.36 (KHTML, Gecko) Version/4.0 Chrome/60.0.3112.107 Mobile Safari/537.36"
196.251.66.105 - - [31/Oct/2025:14:58:55 +0700] "GET / HTTP/1.1" 200 7028 "-" "Mozilla/5.0 (Linux; Android 7.0; SM-G892A Build/NRD90M; wv) AppleWebKit/537.36 (KHTML, Gecko) Version/4.0 Chrome/60.0.3112.107 Mobile Safari/537.36"
196.251.66.105 - - [31/Oct/2025:14:58:58 +0700] "GET /wp-includes/Requests/Utility/index.php HTTP/1.1" 302 206 "-" "Mozilla/5.0 (Linux; Android 7.0; SM-G892A Build/NRD90M; wv) AppleWebKit/537.36 (KHTML, Gecko) Version/4.0 Chrome/60.0.3112.107 Mobile Safari/537.36"
196.251.66.105 - - [31/Oct/2025:14:58:58 +0700] "GET / HTTP/1.1" 200 7028 "-" "Mozilla/5.0 (Linux; Android 7.0; SM-G892A Build/NRD90M; wv) AppleWebKit/537.36 (KHTML, Gecko) Version/4.0 Chrome/60.0.3112.107 Mobile Safari/537.36"
196.251.66.105 - - [31/Oct/2025:14:59:04 +0700] "GET /wp-includes/SimplePie/index.php HTTP/1.1" 302 206 "-" "Mozilla/5.0 (Linux; Android 7.0; SM-G892A Build/NRD90M; wv) AppleWebKit/537.36 (KHTML, Gecko) Version/4.0 Chrome/60.0.3112.107 Mobile Safari/537.36"
196.251.66.105 - - [31/Oct/2025:14:59:05 +0700] "GET / HTTP/1.1" 200 7028 "-" "Mozilla/5.0 (Linux; Android 7.0; SM-G892A Build/NRD90M; wv) AppleWebKit/537.36 (KHTML, Gecko) Version/4.0 Chrome/60.0.3112.107 Mobile Safari/537.36"
196.251.66.105 - - [31/Oct/2025:14:59:06 +0700] "GET /wp-includes/SimplePie/Cache/index.php HTTP/1.1" 302 206 "-" "Mozilla/5.0 (Linux; Android 7.0; SM-G892A Build/NRD90M; wv) AppleWebKit/537.36 (KHTML, Gecko) Version/4.0 Chrome/60.0.3112.107 Mobile Safari/537.36"
196.251.66.105 - - [31/Oct/2025:14:59:06 +0700] "GET / HTTP/1.1" 200 7028 "-" "Mozilla/5.0 (Linux; Android 7.0; SM-G892A Build/NRD90M; wv) AppleWebKit/537.36 (KHTML, Gecko) Version/4.0 Chrome/60.0.3112.107 Mobile Safari/537.36"
196.251.66.105 - - [31/Oct/2025:14:59:15 +0700] "GET /wp-includes/SimplePie/Content/Type/index.php HTTP/1.1" 302 206 "-" "Mozilla/5.0 (Linux; Android 7.0; SM-G892A Build/NRD90M; wv) AppleWebKit/537.36 (KHTML, Gecko) Version/4.0 Chrome/60.0.3112.107 Mobile Safari/537.36"
196.251.66.105 - - [31/Oct/2025:14:59:16 +0700] "GET / HTTP/1.1" 200 7028 "-" "Mozilla/5.0 (Linux; Android 7.0; SM-G892A Build/NRD90M; wv) AppleWebKit/537.36 (KHTML, Gecko) Version/4.0 Chrome/60.0.3112.107 Mobile Safari/537.36"
196.251.66.105 - - [31/Oct/2025:14:59:19 +0700] "GET /wp-includes/SimplePie/Decode/HTML/index.php HTTP/1.1" 302 206 "-" "Mozilla/5.0 (Linux; Android 7.0; SM-G892A Build/NRD90M; wv) AppleWebKit/537.36 (KHTML, Gecko) Version/4.0 Chrome/60.0.3112.107 Mobile Safari/537.36"
196.251.66.105 - - [31/Oct/2025:14:59:19 +0700] "GET / HTTP/1.1" 200 7028 "-" "Mozilla/5.0 (Linux; Android 7.0; SM-G892A Build/NRD90M; wv) AppleWebKit/537.36 (KHTML, Gecko) Version/4.0 Chrome/60.0.3112.107 Mobile Safari/537.36"
196.251.66.105 - - [31/Oct/2025:14:59:20 +0700] "GET /wp-includes/SimplePie/HTTP/index.php HTTP/1.1" 302 206 "-" "Mozilla/5.0 (Linux; Android 7.0; SM-G892A Build/NRD90M; wv) AppleWebKit/537.36 (KHTML, Gecko) Version/4.0 Chrome/60.0.3112.107 Mobile Safari/537.36"
196.251.66.105 - - [31/Oct/2025:14:59:20 +0700] "GET / HTTP/1.1" 200 7028 "-" "Mozilla/5.0 (Linux; Android 7.0; SM-G892A Build/NRD90M; wv) AppleWebKit/537.36 (KHTML, Gecko) Version/4.0 Chrome/60.0.3112.107 Mobile Safari/537.36"
196.251.66.105 - - [31/Oct/2025:14:59:21 +0700] "GET /wp-includes/SimplePie/Net/index.php HTTP/1.1" 302 206 "-" "Mozilla/5.0 (Linux; Android 7.0; SM-G892A Build/NRD90M; wv) AppleWebKit/537.36 (KHTML, Gecko) Version/4.0 Chrome/60.0.3112.107 Mobile Safari/537.36"
196.251.66.105 - - [31/Oct/2025:14:59:22 +0700] "GET / HTTP/1.1" 200 7028 "-" "Mozilla/5.0 (Linux; Android 7.0; SM-G892A Build/NRD90M; wv) AppleWebKit/537.36 (KHTML, Gecko) Version/4.0 Chrome/60.0.3112.107 Mobile Safari/537.36"
196.251.66.105 - - [31/Oct/2025:14:59:23 +0700] "GET /wp-includes/SimplePie/Parse/index.php HTTP/1.1" 302 206 "-" "Mozilla/5.0 (Linux; Android 7.0; SM-G892A Build/NRD90M; wv) AppleWebKit/537.36 (KHTML, Gecko) Version/4.0 Chrome/60.0.3112.107 Mobile Safari/537.36"
196.251.66.105 - - [31/Oct/2025:14:59:23 +0700] "GET / HTTP/1.1" 200 7028 "-" "Mozilla/5.0 (Linux; Android 7.0; SM-G892A Build/NRD90M; wv) AppleWebKit/537.36 (KHTML, Gecko) Version/4.0 Chrome/60.0.3112.107 Mobile Safari/537.36"
196.251.66.105 - - [31/Oct/2025:14:59:24 +0700] "GET /wp-includes/SimplePie/XML/Declaration/index.php HTTP/1.1" 302 206 "-" "Mozilla/5.0 (Linux; Android 7.0; SM-G892A Build/NRD90M; wv) AppleWebKit/537.36 (KHTML, Gecko) Version/4.0 Chrome/60.0.3112.107 Mobile Safari/537.36"
196.251.66.105 - - [31/Oct/2025:14:59:26 +0700] "GET / HTTP/1.1" 200 7028 "-" "Mozilla/5.0 (Linux; Android 7.0; SM-G892A Build/NRD90M; wv) AppleWebKit/537.36 (KHTML, Gecko) Version/4.0 Chrome/60.0.3112.107 Mobile Safari/537.36"
196.251.66.105 - - [31/Oct/2025:14:59:29 +0700] "GET /wp-includes/Text/index.php HTTP/1.1" 302 206 "-" "Mozilla/5.0 (Linux; Android 7.0; SM-G892A Build/NRD90M; wv) AppleWebKit/537.36 (KHTML, Gecko) Version/4.0 Chrome/60.0.3112.107 Mobile Safari/537.36"
196.251.66.105 - - [31/Oct/2025:14:59:29 +0700] "GET / HTTP/1.1" 200 7028 "-" "Mozilla/5.0 (Linux; Android 7.0; SM-G892A Build/NRD90M; wv) AppleWebKit/537.36 (KHTML, Gecko) Version/4.0 Chrome/60.0.3112.107 Mobile Safari/537.36"
196.251.66.105 - - [31/Oct/2025:14:59:29 +0700] "GET /wp-includes/Text/Diff/index.php HTTP/1.1" 302 206 "-" "Mozilla/5.0 (Linux; Android 7.0; SM-G892A Build/NRD90M; wv) AppleWebKit/537.36 (KHTML, Gecko) Version/4.0 Chrome/60.0.3112.107 Mobile Safari/537.36"
66.249.65.68 - - [31/Oct/2025:14:59:30 +0700] "GET / HTTP/1.1" 200 6294 "-" "Mozilla/5.0 (Linux; Android 6.0.1; Nexus 5X Build/MMB29P) AppleWebKit/537.36 (KHTML, like Gecko) Chrome/141.0.7390.122 Mobile Safari/537.36 (compatible; Googlebot/2.1; +http://www.google.com/bot.html)"
66.249.65.66 - - [31/Oct/2025:14:59:30 +0700] "GET /98cc8d55-e35a-49de-90ed-9b4775ab33e1.webp HTTP/1.1" 304 0 "-" "Googlebot-Image/1.0"
66.249.65.68 - - [31/Oct/2025:14:59:31 +0700] "GET /bonus-terbesar.jpg HTTP/1.1" 304 0 "-" "Googlebot-Image/1.0"
196.251.66.105 - - [31/Oct/2025:14:59:31 +0700] "GET / HTTP/1.1" 200 7028 "-" "Mozilla/5.0 (Linux; Android 7.0; SM-G892A Build/NRD90M; wv) AppleWebKit/537.36 (KHTML, Gecko) Version/4.0 Chrome/60.0.3112.107 Mobile Safari/537.36"
196.251.66.105 - - [31/Oct/2025:14:59:32 +0700] "GET /wp-includes/Text/Diff/Engine/index.php HTTP/1.1" 302 206 "-" "Mozilla/5.0 (Linux; Android 7.0; SM-G892A Build/NRD90M; wv) AppleWebKit/537.36 (KHTML, Gecko) Version/4.0 Chrome/60.0.3112.107 Mobile Safari/537.36"
66.249.65.66 - - [31/Oct/2025:14:59:32 +0700] "GET /logo-pintutogel.webp HTTP/1.1" 304 0 "-" "Googlebot-Image/1.0"
66.249.65.67 - - [31/Oct/2025:14:59:32 +0700] "GET /apkpintu.webp HTTP/1.1" 304 0 "-" "Googlebot-Image/1.0"
196.251.66.105 - - [31/Oct/2025:14:59:41 +0700] "GET / HTTP/1.1" 200 7028 "-" "Mozilla/5.0 (Linux; Android 7.0; SM-G892A Build/NRD90M; wv) AppleWebKit/537.36 (KHTML, Gecko) Version/4.0 Chrome/60.0.3112.107 Mobile Safari/537.36"
66.249.65.66 - - [31/Oct/2025:14:59:41 +0700] "GET / HTTP/1.1" 200 6294 "-" "Mozilla/5.0 (Linux; Android 6.0.1; Nexus 5X Build/MMB29P) AppleWebKit/537.36 (KHTML, like Gecko) Chrome/141.0.7390.122 Mobile Safari/537.36 (compatible; Googlebot/2.1; +http://www.google.com/bot.html)"
196.251.66.105 - - [31/Oct/2025:14:59:43 +0700] "GET /wp-includes/Text/Diff/Renderer/index.php HTTP/1.1" 302 206 "-" "Mozilla/5.0 (Linux; Android 7.0; SM-G892A Build/NRD90M; wv) AppleWebKit/537.36 (KHTML, Gecko) Version/4.0 Chrome/60.0.3112.107 Mobile Safari/537.36"
196.251.66.105 - - [31/Oct/2025:14:59:43 +0700] "GET / HTTP/1.1" 200 7028 "-" "Mozilla/5.0 (Linux; Android 7.0; SM-G892A Build/NRD90M; wv) AppleWebKit/537.36 (KHTML, Gecko) Version/4.0 Chrome/60.0.3112.107 Mobile Safari/537.36"
140.213.24.111 - - [31/Oct/2025:14:59:45 +0700] "GET / HTTP/1.1" 200 6294 "https://www.google.com/" "Mozilla/5.0 (Linux; Android 10; K) AppleWebKit/537.36 (KHTML, like Gecko) Chrome/141.0.0.0 Mobile Safari/537.36"
196.251.66.105 - - [31/Oct/2025:14:59:46 +0700] "GET /wp-includes/assets/index.php HTTP/1.1" 302 206 "-" "Mozilla/5.0 (Linux; Android 7.0; SM-G892A Build/NRD90M; wv) AppleWebKit/537.36 (KHTML, Gecko) Version/4.0 Chrome/60.0.3112.107 Mobile Safari/537.36"
196.251.66.105 - - [31/Oct/2025:14:59:46 +0700] "GET / HTTP/1.1" 200 7028 "-" "Mozilla/5.0 (Linux; Android 7.0; SM-G892A Build/NRD90M; wv) AppleWebKit/537.36 (KHTML, Gecko) Version/4.0 Chrome/60.0.3112.107 Mobile Safari/537.36"
140.213.24.111 - - [31/Oct/2025:14:59:46 +0700] "GET /98cc8d55-e35a-49de-90ed-9b4775ab33e1.webp HTTP/1.1" 200 53598 "https://dayakbaru.com/" "Mozilla/5.0 (Linux; Android 10; K) AppleWebKit/537.36 (KHTML, like Gecko) Chrome/141.0.0.0 Mobile Safari/537.36"
140.213.24.111 - - [31/Oct/2025:14:59:46 +0700] "GET /logo-pintutogel.webp HTTP/1.1" 200 16706 "https://dayakbaru.com/" "Mozilla/5.0 (Linux; Android 10; K) AppleWebKit/537.36 (KHTML, like Gecko) Chrome/141.0.0.0 Mobile Safari/537.36"
140.213.24.111 - - [31/Oct/2025:14:59:46 +0700] "GET /apkpintu.webp HTTP/1.1" 200 41540 "https://dayakbaru.com/" "Mozilla/5.0 (Linux; Android 10; K) AppleWebKit/537.36 (KHTML, like Gecko) Chrome/141.0.0.0 Mobile Safari/537.36"
140.213.24.111 - - [31/Oct/2025:14:59:49 +0700] "GET /bonus-terbesar.jpg HTTP/1.1" 200 341794 "https://dayakbaru.com/" "Mozilla/5.0 (Linux; Android 10; K) AppleWebKit/537.36 (KHTML, like Gecko) Chrome/141.0.0.0 Mobile Safari/537.36"
196.251.66.105 - - [31/Oct/2025:14:59:51 +0700] "GET /wp-includes/block-patterns/index.php HTTP/1.1" 302 206 "-" "Mozilla/5.0 (Linux; Android 7.0; SM-G892A Build/NRD90M; wv) AppleWebKit/537.36 (KHTML, Gecko) Version/4.0 Chrome/60.0.3112.107 Mobile Safari/537.36"
196.251.66.105 - - [31/Oct/2025:14:59:51 +0700] "GET / HTTP/1.1" 200 7028 "-" "Mozilla/5.0 (Linux; Android 7.0; SM-G892A Build/NRD90M; wv) AppleWebKit/537.36 (KHTML, Gecko) Version/4.0 Chrome/60.0.3112.107 Mobile Safari/537.36"
196.251.66.105 - - [31/Oct/2025:14:59:53 +0700] "GET /wp-includes/block-supports/index.php HTTP/1.1" 302 206 "-" "Mozilla/5.0 (Linux; Android 7.0; SM-G892A Build/NRD90M; wv) AppleWebKit/537.36 (KHTML, Gecko) Version/4.0 Chrome/60.0.3112.107 Mobile Safari/537.36"
196.251.66.105 - - [31/Oct/2025:14:59:53 +0700] "GET / HTTP/1.1" 200 7028 "-" "Mozilla/5.0 (Linux; Android 7.0; SM-G892A Build/NRD90M; wv) AppleWebKit/537.36 (KHTML, Gecko) Version/4.0 Chrome/60.0.3112.107 Mobile Safari/537.36"
196.251.66.105 - - [31/Oct/2025:14:59:55 +0700] "GET /wp-includes/blocks/index.php HTTP/1.1" 302 206 "-" "Mozilla/5.0 (Linux; Android 7.0; SM-G892A Build/NRD90M; wv) AppleWebKit/537.36 (KHTML, Gecko) Version/4.0 Chrome/60.0.3112.107 Mobile Safari/537.36"
196.251.66.105 - - [31/Oct/2025:14:59:55 +0700] "GET / HTTP/1.1" 200 7028 "-" "Mozilla/5.0 (Linux; Android 7.0; SM-G892A Build/NRD90M; wv) AppleWebKit/537.36 (KHTML, Gecko) Version/4.0 Chrome/60.0.3112.107 Mobile Safari/537.36"
196.251.66.105 - - [31/Oct/2025:15:00:06 +0700] "GET /wp-includes/blocks/archives/index.php HTTP/1.1" 302 206 "-" "Mozilla/5.0 (Linux; Android 7.0; SM-G892A Build/NRD90M; wv) AppleWebKit/537.36 (KHTML, Gecko) Version/4.0 Chrome/60.0.3112.107 Mobile Safari/537.36"
196.251.66.105 - - [31/Oct/2025:15:00:06 +0700] "GET / HTTP/1.1" 200 7028 "-" "Mozilla/5.0 (Linux; Android 7.0; SM-G892A Build/NRD90M; wv) AppleWebKit/537.36 (KHTML, Gecko) Version/4.0 Chrome/60.0.3112.107 Mobile Safari/537.36"
196.251.66.105 - - [31/Oct/2025:15:00:08 +0700] "GET /wp-includes/blocks/audio/index.php HTTP/1.1" 302 206 "-" "Mozilla/5.0 (Linux; Android 7.0; SM-G892A Build/NRD90M; wv) AppleWebKit/537.36 (KHTML, Gecko) Version/4.0 Chrome/60.0.3112.107 Mobile Safari/537.36"
196.251.66.105 - - [31/Oct/2025:15:00:08 +0700] "GET / HTTP/1.1" 200 7028 "-" "Mozilla/5.0 (Linux; Android 7.0; SM-G892A Build/NRD90M; wv) AppleWebKit/537.36 (KHTML, Gecko) Version/4.0 Chrome/60.0.3112.107 Mobile Safari/537.36"
196.251.66.105 - - [31/Oct/2025:15:00:09 +0700] "GET /wp-includes/blocks/block/index.php HTTP/1.1" 302 206 "-" "Mozilla/5.0 (Linux; Android 7.0; SM-G892A Build/NRD90M; wv) AppleWebKit/537.36 (KHTML, Gecko) Version/4.0 Chrome/60.0.3112.107 Mobile Safari/537.36"
196.251.66.105 - - [31/Oct/2025:15:00:10 +0700] "GET / HTTP/1.1" 200 7028 "-" "Mozilla/5.0 (Linux; Android 7.0; SM-G892A Build/NRD90M; wv) AppleWebKit/537.36 (KHTML, Gecko) Version/4.0 Chrome/60.0.3112.107 Mobile Safari/537.36"
196.251.66.105 - - [31/Oct/2025:15:00:10 +0700] "GET /wp-includes/blocks/button/index.php HTTP/1.1" 302 206 "-" "Mozilla/5.0 (Linux; Android 7.0; SM-G892A Build/NRD90M; wv) AppleWebKit/537.36 (KHTML, Gecko) Version/4.0 Chrome/60.0.3112.107 Mobile Safari/537.36"
196.251.66.105 - - [31/Oct/2025:15:00:10 +0700] "GET / HTTP/1.1" 200 7028 "-" "Mozilla/5.0 (Linux; Android 7.0; SM-G892A Build/NRD90M; wv) AppleWebKit/537.36 (KHTML, Gecko) Version/4.0 Chrome/60.0.3112.107 Mobile Safari/537.36"
196.251.66.105 - - [31/Oct/2025:15:00:12 +0700] "GET /wp-includes/blocks/buttons/index.php HTTP/1.1" 302 206 "-" "Mozilla/5.0 (Linux; Android 7.0; SM-G892A Build/NRD90M; wv) AppleWebKit/537.36 (KHTML, Gecko) Version/4.0 Chrome/60.0.3112.107 Mobile Safari/537.36"
196.251.66.105 - - [31/Oct/2025:15:00:12 +0700] "GET / HTTP/1.1" 200 7028 "-" "Mozilla/5.0 (Linux; Android 7.0; SM-G892A Build/NRD90M; wv) AppleWebKit/537.36 (KHTML, Gecko) Version/4.0 Chrome/60.0.3112.107 Mobile Safari/537.36"
196.251.66.105 - - [31/Oct/2025:15:00:26 +0700] "GET /wp-includes/blocks/calendar/index.php HTTP/1.1" 302 206 "-" "Mozilla/5.0 (Linux; Android 7.0; SM-G892A Build/NRD90M; wv) AppleWebKit/537.36 (KHTML, Gecko) Version/4.0 Chrome/60.0.3112.107 Mobile Safari/537.36"
196.251.66.105 - - [31/Oct/2025:15:00:26 +0700] "GET / HTTP/1.1" 200 7028 "-" "Mozilla/5.0 (Linux; Android 7.0; SM-G892A Build/NRD90M; wv) AppleWebKit/537.36 (KHTML, Gecko) Version/4.0 Chrome/60.0.3112.107 Mobile Safari/537.36"
196.251.66.105 - - [31/Oct/2025:15:00:27 +0700] "GET /wp-includes/blocks/categories/index.php HTTP/1.1" 302 206 "-" "Mozilla/5.0 (Linux; Android 7.0; SM-G892A Build/NRD90M; wv) AppleWebKit/537.36 (KHTML, Gecko) Version/4.0 Chrome/60.0.3112.107 Mobile Safari/537.36"
196.251.66.105 - - [31/Oct/2025:15:00:27 +0700] "GET / HTTP/1.1" 200 7028 "-" "Mozilla/5.0 (Linux; Android 7.0; SM-G892A Build/NRD90M; wv) AppleWebKit/537.36 (KHTML, Gecko) Version/4.0 Chrome/60.0.3112.107 Mobile Safari/537.36"
196.251.66.105 - - [31/Oct/2025:15:00:30 +0700] "GET /wp-includes/blocks/code/index.php HTTP/1.1" 302 206 "-" "Mozilla/5.0 (Linux; Android 7.0; SM-G892A Build/NRD90M; wv) AppleWebKit/537.36 (KHTML, Gecko) Version/4.0 Chrome/60.0.3112.107 Mobile Safari/537.36"
196.251.66.105 - - [31/Oct/2025:15:00:30 +0700] "GET / HTTP/1.1" 200 7028 "-" "Mozilla/5.0 (Linux; Android 7.0; SM-G892A Build/NRD90M; wv) AppleWebKit/537.36 (KHTML, Gecko) Version/4.0 Chrome/60.0.3112.107 Mobile Safari/537.36"
196.251.66.105 - - [31/Oct/2025:15:00:33 +0700] "GET /wp-includes/blocks/column/index.php HTTP/1.1" 302 206 "-" "Mozilla/5.0 (Linux; Android 7.0; SM-G892A Build/NRD90M; wv) AppleWebKit/537.36 (KHTML, Gecko) Version/4.0 Chrome/60.0.3112.107 Mobile Safari/537.36"
196.251.66.105 - - [31/Oct/2025:15:00:33 +0700] "GET / HTTP/1.1" 200 7028 "-" "Mozilla/5.0 (Linux; Android 7.0; SM-G892A Build/NRD90M; wv) AppleWebKit/537.36 (KHTML, Gecko) Version/4.0 Chrome/60.0.3112.107 Mobile Safari/537.36"
66.249.65.68 - - [31/Oct/2025:15:00:33 +0700] "GET /bonus-terbesar.jpg HTTP/1.1" 304 0 "-" "Googlebot-Image/1.0"
66.249.65.67 - - [31/Oct/2025:15:00:33 +0700] "GET /98cc8d55-e35a-49de-90ed-9b4775ab33e1.webp HTTP/1.1" 304 0 "-" "Googlebot-Image/1.0"
66.249.65.66 - - [31/Oct/2025:15:00:34 +0700] "GET /apkpintu.webp HTTP/1.1" 304 0 "-" "Googlebot-Image/1.0"
66.249.65.67 - - [31/Oct/2025:15:00:34 +0700] "GET /logo-pintutogel.webp HTTP/1.1" 304 0 "-" "Googlebot-Image/1.0"
196.251.66.105 - - [31/Oct/2025:15:00:36 +0700] "GET /wp-includes/blocks/columns/index.php HTTP/1.1" 302 206 "-" "Mozilla/5.0 (Linux; Android 7.0; SM-G892A Build/NRD90M; wv) AppleWebKit/537.36 (KHTML, Gecko) Version/4.0 Chrome/60.0.3112.107 Mobile Safari/537.36"
196.251.66.105 - - [31/Oct/2025:15:00:36 +0700] "GET / HTTP/1.1" 200 7028 "-" "Mozilla/5.0 (Linux; Android 7.0; SM-G892A Build/NRD90M; wv) AppleWebKit/537.36 (KHTML, Gecko) Version/4.0 Chrome/60.0.3112.107 Mobile Safari/537.36"
196.251.66.105 - - [31/Oct/2025:15:00:38 +0700] "GET /wp-includes/blocks/cover/index.php HTTP/1.1" 302 206 "-" "Mozilla/5.0 (Linux; Android 7.0; SM-G892A Build/NRD90M; wv) AppleWebKit/537.36 (KHTML, Gecko) Version/4.0 Chrome/60.0.3112.107 Mobile Safari/537.36"
196.251.66.105 - - [31/Oct/2025:15:00:39 +0700] "GET / HTTP/1.1" 200 7028 "-" "Mozilla/5.0 (Linux; Android 7.0; SM-G892A Build/NRD90M; wv) AppleWebKit/537.36 (KHTML, Gecko) Version/4.0 Chrome/60.0.3112.107 Mobile Safari/537.36"
196.251.66.105 - - [31/Oct/2025:15:00:41 +0700] "GET /wp-includes/blocks/embed/index.php HTTP/1.1" 302 206 "-" "Mozilla/5.0 (Linux; Android 7.0; SM-G892A Build/NRD90M; wv) AppleWebKit/537.36 (KHTML, Gecko) Version/4.0 Chrome/60.0.3112.107 Mobile Safari/537.36"
196.251.66.105 - - [31/Oct/2025:15:00:41 +0700] "GET / HTTP/1.1" 200 7028 "-" "Mozilla/5.0 (Linux; Android 7.0; SM-G892A Build/NRD90M; wv) AppleWebKit/537.36 (KHTML, Gecko) Version/4.0 Chrome/60.0.3112.107 Mobile Safari/537.36"
66.249.65.66 - - [31/Oct/2025:15:00:41 +0700] "GET / HTTP/1.1" 200 6294 "-" "Mozilla/5.0 (Linux; Android 6.0.1; Nexus 5X Build/MMB29P) AppleWebKit/537.36 (KHTML, like Gecko) Chrome/141.0.7390.122 Mobile Safari/537.36 (compatible; Googlebot/2.1; +http://www.google.com/bot.html)"
196.251.66.105 - - [31/Oct/2025:15:00:44 +0700] "GET /wp-includes/blocks/file/index.php HTTP/1.1" 302 206 "-" "Mozilla/5.0 (Linux; Android 7.0; SM-G892A Build/NRD90M; wv) AppleWebKit/537.36 (KHTML, Gecko) Version/4.0 Chrome/60.0.3112.107 Mobile Safari/537.36"
196.251.66.105 - - [31/Oct/2025:15:00:44 +0700] "GET / HTTP/1.1" 200 7028 "-" "Mozilla/5.0 (Linux; Android 7.0; SM-G892A Build/NRD90M; wv) AppleWebKit/537.36 (KHTML, Gecko) Version/4.0 Chrome/60.0.3112.107 Mobile Safari/537.36"
196.251.66.105 - - [31/Oct/2025:15:00:45 +0700] "GET /wp-includes/blocks/freeform/index.php HTTP/1.1" 302 206 "-" "Mozilla/5.0 (Linux; Android 7.0; SM-G892A Build/NRD90M; wv) AppleWebKit/537.36 (KHTML, Gecko) Version/4.0 Chrome/60.0.3112.107 Mobile Safari/537.36"
196.251.66.105 - - [31/Oct/2025:15:00:45 +0700] "GET / HTTP/1.1" 200 7028 "-" "Mozilla/5.0 (Linux; Android 7.0; SM-G892A Build/NRD90M; wv) AppleWebKit/537.36 (KHTML, Gecko) Version/4.0 Chrome/60.0.3112.107 Mobile Safari/537.36"
196.251.66.105 - - [31/Oct/2025:15:00:56 +0700] "GET /wp-includes/blocks/gallery/index.php HTTP/1.1" 302 206 "-" "Mozilla/5.0 (Linux; Android 7.0; SM-G892A Build/NRD90M; wv) AppleWebKit/537.36 (KHTML, Gecko) Version/4.0 Chrome/60.0.3112.107 Mobile Safari/537.36"
196.251.66.105 - - [31/Oct/2025:15:00:56 +0700] "GET / HTTP/1.1" 200 7028 "-" "Mozilla/5.0 (Linux; Android 7.0; SM-G892A Build/NRD90M; wv) AppleWebKit/537.36 (KHTML, Gecko) Version/4.0 Chrome/60.0.3112.107 Mobile Safari/537.36"
196.251.66.105 - - [31/Oct/2025:15:00:56 +0700] "GET /wp-includes/blocks/group/index.php HTTP/1.1" 302 206 "-" "Mozilla/5.0 (Linux; Android 7.0; SM-G892A Build/NRD90M; wv) AppleWebKit/537.36 (KHTML, Gecko) Version/4.0 Chrome/60.0.3112.107 Mobile Safari/537.36"
196.251.66.105 - - [31/Oct/2025:15:00:57 +0700] "GET / HTTP/1.1" 200 7028 "-" "Mozilla/5.0 (Linux; Android 7.0; SM-G892A Build/NRD90M; wv) AppleWebKit/537.36 (KHTML, Gecko) Version/4.0 Chrome/60.0.3112.107 Mobile Safari/537.36"
196.251.66.105 - - [31/Oct/2025:15:00:58 +0700] "GET /wp-includes/blocks/heading/index.php HTTP/1.1" 302 206 "-" "Mozilla/5.0 (Linux; Android 7.0; SM-G892A Build/NRD90M; wv) AppleWebKit/537.36 (KHTML, Gecko) Version/4.0 Chrome/60.0.3112.107 Mobile Safari/537.36"
196.251.66.105 - - [31/Oct/2025:15:00:58 +0700] "GET / HTTP/1.1" 200 7028 "-" "Mozilla/5.0 (Linux; Android 7.0; SM-G892A Build/NRD90M; wv) AppleWebKit/537.36 (KHTML, Gecko) Version/4.0 Chrome/60.0.3112.107 Mobile Safari/537.36"
196.251.66.105 - - [31/Oct/2025:15:01:02 +0700] "GET /wp-includes/blocks/html/index.php HTTP/1.1" 302 206 "-" "Mozilla/5.0 (Linux; Android 7.0; SM-G892A Build/NRD90M; wv) AppleWebKit/537.36 (KHTML, Gecko) Version/4.0 Chrome/60.0.3112.107 Mobile Safari/537.36"
196.251.66.105 - - [31/Oct/2025:15:01:03 +0700] "GET / HTTP/1.1" 200 7028 "-" "Mozilla/5.0 (Linux; Android 7.0; SM-G892A Build/NRD90M; wv) AppleWebKit/537.36 (KHTML, Gecko) Version/4.0 Chrome/60.0.3112.107 Mobile Safari/537.36"
114.10.102.38 - - [31/Oct/2025:15:01:06 +0700] "GET / HTTP/1.1" 200 6294 "https://www.google.com/" "Mozilla/5.0 (Linux; Android 10; K) AppleWebKit/537.36 (KHTML, like Gecko) Chrome/141.0.0.0 Mobile Safari/537.36"
114.119.153.215 - - [31/Oct/2025:15:01:06 +0700] "GET /2019/11 HTTP/1.1" 302 206 "-" "Mozilla/5.0 (Linux; Android 7.0;) AppleWebKit/537.36 (KHTML, like Gecko) Mobile Safari/537.36 (compatible; PetalBot;+https://webmaster.petalsearch.com/site/petalbot)"
114.119.153.215 - - [31/Oct/2025:15:01:07 +0700] "GET / HTTP/1.1" 200 7028 "-" "Mozilla/5.0 (Linux; Android 7.0;) AppleWebKit/537.36 (KHTML, like Gecko) Mobile Safari/537.36 (compatible; PetalBot;+https://webmaster.petalsearch.com/site/petalbot)"
114.10.102.38 - - [31/Oct/2025:15:01:08 +0700] "GET /bonus-terbesar.jpg HTTP/1.1" 200 341794 "https://dayakbaru.com/" "Mozilla/5.0 (Linux; Android 10; K) AppleWebKit/537.36 (KHTML, like Gecko) Chrome/141.0.0.0 Mobile Safari/537.36"
196.251.66.105 - - [31/Oct/2025:15:01:09 +0700] "GET /wp-includes/blocks/image/index.php HTTP/1.1" 302 206 "-" "Mozilla/5.0 (Linux; Android 7.0; SM-G892A Build/NRD90M; wv) AppleWebKit/537.36 (KHTML, Gecko) Version/4.0 Chrome/60.0.3112.107 Mobile Safari/537.36"
196.251.66.105 - - [31/Oct/2025:15:01:09 +0700] "GET / HTTP/1.1" 200 7028 "-" "Mozilla/5.0 (Linux; Android 7.0; SM-G892A Build/NRD90M; wv) AppleWebKit/537.36 (KHTML, Gecko) Version/4.0 Chrome/60.0.3112.107 Mobile Safari/537.36"
196.251.66.105 - - [31/Oct/2025:15:01:13 +0700] "GET /wp-includes/blocks/latest-comments/index.php HTTP/1.1" 302 206 "-" "Mozilla/5.0 (Linux; Android 7.0; SM-G892A Build/NRD90M; wv) AppleWebKit/537.36 (KHTML, Gecko) Version/4.0 Chrome/60.0.3112.107 Mobile Safari/537.36"
196.251.66.105 - - [31/Oct/2025:15:01:13 +0700] "GET / HTTP/1.1" 200 7028 "-" "Mozilla/5.0 (Linux; Android 7.0; SM-G892A Build/NRD90M; wv) AppleWebKit/537.36 (KHTML, Gecko) Version/4.0 Chrome/60.0.3112.107 Mobile Safari/537.36"
196.251.66.105 - - [31/Oct/2025:15:01:16 +0700] "GET /wp-includes/blocks/latest-posts/index.php HTTP/1.1" 302 206 "-" "Mozilla/5.0 (Linux; Android 7.0; SM-G892A Build/NRD90M; wv) AppleWebKit/537.36 (KHTML, Gecko) Version/4.0 Chrome/60.0.3112.107 Mobile Safari/537.36"
196.251.66.105 - - [31/Oct/2025:15:01:16 +0700] "GET / HTTP/1.1" 200 7028 "-" "Mozilla/5.0 (Linux; Android 7.0; SM-G892A Build/NRD90M; wv) AppleWebKit/537.36 (KHTML, Gecko) Version/4.0 Chrome/60.0.3112.107 Mobile Safari/537.36"
196.251.66.105 - - [31/Oct/2025:15:01:17 +0700] "GET /wp-includes/blocks/legacy-widget/index.php HTTP/1.1" 302 206 "-" "Mozilla/5.0 (Linux; Android 7.0; SM-G892A Build/NRD90M; wv) AppleWebKit/537.36 (KHTML, Gecko) Version/4.0 Chrome/60.0.3112.107 Mobile Safari/537.36"
196.251.66.105 - - [31/Oct/2025:15:01:21 +0700] "GET / HTTP/1.1" 200 7028 "-" "Mozilla/5.0 (Linux; Android 7.0; SM-G892A Build/NRD90M; wv) AppleWebKit/537.36 (KHTML, Gecko) Version/4.0 Chrome/60.0.3112.107 Mobile Safari/537.36"
196.251.66.105 - - [31/Oct/2025:15:01:23 +0700] "GET /wp-includes/blocks/list/index.php HTTP/1.1" 302 206 "-" "Mozilla/5.0 (Linux; Android 7.0; SM-G892A Build/NRD90M; wv) AppleWebKit/537.36 (KHTML, Gecko) Version/4.0 Chrome/60.0.3112.107 Mobile Safari/537.36"
196.251.66.105 - - [31/Oct/2025:15:01:23 +0700] "GET / HTTP/1.1" 200 7028 "-" "Mozilla/5.0 (Linux; Android 7.0; SM-G892A Build/NRD90M; wv) AppleWebKit/537.36 (KHTML, Gecko) Version/4.0 Chrome/60.0.3112.107 Mobile Safari/537.36"
196.251.66.105 - - [31/Oct/2025:15:01:32 +0700] "GET /wp-includes/blocks/loginout/index.php HTTP/1.1" 302 206 "-" "Mozilla/5.0 (Linux; Android 7.0; SM-G892A Build/NRD90M; wv) AppleWebKit/537.36 (KHTML, Gecko) Version/4.0 Chrome/60.0.3112.107 Mobile Safari/537.36"
196.251.66.105 - - [31/Oct/2025:15:01:32 +0700] "GET / HTTP/1.1" 200 7028 "-" "Mozilla/5.0 (Linux; Android 7.0; SM-G892A Build/NRD90M; wv) AppleWebKit/537.36 (KHTML, Gecko) Version/4.0 Chrome/60.0.3112.107 Mobile Safari/537.36"
196.251.66.105 - - [31/Oct/2025:15:01:32 +0700] "GET /wp-includes/blocks/media-text/index.php HTTP/1.1" 302 206 "-" "Mozilla/5.0 (Linux; Android 7.0; SM-G892A Build/NRD90M; wv) AppleWebKit/537.36 (KHTML, Gecko) Version/4.0 Chrome/60.0.3112.107 Mobile Safari/537.36"
196.251.66.105 - - [31/Oct/2025:15:01:36 +0700] "GET / HTTP/1.1" 200 7028 "-" "Mozilla/5.0 (Linux; Android 7.0; SM-G892A Build/NRD90M; wv) AppleWebKit/537.36 (KHTML, Gecko) Version/4.0 Chrome/60.0.3112.107 Mobile Safari/537.36"
66.249.65.66 - - [31/Oct/2025:15:01:37 +0700] "GET / HTTP/1.1" 200 6294 "-" "Mozilla/5.0 (Linux; Android 6.0.1; Nexus 5X Build/MMB29P) AppleWebKit/537.36 (KHTML, like Gecko) Chrome/141.0.7390.122 Mobile Safari/537.36 (compatible; Googlebot/2.1; +http://www.google.com/bot.html)"
66.249.65.66 - - [31/Oct/2025:15:01:37 +0700] "GET /98cc8d55-e35a-49de-90ed-9b4775ab33e1.webp HTTP/1.1" 304 0 "-" "Googlebot-Image/1.0"
66.249.65.67 - - [31/Oct/2025:15:01:37 +0700] "GET /bonus-terbesar.jpg HTTP/1.1" 304 0 "-" "Googlebot-Image/1.0"
66.249.65.66 - - [31/Oct/2025:15:01:37 +0700] "GET /logo-pintutogel.webp HTTP/1.1" 304 0 "-" "Googlebot-Image/1.0"
66.249.65.68 - - [31/Oct/2025:15:01:37 +0700] "GET /apkpintu.webp HTTP/1.1" 304 0 "-" "Googlebot-Image/1.0"
196.251.66.105 - - [31/Oct/2025:15:01:40 +0700] "GET /wp-includes/blocks/missing/index.php HTTP/1.1" 302 206 "-" "Mozilla/5.0 (Linux; Android 7.0; SM-G892A Build/NRD90M; wv) AppleWebKit/537.36 (KHTML, Gecko) Version/4.0 Chrome/60.0.3112.107 Mobile Safari/537.36"
196.251.66.105 - - [31/Oct/2025:15:01:41 +0700] "GET / HTTP/1.1" 200 7028 "-" "Mozilla/5.0 (Linux; Android 7.0; SM-G892A Build/NRD90M; wv) AppleWebKit/537.36 (KHTML, Gecko) Version/4.0 Chrome/60.0.3112.107 Mobile Safari/537.36"
196.251.66.105 - - [31/Oct/2025:15:01:42 +0700] "GET /wp-includes/blocks/more/index.php HTTP/1.1" 302 206 "-" "Mozilla/5.0 (Linux; Android 7.0; SM-G892A Build/NRD90M; wv) AppleWebKit/537.36 (KHTML, Gecko) Version/4.0 Chrome/60.0.3112.107 Mobile Safari/537.36"
196.251.66.105 - - [31/Oct/2025:15:01:44 +0700] "GET / HTTP/1.1" 200 7028 "-" "Mozilla/5.0 (Linux; Android 7.0; SM-G892A Build/NRD90M; wv) AppleWebKit/537.36 (KHTML, Gecko) Version/4.0 Chrome/60.0.3112.107 Mobile Safari/537.36"
196.251.66.105 - - [31/Oct/2025:15:01:45 +0700] "GET /wp-includes/blocks/nextpage/index.php HTTP/1.1" 302 206 "-" "Mozilla/5.0 (Linux; Android 7.0; SM-G892A Build/NRD90M; wv) AppleWebKit/537.36 (KHTML, Gecko) Version/4.0 Chrome/60.0.3112.107 Mobile Safari/537.36"
196.251.66.105 - - [31/Oct/2025:15:01:45 +0700] "GET / HTTP/1.1" 200 7028 "-" "Mozilla/5.0 (Linux; Android 7.0; SM-G892A Build/NRD90M; wv) AppleWebKit/537.36 (KHTML, Gecko) Version/4.0 Chrome/60.0.3112.107 Mobile Safari/537.36"
160.25.237.102 - - [31/Oct/2025:15:01:48 +0700] "GET / HTTP/1.1" 200 6294 "https://www.google.com/" "Mozilla/5.0 (Linux; Android 10; K) AppleWebKit/537.36 (KHTML, like Gecko) Chrome/138.0.0.0 Mobile Safari/537.36"
196.251.66.105 - - [31/Oct/2025:15:01:49 +0700] "GET /wp-includes/blocks/page-list/index.php HTTP/1.1" 302 206 "-" "Mozilla/5.0 (Linux; Android 7.0; SM-G892A Build/NRD90M; wv) AppleWebKit/537.36 (KHTML, Gecko) Version/4.0 Chrome/60.0.3112.107 Mobile Safari/537.36"
196.251.66.105 - - [31/Oct/2025:15:01:49 +0700] "GET / HTTP/1.1" 200 7028 "-" "Mozilla/5.0 (Linux; Android 7.0; SM-G892A Build/NRD90M; wv) AppleWebKit/537.36 (KHTML, Gecko) Version/4.0 Chrome/60.0.3112.107 Mobile Safari/537.36"
196.251.66.105 - - [31/Oct/2025:15:01:50 +0700] "GET /wp-includes/blocks/paragraph/index.php HTTP/1.1" 302 206 "-" "Mozilla/5.0 (Linux; Android 7.0; SM-G892A Build/NRD90M; wv) AppleWebKit/537.36 (KHTML, Gecko) Version/4.0 Chrome/60.0.3112.107 Mobile Safari/537.36"
196.251.66.105 - - [31/Oct/2025:15:01:54 +0700] "GET / HTTP/1.1" 200 7028 "-" "Mozilla/5.0 (Linux; Android 7.0; SM-G892A Build/NRD90M; wv) AppleWebKit/537.36 (KHTML, Gecko) Version/4.0 Chrome/60.0.3112.107 Mobile Safari/537.36"
196.251.66.105 - - [31/Oct/2025:15:01:55 +0700] "GET /wp-includes/blocks/post-content/index.php HTTP/1.1" 302 206 "-" "Mozilla/5.0 (Linux; Android 7.0; SM-G892A Build/NRD90M; wv) AppleWebKit/537.36 (KHTML, Gecko) Version/4.0 Chrome/60.0.3112.107 Mobile Safari/537.36"
196.251.66.105 - - [31/Oct/2025:15:01:55 +0700] "GET / HTTP/1.1" 200 7028 "-" "Mozilla/5.0 (Linux; Android 7.0; SM-G892A Build/NRD90M; wv) AppleWebKit/537.36 (KHTML, Gecko) Version/4.0 Chrome/60.0.3112.107 Mobile Safari/537.36"
196.251.66.105 - - [31/Oct/2025:15:02:03 +0700] "GET /wp-includes/blocks/post-date/index.php HTTP/1.1" 302 206 "-" "Mozilla/5.0 (Linux; Android 7.0; SM-G892A Build/NRD90M; wv) AppleWebKit/537.36 (KHTML, Gecko) Version/4.0 Chrome/60.0.3112.107 Mobile Safari/537.36"
196.251.66.105 - - [31/Oct/2025:15:02:03 +0700] "GET / HTTP/1.1" 200 7028 "-" "Mozilla/5.0 (Linux; Android 7.0; SM-G892A Build/NRD90M; wv) AppleWebKit/537.36 (KHTML, Gecko) Version/4.0 Chrome/60.0.3112.107 Mobile Safari/537.36"
196.251.66.105 - - [31/Oct/2025:15:02:05 +0700] "GET /wp-includes/blocks/post-excerpt/index.php HTTP/1.1" 302 206 "-" "Mozilla/5.0 (Linux; Android 7.0; SM-G892A Build/NRD90M; wv) AppleWebKit/537.36 (KHTML, Gecko) Version/4.0 Chrome/60.0.3112.107 Mobile Safari/537.36"
196.251.66.105 - - [31/Oct/2025:15:02:05 +0700] "GET / HTTP/1.1" 200 7028 "-" "Mozilla/5.0 (Linux; Android 7.0; SM-G892A Build/NRD90M; wv) AppleWebKit/537.36 (KHTML, Gecko) Version/4.0 Chrome/60.0.3112.107 Mobile Safari/537.36"
196.251.66.105 - - [31/Oct/2025:15:02:06 +0700] "GET /wp-includes/blocks/post-featured-image/index.php HTTP/1.1" 302 206 "-" "Mozilla/5.0 (Linux; Android 7.0; SM-G892A Build/NRD90M; wv) AppleWebKit/537.36 (KHTML, Gecko) Version/4.0 Chrome/60.0.3112.107 Mobile Safari/537.36"
196.251.66.105 - - [31/Oct/2025:15:02:07 +0700] "GET / HTTP/1.1" 200 7028 "-" "Mozilla/5.0 (Linux; Android 7.0; SM-G892A Build/NRD90M; wv) AppleWebKit/537.36 (KHTML, Gecko) Version/4.0 Chrome/60.0.3112.107 Mobile Safari/537.36"
196.251.66.105 - - [31/Oct/2025:15:02:08 +0700] "GET /wp-includes/blocks/post-template/index.php HTTP/1.1" 302 206 "-" "Mozilla/5.0 (Linux; Android 7.0; SM-G892A Build/NRD90M; wv) AppleWebKit/537.36 (KHTML, Gecko) Version/4.0 Chrome/60.0.3112.107 Mobile Safari/537.36"
196.251.66.105 - - [31/Oct/2025:15:02:08 +0700] "GET / HTTP/1.1" 200 7028 "-" "Mozilla/5.0 (Linux; Android 7.0; SM-G892A Build/NRD90M; wv) AppleWebKit/537.36 (KHTML, Gecko) Version/4.0 Chrome/60.0.3112.107 Mobile Safari/537.36"
196.251.66.105 - - [31/Oct/2025:15:02:08 +0700] "GET /wp-includes/blocks/post-terms/index.php HTTP/1.1" 302 206 "-" "Mozilla/5.0 (Linux; Android 7.0; SM-G892A Build/NRD90M; wv) AppleWebKit/537.36 (KHTML, Gecko) Version/4.0 Chrome/60.0.3112.107 Mobile Safari/537.36"
196.251.66.105 - - [31/Oct/2025:15:02:11 +0700] "GET / HTTP/1.1" 200 7028 "-" "Mozilla/5.0 (Linux; Android 7.0; SM-G892A Build/NRD90M; wv) AppleWebKit/537.36 (KHTML, Gecko) Version/4.0 Chrome/60.0.3112.107 Mobile Safari/537.36"
196.251.66.105 - - [31/Oct/2025:15:02:12 +0700] "GET /wp-includes/blocks/post-title/index.php HTTP/1.1" 302 206 "-" "Mozilla/5.0 (Linux; Android 7.0; SM-G892A Build/NRD90M; wv) AppleWebKit/537.36 (KHTML, Gecko) Version/4.0 Chrome/60.0.3112.107 Mobile Safari/537.36"
196.251.66.105 - - [31/Oct/2025:15:02:13 +0700] "GET / HTTP/1.1" 200 7028 "-" "Mozilla/5.0 (Linux; Android 7.0; SM-G892A Build/NRD90M; wv) AppleWebKit/537.36 (KHTML, Gecko) Version/4.0 Chrome/60.0.3112.107 Mobile Safari/537.36"
196.251.66.105 - - [31/Oct/2025:15:02:15 +0700] "GET /wp-includes/blocks/preformatted/index.php HTTP/1.1" 302 206 "-" "Mozilla/5.0 (Linux; Android 7.0; SM-G892A Build/NRD90M; wv) AppleWebKit/537.36 (KHTML, Gecko) Version/4.0 Chrome/60.0.3112.107 Mobile Safari/537.36"
196.251.66.105 - - [31/Oct/2025:15:02:15 +0700] "GET / HTTP/1.1" 200 7028 "-" "Mozilla/5.0 (Linux; Android 7.0; SM-G892A Build/NRD90M; wv) AppleWebKit/537.36 (KHTML, Gecko) Version/4.0 Chrome/60.0.3112.107 Mobile Safari/537.36"
196.251.66.105 - - [31/Oct/2025:15:02:21 +0700] "GET /wp-includes/blocks/pullquote/index.php HTTP/1.1" 302 206 "-" "Mozilla/5.0 (Linux; Android 7.0; SM-G892A Build/NRD90M; wv) AppleWebKit/537.36 (KHTML, Gecko) Version/4.0 Chrome/60.0.3112.107 Mobile Safari/537.36"
196.251.66.105 - - [31/Oct/2025:15:02:22 +0700] "GET / HTTP/1.1" 200 7028 "-" "Mozilla/5.0 (Linux; Android 7.0; SM-G892A Build/NRD90M; wv) AppleWebKit/537.36 (KHTML, Gecko) Version/4.0 Chrome/60.0.3112.107 Mobile Safari/537.36"
196.251.66.105 - - [31/Oct/2025:15:02:26 +0700] "GET /wp-includes/blocks/query-pagination-next/index.php HTTP/1.1" 302 206 "-" "Mozilla/5.0 (Linux; Android 7.0; SM-G892A Build/NRD90M; wv) AppleWebKit/537.36 (KHTML, Gecko) Version/4.0 Chrome/60.0.3112.107 Mobile Safari/537.36"
196.251.66.105 - - [31/Oct/2025:15:02:26 +0700] "GET / HTTP/1.1" 200 7028 "-" "Mozilla/5.0 (Linux; Android 7.0; SM-G892A Build/NRD90M; wv) AppleWebKit/537.36 (KHTML, Gecko) Version/4.0 Chrome/60.0.3112.107 Mobile Safari/537.36"
196.251.66.105 - - [31/Oct/2025:15:02:31 +0700] "GET /wp-includes/blocks/query-pagination-numbers/index.php HTTP/1.1" 302 206 "-" "Mozilla/5.0 (Linux; Android 7.0; SM-G892A Build/NRD90M; wv) AppleWebKit/537.36 (KHTML, Gecko) Version/4.0 Chrome/60.0.3112.107 Mobile Safari/537.36"
196.251.66.105 - - [31/Oct/2025:15:02:31 +0700] "GET / HTTP/1.1" 200 7028 "-" "Mozilla/5.0 (Linux; Android 7.0; SM-G892A Build/NRD90M; wv) AppleWebKit/537.36 (KHTML, Gecko) Version/4.0 Chrome/60.0.3112.107 Mobile Safari/537.36"
196.251.66.105 - - [31/Oct/2025:15:02:32 +0700] "GET /wp-includes/blocks/query-pagination-previous/index.php HTTP/1.1" 302 206 "-" "Mozilla/5.0 (Linux; Android 7.0; SM-G892A Build/NRD90M; wv) AppleWebKit/537.36 (KHTML, Gecko) Version/4.0 Chrome/60.0.3112.107 Mobile Safari/537.36"
196.251.66.105 - - [31/Oct/2025:15:02:32 +0700] "GET / HTTP/1.1" 200 7028 "-" "Mozilla/5.0 (Linux; Android 7.0; SM-G892A Build/NRD90M; wv) AppleWebKit/537.36 (KHTML, Gecko) Version/4.0 Chrome/60.0.3112.107 Mobile Safari/537.36"
196.251.66.105 - - [31/Oct/2025:15:02:34 +0700] "GET /wp-includes/blocks/query-pagination/index.php HTTP/1.1" 302 206 "-" "Mozilla/5.0 (Linux; Android 7.0; SM-G892A Build/NRD90M; wv) AppleWebKit/537.36 (KHTML, Gecko) Version/4.0 Chrome/60.0.3112.107 Mobile Safari/537.36"
196.251.66.105 - - [31/Oct/2025:15:02:35 +0700] "GET / HTTP/1.1" 200 7028 "-" "Mozilla/5.0 (Linux; Android 7.0; SM-G892A Build/NRD90M; wv) AppleWebKit/537.36 (KHTML, Gecko) Version/4.0 Chrome/60.0.3112.107 Mobile Safari/537.36"
196.251.66.105 - - [31/Oct/2025:15:02:36 +0700] "GET /wp-includes/blocks/query-title/index.php HTTP/1.1" 302 206 "-" "Mozilla/5.0 (Linux; Android 7.0; SM-G892A Build/NRD90M; wv) AppleWebKit/537.36 (KHTML, Gecko) Version/4.0 Chrome/60.0.3112.107 Mobile Safari/537.36"
196.251.66.105 - - [31/Oct/2025:15:02:37 +0700] "GET / HTTP/1.1" 200 7028 "-" "Mozilla/5.0 (Linux; Android 7.0; SM-G892A Build/NRD90M; wv) AppleWebKit/537.36 (KHTML, Gecko) Version/4.0 Chrome/60.0.3112.107 Mobile Safari/537.36"
196.251.66.105 - - [31/Oct/2025:15:02:40 +0700] "GET /wp-includes/blocks/query/index.php HTTP/1.1" 302 206 "-" "Mozilla/5.0 (Linux; Android 7.0; SM-G892A Build/NRD90M; wv) AppleWebKit/537.36 (KHTML, Gecko) Version/4.0 Chrome/60.0.3112.107 Mobile Safari/537.36"
196.251.66.105 - - [31/Oct/2025:15:02:40 +0700] "GET / HTTP/1.1" 200 7028 "-" "Mozilla/5.0 (Linux; Android 7.0; SM-G892A Build/NRD90M; wv) AppleWebKit/537.36 (KHTML, Gecko) Version/4.0 Chrome/60.0.3112.107 Mobile Safari/537.36"
196.251.66.105 - - [31/Oct/2025:15:02:42 +0700] "GET /wp-includes/blocks/quote/index.php HTTP/1.1" 302 206 "-" "Mozilla/5.0 (Linux; Android 7.0; SM-G892A Build/NRD90M; wv) AppleWebKit/537.36 (KHTML, Gecko) Version/4.0 Chrome/60.0.3112.107 Mobile Safari/537.36"
196.251.66.105 - - [31/Oct/2025:15:02:42 +0700] "GET / HTTP/1.1" 200 7028 "-" "Mozilla/5.0 (Linux; Android 7.0; SM-G892A Build/NRD90M; wv) AppleWebKit/537.36 (KHTML, Gecko) Version/4.0 Chrome/60.0.3112.107 Mobile Safari/537.36"
196.251.66.105 - - [31/Oct/2025:15:02:43 +0700] "GET /wp-includes/blocks/rss/index.php HTTP/1.1" 302 206 "-" "Mozilla/5.0 (Linux; Android 7.0; SM-G892A Build/NRD90M; wv) AppleWebKit/537.36 (KHTML, Gecko) Version/4.0 Chrome/60.0.3112.107 Mobile Safari/537.36"
196.251.66.105 - - [31/Oct/2025:15:02:43 +0700] "GET / HTTP/1.1" 200 7028 "-" "Mozilla/5.0 (Linux; Android 7.0; SM-G892A Build/NRD90M; wv) AppleWebKit/537.36 (KHTML, Gecko) Version/4.0 Chrome/60.0.3112.107 Mobile Safari/537.36"
196.251.66.105 - - [31/Oct/2025:15:02:46 +0700] "GET /wp-includes/blocks/search/index.php HTTP/1.1" 302 206 "-" "Mozilla/5.0 (Linux; Android 7.0; SM-G892A Build/NRD90M; wv) AppleWebKit/537.36 (KHTML, Gecko) Version/4.0 Chrome/60.0.3112.107 Mobile Safari/537.36"
196.251.66.105 - - [31/Oct/2025:15:02:46 +0700] "GET / HTTP/1.1" 200 7028 "-" "Mozilla/5.0 (Linux; Android 7.0; SM-G892A Build/NRD90M; wv) AppleWebKit/537.36 (KHTML, Gecko) Version/4.0 Chrome/60.0.3112.107 Mobile Safari/537.36"
165.99.56.10 - - [31/Oct/2025:15:02:51 +0700] "GET / HTTP/1.1" 200 6294 "https://www.google.com/" "Mozilla/5.0 (Linux; Android 10; K) AppleWebKit/537.36 (KHTML, like Gecko) Chrome/141.0.0.0 Mobile Safari/537.36"
165.99.56.10 - - [31/Oct/2025:15:02:52 +0700] "GET /98cc8d55-e35a-49de-90ed-9b4775ab33e1.webp HTTP/1.1" 200 53598 "https://dayakbaru.com/" "Mozilla/5.0 (Linux; Android 10; K) AppleWebKit/537.36 (KHTML, like Gecko) Chrome/141.0.0.0 Mobile Safari/537.36"
66.249.65.66 - - [31/Oct/2025:15:02:52 +0700] "GET / HTTP/1.1" 200 6294 "-" "Mozilla/5.0 (Linux; Android 6.0.1; Nexus 5X Build/MMB29P) AppleWebKit/537.36 (KHTML, like Gecko) Chrome/141.0.7390.122 Mobile Safari/537.36 (compatible; Googlebot/2.1; +http://www.google.com/bot.html)"
66.249.65.66 - - [31/Oct/2025:15:02:52 +0700] "GET /bonus-terbesar.jpg HTTP/1.1" 304 0 "-" "Googlebot-Image/1.0"
66.249.65.68 - - [31/Oct/2025:15:02:52 +0700] "GET /98cc8d55-e35a-49de-90ed-9b4775ab33e1.webp HTTP/1.1" 304 0 "-" "Googlebot-Image/1.0"
66.249.65.68 - - [31/Oct/2025:15:02:52 +0700] "GET /logo-pintutogel.webp HTTP/1.1" 304 0 "-" "Googlebot-Image/1.0"
165.99.56.10 - - [31/Oct/2025:15:02:52 +0700] "GET /logo-pintutogel.webp HTTP/1.1" 200 16706 "https://dayakbaru.com/" "Mozilla/5.0 (Linux; Android 10; K) AppleWebKit/537.36 (KHTML, like Gecko) Chrome/141.0.0.0 Mobile Safari/537.36"
66.249.65.67 - - [31/Oct/2025:15:02:52 +0700] "GET /apkpintu.webp HTTP/1.1" 304 0 "-" "Googlebot-Image/1.0"
165.99.56.10 - - [31/Oct/2025:15:02:52 +0700] "GET /apkpintu.webp HTTP/1.1" 200 41540 "https://dayakbaru.com/" "Mozilla/5.0 (Linux; Android 10; K) AppleWebKit/537.36 (KHTML, like Gecko) Chrome/141.0.0.0 Mobile Safari/537.36"
165.99.56.10 - - [31/Oct/2025:15:02:54 +0700] "GET /bonus-terbesar.jpg HTTP/1.1" 200 341794 "https://dayakbaru.com/" "Mozilla/5.0 (Linux; Android 10; K) AppleWebKit/537.36 (KHTML, like Gecko) Chrome/141.0.0.0 Mobile Safari/537.36"
196.251.66.105 - - [31/Oct/2025:15:03:04 +0700] "GET /wp-includes/blocks/separator/index.php HTTP/1.1" 302 206 "-" "Mozilla/5.0 (Linux; Android 7.0; SM-G892A Build/NRD90M; wv) AppleWebKit/537.36 (KHTML, Gecko) Version/4.0 Chrome/60.0.3112.107 Mobile Safari/537.36"
196.251.66.105 - - [31/Oct/2025:15:03:05 +0700] "GET / HTTP/1.1" 200 7028 "-" "Mozilla/5.0 (Linux; Android 7.0; SM-G892A Build/NRD90M; wv) AppleWebKit/537.36 (KHTML, Gecko) Version/4.0 Chrome/60.0.3112.107 Mobile Safari/537.36"
196.251.66.105 - - [31/Oct/2025:15:03:05 +0700] "GET /wp-includes/blocks/shortcode/index.php HTTP/1.1" 302 206 "-" "Mozilla/5.0 (Linux; Android 7.0; SM-G892A Build/NRD90M; wv) AppleWebKit/537.36 (KHTML, Gecko) Version/4.0 Chrome/60.0.3112.107 Mobile Safari/537.36"
196.251.66.105 - - [31/Oct/2025:15:03:05 +0700] "GET / HTTP/1.1" 200 7028 "-" "Mozilla/5.0 (Linux; Android 7.0; SM-G892A Build/NRD90M; wv) AppleWebKit/537.36 (KHTML, Gecko) Version/4.0 Chrome/60.0.3112.107 Mobile Safari/537.36"
196.251.66.105 - - [31/Oct/2025:15:03:08 +0700] "GET /wp-includes/blocks/site-logo/index.php HTTP/1.1" 302 206 "-" "Mozilla/5.0 (Linux; Android 7.0; SM-G892A Build/NRD90M; wv) AppleWebKit/537.36 (KHTML, Gecko) Version/4.0 Chrome/60.0.3112.107 Mobile Safari/537.36"
196.251.66.105 - - [31/Oct/2025:15:03:09 +0700] "GET / HTTP/1.1" 200 7028 "-" "Mozilla/5.0 (Linux; Android 7.0; SM-G892A Build/NRD90M; wv) AppleWebKit/537.36 (KHTML, Gecko) Version/4.0 Chrome/60.0.3112.107 Mobile Safari/537.36"
196.251.66.105 - - [31/Oct/2025:15:03:10 +0700] "GET /wp-includes/blocks/site-tagline/index.php HTTP/1.1" 302 206 "-" "Mozilla/5.0 (Linux; Android 7.0; SM-G892A Build/NRD90M; wv) AppleWebKit/537.36 (KHTML, Gecko) Version/4.0 Chrome/60.0.3112.107 Mobile Safari/537.36"
196.251.66.105 - - [31/Oct/2025:15:03:10 +0700] "GET / HTTP/1.1" 200 7028 "-" "Mozilla/5.0 (Linux; Android 7.0; SM-G892A Build/NRD90M; wv) AppleWebKit/537.36 (KHTML, Gecko) Version/4.0 Chrome/60.0.3112.107 Mobile Safari/537.36"
196.251.66.105 - - [31/Oct/2025:15:03:12 +0700] "GET /wp-includes/blocks/site-title/index.php HTTP/1.1" 302 206 "-" "Mozilla/5.0 (Linux; Android 7.0; SM-G892A Build/NRD90M; wv) AppleWebKit/537.36 (KHTML, Gecko) Version/4.0 Chrome/60.0.3112.107 Mobile Safari/537.36"
196.251.66.105 - - [31/Oct/2025:15:03:12 +0700] "GET / HTTP/1.1" 200 7028 "-" "Mozilla/5.0 (Linux; Android 7.0; SM-G892A Build/NRD90M; wv) AppleWebKit/537.36 (KHTML, Gecko) Version/4.0 Chrome/60.0.3112.107 Mobile Safari/537.36"
196.251.66.105 - - [31/Oct/2025:15:03:15 +0700] "GET /wp-includes/blocks/social-link/index.php HTTP/1.1" 302 206 "-" "Mozilla/5.0 (Linux; Android 7.0; SM-G892A Build/NRD90M; wv) AppleWebKit/537.36 (KHTML, Gecko) Version/4.0 Chrome/60.0.3112.107 Mobile Safari/537.36"
66.249.65.68 - - [31/Oct/2025:15:03:15 +0700] "GET / HTTP/1.1" 200 6294 "-" "Mozilla/5.0 (Linux; Android 6.0.1; Nexus 5X Build/MMB29P) AppleWebKit/537.36 (KHTML, like Gecko) Chrome/141.0.7390.122 Mobile Safari/537.36 (compatible; Googlebot/2.1; +http://www.google.com/bot.html)"
196.251.66.105 - - [31/Oct/2025:15:03:15 +0700] "GET / HTTP/1.1" 200 7028 "-" "Mozilla/5.0 (Linux; Android 7.0; SM-G892A Build/NRD90M; wv) AppleWebKit/537.36 (KHTML, Gecko) Version/4.0 Chrome/60.0.3112.107 Mobile Safari/537.36"
196.251.66.105 - - [31/Oct/2025:15:03:15 +0700] "GET /wp-includes/pomo/index.php HTTP/1.1" 302 206 "-" "Mozilla/5.0 (Linux; Android 7.0; SM-G892A Build/NRD90M; wv) AppleWebKit/537.36 (KHTML, Gecko) Version/4.0 Chrome/60.0.3112.107 Mobile Safari/537.36"
196.251.66.105 - - [31/Oct/2025:15:03:18 +0700] "GET / HTTP/1.1" 200 7028 "-" "Mozilla/5.0 (Linux; Android 7.0; SM-G892A Build/NRD90M; wv) AppleWebKit/537.36 (KHTML, Gecko) Version/4.0 Chrome/60.0.3112.107 Mobile Safari/537.36"
196.251.66.105 - - [31/Oct/2025:15:03:20 +0700] "GET /wp-includes/Requests/library/index.php HTTP/1.1" 302 206 "-" "Mozilla/5.0 (Linux; Android 7.0; SM-G892A Build/NRD90M; wv) AppleWebKit/537.36 (KHTML, Gecko) Version/4.0 Chrome/60.0.3112.107 Mobile Safari/537.36"
196.251.66.105 - - [31/Oct/2025:15:03:20 +0700] "GET / HTTP/1.1" 200 7028 "-" "Mozilla/5.0 (Linux; Android 7.0; SM-G892A Build/NRD90M; wv) AppleWebKit/537.36 (KHTML, Gecko) Version/4.0 Chrome/60.0.3112.107 Mobile Safari/537.36"
