182.8.162.92 - - [31/Oct/2025:14:26:32 +0700] "GET /apkpintu.webp HTTP/1.1" 304 0 "https://dayakbaru.com/" "Mozilla/5.0 (Linux; Android 10; K) AppleWebKit/537.36 (KHTML, like Gecko) Chrome/135.0.0.0 Mobile Safari/537.36"
66.249.65.67 - - [31/Oct/2025:14:26:59 +0700] "GET / HTTP/1.1" 200 6294 "-" "Mozilla/5.0 (Linux; Android 6.0.1; Nexus 5X Build/MMB29P) AppleWebKit/537.36 (KHTML, like Gecko) Chrome/141.0.7390.122 Mobile Safari/537.36 (compatible; Googlebot/2.1; +http://www.google.com/bot.html)"
66.249.65.66 - - [31/Oct/2025:14:27:51 +0700] "GET / HTTP/1.1" 200 6294 "-" "Mozilla/5.0 (Linux; Android 6.0.1; Nexus 5X Build/MMB29P) AppleWebKit/537.36 (KHTML, like Gecko) Chrome/141.0.7390.122 Mobile Safari/537.36 (compatible; Googlebot/2.1; +http://www.google.com/bot.html)"
66.249.65.66 - - [31/Oct/2025:14:27:52 +0700] "GET /bonus-terbesar.jpg HTTP/1.1" 304 0 "-" "Googlebot-Image/1.0"
66.249.65.66 - - [31/Oct/2025:14:27:52 +0700] "GET /98cc8d55-e35a-49de-90ed-9b4775ab33e1.webp HTTP/1.1" 304 0 "-" "Googlebot-Image/1.0"
66.249.65.66 - - [31/Oct/2025:14:27:57 +0700] "GET /logo-pintutogel.webp HTTP/1.1" 304 0 "-" "Googlebot-Image/1.0"
66.249.65.66 - - [31/Oct/2025:14:27:57 +0700] "GET /apkpintu.webp HTTP/1.1" 304 0 "-" "Googlebot-Image/1.0"
114.10.24.83 - - [31/Oct/2025:14:28:12 +0700] "GET / HTTP/1.1" 200 6294 "https://www.google.com/" "Mozilla/5.0 (Linux; Android 10; K) AppleWebKit/537.36 (KHTML, like Gecko) Chrome/131.0.0.0 Mobile Safari/537.36"
125.160.130.191 - - [31/Oct/2025:14:28:29 +0700] "GET / HTTP/1.1" 200 6294 "https://www.google.com/" "Mozilla/5.0 (Linux; Android 10; K) AppleWebKit/537.36 (KHTML, like Gecko) Chrome/141.0.0.0 Mobile Safari/537.36"
125.160.130.191 - - [31/Oct/2025:14:28:31 +0700] "GET /98cc8d55-e35a-49de-90ed-9b4775ab33e1.webp HTTP/1.1" 200 53598 "https://dayakbaru.com/" "Mozilla/5.0 (Linux; Android 10; K) AppleWebKit/537.36 (KHTML, like Gecko) Chrome/141.0.0.0 Mobile Safari/537.36"
125.160.130.191 - - [31/Oct/2025:14:28:32 +0700] "GET /logo-pintutogel.webp HTTP/1.1" 200 16706 "https://dayakbaru.com/" "Mozilla/5.0 (Linux; Android 10; K) AppleWebKit/537.36 (KHTML, like Gecko) Chrome/141.0.0.0 Mobile Safari/537.36"
180.244.165.214 - - [31/Oct/2025:14:28:32 +0700] "GET /apkpintu.webp HTTP/1.1" 200 41540 "https://dayakbaru.com/" "Mozilla/5.0 (Linux; Android 10; K) AppleWebKit/537.36 (KHTML, like Gecko) Chrome/141.0.0.0 Mobile Safari/537.36"
103.108.33.106 - - [31/Oct/2025:14:28:33 +0700] "GET / HTTP/1.1" 200 6294 "-" "Mozilla/5.0 (X11; Linux x86_64) AppleWebKit/537.36 (KHTML, like Gecko) Chrome/138.0.0.0 Safari/537.36"
125.160.130.191 - - [31/Oct/2025:14:28:35 +0700] "GET /bonus-terbesar.jpg HTTP/1.1" 200 341794 "https://dayakbaru.com/" "Mozilla/5.0 (Linux; Android 10; K) AppleWebKit/537.36 (KHTML, like Gecko) Chrome/141.0.0.0 Mobile Safari/537.36"
66.249.65.66 - - [31/Oct/2025:14:29:02 +0700] "GET / HTTP/1.1" 200 6294 "-" "Mozilla/5.0 (Linux; Android 6.0.1; Nexus 5X Build/MMB29P) AppleWebKit/537.36 (KHTML, like Gecko) Chrome/141.0.7390.122 Mobile Safari/537.36 (compatible; Googlebot/2.1; +http://www.google.com/bot.html)"
66.249.65.67 - - [31/Oct/2025:14:29:02 +0700] "GET /bonus-terbesar.jpg HTTP/1.1" 304 0 "-" "Googlebot-Image/1.0"
66.249.65.68 - - [31/Oct/2025:14:29:02 +0700] "GET /98cc8d55-e35a-49de-90ed-9b4775ab33e1.webp HTTP/1.1" 304 0 "-" "Googlebot-Image/1.0"
66.249.65.68 - - [31/Oct/2025:14:29:03 +0700] "GET /logo-pintutogel.webp HTTP/1.1" 304 0 "-" "Googlebot-Image/1.0"
66.249.65.67 - - [31/Oct/2025:14:29:03 +0700] "GET /apkpintu.webp HTTP/1.1" 304 0 "-" "Googlebot-Image/1.0"
66.249.65.67 - - [31/Oct/2025:14:30:34 +0700] "GET / HTTP/1.1" 200 6294 "-" "Mozilla/5.0 (Linux; Android 6.0.1; Nexus 5X Build/MMB29P) AppleWebKit/537.36 (KHTML, like Gecko) Chrome/141.0.7390.122 Mobile Safari/537.36 (compatible; Googlebot/2.1; +http://www.google.com/bot.html)"
66.249.65.68 - - [31/Oct/2025:14:30:34 +0700] "GET /bonus-terbesar.jpg HTTP/1.1" 304 0 "-" "Googlebot-Image/1.0"
66.249.65.66 - - [31/Oct/2025:14:30:35 +0700] "GET /98cc8d55-e35a-49de-90ed-9b4775ab33e1.webp HTTP/1.1" 304 0 "-" "Googlebot-Image/1.0"
66.249.65.68 - - [31/Oct/2025:14:30:35 +0700] "GET /logo-pintutogel.webp HTTP/1.1" 304 0 "-" "Googlebot-Image/1.0"
66.249.65.66 - - [31/Oct/2025:14:30:35 +0700] "GET /apkpintu.webp HTTP/1.1" 304 0 "-" "Googlebot-Image/1.0"
103.159.117.226 - - [31/Oct/2025:14:30:50 +0700] "GET / HTTP/1.1" 200 6294 "https://www.google.com/" "Mozilla/5.0 (Linux; Android 10; K) AppleWebKit/537.36 (KHTML, like Gecko) Chrome/141.0.0.0 Mobile Safari/537.36"
103.159.117.226 - - [31/Oct/2025:14:30:51 +0700] "GET /98cc8d55-e35a-49de-90ed-9b4775ab33e1.webp HTTP/1.1" 200 53598 "https://dayakbaru.com/" "Mozilla/5.0 (Linux; Android 10; K) AppleWebKit/537.36 (KHTML, like Gecko) Chrome/141.0.0.0 Mobile Safari/537.36"
103.159.117.226 - - [31/Oct/2025:14:30:51 +0700] "GET /logo-pintutogel.webp HTTP/1.1" 200 16706 "https://dayakbaru.com/" "Mozilla/5.0 (Linux; Android 10; K) AppleWebKit/537.36 (KHTML, like Gecko) Chrome/141.0.0.0 Mobile Safari/537.36"
103.159.117.226 - - [31/Oct/2025:14:30:52 +0700] "GET /apkpintu.webp HTTP/1.1" 200 41540 "https://dayakbaru.com/" "Mozilla/5.0 (Linux; Android 10; K) AppleWebKit/537.36 (KHTML, like Gecko) Chrome/141.0.0.0 Mobile Safari/537.36"
103.159.117.226 - - [31/Oct/2025:14:30:53 +0700] "GET /bonus-terbesar.jpg HTTP/1.1" 200 341794 "https://dayakbaru.com/" "Mozilla/5.0 (Linux; Android 10; K) AppleWebKit/537.36 (KHTML, like Gecko) Chrome/141.0.0.0 Mobile Safari/537.36"
114.10.24.83 - - [31/Oct/2025:14:31:02 +0700] "GET / HTTP/1.1" 200 6294 "https://www.google.com/" "Mozilla/5.0 (Linux; Android 10; K) AppleWebKit/537.36 (KHTML, like Gecko) Chrome/131.0.0.0 Mobile Safari/537.36"
66.249.65.68 - - [31/Oct/2025:14:31:35 +0700] "GET / HTTP/1.1" 200 6294 "-" "Mozilla/5.0 (Linux; Android 6.0.1; Nexus 5X Build/MMB29P) AppleWebKit/537.36 (KHTML, like Gecko) Chrome/141.0.7390.122 Mobile Safari/537.36 (compatible; Googlebot/2.1; +http://www.google.com/bot.html)"
66.249.65.66 - - [31/Oct/2025:14:31:35 +0700] "GET /bonus-terbesar.jpg HTTP/1.1" 304 0 "-" "Googlebot-Image/1.0"
66.249.65.67 - - [31/Oct/2025:14:31:36 +0700] "GET /98cc8d55-e35a-49de-90ed-9b4775ab33e1.webp HTTP/1.1" 304 0 "-" "Googlebot-Image/1.0"
66.249.65.66 - - [31/Oct/2025:14:31:36 +0700] "GET /apkpintu.webp HTTP/1.1" 304 0 "-" "Googlebot-Image/1.0"
66.249.65.68 - - [31/Oct/2025:14:31:36 +0700] "GET /logo-pintutogel.webp HTTP/1.1" 304 0 "-" "Googlebot-Image/1.0"
132.231.12.31 - - [31/Oct/2025:14:31:49 +0700] "GET / HTTP/1.1" 200 7028 "-" "OWLer-W (owler@ows.eu)"
66.249.65.67 - - [31/Oct/2025:14:32:21 +0700] "GET / HTTP/1.1" 200 6294 "-" "Mozilla/5.0 (Linux; Android 6.0.1; Nexus 5X Build/MMB29P) AppleWebKit/537.36 (KHTML, like Gecko) Chrome/141.0.7390.122 Mobile Safari/537.36 (compatible; Googlebot/2.1; +http://www.google.com/bot.html)"
66.249.65.66 - - [31/Oct/2025:14:32:21 +0700] "GET /bonus-terbesar.jpg HTTP/1.1" 304 0 "-" "Googlebot-Image/1.0"
66.249.65.67 - - [31/Oct/2025:14:32:21 +0700] "GET /98cc8d55-e35a-49de-90ed-9b4775ab33e1.webp HTTP/1.1" 304 0 "-" "Googlebot-Image/1.0"
66.249.65.67 - - [31/Oct/2025:14:32:22 +0700] "GET /apkpintu.webp HTTP/1.1" 304 0 "-" "Googlebot-Image/1.0"
66.249.65.68 - - [31/Oct/2025:14:32:22 +0700] "GET /logo-pintutogel.webp HTTP/1.1" 304 0 "-" "Googlebot-Image/1.0"
66.249.65.67 - - [31/Oct/2025:14:33:06 +0700] "GET / HTTP/1.1" 200 6294 "-" "Mozilla/5.0 (Linux; Android 6.0.1; Nexus 5X Build/MMB29P) AppleWebKit/537.36 (KHTML, like Gecko) Chrome/141.0.7390.122 Mobile Safari/537.36 (compatible; Googlebot/2.1; +http://www.google.com/bot.html)"
114.10.29.185 - - [31/Oct/2025:14:33:07 +0700] "GET / HTTP/1.1" 200 6294 "https://www.google.com/" "Mozilla/5.0 (Linux; Android 10; K) AppleWebKit/537.36 (KHTML, like Gecko) Chrome/141.0.0.0 Mobile Safari/537.36"
66.249.65.66 - - [31/Oct/2025:14:33:08 +0700] "GET /bonus-terbesar.jpg HTTP/1.1" 304 0 "-" "Googlebot-Image/1.0"
114.10.29.185 - - [31/Oct/2025:14:33:08 +0700] "GET /98cc8d55-e35a-49de-90ed-9b4775ab33e1.webp HTTP/1.1" 200 53598 "https://dayakbaru.com/" "Mozilla/5.0 (Linux; Android 10; K) AppleWebKit/537.36 (KHTML, like Gecko) Chrome/141.0.0.0 Mobile Safari/537.36"
66.249.65.67 - - [31/Oct/2025:14:33:08 +0700] "GET /98cc8d55-e35a-49de-90ed-9b4775ab33e1.webp HTTP/1.1" 304 0 "-" "Googlebot-Image/1.0"
114.10.29.185 - - [31/Oct/2025:14:33:09 +0700] "GET /logo-pintutogel.webp HTTP/1.1" 200 16706 "https://dayakbaru.com/" "Mozilla/5.0 (Linux; Android 10; K) AppleWebKit/537.36 (KHTML, like Gecko) Chrome/141.0.0.0 Mobile Safari/537.36"
114.10.29.185 - - [31/Oct/2025:14:33:09 +0700] "GET /apkpintu.webp HTTP/1.1" 200 41540 "https://dayakbaru.com/" "Mozilla/5.0 (Linux; Android 10; K) AppleWebKit/537.36 (KHTML, like Gecko) Chrome/141.0.0.0 Mobile Safari/537.36"
114.10.29.185 - - [31/Oct/2025:14:33:09 +0700] "GET /bonus-terbesar.jpg HTTP/1.1" 200 341794 "https://dayakbaru.com/" "Mozilla/5.0 (Linux; Android 10; K) AppleWebKit/537.36 (KHTML, like Gecko) Chrome/141.0.0.0 Mobile Safari/537.36"
66.249.65.67 - - [31/Oct/2025:14:33:16 +0700] "GET /logo-pintutogel.webp HTTP/1.1" 304 0 "-" "Googlebot-Image/1.0"
66.249.65.66 - - [31/Oct/2025:14:33:16 +0700] "GET /apkpintu.webp HTTP/1.1" 304 0 "-" "Googlebot-Image/1.0"
66.249.65.66 - - [31/Oct/2025:14:34:02 +0700] "GET / HTTP/1.1" 200 6294 "-" "Mozilla/5.0 (Linux; Android 6.0.1; Nexus 5X Build/MMB29P) AppleWebKit/537.36 (KHTML, like Gecko) Chrome/141.0.7390.122 Mobile Safari/537.36 (compatible; Googlebot/2.1; +http://www.google.com/bot.html)"
66.249.65.67 - - [31/Oct/2025:14:34:03 +0700] "GET /bonus-terbesar.jpg HTTP/1.1" 304 0 "-" "Googlebot-Image/1.0"
66.249.65.67 - - [31/Oct/2025:14:34:03 +0700] "GET /98cc8d55-e35a-49de-90ed-9b4775ab33e1.webp HTTP/1.1" 304 0 "-" "Googlebot-Image/1.0"
66.249.65.68 - - [31/Oct/2025:14:34:04 +0700] "GET /logo-pintutogel.webp HTTP/1.1" 304 0 "-" "Googlebot-Image/1.0"
66.249.65.66 - - [31/Oct/2025:14:34:04 +0700] "GET /apkpintu.webp HTTP/1.1" 304 0 "-" "Googlebot-Image/1.0"
66.249.65.66 - - [31/Oct/2025:14:35:03 +0700] "GET / HTTP/1.1" 200 6294 "-" "Mozilla/5.0 (Linux; Android 6.0.1; Nexus 5X Build/MMB29P) AppleWebKit/537.36 (KHTML, like Gecko) Chrome/141.0.7390.122 Mobile Safari/537.36 (compatible; Googlebot/2.1; +http://www.google.com/bot.html)"
66.249.65.66 - - [31/Oct/2025:14:35:03 +0700] "GET /bonus-terbesar.jpg HTTP/1.1" 304 0 "-" "Googlebot-Image/1.0"
66.249.65.66 - - [31/Oct/2025:14:35:03 +0700] "GET /98cc8d55-e35a-49de-90ed-9b4775ab33e1.webp HTTP/1.1" 304 0 "-" "Googlebot-Image/1.0"
66.249.65.68 - - [31/Oct/2025:14:35:03 +0700] "GET /logo-pintutogel.webp HTTP/1.1" 304 0 "-" "Googlebot-Image/1.0"
66.249.65.67 - - [31/Oct/2025:14:35:03 +0700] "GET /apkpintu.webp HTTP/1.1" 304 0 "-" "Googlebot-Image/1.0"
66.249.90.99 - - [31/Oct/2025:14:35:48 +0700] "GET / HTTP/1.1" 200 6294 "-" "FeedFetcher-Google; (+http://www.google.com/feedfetcher.html)"
66.249.65.67 - - [31/Oct/2025:14:36:06 +0700] "GET / HTTP/1.1" 200 6294 "-" "Mozilla/5.0 (Linux; Android 6.0.1; Nexus 5X Build/MMB29P) AppleWebKit/537.36 (KHTML, like Gecko) Chrome/141.0.7390.122 Mobile Safari/537.36 (compatible; Googlebot/2.1; +http://www.google.com/bot.html)"
66.249.65.68 - - [31/Oct/2025:14:36:07 +0700] "GET /98cc8d55-e35a-49de-90ed-9b4775ab33e1.webp HTTP/1.1" 304 0 "-" "Googlebot-Image/1.0"
66.249.65.66 - - [31/Oct/2025:14:36:09 +0700] "GET /apkpintu.webp HTTP/1.1" 304 0 "-" "Googlebot-Image/1.0"
66.249.65.66 - - [31/Oct/2025:14:36:09 +0700] "GET /logo-pintutogel.webp HTTP/1.1" 304 0 "-" "Googlebot-Image/1.0"
66.249.65.66 - - [31/Oct/2025:14:36:09 +0700] "GET /bonus-terbesar.jpg HTTP/1.1" 304 0 "-" "Googlebot-Image/1.0"
66.249.65.66 - - [31/Oct/2025:14:36:21 +0700] "GET / HTTP/1.1" 200 6294 "-" "Mozilla/5.0 (Linux; Android 6.0.1; Nexus 5X Build/MMB29P) AppleWebKit/537.36 (KHTML, like Gecko) Chrome/141.0.7390.122 Mobile Safari/537.36 (compatible; Googlebot/2.1; +http://www.google.com/bot.html)"
66.249.93.98 - - [31/Oct/2025:14:36:28 +0700] "HEAD / HTTP/1.1" 200 0 "-" "FeedBurner/1.0 (http://www.FeedBurner.com)"
66.249.93.99 - - [31/Oct/2025:14:36:28 +0700] "GET / HTTP/1.1" 200 6294 "-" "FeedBurner/1.0 (http://www.FeedBurner.com)"
66.249.90.98 - - [31/Oct/2025:14:36:35 +0700] "GET / HTTP/1.1" 200 6294 "-" "FeedFetcher-Google; (+http://www.google.com/feedfetcher.html)"
66.249.65.66 - - [31/Oct/2025:14:36:55 +0700] "GET /bonus-terbesar.jpg HTTP/1.1" 304 0 "-" "Googlebot-Image/1.0"
66.249.65.66 - - [31/Oct/2025:14:36:56 +0700] "GET /98cc8d55-e35a-49de-90ed-9b4775ab33e1.webp HTTP/1.1" 304 0 "-" "Googlebot-Image/1.0"
66.249.65.66 - - [31/Oct/2025:14:36:56 +0700] "GET /logo-pintutogel.webp HTTP/1.1" 304 0 "-" "Googlebot-Image/1.0"
66.249.65.66 - - [31/Oct/2025:14:36:56 +0700] "GET /apkpintu.webp HTTP/1.1" 304 0 "-" "Googlebot-Image/1.0"
66.249.65.66 - - [31/Oct/2025:14:37:15 +0700] "GET / HTTP/1.1" 200 6294 "-" "Mozilla/5.0 (Linux; Android 6.0.1; Nexus 5X Build/MMB29P) AppleWebKit/537.36 (KHTML, like Gecko) Chrome/141.0.7390.122 Mobile Safari/537.36 (compatible; Googlebot/2.1; +http://www.google.com/bot.html)"
66.249.65.66 - - [31/Oct/2025:14:37:53 +0700] "GET /bonus-terbesar.jpg HTTP/1.1" 304 0 "-" "Googlebot-Image/1.0"
66.249.65.67 - - [31/Oct/2025:14:37:53 +0700] "GET /98cc8d55-e35a-49de-90ed-9b4775ab33e1.webp HTTP/1.1" 304 0 "-" "Googlebot-Image/1.0"
66.249.65.67 - - [31/Oct/2025:14:37:53 +0700] "GET /apkpintu.webp HTTP/1.1" 304 0 "-" "Googlebot-Image/1.0"
66.249.65.67 - - [31/Oct/2025:14:37:53 +0700] "GET /logo-pintutogel.webp HTTP/1.1" 304 0 "-" "Googlebot-Image/1.0"
66.249.65.68 - - [31/Oct/2025:14:38:01 +0700] "GET / HTTP/1.1" 200 6294 "-" "Mozilla/5.0 (Linux; Android 6.0.1; Nexus 5X Build/MMB29P) AppleWebKit/537.36 (KHTML, like Gecko) Chrome/141.0.7390.122 Mobile Safari/537.36 (compatible; Googlebot/2.1; +http://www.google.com/bot.html)"
103.156.86.97 - - [31/Oct/2025:14:38:08 +0700] "GET / HTTP/1.1" 200 6294 "https://www.google.com/" "Mozilla/5.0 (Linux; Android 10; K) AppleWebKit/537.36 (KHTML, like Gecko) Chrome/138.0.0.0 Mobile Safari/537.36"
103.156.86.97 - - [31/Oct/2025:14:38:09 +0700] "GET /98cc8d55-e35a-49de-90ed-9b4775ab33e1.webp HTTP/1.1" 200 53598 "https://dayakbaru.com/" "Mozilla/5.0 (Linux; Android 10; K) AppleWebKit/537.36 (KHTML, like Gecko) Chrome/138.0.0.0 Mobile Safari/537.36"
103.156.86.97 - - [31/Oct/2025:14:38:09 +0700] "GET /logo-pintutogel.webp HTTP/1.1" 200 16706 "https://dayakbaru.com/" "Mozilla/5.0 (Linux; Android 10; K) AppleWebKit/537.36 (KHTML, like Gecko) Chrome/138.0.0.0 Mobile Safari/537.36"
103.156.86.97 - - [31/Oct/2025:14:38:09 +0700] "GET /apkpintu.webp HTTP/1.1" 200 41540 "https://dayakbaru.com/" "Mozilla/5.0 (Linux; Android 10; K) AppleWebKit/537.36 (KHTML, like Gecko) Chrome/138.0.0.0 Mobile Safari/537.36"
103.156.86.97 - - [31/Oct/2025:14:38:10 +0700] "GET /bonus-terbesar.jpg HTTP/1.1" 200 341794 "https://dayakbaru.com/" "Mozilla/5.0 (Linux; Android 10; K) AppleWebKit/537.36 (KHTML, like Gecko) Chrome/138.0.0.0 Mobile Safari/537.36"
114.119.157.84 - - [31/Oct/2025:14:38:59 +0700] "GET /2022/12 HTTP/1.1" 302 206 "https://dayakbaru.com/category/uncategorized/page/92/" "Mozilla/5.0 (Linux; Android 7.0;) AppleWebKit/537.36 (KHTML, like Gecko) Mobile Safari/537.36 (compatible; PetalBot;+https://webmaster.petalsearch.com/site/petalbot)"
114.119.157.84 - - [31/Oct/2025:14:39:00 +0700] "GET / HTTP/1.1" 200 7028 "https://dayakbaru.com/category/uncategorized/page/92/" "Mozilla/5.0 (Linux; Android 7.0;) AppleWebKit/537.36 (KHTML, like Gecko) Mobile Safari/537.36 (compatible; PetalBot;+https://webmaster.petalsearch.com/site/petalbot)"
66.249.65.67 - - [31/Oct/2025:14:39:00 +0700] "GET / HTTP/1.1" 200 6294 "-" "Mozilla/5.0 (Linux; Android 6.0.1; Nexus 5X Build/MMB29P) AppleWebKit/537.36 (KHTML, like Gecko) Chrome/141.0.7390.122 Mobile Safari/537.36 (compatible; Googlebot/2.1; +http://www.google.com/bot.html)"
66.249.65.67 - - [31/Oct/2025:14:39:00 +0700] "GET /bonus-terbesar.jpg HTTP/1.1" 304 0 "-" "Googlebot-Image/1.0"
66.249.65.66 - - [31/Oct/2025:14:39:00 +0700] "GET /98cc8d55-e35a-49de-90ed-9b4775ab33e1.webp HTTP/1.1" 304 0 "-" "Googlebot-Image/1.0"
66.249.65.67 - - [31/Oct/2025:14:39:00 +0700] "GET /apkpintu.webp HTTP/1.1" 304 0 "-" "Googlebot-Image/1.0"
66.249.65.68 - - [31/Oct/2025:14:39:00 +0700] "GET /logo-pintutogel.webp HTTP/1.1" 304 0 "-" "Googlebot-Image/1.0"
66.249.65.66 - - [31/Oct/2025:14:39:57 +0700] "GET / HTTP/1.1" 200 6294 "-" "Mozilla/5.0 (Linux; Android 6.0.1; Nexus 5X Build/MMB29P) AppleWebKit/537.36 (KHTML, like Gecko) Chrome/141.0.7390.122 Mobile Safari/537.36 (compatible; Googlebot/2.1; +http://www.google.com/bot.html)"
66.249.65.67 - - [31/Oct/2025:14:39:57 +0700] "GET /bonus-terbesar.jpg HTTP/1.1" 304 0 "-" "Googlebot-Image/1.0"
66.249.65.66 - - [31/Oct/2025:14:39:57 +0700] "GET /98cc8d55-e35a-49de-90ed-9b4775ab33e1.webp HTTP/1.1" 304 0 "-" "Googlebot-Image/1.0"
66.249.65.66 - - [31/Oct/2025:14:39:57 +0700] "GET /apkpintu.webp HTTP/1.1" 304 0 "-" "Googlebot-Image/1.0"
66.249.65.67 - - [31/Oct/2025:14:39:58 +0700] "GET /logo-pintutogel.webp HTTP/1.1" 304 0 "-" "Googlebot-Image/1.0"
66.249.65.66 - - [31/Oct/2025:14:40:56 +0700] "GET / HTTP/1.1" 200 6294 "-" "Mozilla/5.0 (Linux; Android 6.0.1; Nexus 5X Build/MMB29P) AppleWebKit/537.36 (KHTML, like Gecko) Chrome/141.0.7390.122 Mobile Safari/537.36 (compatible; Googlebot/2.1; +http://www.google.com/bot.html)"
66.249.65.66 - - [31/Oct/2025:14:40:56 +0700] "GET /bonus-terbesar.jpg HTTP/1.1" 304 0 "-" "Googlebot-Image/1.0"
66.249.65.66 - - [31/Oct/2025:14:40:56 +0700] "GET /98cc8d55-e35a-49de-90ed-9b4775ab33e1.webp HTTP/1.1" 304 0 "-" "Googlebot-Image/1.0"
66.249.65.66 - - [31/Oct/2025:14:40:57 +0700] "GET /apkpintu.webp HTTP/1.1" 304 0 "-" "Googlebot-Image/1.0"
66.249.65.66 - - [31/Oct/2025:14:40:57 +0700] "GET /logo-pintutogel.webp HTTP/1.1" 304 0 "-" "Googlebot-Image/1.0"
104.28.213.127 - - [31/Oct/2025:14:41:20 +0700] "GET / HTTP/1.1" 200 6294 "https://www.google.com/" "Mozilla/5.0 (Linux; Android 10; K) AppleWebKit/537.36 (KHTML, like Gecko) Chrome/141.0.0.0 Mobile Safari/537.36"
104.28.213.127 - - [31/Oct/2025:14:41:21 +0700] "GET /98cc8d55-e35a-49de-90ed-9b4775ab33e1.webp HTTP/1.1" 200 53598 "https://dayakbaru.com/" "Mozilla/5.0 (Linux; Android 10; K) AppleWebKit/537.36 (KHTML, like Gecko) Chrome/141.0.0.0 Mobile Safari/537.36"
104.28.213.127 - - [31/Oct/2025:14:41:21 +0700] "GET /apkpintu.webp HTTP/1.1" 200 41540 "https://dayakbaru.com/" "Mozilla/5.0 (Linux; Android 10; K) AppleWebKit/537.36 (KHTML, like Gecko) Chrome/141.0.0.0 Mobile Safari/537.36"
104.28.213.127 - - [31/Oct/2025:14:41:21 +0700] "GET /logo-pintutogel.webp HTTP/1.1" 200 16706 "https://dayakbaru.com/" "Mozilla/5.0 (Linux; Android 10; K) AppleWebKit/537.36 (KHTML, like Gecko) Chrome/141.0.0.0 Mobile Safari/537.36"
104.28.213.127 - - [31/Oct/2025:14:41:47 +0700] "GET /bonus-terbesar.jpg HTTP/1.1" 200 341794 "https://dayakbaru.com/" "Mozilla/5.0 (Linux; Android 10; K) AppleWebKit/537.36 (KHTML, like Gecko) Chrome/141.0.0.0 Mobile Safari/537.36"
66.249.65.67 - - [31/Oct/2025:14:43:08 +0700] "GET / HTTP/1.1" 200 6294 "-" "Mozilla/5.0 (Linux; Android 6.0.1; Nexus 5X Build/MMB29P) AppleWebKit/537.36 (KHTML, like Gecko) Chrome/141.0.7390.122 Mobile Safari/537.36 (compatible; Googlebot/2.1; +http://www.google.com/bot.html)"
66.249.65.68 - - [31/Oct/2025:14:43:08 +0700] "GET /98cc8d55-e35a-49de-90ed-9b4775ab33e1.webp HTTP/1.1" 304 0 "-" "Googlebot-Image/1.0"
66.249.65.67 - - [31/Oct/2025:14:43:08 +0700] "GET /bonus-terbesar.jpg HTTP/1.1" 304 0 "-" "Googlebot-Image/1.0"
66.249.65.66 - - [31/Oct/2025:14:43:09 +0700] "GET /logo-pintutogel.webp HTTP/1.1" 304 0 "-" "Googlebot-Image/1.0"
66.249.65.68 - - [31/Oct/2025:14:43:09 +0700] "GET /apkpintu.webp HTTP/1.1" 304 0 "-" "Googlebot-Image/1.0"
154.26.212.222 - - [31/Oct/2025:14:44:11 +0700] "GET /static/images/nopic.png HTTP/1.1" 302 206 "-" "Mozilla/5.0 (Windows NT 10.0; WOW64; rv:48.0) Gecko/20100101 Firefox/48.0"
154.26.212.222 - - [31/Oct/2025:14:44:12 +0700] "GET / HTTP/1.1" 200 7028 "-" "Mozilla/5.0 (Windows NT 10.0; WOW64; rv:48.0) Gecko/20100101 Firefox/48.0"
66.249.65.68 - - [31/Oct/2025:14:44:16 +0700] "GET / HTTP/1.1" 200 6294 "-" "Mozilla/5.0 (Linux; Android 6.0.1; Nexus 5X Build/MMB29P) AppleWebKit/537.36 (KHTML, like Gecko) Chrome/141.0.7390.122 Mobile Safari/537.36 (compatible; Googlebot/2.1; +http://www.google.com/bot.html)"
66.249.65.66 - - [31/Oct/2025:14:44:16 +0700] "GET /bonus-terbesar.jpg HTTP/1.1" 304 0 "-" "Googlebot-Image/1.0"
66.249.65.67 - - [31/Oct/2025:14:44:16 +0700] "GET /98cc8d55-e35a-49de-90ed-9b4775ab33e1.webp HTTP/1.1" 304 0 "-" "Googlebot-Image/1.0"
66.249.65.68 - - [31/Oct/2025:14:44:17 +0700] "GET /logo-pintutogel.webp HTTP/1.1" 304 0 "-" "Googlebot-Image/1.0"
66.249.65.66 - - [31/Oct/2025:14:44:17 +0700] "GET /apkpintu.webp HTTP/1.1" 304 0 "-" "Googlebot-Image/1.0"
203.83.37.28 - - [31/Oct/2025:14:44:22 +0700] "GET / HTTP/1.1" 200 6294 "https://www.google.com/" "Mozilla/5.0 (Linux; Android 10; K) AppleWebKit/537.36 (KHTML, like Gecko) Chrome/138.0.0.0 Mobile Safari/537.36"
203.83.37.28 - - [31/Oct/2025:14:44:22 +0700] "GET /98cc8d55-e35a-49de-90ed-9b4775ab33e1.webp HTTP/1.1" 200 53598 "https://dayakbaru.com/" "Mozilla/5.0 (Linux; Android 10; K) AppleWebKit/537.36 (KHTML, like Gecko) Chrome/138.0.0.0 Mobile Safari/537.36"
203.83.37.28 - - [31/Oct/2025:14:44:22 +0700] "GET /apkpintu.webp HTTP/1.1" 200 41540 "https://dayakbaru.com/" "Mozilla/5.0 (Linux; Android 10; K) AppleWebKit/537.36 (KHTML, like Gecko) Chrome/138.0.0.0 Mobile Safari/537.36"
203.83.37.28 - - [31/Oct/2025:14:44:23 +0700] "GET /bonus-terbesar.jpg HTTP/1.1" 200 341794 "https://dayakbaru.com/" "Mozilla/5.0 (Linux; Android 10; K) AppleWebKit/537.36 (KHTML, like Gecko) Chrome/138.0.0.0 Mobile Safari/537.36"
66.249.65.66 - - [31/Oct/2025:14:44:39 +0700] "GET / HTTP/1.1" 200 6294 "-" "Mozilla/5.0 (Linux; Android 6.0.1; Nexus 5X Build/MMB29P) AppleWebKit/537.36 (KHTML, like Gecko) Chrome/141.0.7390.122 Mobile Safari/537.36 (compatible; Googlebot/2.1; +http://www.google.com/bot.html)"
66.249.65.66 - - [31/Oct/2025:14:46:00 +0700] "GET / HTTP/1.1" 200 6294 "-" "Mozilla/5.0 (Linux; Android 6.0.1; Nexus 5X Build/MMB29P) AppleWebKit/537.36 (KHTML, like Gecko) Chrome/141.0.7390.122 Mobile Safari/537.36 (compatible; Googlebot/2.1; +http://www.google.com/bot.html)"
66.249.65.66 - - [31/Oct/2025:14:46:08 +0700] "GET /bonus-terbesar.jpg HTTP/1.1" 304 0 "-" "Googlebot-Image/1.0"
66.249.65.66 - - [31/Oct/2025:14:46:08 +0700] "GET /98cc8d55-e35a-49de-90ed-9b4775ab33e1.webp HTTP/1.1" 304 0 "-" "Googlebot-Image/1.0"
66.249.65.67 - - [31/Oct/2025:14:46:09 +0700] "GET /logo-pintutogel.webp HTTP/1.1" 304 0 "-" "Googlebot-Image/1.0"
66.249.65.66 - - [31/Oct/2025:14:46:09 +0700] "GET /apkpintu.webp HTTP/1.1" 304 0 "-" "Googlebot-Image/1.0"
103.147.237.246 - - [31/Oct/2025:14:46:32 +0700] "GET / HTTP/1.1" 200 6294 "https://www.google.com/" "Mozilla/5.0 (Linux; Android 10; K) AppleWebKit/537.36 (KHTML, like Gecko) Chrome/139.0.0.0 Mobile Safari/537.36"
103.147.237.246 - - [31/Oct/2025:14:46:32 +0700] "GET /98cc8d55-e35a-49de-90ed-9b4775ab33e1.webp HTTP/1.1" 200 53598 "https://dayakbaru.com/" "Mozilla/5.0 (Linux; Android 10; K) AppleWebKit/537.36 (KHTML, like Gecko) Chrome/139.0.0.0 Mobile Safari/537.36"
103.147.237.246 - - [31/Oct/2025:14:46:32 +0700] "GET /logo-pintutogel.webp HTTP/1.1" 200 16706 "https://dayakbaru.com/" "Mozilla/5.0 (Linux; Android 10; K) AppleWebKit/537.36 (KHTML, like Gecko) Chrome/139.0.0.0 Mobile Safari/537.36"
103.147.237.246 - - [31/Oct/2025:14:46:32 +0700] "GET /apkpintu.webp HTTP/1.1" 200 41540 "https://dayakbaru.com/" "Mozilla/5.0 (Linux; Android 10; K) AppleWebKit/537.36 (KHTML, like Gecko) Chrome/139.0.0.0 Mobile Safari/537.36"
103.147.237.246 - - [31/Oct/2025:14:46:33 +0700] "GET /bonus-terbesar.jpg HTTP/1.1" 200 341794 "https://dayakbaru.com/" "Mozilla/5.0 (Linux; Android 10; K) AppleWebKit/537.36 (KHTML, like Gecko) Chrome/139.0.0.0 Mobile Safari/537.36"
66.249.65.66 - - [31/Oct/2025:14:46:46 +0700] "GET / HTTP/1.1" 200 6294 "-" "Mozilla/5.0 (Linux; Android 6.0.1; Nexus 5X Build/MMB29P) AppleWebKit/537.36 (KHTML, like Gecko) Chrome/141.0.7390.122 Mobile Safari/537.36 (compatible; Googlebot/2.1; +http://www.google.com/bot.html)"
66.249.65.66 - - [31/Oct/2025:14:46:59 +0700] "GET / HTTP/1.1" 200 6294 "-" "Mozilla/5.0 (Linux; Android 6.0.1; Nexus 5X Build/MMB29P) AppleWebKit/537.36 (KHTML, like Gecko) Chrome/141.0.7390.122 Mobile Safari/537.36 (compatible; Googlebot/2.1; +http://www.google.com/bot.html)"
66.249.65.66 - - [31/Oct/2025:14:46:59 +0700] "GET /bonus-terbesar.jpg HTTP/1.1" 304 0 "-" "Googlebot-Image/1.0"
66.249.65.66 - - [31/Oct/2025:14:46:59 +0700] "GET /98cc8d55-e35a-49de-90ed-9b4775ab33e1.webp HTTP/1.1" 304 0 "-" "Googlebot-Image/1.0"
66.249.65.66 - - [31/Oct/2025:14:47:00 +0700] "GET /logo-pintutogel.webp HTTP/1.1" 304 0 "-" "Googlebot-Image/1.0"
66.249.65.66 - - [31/Oct/2025:14:47:00 +0700] "GET /apkpintu.webp HTTP/1.1" 304 0 "-" "Googlebot-Image/1.0"
173.252.83.9 - - [31/Oct/2025:14:47:52 +0700] "GET /robots.txt HTTP/1.1" 206 23 "-" "facebookexternalhit/1.1 (+http://www.facebook.com/externalhit_uatext.php)"
173.252.83.9 - - [31/Oct/2025:14:47:52 +0700] "GET / HTTP/1.1" 200 41946 "-" "facebookexternalhit/1.1 (+http://www.facebook.com/externalhit_uatext.php)"
66.249.65.66 - - [31/Oct/2025:14:48:04 +0700] "GET / HTTP/1.1" 200 6294 "-" "Mozilla/5.0 (Linux; Android 6.0.1; Nexus 5X Build/MMB29P) AppleWebKit/537.36 (KHTML, like Gecko) Chrome/141.0.7390.122 Mobile Safari/537.36 (compatible; Googlebot/2.1; +http://www.google.com/bot.html)"
66.249.65.68 - - [31/Oct/2025:14:48:04 +0700] "GET /bonus-terbesar.jpg HTTP/1.1" 304 0 "-" "Googlebot-Image/1.0"
66.249.65.67 - - [31/Oct/2025:14:48:05 +0700] "GET /98cc8d55-e35a-49de-90ed-9b4775ab33e1.webp HTTP/1.1" 304 0 "-" "Googlebot-Image/1.0"
66.249.65.66 - - [31/Oct/2025:14:48:05 +0700] "GET /apkpintu.webp HTTP/1.1" 304 0 "-" "Googlebot-Image/1.0"
66.249.65.68 - - [31/Oct/2025:14:48:05 +0700] "GET /logo-pintutogel.webp HTTP/1.1" 304 0 "-" "Googlebot-Image/1.0"
114.10.103.239 - - [31/Oct/2025:14:48:11 +0700] "GET /bonus-terbesar.jpg?_gl=1*bt4fju*_ga*YU9qd2sxQzFrbUJUaURIU216d1pZSUxrV1Z0OWlHVDR6QV82MXZiRHFOVXNpeGtfV1gyeFJIcl9ma0hnQnF0eA.. HTTP/1.1" 200 341794 "-" "Mozilla/5.0 (Linux; Android 10; K) AppleWebKit/537.36 (KHTML, like Gecko) Chrome/141.0.0.0 Mobile Safari/537.36"
114.10.103.239 - - [31/Oct/2025:14:48:12 +0700] "GET /favicon.ico HTTP/1.1" 302 206 "https://dayakbaru.com/bonus-terbesar.jpg?_gl=1*bt4fju*_ga*YU9qd2sxQzFrbUJUaURIU216d1pZSUxrV1Z0OWlHVDR6QV82MXZiRHFOVXNpeGtfV1gyeFJIcl9ma0hnQnF0eA.." "Mozilla/5.0 (Linux; Android 10; K) AppleWebKit/537.36 (KHTML, like Gecko) Chrome/141.0.0.0 Mobile Safari/537.36"
114.10.103.239 - - [31/Oct/2025:14:48:12 +0700] "GET / HTTP/1.1" 200 6294 "https://dayakbaru.com/bonus-terbesar.jpg?_gl=1*bt4fju*_ga*YU9qd2sxQzFrbUJUaURIU216d1pZSUxrV1Z0OWlHVDR6QV82MXZiRHFOVXNpeGtfV1gyeFJIcl9ma0hnQnF0eA.." "Mozilla/5.0 (Linux; Android 10; K) AppleWebKit/537.36 (KHTML, like Gecko) Chrome/141.0.0.0 Mobile Safari/537.36"
114.10.103.239 - - [31/Oct/2025:14:48:40 +0700] "GET /?_gl=1*bt4fju*_ga*YU9qd2sxQzFrbUJUaURIU216d1pZSUxrV1Z0OWlHVDR6QV82MXZiRHFOVXNpeGtfV1gyeFJIcl9ma0hnQnF0eA.. HTTP/1.1" 200 6294 "https://dayakbaru-com.cdn.ampproject.org/v/s/dayakbaru.com/?amp_js_v=0.1&usqp=mq331AQIUAKwASCAAgM%3D" "Mozilla/5.0 (Linux; Android 10; K) AppleWebKit/537.36 (KHTML, like Gecko) Chrome/141.0.0.0 Mobile Safari/537.36"
114.10.103.239 - - [31/Oct/2025:14:48:41 +0700] "GET /98cc8d55-e35a-49de-90ed-9b4775ab33e1.webp HTTP/1.1" 200 53598 "https://dayakbaru.com/?_gl=1*bt4fju*_ga*YU9qd2sxQzFrbUJUaURIU216d1pZSUxrV1Z0OWlHVDR6QV82MXZiRHFOVXNpeGtfV1gyeFJIcl9ma0hnQnF0eA.." "Mozilla/5.0 (Linux; Android 10; K) AppleWebKit/537.36 (KHTML, like Gecko) Chrome/141.0.0.0 Mobile Safari/537.36"
114.10.103.239 - - [31/Oct/2025:14:48:41 +0700] "GET /logo-pintutogel.webp HTTP/1.1" 200 16706 "https://dayakbaru.com/?_gl=1*bt4fju*_ga*YU9qd2sxQzFrbUJUaURIU216d1pZSUxrV1Z0OWlHVDR6QV82MXZiRHFOVXNpeGtfV1gyeFJIcl9ma0hnQnF0eA.." "Mozilla/5.0 (Linux; Android 10; K) AppleWebKit/537.36 (KHTML, like Gecko) Chrome/141.0.0.0 Mobile Safari/537.36"
114.10.103.239 - - [31/Oct/2025:14:48:42 +0700] "GET /apkpintu.webp HTTP/1.1" 200 41540 "https://dayakbaru.com/?_gl=1*bt4fju*_ga*YU9qd2sxQzFrbUJUaURIU216d1pZSUxrV1Z0OWlHVDR6QV82MXZiRHFOVXNpeGtfV1gyeFJIcl9ma0hnQnF0eA.." "Mozilla/5.0 (Linux; Android 10; K) AppleWebKit/537.36 (KHTML, like Gecko) Chrome/141.0.0.0 Mobile Safari/537.36"
114.10.103.239 - - [31/Oct/2025:14:48:42 +0700] "GET /bonus-terbesar.jpg HTTP/1.1" 200 341794 "https://dayakbaru.com/?_gl=1*bt4fju*_ga*YU9qd2sxQzFrbUJUaURIU216d1pZSUxrV1Z0OWlHVDR6QV82MXZiRHFOVXNpeGtfV1gyeFJIcl9ma0hnQnF0eA.." "Mozilla/5.0 (Linux; Android 10; K) AppleWebKit/537.36 (KHTML, like Gecko) Chrome/141.0.0.0 Mobile Safari/537.36"
66.249.93.99 - - [31/Oct/2025:14:49:36 +0700] "HEAD / HTTP/1.1" 200 0 "-" "FeedBurner/1.0 (http://www.FeedBurner.com)"
66.249.93.96 - - [31/Oct/2025:14:49:36 +0700] "GET / HTTP/1.1" 200 6294 "-" "FeedBurner/1.0 (http://www.FeedBurner.com)"
66.249.65.68 - - [31/Oct/2025:14:50:11 +0700] "GET / HTTP/1.1" 200 6294 "-" "Mozilla/5.0 (Linux; Android 6.0.1; Nexus 5X Build/MMB29P) AppleWebKit/537.36 (KHTML, like Gecko) Chrome/141.0.7390.122 Mobile Safari/537.36 (compatible; Googlebot/2.1; +http://www.google.com/bot.html)"
66.249.65.66 - - [31/Oct/2025:14:50:11 +0700] "GET /bonus-terbesar.jpg HTTP/1.1" 304 0 "-" "Googlebot-Image/1.0"
66.249.65.68 - - [31/Oct/2025:14:50:12 +0700] "GET /98cc8d55-e35a-49de-90ed-9b4775ab33e1.webp HTTP/1.1" 304 0 "-" "Googlebot-Image/1.0"
66.249.65.67 - - [31/Oct/2025:14:50:12 +0700] "GET /logo-pintutogel.webp HTTP/1.1" 304 0 "-" "Googlebot-Image/1.0"
66.249.65.66 - - [31/Oct/2025:14:50:12 +0700] "GET /apkpintu.webp HTTP/1.1" 304 0 "-" "Googlebot-Image/1.0"
66.249.65.67 - - [31/Oct/2025:14:50:49 +0700] "GET / HTTP/1.1" 200 6294 "-" "Mozilla/5.0 (Linux; Android 6.0.1; Nexus 5X Build/MMB29P) AppleWebKit/537.36 (KHTML, like Gecko) Chrome/141.0.7390.122 Mobile Safari/537.36 (compatible; Googlebot/2.1; +http://www.google.com/bot.html)"
66.249.65.66 - - [31/Oct/2025:14:50:58 +0700] "GET /bonus-terbesar.jpg HTTP/1.1" 304 0 "-" "Googlebot-Image/1.0"
66.249.65.66 - - [31/Oct/2025:14:50:58 +0700] "GET /98cc8d55-e35a-49de-90ed-9b4775ab33e1.webp HTTP/1.1" 304 0 "-" "Googlebot-Image/1.0"
66.249.65.67 - - [31/Oct/2025:14:51:22 +0700] "GET /apkpintu.webp HTTP/1.1" 304 0 "-" "Googlebot-Image/1.0"
66.249.65.67 - - [31/Oct/2025:14:51:22 +0700] "GET /logo-pintutogel.webp HTTP/1.1" 304 0 "-" "Googlebot-Image/1.0"
192.0.114.104 - - [31/Oct/2025:14:51:24 +0700] "GET / HTTP/1.1" 200 7028 "https://dayakbaru.com/" "Automattic Feed Fetcher 1.0"
223.255.224.116 - - [31/Oct/2025:14:51:27 +0700] "GET /bonus-terbesar.jpg HTTP/1.1" 200 341794 "https://www.google.com/" "Mozilla/5.0 (Linux; Android 14; V2249 Build/UP1A.231005.007; wv) AppleWebKit/537.36 (KHTML, like Gecko) Version/4.0 Chrome/141.0.7390.122 Mobile Safari/537.36 GoogleApp/16.42.64.ve.arm64"
66.249.65.66 - - [31/Oct/2025:14:52:24 +0700] "GET / HTTP/1.1" 200 6294 "-" "Mozilla/5.0 (Linux; Android 6.0.1; Nexus 5X Build/MMB29P) AppleWebKit/537.36 (KHTML, like Gecko) Chrome/141.0.7390.122 Mobile Safari/537.36 (compatible; Googlebot/2.1; +http://www.google.com/bot.html)"
66.249.65.68 - - [31/Oct/2025:14:52:24 +0700] "GET /bonus-terbesar.jpg HTTP/1.1" 304 0 "-" "Googlebot-Image/1.0"
66.249.65.67 - - [31/Oct/2025:14:52:24 +0700] "GET /98cc8d55-e35a-49de-90ed-9b4775ab33e1.webp HTTP/1.1" 304 0 "-" "Googlebot-Image/1.0"
66.249.65.66 - - [31/Oct/2025:14:52:25 +0700] "GET /logo-pintutogel.webp HTTP/1.1" 304 0 "-" "Googlebot-Image/1.0"
66.249.65.66 - - [31/Oct/2025:14:52:25 +0700] "GET /apkpintu.webp HTTP/1.1" 304 0 "-" "Googlebot-Image/1.0"
66.249.65.68 - - [31/Oct/2025:14:53:13 +0700] "GET / HTTP/1.1" 200 6294 "-" "Mozilla/5.0 (Linux; Android 6.0.1; Nexus 5X Build/MMB29P) AppleWebKit/537.36 (KHTML, like Gecko) Chrome/141.0.7390.122 Mobile Safari/537.36 (compatible; Googlebot/2.1; +http://www.google.com/bot.html)"
66.249.65.68 - - [31/Oct/2025:14:53:13 +0700] "GET /bonus-terbesar.jpg HTTP/1.1" 304 0 "-" "Googlebot-Image/1.0"
66.249.65.66 - - [31/Oct/2025:14:53:13 +0700] "GET /98cc8d55-e35a-49de-90ed-9b4775ab33e1.webp HTTP/1.1" 304 0 "-" "Googlebot-Image/1.0"
66.249.65.68 - - [31/Oct/2025:14:53:14 +0700] "GET /apkpintu.webp HTTP/1.1" 304 0 "-" "Googlebot-Image/1.0"
66.249.65.68 - - [31/Oct/2025:14:53:14 +0700] "GET /logo-pintutogel.webp HTTP/1.1" 304 0 "-" "Googlebot-Image/1.0"
157.66.36.47 - - [31/Oct/2025:14:53:37 +0700] "GET / HTTP/1.1" 200 6294 "https://www.google.com/" "Mozilla/5.0 (Linux; Android 10; K) AppleWebKit/537.36 (KHTML, like Gecko) Chrome/141.0.0.0 Mobile Safari/537.36"
157.66.36.47 - - [31/Oct/2025:14:53:40 +0700] "GET /bonus-terbesar.jpg HTTP/1.1" 200 341794 "https://dayakbaru.com/" "Mozilla/5.0 (Linux; Android 10; K) AppleWebKit/537.36 (KHTML, like Gecko) Chrome/141.0.0.0 Mobile Safari/537.36"
66.249.65.67 - - [31/Oct/2025:14:53:58 +0700] "GET /98cc8d55-e35a-49de-90ed-9b4775ab33e1.webp HTTP/1.1" 304 0 "-" "Googlebot-Image/1.0"
66.249.65.66 - - [31/Oct/2025:14:54:04 +0700] "GET / HTTP/1.1" 200 6294 "-" "Mozilla/5.0 (Linux; Android 6.0.1; Nexus 5X Build/MMB29P) AppleWebKit/537.36 (KHTML, like Gecko) Chrome/141.0.7390.122 Mobile Safari/537.36 (compatible; Googlebot/2.1; +http://www.google.com/bot.html)"
66.249.65.67 - - [31/Oct/2025:14:54:05 +0700] "GET /bonus-terbesar.jpg HTTP/1.1" 304 0 "-" "Googlebot-Image/1.0"
66.249.65.68 - - [31/Oct/2025:14:54:05 +0700] "GET /apkpintu.webp HTTP/1.1" 304 0 "-" "Googlebot-Image/1.0"
66.249.65.67 - - [31/Oct/2025:14:54:05 +0700] "GET /logo-pintutogel.webp HTTP/1.1" 304 0 "-" "Googlebot-Image/1.0"
66.249.65.67 - - [31/Oct/2025:14:55:13 +0700] "GET / HTTP/1.1" 200 6294 "-" "Mozilla/5.0 (Linux; Android 6.0.1; Nexus 5X Build/MMB29P) AppleWebKit/537.36 (KHTML, like Gecko) Chrome/141.0.7390.122 Mobile Safari/537.36 (compatible; Googlebot/2.1; +http://www.google.com/bot.html)"
66.249.65.67 - - [31/Oct/2025:14:55:13 +0700] "GET /bonus-terbesar.jpg HTTP/1.1" 304 0 "-" "Googlebot-Image/1.0"
66.249.65.67 - - [31/Oct/2025:14:55:13 +0700] "GET /98cc8d55-e35a-49de-90ed-9b4775ab33e1.webp HTTP/1.1" 304 0 "-" "Googlebot-Image/1.0"
66.249.65.66 - - [31/Oct/2025:14:55:13 +0700] "GET /apkpintu.webp HTTP/1.1" 304 0 "-" "Googlebot-Image/1.0"
66.249.65.68 - - [31/Oct/2025:14:55:14 +0700] "GET /logo-pintutogel.webp HTTP/1.1" 304 0 "-" "Googlebot-Image/1.0"
103.18.35.126 - - [31/Oct/2025:14:55:23 +0700] "GET / HTTP/1.1" 200 6294 "https://www.google.com/" "Mozilla/5.0 (Linux; Android 11; CPH2269) AppleWebKit/537.36 (KHTML, like Gecko) Chrome/94.0.4606.85 Mobile Safari/537.36"
103.18.35.126 - - [31/Oct/2025:14:55:24 +0700] "GET /98cc8d55-e35a-49de-90ed-9b4775ab33e1.webp HTTP/1.1" 200 53598 "https://dayakbaru.com/" "Mozilla/5.0 (Linux; Android 11; CPH2269) AppleWebKit/537.36 (KHTML, like Gecko) Chrome/94.0.4606.85 Mobile Safari/537.36"
103.18.35.126 - - [31/Oct/2025:14:55:24 +0700] "GET /logo-pintutogel.webp HTTP/1.1" 200 16706 "https://dayakbaru.com/" "Mozilla/5.0 (Linux; Android 11; CPH2269) AppleWebKit/537.36 (KHTML, like Gecko) Chrome/94.0.4606.85 Mobile Safari/537.36"
103.18.35.126 - - [31/Oct/2025:14:55:24 +0700] "GET /apkpintu.webp HTTP/1.1" 200 41540 "https://dayakbaru.com/" "Mozilla/5.0 (Linux; Android 11; CPH2269) AppleWebKit/537.36 (KHTML, like Gecko) Chrome/94.0.4606.85 Mobile Safari/537.36"
103.18.35.126 - - [31/Oct/2025:14:55:25 +0700] "GET /bonus-terbesar.jpg HTTP/1.1" 200 341794 "https://dayakbaru.com/" "Mozilla/5.0 (Linux; Android 11; CPH2269) AppleWebKit/537.36 (KHTML, like Gecko) Chrome/94.0.4606.85 Mobile Safari/537.36"
66.249.65.66 - - [31/Oct/2025:14:55:49 +0700] "GET / HTTP/1.1" 200 6294 "-" "Mozilla/5.0 (Linux; Android 6.0.1; Nexus 5X Build/MMB29P) AppleWebKit/537.36 (KHTML, like Gecko) Chrome/141.0.7390.122 Mobile Safari/537.36 (compatible; Googlebot/2.1; +http://www.google.com/bot.html)"
196.251.66.105 - - [31/Oct/2025:14:56:44 +0700] "GET /about.php?key=EnigmaCyberSecurity HTTP/1.1" 404 47 "-" "Mozilla/5.0 (Linux; Android 7.0; SM-G892A Build/NRD90M; wv) AppleWebKit/537.36 (KHTML, Gecko) Version/4.0 Chrome/60.0.3112.107 Mobile Safari/537.36"
196.251.66.105 - - [31/Oct/2025:14:56:45 +0700] "GET /uploaded_script.php HTTP/1.1" 404 47 "-" "Mozilla/5.0 (Linux; Android 7.0; SM-G892A Build/NRD90M; wv) AppleWebKit/537.36 (KHTML, Gecko) Version/4.0 Chrome/60.0.3112.107 Mobile Safari/537.36"
182.3.46.159 - - [31/Oct/2025:14:56:45 +0700] "GET / HTTP/1.1" 200 6294 "https://www.google.com/" "Mozilla/5.0 (Linux; Android 10; K) AppleWebKit/537.36 (KHTML, like Gecko) Chrome/141.0.0.0 Mobile Safari/537.36"
182.3.46.159 - - [31/Oct/2025:14:56:46 +0700] "GET /98cc8d55-e35a-49de-90ed-9b4775ab33e1.webp HTTP/1.1" 200 53598 "https://dayakbaru.com/" "Mozilla/5.0 (Linux; Android 10; K) AppleWebKit/537.36 (KHTML, like Gecko) Chrome/141.0.0.0 Mobile Safari/537.36"
182.3.46.159 - - [31/Oct/2025:14:56:46 +0700] "GET /logo-pintutogel.webp HTTP/1.1" 200 16706 "https://dayakbaru.com/" "Mozilla/5.0 (Linux; Android 10; K) AppleWebKit/537.36 (KHTML, like Gecko) Chrome/141.0.0.0 Mobile Safari/537.36"
182.3.46.159 - - [31/Oct/2025:14:56:47 +0700] "GET /apkpintu.webp HTTP/1.1" 200 41540 "https://dayakbaru.com/" "Mozilla/5.0 (Linux; Android 10; K) AppleWebKit/537.36 (KHTML, like Gecko) Chrome/141.0.0.0 Mobile Safari/537.36"
196.251.66.105 - - [31/Oct/2025:14:56:48 +0700] "GET /inputs.php HTTP/1.1" 404 47 "-" "Mozilla/5.0 (Linux; Android 7.0; SM-G892A Build/NRD90M; wv) AppleWebKit/537.36 (KHTML, Gecko) Version/4.0 Chrome/60.0.3112.107 Mobile Safari/537.36"
182.3.46.159 - - [31/Oct/2025:14:56:48 +0700] "GET /bonus-terbesar.jpg HTTP/1.1" 200 341794 "https://dayakbaru.com/" "Mozilla/5.0 (Linux; Android 10; K) AppleWebKit/537.36 (KHTML, like Gecko) Chrome/141.0.0.0 Mobile Safari/537.36"
196.251.66.105 - - [31/Oct/2025:14:56:50 +0700] "GET /wp-content/index.php HTTP/1.1" 302 206 "-" "Mozilla/5.0 (Linux; Android 7.0; SM-G892A Build/NRD90M; wv) AppleWebKit/537.36 (KHTML, Gecko) Version/4.0 Chrome/60.0.3112.107 Mobile Safari/537.36"
196.251.66.105 - - [31/Oct/2025:14:56:51 +0700] "GET / HTTP/1.1" 200 7028 "-" "Mozilla/5.0 (Linux; Android 7.0; SM-G892A Build/NRD90M; wv) AppleWebKit/537.36 (KHTML, Gecko) Version/4.0 Chrome/60.0.3112.107 Mobile Safari/537.36"
196.251.66.105 - - [31/Oct/2025:14:56:53 +0700] "GET /wp-content/plugins/fix/up.php HTTP/1.1" 302 206 "-" "Mozilla/5.0 (Linux; Android 7.0; SM-G892A Build/NRD90M; wv) AppleWebKit/537.36 (KHTML, Gecko) Version/4.0 Chrome/60.0.3112.107 Mobile Safari/537.36"
196.251.66.105 - - [31/Oct/2025:14:56:55 +0700] "GET / HTTP/1.1" 200 7028 "-" "Mozilla/5.0 (Linux; Android 7.0; SM-G892A Build/NRD90M; wv) AppleWebKit/537.36 (KHTML, Gecko) Version/4.0 Chrome/60.0.3112.107 Mobile Safari/537.36"
196.251.66.105 - - [31/Oct/2025:14:56:58 +0700] "GET /autoload_classmap.php HTTP/1.1" 404 47 "-" "Mozilla/5.0 (Linux; Android 7.0; SM-G892A Build/NRD90M; wv) AppleWebKit/537.36 (KHTML, Gecko) Version/4.0 Chrome/60.0.3112.107 Mobile Safari/537.36"
196.251.66.105 - - [31/Oct/2025:14:57:08 +0700] "GET /wp-content/plugins/pwnd/pwnd.php HTTP/1.1" 302 206 "-" "Mozilla/5.0 (Linux; Android 7.0; SM-G892A Build/NRD90M; wv) AppleWebKit/537.36 (KHTML, Gecko) Version/4.0 Chrome/60.0.3112.107 Mobile Safari/537.36"
196.251.66.105 - - [31/Oct/2025:14:57:08 +0700] "GET / HTTP/1.1" 200 7028 "-" "Mozilla/5.0 (Linux; Android 7.0; SM-G892A Build/NRD90M; wv) AppleWebKit/537.36 (KHTML, Gecko) Version/4.0 Chrome/60.0.3112.107 Mobile Safari/537.36"
196.251.66.105 - - [31/Oct/2025:14:57:09 +0700] "GET /wp-content/plugins/pwnd-1/pwnd.php HTTP/1.1" 302 206 "-" "Mozilla/5.0 (Linux; Android 7.0; SM-G892A Build/NRD90M; wv) AppleWebKit/537.36 (KHTML, Gecko) Version/4.0 Chrome/60.0.3112.107 Mobile Safari/537.36"
196.251.66.105 - - [31/Oct/2025:14:57:10 +0700] "GET / HTTP/1.1" 200 7028 "-" "Mozilla/5.0 (Linux; Android 7.0; SM-G892A Build/NRD90M; wv) AppleWebKit/537.36 (KHTML, Gecko) Version/4.0 Chrome/60.0.3112.107 Mobile Safari/537.36"
196.251.66.105 - - [31/Oct/2025:14:57:12 +0700] "GET /wp-content/plugins/simple/simple.php HTTP/1.1" 302 206 "-" "Mozilla/5.0 (Linux; Android 7.0; SM-G892A Build/NRD90M; wv) AppleWebKit/537.36 (KHTML, Gecko) Version/4.0 Chrome/60.0.3112.107 Mobile Safari/537.36"
196.251.66.105 - - [31/Oct/2025:14:57:12 +0700] "GET / HTTP/1.1" 200 7028 "-" "Mozilla/5.0 (Linux; Android 7.0; SM-G892A Build/NRD90M; wv) AppleWebKit/537.36 (KHTML, Gecko) Version/4.0 Chrome/60.0.3112.107 Mobile Safari/537.36"
196.251.66.105 - - [31/Oct/2025:14:57:14 +0700] "GET /worksec.php HTTP/1.1" 404 47 "-" "Mozilla/5.0 (Linux; Android 7.0; SM-G892A Build/NRD90M; wv) AppleWebKit/537.36 (KHTML, Gecko) Version/4.0 Chrome/60.0.3112.107 Mobile Safari/537.36"
196.251.66.105 - - [31/Oct/2025:14:57:15 +0700] "GET /wp-content/worksec.php HTTP/1.1" 302 206 "-" "Mozilla/5.0 (Linux; Android 7.0; SM-G892A Build/NRD90M; wv) AppleWebKit/537.36 (KHTML, Gecko) Version/4.0 Chrome/60.0.3112.107 Mobile Safari/537.36"
196.251.66.105 - - [31/Oct/2025:14:57:15 +0700] "GET / HTTP/1.1" 200 7028 "-" "Mozilla/5.0 (Linux; Android 7.0; SM-G892A Build/NRD90M; wv) AppleWebKit/537.36 (KHTML, Gecko) Version/4.0 Chrome/60.0.3112.107 Mobile Safari/537.36"
196.251.66.105 - - [31/Oct/2025:14:57:15 +0700] "GET /wp-content/cache/index.php HTTP/1.1" 302 206 "-" "Mozilla/5.0 (Linux; Android 7.0; SM-G892A Build/NRD90M; wv) AppleWebKit/537.36 (KHTML, Gecko) Version/4.0 Chrome/60.0.3112.107 Mobile Safari/537.36"
196.251.66.105 - - [31/Oct/2025:14:57:15 +0700] "GET / HTTP/1.1" 200 7028 "-" "Mozilla/5.0 (Linux; Android 7.0; SM-G892A Build/NRD90M; wv) AppleWebKit/537.36 (KHTML, Gecko) Version/4.0 Chrome/60.0.3112.107 Mobile Safari/537.36"
196.251.66.105 - - [31/Oct/2025:14:57:21 +0700] "GET /wp-content/index.php HTTP/1.1" 302 206 "-" "Mozilla/5.0 (Linux; Android 7.0; SM-G892A Build/NRD90M; wv) AppleWebKit/537.36 (KHTML, Gecko) Version/4.0 Chrome/60.0.3112.107 Mobile Safari/537.36"
196.251.66.105 - - [31/Oct/2025:14:57:21 +0700] "GET / HTTP/1.1" 200 7028 "-" "Mozilla/5.0 (Linux; Android 7.0; SM-G892A Build/NRD90M; wv) AppleWebKit/537.36 (KHTML, Gecko) Version/4.0 Chrome/60.0.3112.107 Mobile Safari/537.36"
66.249.65.66 - - [31/Oct/2025:14:57:23 +0700] "GET / HTTP/1.1" 200 6294 "-" "Mozilla/5.0 (Linux; Android 6.0.1; Nexus 5X Build/MMB29P) AppleWebKit/537.36 (KHTML, like Gecko) Chrome/141.0.7390.122 Mobile Safari/537.36 (compatible; Googlebot/2.1; +http://www.google.com/bot.html)"
66.249.65.66 - - [31/Oct/2025:14:57:23 +0700] "GET /bonus-terbesar.jpg HTTP/1.1" 304 0 "-" "Googlebot-Image/1.0"
66.249.65.68 - - [31/Oct/2025:14:57:24 +0700] "GET /98cc8d55-e35a-49de-90ed-9b4775ab33e1.webp HTTP/1.1" 304 0 "-" "Googlebot-Image/1.0"
196.251.66.105 - - [31/Oct/2025:14:57:24 +0700] "GET /wp-content/languages/index.php HTTP/1.1" 302 206 "-" "Mozilla/5.0 (Linux; Android 7.0; SM-G892A Build/NRD90M; wv) AppleWebKit/537.36 (KHTML, Gecko) Version/4.0 Chrome/60.0.3112.107 Mobile Safari/537.36"
66.249.65.67 - - [31/Oct/2025:14:57:25 +0700] "GET /logo-pintutogel.webp HTTP/1.1" 304 0 "-" "Googlebot-Image/1.0"
66.249.65.68 - - [31/Oct/2025:14:57:25 +0700] "GET /apkpintu.webp HTTP/1.1" 304 0 "-" "Googlebot-Image/1.0"
196.251.66.105 - - [31/Oct/2025:14:57:26 +0700] "GET / HTTP/1.1" 200 7028 "-" "Mozilla/5.0 (Linux; Android 7.0; SM-G892A Build/NRD90M; wv) AppleWebKit/537.36 (KHTML, Gecko) Version/4.0 Chrome/60.0.3112.107 Mobile Safari/537.36"
196.251.66.105 - - [31/Oct/2025:14:57:28 +0700] "GET /wp-content/plugins/index.php HTTP/1.1" 302 206 "-" "Mozilla/5.0 (Linux; Android 7.0; SM-G892A Build/NRD90M; wv) AppleWebKit/537.36 (KHTML, Gecko) Version/4.0 Chrome/60.0.3112.107 Mobile Safari/537.36"
196.251.66.105 - - [31/Oct/2025:14:57:30 +0700] "GET / HTTP/1.1" 200 7028 "-" "Mozilla/5.0 (Linux; Android 7.0; SM-G892A Build/NRD90M; wv) AppleWebKit/537.36 (KHTML, Gecko) Version/4.0 Chrome/60.0.3112.107 Mobile Safari/537.36"
196.251.66.105 - - [31/Oct/2025:14:57:32 +0700] "GET /wp-content/themes/index.php HTTP/1.1" 302 206 "-" "Mozilla/5.0 (Linux; Android 7.0; SM-G892A Build/NRD90M; wv) AppleWebKit/537.36 (KHTML, Gecko) Version/4.0 Chrome/60.0.3112.107 Mobile Safari/537.36"
196.251.66.105 - - [31/Oct/2025:14:57:34 +0700] "GET / HTTP/1.1" 200 7028 "-" "Mozilla/5.0 (Linux; Android 7.0; SM-G892A Build/NRD90M; wv) AppleWebKit/537.36 (KHTML, Gecko) Version/4.0 Chrome/60.0.3112.107 Mobile Safari/537.36"
196.251.66.105 - - [31/Oct/2025:14:57:34 +0700] "GET /wp-content/upgrade/index.php HTTP/1.1" 302 206 "-" "Mozilla/5.0 (Linux; Android 7.0; SM-G892A Build/NRD90M; wv) AppleWebKit/537.36 (KHTML, Gecko) Version/4.0 Chrome/60.0.3112.107 Mobile Safari/537.36"
196.251.66.105 - - [31/Oct/2025:14:57:34 +0700] "GET / HTTP/1.1" 200 7028 "-" "Mozilla/5.0 (Linux; Android 7.0; SM-G892A Build/NRD90M; wv) AppleWebKit/537.36 (KHTML, Gecko) Version/4.0 Chrome/60.0.3112.107 Mobile Safari/537.36"
196.251.66.105 - - [31/Oct/2025:14:57:38 +0700] "GET /wp-content/uploads/index.php HTTP/1.1" 302 206 "-" "Mozilla/5.0 (Linux; Android 7.0; SM-G892A Build/NRD90M; wv) AppleWebKit/537.36 (KHTML, Gecko) Version/4.0 Chrome/60.0.3112.107 Mobile Safari/537.36"
196.251.66.105 - - [31/Oct/2025:14:57:38 +0700] "GET / HTTP/1.1" 200 7028 "-" "Mozilla/5.0 (Linux; Android 7.0; SM-G892A Build/NRD90M; wv) AppleWebKit/537.36 (KHTML, Gecko) Version/4.0 Chrome/60.0.3112.107 Mobile Safari/537.36"
196.251.66.105 - - [31/Oct/2025:14:57:39 +0700] "GET /wp-admin/index.php HTTP/1.1" 302 206 "-" "Mozilla/5.0 (Linux; Android 7.0; SM-G892A Build/NRD90M; wv) AppleWebKit/537.36 (KHTML, Gecko) Version/4.0 Chrome/60.0.3112.107 Mobile Safari/537.36"
196.251.66.105 - - [31/Oct/2025:14:57:40 +0700] "GET / HTTP/1.1" 200 7028 "-" "Mozilla/5.0 (Linux; Android 7.0; SM-G892A Build/NRD90M; wv) AppleWebKit/537.36 (KHTML, Gecko) Version/4.0 Chrome/60.0.3112.107 Mobile Safari/537.36"
196.251.66.105 - - [31/Oct/2025:14:57:44 +0700] "GET /wp-admin/css/index.php HTTP/1.1" 302 206 "-" "Mozilla/5.0 (Linux; Android 7.0; SM-G892A Build/NRD90M; wv) AppleWebKit/537.36 (KHTML, Gecko) Version/4.0 Chrome/60.0.3112.107 Mobile Safari/537.36"
196.251.66.105 - - [31/Oct/2025:14:57:45 +0700] "GET / HTTP/1.1" 200 7028 "-" "Mozilla/5.0 (Linux; Android 7.0; SM-G892A Build/NRD90M; wv) AppleWebKit/537.36 (KHTML, Gecko) Version/4.0 Chrome/60.0.3112.107 Mobile Safari/537.36"
196.251.66.105 - - [31/Oct/2025:14:57:47 +0700] "GET /wp-admin/images/index.php HTTP/1.1" 302 206 "-" "Mozilla/5.0 (Linux; Android 7.0; SM-G892A Build/NRD90M; wv) AppleWebKit/537.36 (KHTML, Gecko) Version/4.0 Chrome/60.0.3112.107 Mobile Safari/537.36"
196.251.66.105 - - [31/Oct/2025:14:57:47 +0700] "GET / HTTP/1.1" 200 7028 "-" "Mozilla/5.0 (Linux; Android 7.0; SM-G892A Build/NRD90M; wv) AppleWebKit/537.36 (KHTML, Gecko) Version/4.0 Chrome/60.0.3112.107 Mobile Safari/537.36"
196.251.66.105 - - [31/Oct/2025:14:57:50 +0700] "GET /wp-admin/includes/index.php HTTP/1.1" 302 206 "-" "Mozilla/5.0 (Linux; Android 7.0; SM-G892A Build/NRD90M; wv) AppleWebKit/537.36 (KHTML, Gecko) Version/4.0 Chrome/60.0.3112.107 Mobile Safari/537.36"
196.251.66.105 - - [31/Oct/2025:14:57:51 +0700] "GET / HTTP/1.1" 200 7028 "-" "Mozilla/5.0 (Linux; Android 7.0; SM-G892A Build/NRD90M; wv) AppleWebKit/537.36 (KHTML, Gecko) Version/4.0 Chrome/60.0.3112.107 Mobile Safari/537.36"
196.251.66.105 - - [31/Oct/2025:14:57:53 +0700] "GET /wp-admin/js/index.php HTTP/1.1" 302 206 "-" "Mozilla/5.0 (Linux; Android 7.0; SM-G892A Build/NRD90M; wv) AppleWebKit/537.36 (KHTML, Gecko) Version/4.0 Chrome/60.0.3112.107 Mobile Safari/537.36"
196.251.66.105 - - [31/Oct/2025:14:57:53 +0700] "GET / HTTP/1.1" 200 7028 "-" "Mozilla/5.0 (Linux; Android 7.0; SM-G892A Build/NRD90M; wv) AppleWebKit/537.36 (KHTML, Gecko) Version/4.0 Chrome/60.0.3112.107 Mobile Safari/537.36"
196.251.66.105 - - [31/Oct/2025:14:57:56 +0700] "GET /wp-admin/maint/index.php HTTP/1.1" 302 206 "-" "Mozilla/5.0 (Linux; Android 7.0; SM-G892A Build/NRD90M; wv) AppleWebKit/537.36 (KHTML, Gecko) Version/4.0 Chrome/60.0.3112.107 Mobile Safari/537.36"
196.251.66.105 - - [31/Oct/2025:14:57:56 +0700] "GET / HTTP/1.1" 200 7028 "-" "Mozilla/5.0 (Linux; Android 7.0; SM-G892A Build/NRD90M; wv) AppleWebKit/537.36 (KHTML, Gecko) Version/4.0 Chrome/60.0.3112.107 Mobile Safari/537.36"
114.119.132.28 - - [31/Oct/2025:14:57:57 +0700] "GET /wisata-tomia-wakatobi HTTP/1.1" 302 206 "https://dayakbaru.com/2019/05" "Mozilla/5.0 (Linux; Android 7.0;) AppleWebKit/537.36 (KHTML, like Gecko) Mobile Safari/537.36 (compatible; PetalBot;+https://webmaster.petalsearch.com/site/petalbot)"
114.119.132.28 - - [31/Oct/2025:14:57:58 +0700] "GET / HTTP/1.1" 200 7028 "https://dayakbaru.com/2019/05" "Mozilla/5.0 (Linux; Android 7.0;) AppleWebKit/537.36 (KHTML, like Gecko) Mobile Safari/537.36 (compatible; PetalBot;+https://webmaster.petalsearch.com/site/petalbot)"
196.251.66.105 - - [31/Oct/2025:14:57:58 +0700] "GET /wp-admin/network/index.php HTTP/1.1" 302 206 "-" "Mozilla/5.0 (Linux; Android 7.0; SM-G892A Build/NRD90M; wv) AppleWebKit/537.36 (KHTML, Gecko) Version/4.0 Chrome/60.0.3112.107 Mobile Safari/537.36"
196.251.66.105 - - [31/Oct/2025:14:57:59 +0700] "GET / HTTP/1.1" 200 7028 "-" "Mozilla/5.0 (Linux; Android 7.0; SM-G892A Build/NRD90M; wv) AppleWebKit/537.36 (KHTML, Gecko) Version/4.0 Chrome/60.0.3112.107 Mobile Safari/537.36"
196.251.66.105 - - [31/Oct/2025:14:57:59 +0700] "GET /wp-admin/user/index.php HTTP/1.1" 302 206 "-" "Mozilla/5.0 (Linux; Android 7.0; SM-G892A Build/NRD90M; wv) AppleWebKit/537.36 (KHTML, Gecko) Version/4.0 Chrome/60.0.3112.107 Mobile Safari/537.36"
196.251.66.105 - - [31/Oct/2025:14:58:00 +0700] "GET / HTTP/1.1" 200 7028 "-" "Mozilla/5.0 (Linux; Android 7.0; SM-G892A Build/NRD90M; wv) AppleWebKit/537.36 (KHTML, Gecko) Version/4.0 Chrome/60.0.3112.107 Mobile Safari/537.36"
196.251.66.105 - - [31/Oct/2025:14:58:01 +0700] "GET /wp-includes/index.php HTTP/1.1" 302 206 "-" "Mozilla/5.0 (Linux; Android 7.0; SM-G892A Build/NRD90M; wv) AppleWebKit/537.36 (KHTML, Gecko) Version/4.0 Chrome/60.0.3112.107 Mobile Safari/537.36"
