66.249.65.68 - - [31/Oct/2025:13:49:05 +0700] "GET / HTTP/1.1" 200 6294 "-" "Mozilla/5.0 (Linux; Android 6.0.1; Nexus 5X Build/MMB29P) AppleWebKit/537.36 (KHTML, like Gecko) Chrome/141.0.7390.122 Mobile Safari/537.36 (compatible; Googlebot/2.1; +http://www.google.com/bot.html)"
66.249.65.67 - - [31/Oct/2025:13:49:05 +0700] "GET /bonus-terbesar.jpg HTTP/1.1" 304 0 "-" "Googlebot-Image/1.0"
66.249.65.66 - - [31/Oct/2025:13:49:05 +0700] "GET /98cc8d55-e35a-49de-90ed-9b4775ab33e1.webp HTTP/1.1" 304 0 "-" "Googlebot-Image/1.0"
66.249.65.68 - - [31/Oct/2025:13:49:06 +0700] "GET /apkpintu.webp HTTP/1.1" 304 0 "-" "Googlebot-Image/1.0"
66.249.65.67 - - [31/Oct/2025:13:49:07 +0700] "GET /logo-pintutogel.webp HTTP/1.1" 304 0 "-" "Googlebot-Image/1.0"
66.249.65.67 - - [31/Oct/2025:13:50:04 +0700] "GET / HTTP/1.1" 200 6294 "-" "Mozilla/5.0 (Linux; Android 6.0.1; Nexus 5X Build/MMB29P) AppleWebKit/537.36 (KHTML, like Gecko) Chrome/141.0.7390.122 Mobile Safari/537.36 (compatible; Googlebot/2.1; +http://www.google.com/bot.html)"
66.249.65.67 - - [31/Oct/2025:13:50:22 +0700] "GET /bonus-terbesar.jpg HTTP/1.1" 304 0 "-" "Googlebot-Image/1.0"
66.249.65.66 - - [31/Oct/2025:13:50:23 +0700] "GET /98cc8d55-e35a-49de-90ed-9b4775ab33e1.webp HTTP/1.1" 304 0 "-" "Googlebot-Image/1.0"
66.249.65.67 - - [31/Oct/2025:13:50:23 +0700] "GET /apkpintu.webp HTTP/1.1" 304 0 "-" "Googlebot-Image/1.0"
66.249.65.66 - - [31/Oct/2025:13:50:23 +0700] "GET /logo-pintutogel.webp HTTP/1.1" 304 0 "-" "Googlebot-Image/1.0"
103.171.31.202 - - [31/Oct/2025:13:50:39 +0700] "GET / HTTP/1.1" 200 6294 "-" "Mozilla/5.0 (Linux; Android 12; V2118 Build/SP1A.210812.003) AppleWebKit/537.36 (KHTML, like Gecko) Chrome/141.0.7390.122 Mobile Safari/537.36"
103.171.31.202 - - [31/Oct/2025:13:50:44 +0700] "GET /98cc8d55-e35a-49de-90ed-9b4775ab33e1.webp HTTP/1.1" 200 53598 "https://dayakbaru.com/" "Mozilla/5.0 (Linux; Android 12; V2118 Build/SP1A.210812.003) AppleWebKit/537.36 (KHTML, like Gecko) Chrome/141.0.7390.122 Mobile Safari/537.36"
103.171.31.202 - - [31/Oct/2025:13:51:17 +0700] "GET /logo-pintutogel.webp HTTP/1.1" 200 16706 "https://dayakbaru.com/" "Mozilla/5.0 (Linux; Android 12; V2118 Build/SP1A.210812.003) AppleWebKit/537.36 (KHTML, like Gecko) Chrome/141.0.7390.122 Mobile Safari/537.36"
66.249.65.68 - - [31/Oct/2025:13:51:18 +0700] "GET / HTTP/1.1" 200 6294 "-" "Mozilla/5.0 (Linux; Android 6.0.1; Nexus 5X Build/MMB29P) AppleWebKit/537.36 (KHTML, like Gecko) Chrome/141.0.7390.122 Mobile Safari/537.36 (compatible; Googlebot/2.1; +http://www.google.com/bot.html)"
66.249.65.67 - - [31/Oct/2025:13:51:18 +0700] "GET /bonus-terbesar.jpg HTTP/1.1" 304 0 "-" "Googlebot-Image/1.0"
66.249.65.66 - - [31/Oct/2025:13:51:18 +0700] "GET /98cc8d55-e35a-49de-90ed-9b4775ab33e1.webp HTTP/1.1" 304 0 "-" "Googlebot-Image/1.0"
66.249.65.68 - - [31/Oct/2025:13:51:18 +0700] "GET /logo-pintutogel.webp HTTP/1.1" 304 0 "-" "Googlebot-Image/1.0"
66.249.65.66 - - [31/Oct/2025:13:51:19 +0700] "GET /apkpintu.webp HTTP/1.1" 304 0 "-" "Googlebot-Image/1.0"
210.87.84.71 - - [31/Oct/2025:13:51:59 +0700] "GET / HTTP/1.1" 200 6294 "https://www.google.com/" "Mozilla/5.0 (Linux; Android 10; K) AppleWebKit/537.36 (KHTML, like Gecko) Chrome/119.0.0.0 Mobile Safari/537.36"
210.87.84.71 - - [31/Oct/2025:13:52:00 +0700] "GET /98cc8d55-e35a-49de-90ed-9b4775ab33e1.webp HTTP/1.1" 200 53598 "https://dayakbaru.com/" "Mozilla/5.0 (Linux; Android 10; K) AppleWebKit/537.36 (KHTML, like Gecko) Chrome/119.0.0.0 Mobile Safari/537.36"
210.87.84.71 - - [31/Oct/2025:13:52:01 +0700] "GET /logo-pintutogel.webp HTTP/1.1" 200 16706 "https://dayakbaru.com/" "Mozilla/5.0 (Linux; Android 10; K) AppleWebKit/537.36 (KHTML, like Gecko) Chrome/119.0.0.0 Mobile Safari/537.36"
210.87.84.71 - - [31/Oct/2025:13:52:01 +0700] "GET /apkpintu.webp HTTP/1.1" 200 41540 "https://dayakbaru.com/" "Mozilla/5.0 (Linux; Android 10; K) AppleWebKit/537.36 (KHTML, like Gecko) Chrome/119.0.0.0 Mobile Safari/537.36"
210.87.84.71 - - [31/Oct/2025:13:52:24 +0700] "GET /bonus-terbesar.jpg HTTP/1.1" 200 341794 "https://dayakbaru.com/" "Mozilla/5.0 (Linux; Android 10; K) AppleWebKit/537.36 (KHTML, like Gecko) Chrome/119.0.0.0 Mobile Safari/537.36"
66.249.65.67 - - [31/Oct/2025:13:53:48 +0700] "GET / HTTP/1.1" 200 6294 "-" "Mozilla/5.0 (Linux; Android 6.0.1; Nexus 5X Build/MMB29P) AppleWebKit/537.36 (KHTML, like Gecko) Chrome/141.0.7390.122 Mobile Safari/537.36 (compatible; Googlebot/2.1; +http://www.google.com/bot.html)"
66.249.65.67 - - [31/Oct/2025:13:53:48 +0700] "GET /bonus-terbesar.jpg HTTP/1.1" 304 0 "-" "Googlebot-Image/1.0"
66.249.65.66 - - [31/Oct/2025:13:53:48 +0700] "GET /98cc8d55-e35a-49de-90ed-9b4775ab33e1.webp HTTP/1.1" 304 0 "-" "Googlebot-Image/1.0"
66.249.65.68 - - [31/Oct/2025:13:53:50 +0700] "GET /logo-pintutogel.webp HTTP/1.1" 304 0 "-" "Googlebot-Image/1.0"
66.249.65.66 - - [31/Oct/2025:13:53:50 +0700] "GET /apkpintu.webp HTTP/1.1" 304 0 "-" "Googlebot-Image/1.0"
66.249.65.67 - - [31/Oct/2025:13:53:51 +0700] "GET / HTTP/1.1" 200 6294 "-" "Mozilla/5.0 (Linux; Android 6.0.1; Nexus 5X Build/MMB29P) AppleWebKit/537.36 (KHTML, like Gecko) Chrome/141.0.7390.122 Mobile Safari/537.36 (compatible; Googlebot/2.1; +http://www.google.com/bot.html)"
66.249.65.67 - - [31/Oct/2025:13:54:07 +0700] "GET / HTTP/1.1" 200 6294 "-" "Mozilla/5.0 (Linux; Android 6.0.1; Nexus 5X Build/MMB29P) AppleWebKit/537.36 (KHTML, like Gecko) Chrome/141.0.7390.122 Mobile Safari/537.36 (compatible; Googlebot/2.1; +http://www.google.com/bot.html)"
66.249.65.66 - - [31/Oct/2025:13:54:07 +0700] "GET /apkpintu.webp HTTP/1.1" 304 0 "-" "Googlebot-Image/1.0"
66.249.65.66 - - [31/Oct/2025:13:54:08 +0700] "GET /bonus-terbesar.jpg HTTP/1.1" 304 0 "-" "Googlebot-Image/1.0"
66.249.65.67 - - [31/Oct/2025:13:54:09 +0700] "GET /98cc8d55-e35a-49de-90ed-9b4775ab33e1.webp HTTP/1.1" 304 0 "-" "Googlebot-Image/1.0"
66.249.65.66 - - [31/Oct/2025:13:54:10 +0700] "GET /logo-pintutogel.webp HTTP/1.1" 304 0 "-" "Googlebot-Image/1.0"
66.249.65.66 - - [31/Oct/2025:13:55:24 +0700] "GET / HTTP/1.1" 200 6294 "-" "Mozilla/5.0 (Linux; Android 6.0.1; Nexus 5X Build/MMB29P) AppleWebKit/537.36 (KHTML, like Gecko) Chrome/141.0.7390.122 Mobile Safari/537.36 (compatible; Googlebot/2.1; +http://www.google.com/bot.html)"
66.249.65.68 - - [31/Oct/2025:13:55:24 +0700] "GET /bonus-terbesar.jpg HTTP/1.1" 304 0 "-" "Googlebot-Image/1.0"
66.249.65.66 - - [31/Oct/2025:13:55:24 +0700] "GET /98cc8d55-e35a-49de-90ed-9b4775ab33e1.webp HTTP/1.1" 304 0 "-" "Googlebot-Image/1.0"
66.249.65.67 - - [31/Oct/2025:13:55:29 +0700] "GET /logo-pintutogel.webp HTTP/1.1" 304 0 "-" "Googlebot-Image/1.0"
66.249.65.67 - - [31/Oct/2025:13:55:30 +0700] "GET /apkpintu.webp HTTP/1.1" 304 0 "-" "Googlebot-Image/1.0"
140.213.105.129 - - [31/Oct/2025:13:56:39 +0700] "GET / HTTP/1.1" 200 6294 "https://www.google.com/" "Mozilla/5.0 (Linux; Android 10; K) AppleWebKit/537.36 (KHTML, like Gecko) Chrome/141.0.0.0 Mobile Safari/537.36"
66.249.65.68 - - [31/Oct/2025:13:56:39 +0700] "GET / HTTP/1.1" 200 6294 "-" "Mozilla/5.0 (Linux; Android 6.0.1; Nexus 5X Build/MMB29P) AppleWebKit/537.36 (KHTML, like Gecko) Chrome/141.0.7390.122 Mobile Safari/537.36 (compatible; Googlebot/2.1; +http://www.google.com/bot.html)"
66.249.65.67 - - [31/Oct/2025:13:56:39 +0700] "GET /bonus-terbesar.jpg HTTP/1.1" 304 0 "-" "Googlebot-Image/1.0"
66.249.65.66 - - [31/Oct/2025:13:56:39 +0700] "GET /98cc8d55-e35a-49de-90ed-9b4775ab33e1.webp HTTP/1.1" 304 0 "-" "Googlebot-Image/1.0"
140.213.105.129 - - [31/Oct/2025:13:56:39 +0700] "GET /98cc8d55-e35a-49de-90ed-9b4775ab33e1.webp HTTP/1.1" 200 53598 "https://dayakbaru.com/" "Mozilla/5.0 (Linux; Android 10; K) AppleWebKit/537.36 (KHTML, like Gecko) Chrome/141.0.0.0 Mobile Safari/537.36"
140.213.105.129 - - [31/Oct/2025:13:56:40 +0700] "GET /logo-pintutogel.webp HTTP/1.1" 200 16706 "https://dayakbaru.com/" "Mozilla/5.0 (Linux; Android 10; K) AppleWebKit/537.36 (KHTML, like Gecko) Chrome/141.0.0.0 Mobile Safari/537.36"
140.213.105.129 - - [31/Oct/2025:13:56:40 +0700] "GET /apkpintu.webp HTTP/1.1" 200 41540 "https://dayakbaru.com/" "Mozilla/5.0 (Linux; Android 10; K) AppleWebKit/537.36 (KHTML, like Gecko) Chrome/141.0.0.0 Mobile Safari/537.36"
140.213.105.129 - - [31/Oct/2025:13:56:41 +0700] "GET /bonus-terbesar.jpg HTTP/1.1" 200 341794 "https://dayakbaru.com/" "Mozilla/5.0 (Linux; Android 10; K) AppleWebKit/537.36 (KHTML, like Gecko) Chrome/141.0.0.0 Mobile Safari/537.36"
66.249.65.67 - - [31/Oct/2025:13:57:13 +0700] "GET /logo-pintutogel.webp HTTP/1.1" 304 0 "-" "Googlebot-Image/1.0"
66.249.65.66 - - [31/Oct/2025:13:57:13 +0700] "GET /apkpintu.webp HTTP/1.1" 304 0 "-" "Googlebot-Image/1.0"
66.249.65.67 - - [31/Oct/2025:13:57:27 +0700] "GET / HTTP/1.1" 200 6294 "-" "Mozilla/5.0 (Linux; Android 6.0.1; Nexus 5X Build/MMB29P) AppleWebKit/537.36 (KHTML, like Gecko) Chrome/141.0.7390.122 Mobile Safari/537.36 (compatible; Googlebot/2.1; +http://www.google.com/bot.html)"
66.249.65.67 - - [31/Oct/2025:13:57:27 +0700] "GET /bonus-terbesar.jpg HTTP/1.1" 304 0 "-" "Googlebot-Image/1.0"
66.249.65.66 - - [31/Oct/2025:13:57:27 +0700] "GET /98cc8d55-e35a-49de-90ed-9b4775ab33e1.webp HTTP/1.1" 304 0 "-" "Googlebot-Image/1.0"
66.249.65.66 - - [31/Oct/2025:13:57:27 +0700] "GET / HTTP/1.1" 200 6294 "-" "Mozilla/5.0 (Linux; Android 6.0.1; Nexus 5X Build/MMB29P) AppleWebKit/537.36 (KHTML, like Gecko) Chrome/141.0.7390.122 Mobile Safari/537.36 (compatible; Googlebot/2.1; +http://www.google.com/bot.html)"
114.10.70.13 - - [31/Oct/2025:13:57:30 +0700] "GET /bonus-terbesar.jpg?_gl=1*10cufvb*_ga*SXRyVVh2eW9BTHU4Nk1nWkktTzdyc2hqU0tOOVduU3Z6Zzk3bzZHcFhLMGszZVYwbFpzVVZ1b2hLajVhV2NBXw.. HTTP/1.1" 200 341794 "-" "Mozilla/5.0 (Linux; Android 10; K) AppleWebKit/537.36 (KHTML, like Gecko) Chrome/141.0.0.0 Mobile Safari/537.36"
114.10.70.13 - - [31/Oct/2025:13:57:31 +0700] "GET /favicon.ico HTTP/1.1" 302 206 "https://dayakbaru.com/bonus-terbesar.jpg?_gl=1*10cufvb*_ga*SXRyVVh2eW9BTHU4Nk1nWkktTzdyc2hqU0tOOVduU3Z6Zzk3bzZHcFhLMGszZVYwbFpzVVZ1b2hLajVhV2NBXw.." "Mozilla/5.0 (Linux; Android 10; K) AppleWebKit/537.36 (KHTML, like Gecko) Chrome/141.0.0.0 Mobile Safari/537.36"
114.10.70.13 - - [31/Oct/2025:13:57:32 +0700] "GET / HTTP/1.1" 200 6294 "https://dayakbaru.com/bonus-terbesar.jpg?_gl=1*10cufvb*_ga*SXRyVVh2eW9BTHU4Nk1nWkktTzdyc2hqU0tOOVduU3Z6Zzk3bzZHcFhLMGszZVYwbFpzVVZ1b2hLajVhV2NBXw.." "Mozilla/5.0 (Linux; Android 10; K) AppleWebKit/537.36 (KHTML, like Gecko) Chrome/141.0.0.0 Mobile Safari/537.36"
66.249.65.66 - - [31/Oct/2025:13:58:31 +0700] "GET / HTTP/1.1" 200 6294 "-" "Mozilla/5.0 (Linux; Android 6.0.1; Nexus 5X Build/MMB29P) AppleWebKit/537.36 (KHTML, like Gecko) Chrome/141.0.7390.122 Mobile Safari/537.36 (compatible; Googlebot/2.1; +http://www.google.com/bot.html)"
66.249.65.66 - - [31/Oct/2025:13:58:31 +0700] "GET /bonus-terbesar.jpg HTTP/1.1" 304 0 "-" "Googlebot-Image/1.0"
66.249.65.66 - - [31/Oct/2025:13:58:31 +0700] "GET /98cc8d55-e35a-49de-90ed-9b4775ab33e1.webp HTTP/1.1" 304 0 "-" "Googlebot-Image/1.0"
66.249.65.67 - - [31/Oct/2025:13:58:31 +0700] "GET /apkpintu.webp HTTP/1.1" 304 0 "-" "Googlebot-Image/1.0"
66.249.65.68 - - [31/Oct/2025:13:58:31 +0700] "GET /logo-pintutogel.webp HTTP/1.1" 304 0 "-" "Googlebot-Image/1.0"
66.249.65.67 - - [31/Oct/2025:13:59:20 +0700] "GET /apkpintu.webp HTTP/1.1" 304 0 "-" "Googlebot-Image/1.0"
66.249.65.66 - - [31/Oct/2025:13:59:20 +0700] "GET /logo-pintutogel.webp HTTP/1.1" 304 0 "-" "Googlebot-Image/1.0"
66.249.65.66 - - [31/Oct/2025:14:00:13 +0700] "GET / HTTP/1.1" 200 6294 "-" "Mozilla/5.0 (Linux; Android 6.0.1; Nexus 5X Build/MMB29P) AppleWebKit/537.36 (KHTML, like Gecko) Chrome/141.0.7390.122 Mobile Safari/537.36 (compatible; Googlebot/2.1; +http://www.google.com/bot.html)"
66.249.65.66 - - [31/Oct/2025:14:00:13 +0700] "GET /bonus-terbesar.jpg HTTP/1.1" 304 0 "-" "Googlebot-Image/1.0"
66.249.65.67 - - [31/Oct/2025:14:00:14 +0700] "GET /98cc8d55-e35a-49de-90ed-9b4775ab33e1.webp HTTP/1.1" 304 0 "-" "Googlebot-Image/1.0"
66.249.65.66 - - [31/Oct/2025:14:00:14 +0700] "GET /logo-pintutogel.webp HTTP/1.1" 304 0 "-" "Googlebot-Image/1.0"
66.249.65.66 - - [31/Oct/2025:14:00:14 +0700] "GET /apkpintu.webp HTTP/1.1" 304 0 "-" "Googlebot-Image/1.0"
66.249.65.66 - - [31/Oct/2025:14:00:57 +0700] "GET / HTTP/1.1" 200 6294 "-" "Mozilla/5.0 (Linux; Android 6.0.1; Nexus 5X Build/MMB29P) AppleWebKit/537.36 (KHTML, like Gecko) Chrome/141.0.7390.122 Mobile Safari/537.36 (compatible; Googlebot/2.1; +http://www.google.com/bot.html)"
103.174.236.163 - - [31/Oct/2025:14:00:57 +0700] "GET / HTTP/1.1" 200 6294 "-" "Mozilla/5.0 (Linux; Android 12; V2118 Build/SP1A.210812.003) AppleWebKit/537.36 (KHTML, like Gecko) Chrome/141.0.7390.122 Mobile Safari/537.36"
103.174.236.163 - - [31/Oct/2025:14:01:00 +0700] "GET /98cc8d55-e35a-49de-90ed-9b4775ab33e1.webp HTTP/1.1" 200 53598 "https://dayakbaru.com/" "Mozilla/5.0 (Linux; Android 12; V2118 Build/SP1A.210812.003) AppleWebKit/537.36 (KHTML, like Gecko) Chrome/141.0.7390.122 Mobile Safari/537.36"
103.174.236.163 - - [31/Oct/2025:14:01:00 +0700] "GET /logo-pintutogel.webp HTTP/1.1" 200 16706 "https://dayakbaru.com/" "Mozilla/5.0 (Linux; Android 12; V2118 Build/SP1A.210812.003) AppleWebKit/537.36 (KHTML, like Gecko) Chrome/141.0.7390.122 Mobile Safari/537.36"
103.174.236.163 - - [31/Oct/2025:14:01:00 +0700] "GET /apkpintu.webp HTTP/1.1" 200 41540 "https://dayakbaru.com/" "Mozilla/5.0 (Linux; Android 12; V2118 Build/SP1A.210812.003) AppleWebKit/537.36 (KHTML, like Gecko) Chrome/141.0.7390.122 Mobile Safari/537.36"
103.174.236.163 - - [31/Oct/2025:14:01:01 +0700] "GET /bonus-terbesar.jpg HTTP/1.1" 200 341794 "https://dayakbaru.com/" "Mozilla/5.0 (Linux; Android 12; V2118 Build/SP1A.210812.003) AppleWebKit/537.36 (KHTML, like Gecko) Chrome/141.0.7390.122 Mobile Safari/537.36"
66.249.65.66 - - [31/Oct/2025:14:01:14 +0700] "GET /bonus-terbesar.jpg HTTP/1.1" 304 0 "-" "Googlebot-Image/1.0"
66.249.65.67 - - [31/Oct/2025:14:01:14 +0700] "GET /98cc8d55-e35a-49de-90ed-9b4775ab33e1.webp HTTP/1.1" 304 0 "-" "Googlebot-Image/1.0"
66.249.65.66 - - [31/Oct/2025:14:01:14 +0700] "GET /logo-pintutogel.webp HTTP/1.1" 304 0 "-" "Googlebot-Image/1.0"
66.249.65.68 - - [31/Oct/2025:14:01:14 +0700] "GET /apkpintu.webp HTTP/1.1" 304 0 "-" "Googlebot-Image/1.0"
66.249.65.66 - - [31/Oct/2025:14:01:45 +0700] "GET / HTTP/1.1" 200 6294 "-" "Mozilla/5.0 (Linux; Android 6.0.1; Nexus 5X Build/MMB29P) AppleWebKit/537.36 (KHTML, like Gecko) Chrome/141.0.7390.122 Mobile Safari/537.36 (compatible; Googlebot/2.1; +http://www.google.com/bot.html)"
66.249.65.66 - - [31/Oct/2025:14:02:09 +0700] "GET / HTTP/1.1" 200 6294 "-" "Mozilla/5.0 (Linux; Android 6.0.1; Nexus 5X Build/MMB29P) AppleWebKit/537.36 (KHTML, like Gecko) Chrome/141.0.7390.122 Mobile Safari/537.36 (compatible; Googlebot/2.1; +http://www.google.com/bot.html)"
66.249.65.66 - - [31/Oct/2025:14:02:27 +0700] "GET /bonus-terbesar.jpg HTTP/1.1" 304 0 "-" "Googlebot-Image/1.0"
66.249.65.66 - - [31/Oct/2025:14:02:27 +0700] "GET /98cc8d55-e35a-49de-90ed-9b4775ab33e1.webp HTTP/1.1" 304 0 "-" "Googlebot-Image/1.0"
66.249.65.66 - - [31/Oct/2025:14:02:27 +0700] "GET /logo-pintutogel.webp HTTP/1.1" 304 0 "-" "Googlebot-Image/1.0"
66.249.65.66 - - [31/Oct/2025:14:02:27 +0700] "GET /apkpintu.webp HTTP/1.1" 304 0 "-" "Googlebot-Image/1.0"
66.249.65.68 - - [31/Oct/2025:14:03:55 +0700] "GET / HTTP/1.1" 200 6294 "-" "Mozilla/5.0 (Linux; Android 6.0.1; Nexus 5X Build/MMB29P) AppleWebKit/537.36 (KHTML, like Gecko) Chrome/141.0.7390.122 Mobile Safari/537.36 (compatible; Googlebot/2.1; +http://www.google.com/bot.html)"
66.249.65.68 - - [31/Oct/2025:14:03:56 +0700] "GET /bonus-terbesar.jpg HTTP/1.1" 304 0 "-" "Googlebot-Image/1.0"
66.249.65.68 - - [31/Oct/2025:14:03:56 +0700] "GET /98cc8d55-e35a-49de-90ed-9b4775ab33e1.webp HTTP/1.1" 304 0 "-" "Googlebot-Image/1.0"
66.249.65.68 - - [31/Oct/2025:14:03:57 +0700] "GET /logo-pintutogel.webp HTTP/1.1" 304 0 "-" "Googlebot-Image/1.0"
66.249.65.66 - - [31/Oct/2025:14:03:57 +0700] "GET /apkpintu.webp HTTP/1.1" 304 0 "-" "Googlebot-Image/1.0"
66.249.65.66 - - [31/Oct/2025:14:04:17 +0700] "GET / HTTP/1.1" 200 6294 "-" "Mozilla/5.0 (Linux; Android 6.0.1; Nexus 5X Build/MMB29P) AppleWebKit/537.36 (KHTML, like Gecko) Chrome/141.0.7390.122 Mobile Safari/537.36 (compatible; Googlebot/2.1; +http://www.google.com/bot.html)"
66.249.65.67 - - [31/Oct/2025:14:04:42 +0700] "GET / HTTP/1.1" 200 6294 "-" "Mozilla/5.0 (Linux; Android 6.0.1; Nexus 5X Build/MMB29P) AppleWebKit/537.36 (KHTML, like Gecko) Chrome/141.0.7390.122 Mobile Safari/537.36 (compatible; Googlebot/2.1; +http://www.google.com/bot.html)"
66.249.65.67 - - [31/Oct/2025:14:04:43 +0700] "GET /bonus-terbesar.jpg HTTP/1.1" 304 0 "-" "Googlebot-Image/1.0"
66.249.65.67 - - [31/Oct/2025:14:04:43 +0700] "GET /98cc8d55-e35a-49de-90ed-9b4775ab33e1.webp HTTP/1.1" 304 0 "-" "Googlebot-Image/1.0"
66.249.65.67 - - [31/Oct/2025:14:04:43 +0700] "GET /apkpintu.webp HTTP/1.1" 304 0 "-" "Googlebot-Image/1.0"
66.249.65.66 - - [31/Oct/2025:14:04:51 +0700] "GET /logo-pintutogel.webp HTTP/1.1" 304 0 "-" "Googlebot-Image/1.0"
66.249.65.66 - - [31/Oct/2025:14:04:53 +0700] "GET / HTTP/1.1" 200 6294 "-" "Mozilla/5.0 (Linux; Android 6.0.1; Nexus 5X Build/MMB29P) AppleWebKit/537.36 (KHTML, like Gecko) Chrome/141.0.7390.122 Mobile Safari/537.36 (compatible; Googlebot/2.1; +http://www.google.com/bot.html)"
66.249.65.66 - - [31/Oct/2025:14:05:28 +0700] "GET /bonus-terbesar.jpg HTTP/1.1" 304 0 "-" "Googlebot-Image/1.0"
66.249.65.66 - - [31/Oct/2025:14:05:29 +0700] "GET /98cc8d55-e35a-49de-90ed-9b4775ab33e1.webp HTTP/1.1" 304 0 "-" "Googlebot-Image/1.0"
66.249.65.66 - - [31/Oct/2025:14:05:29 +0700] "GET /apkpintu.webp HTTP/1.1" 304 0 "-" "Googlebot-Image/1.0"
66.249.65.66 - - [31/Oct/2025:14:05:39 +0700] "GET / HTTP/1.1" 200 6294 "-" "Mozilla/5.0 (Linux; Android 6.0.1; Nexus 5X Build/MMB29P) AppleWebKit/537.36 (KHTML, like Gecko) Chrome/141.0.7390.122 Mobile Safari/537.36 (compatible; Googlebot/2.1; +http://www.google.com/bot.html)"
66.249.65.67 - - [31/Oct/2025:14:05:43 +0700] "GET /logo-pintutogel.webp HTTP/1.1" 304 0 "-" "Googlebot-Image/1.0"
66.249.65.67 - - [31/Oct/2025:14:06:04 +0700] "GET / HTTP/1.1" 200 6294 "-" "Mozilla/5.0 (Linux; Android 6.0.1; Nexus 5X Build/MMB29P) AppleWebKit/537.36 (KHTML, like Gecko) Chrome/141.0.7390.122 Mobile Safari/537.36 (compatible; Googlebot/2.1; +http://www.google.com/bot.html)"
66.249.65.66 - - [31/Oct/2025:14:06:17 +0700] "GET /98cc8d55-e35a-49de-90ed-9b4775ab33e1.webp HTTP/1.1" 304 0 "-" "Googlebot-Image/1.0"
66.249.65.67 - - [31/Oct/2025:14:06:17 +0700] "GET /bonus-terbesar.jpg HTTP/1.1" 304 0 "-" "Googlebot-Image/1.0"
66.249.65.66 - - [31/Oct/2025:14:06:17 +0700] "GET /apkpintu.webp HTTP/1.1" 304 0 "-" "Googlebot-Image/1.0"
66.249.65.67 - - [31/Oct/2025:14:07:16 +0700] "GET / HTTP/1.1" 200 6294 "-" "Mozilla/5.0 (Linux; Android 6.0.1; Nexus 5X Build/MMB29P) AppleWebKit/537.36 (KHTML, like Gecko) Chrome/141.0.7390.122 Mobile Safari/537.36 (compatible; Googlebot/2.1; +http://www.google.com/bot.html)"
66.249.65.67 - - [31/Oct/2025:14:07:20 +0700] "GET /bonus-terbesar.jpg HTTP/1.1" 304 0 "-" "Googlebot-Image/1.0"
66.249.65.66 - - [31/Oct/2025:14:07:20 +0700] "GET /98cc8d55-e35a-49de-90ed-9b4775ab33e1.webp HTTP/1.1" 304 0 "-" "Googlebot-Image/1.0"
66.249.65.66 - - [31/Oct/2025:14:07:21 +0700] "GET /logo-pintutogel.webp HTTP/1.1" 304 0 "-" "Googlebot-Image/1.0"
66.249.65.66 - - [31/Oct/2025:14:07:21 +0700] "GET /apkpintu.webp HTTP/1.1" 304 0 "-" "Googlebot-Image/1.0"
66.249.93.96 - - [31/Oct/2025:14:07:37 +0700] "HEAD / HTTP/1.1" 200 0 "-" "FeedBurner/1.0 (http://www.FeedBurner.com)"
66.249.93.96 - - [31/Oct/2025:14:07:37 +0700] "GET / HTTP/1.1" 200 6294 "-" "FeedBurner/1.0 (http://www.FeedBurner.com)"
114.8.209.215 - - [31/Oct/2025:14:07:59 +0700] "GET / HTTP/1.1" 200 6294 "-" "Mozilla/5.0 (Linux; Android 10; K) AppleWebKit/537.36 (KHTML, like Gecko) Chrome/141.0.0.0 Mobile Safari/537.36"
114.8.209.215 - - [31/Oct/2025:14:08:00 +0700] "GET /98cc8d55-e35a-49de-90ed-9b4775ab33e1.webp HTTP/1.1" 200 53598 "https://dayakbaru.com/" "Mozilla/5.0 (Linux; Android 10; K) AppleWebKit/537.36 (KHTML, like Gecko) Chrome/141.0.0.0 Mobile Safari/537.36"
114.8.209.215 - - [31/Oct/2025:14:08:01 +0700] "GET /logo-pintutogel.webp HTTP/1.1" 200 16706 "https://dayakbaru.com/" "Mozilla/5.0 (Linux; Android 10; K) AppleWebKit/537.36 (KHTML, like Gecko) Chrome/141.0.0.0 Mobile Safari/537.36"
114.8.209.215 - - [31/Oct/2025:14:08:01 +0700] "GET /apkpintu.webp HTTP/1.1" 200 41540 "https://dayakbaru.com/" "Mozilla/5.0 (Linux; Android 10; K) AppleWebKit/537.36 (KHTML, like Gecko) Chrome/141.0.0.0 Mobile Safari/537.36"
114.8.209.215 - - [31/Oct/2025:14:08:02 +0700] "GET /bonus-terbesar.jpg HTTP/1.1" 200 341794 "https://dayakbaru.com/" "Mozilla/5.0 (Linux; Android 10; K) AppleWebKit/537.36 (KHTML, like Gecko) Chrome/141.0.0.0 Mobile Safari/537.36"
103.148.130.77 - - [31/Oct/2025:14:08:03 +0700] "GET /bonus-terbesar.jpg HTTP/1.1" 200 212779 "-" "com.google.android.googlequicksearchbox/301620762 (Linux; U; Android 15; id_ID; V2327; Build/AP3A.240905.015.A2_CS; Cronet/143.0.7445.0)"
66.249.65.66 - - [31/Oct/2025:14:08:04 +0700] "GET / HTTP/1.1" 200 6294 "-" "Mozilla/5.0 (Linux; Android 6.0.1; Nexus 5X Build/MMB29P) AppleWebKit/537.36 (KHTML, like Gecko) Chrome/141.0.7390.122 Mobile Safari/537.36 (compatible; Googlebot/2.1; +http://www.google.com/bot.html)"
66.249.65.67 - - [31/Oct/2025:14:08:22 +0700] "GET /bonus-terbesar.jpg HTTP/1.1" 304 0 "-" "Googlebot-Image/1.0"
66.249.65.66 - - [31/Oct/2025:14:08:22 +0700] "GET /98cc8d55-e35a-49de-90ed-9b4775ab33e1.webp HTTP/1.1" 304 0 "-" "Googlebot-Image/1.0"
66.249.65.67 - - [31/Oct/2025:14:08:22 +0700] "GET /logo-pintutogel.webp HTTP/1.1" 304 0 "-" "Googlebot-Image/1.0"
66.249.65.66 - - [31/Oct/2025:14:08:22 +0700] "GET /apkpintu.webp HTTP/1.1" 304 0 "-" "Googlebot-Image/1.0"
66.249.65.66 - - [31/Oct/2025:14:08:39 +0700] "GET /favicon.ico HTTP/1.1" 302 206 "-" "Googlebot-Image/1.0"
66.249.65.66 - - [31/Oct/2025:14:08:39 +0700] "GET / HTTP/1.1" 200 6294 "-" "Googlebot-Image/1.0"
66.249.65.66 - - [31/Oct/2025:14:08:49 +0700] "GET / HTTP/1.1" 200 6294 "-" "Mozilla/5.0 (Linux; Android 6.0.1; Nexus 5X Build/MMB29P) AppleWebKit/537.36 (KHTML, like Gecko) Chrome/141.0.7390.122 Mobile Safari/537.36 (compatible; Googlebot/2.1; +http://www.google.com/bot.html)"
66.249.65.67 - - [31/Oct/2025:14:09:07 +0700] "GET /apkpintu.webp HTTP/1.1" 304 0 "-" "Googlebot-Image/1.0"
66.249.65.68 - - [31/Oct/2025:14:10:14 +0700] "GET / HTTP/1.1" 200 6294 "-" "Mozilla/5.0 (Linux; Android 6.0.1; Nexus 5X Build/MMB29P) AppleWebKit/537.36 (KHTML, like Gecko) Chrome/141.0.7390.122 Mobile Safari/537.36 (compatible; Googlebot/2.1; +http://www.google.com/bot.html)"
66.249.65.66 - - [31/Oct/2025:14:10:14 +0700] "GET /bonus-terbesar.jpg HTTP/1.1" 304 0 "-" "Googlebot-Image/1.0"
66.249.65.68 - - [31/Oct/2025:14:10:14 +0700] "GET /98cc8d55-e35a-49de-90ed-9b4775ab33e1.webp HTTP/1.1" 304 0 "-" "Googlebot-Image/1.0"
66.249.65.66 - - [31/Oct/2025:14:10:15 +0700] "GET /logo-pintutogel.webp HTTP/1.1" 304 0 "-" "Googlebot-Image/1.0"
66.249.65.66 - - [31/Oct/2025:14:10:15 +0700] "GET /apkpintu.webp HTTP/1.1" 304 0 "-" "Googlebot-Image/1.0"
66.249.65.68 - - [31/Oct/2025:14:10:16 +0700] "GET /logo-pintutogel.webp HTTP/1.1" 304 0 "-" "Googlebot-Image/1.0"
66.249.65.66 - - [31/Oct/2025:14:10:16 +0700] "GET /apkpintu.webp HTTP/1.1" 304 0 "-" "Googlebot-Image/1.0"
66.249.90.99 - - [31/Oct/2025:14:10:25 +0700] "GET / HTTP/1.1" 200 6294 "-" "FeedFetcher-Google; (+http://www.google.com/feedfetcher.html)"
66.249.65.66 - - [31/Oct/2025:14:10:39 +0700] "GET / HTTP/1.1" 200 6294 "-" "Mozilla/5.0 (Linux; Android 6.0.1; Nexus 5X Build/MMB29P) AppleWebKit/537.36 (KHTML, like Gecko) Chrome/141.0.7390.122 Mobile Safari/537.36 (compatible; Googlebot/2.1; +http://www.google.com/bot.html)"
104.28.247.132 - - [31/Oct/2025:14:10:39 +0700] "GET / HTTP/1.1" 200 6294 "https://www.google.com/" "Mozilla/5.0 (Linux; Android 10; K) AppleWebKit/537.36 (KHTML, like Gecko) Chrome/129.0.0.0 Mobile Safari/537.36"
104.28.247.132 - - [31/Oct/2025:14:10:40 +0700] "GET /98cc8d55-e35a-49de-90ed-9b4775ab33e1.webp HTTP/1.1" 200 53598 "https://dayakbaru.com/" "Mozilla/5.0 (Linux; Android 10; K) AppleWebKit/537.36 (KHTML, like Gecko) Chrome/129.0.0.0 Mobile Safari/537.36"
104.28.247.132 - - [31/Oct/2025:14:10:41 +0700] "GET /logo-pintutogel.webp HTTP/1.1" 200 16706 "https://dayakbaru.com/" "Mozilla/5.0 (Linux; Android 10; K) AppleWebKit/537.36 (KHTML, like Gecko) Chrome/129.0.0.0 Mobile Safari/537.36"
104.28.247.132 - - [31/Oct/2025:14:10:41 +0700] "GET /apkpintu.webp HTTP/1.1" 200 41540 "https://dayakbaru.com/" "Mozilla/5.0 (Linux; Android 10; K) AppleWebKit/537.36 (KHTML, like Gecko) Chrome/129.0.0.0 Mobile Safari/537.36"
104.28.247.132 - - [31/Oct/2025:14:10:41 +0700] "GET /bonus-terbesar.jpg HTTP/1.1" 200 341794 "https://dayakbaru.com/" "Mozilla/5.0 (Linux; Android 10; K) AppleWebKit/537.36 (KHTML, like Gecko) Chrome/129.0.0.0 Mobile Safari/537.36"
160.25.237.102 - - [31/Oct/2025:14:10:55 +0700] "GET / HTTP/1.1" 200 6294 "https://www.google.com/" "Mozilla/5.0 (Linux; Android 10; K) AppleWebKit/537.36 (KHTML, like Gecko) Chrome/138.0.0.0 Mobile Safari/537.36"
160.25.237.102 - - [31/Oct/2025:14:10:56 +0700] "GET /98cc8d55-e35a-49de-90ed-9b4775ab33e1.webp HTTP/1.1" 200 53598 "https://dayakbaru.com/" "Mozilla/5.0 (Linux; Android 10; K) AppleWebKit/537.36 (KHTML, like Gecko) Chrome/138.0.0.0 Mobile Safari/537.36"
160.25.237.102 - - [31/Oct/2025:14:10:57 +0700] "GET /apkpintu.webp HTTP/1.1" 200 41540 "https://dayakbaru.com/" "Mozilla/5.0 (Linux; Android 10; K) AppleWebKit/537.36 (KHTML, like Gecko) Chrome/138.0.0.0 Mobile Safari/537.36"
160.25.237.102 - - [31/Oct/2025:14:10:57 +0700] "GET /logo-pintutogel.webp HTTP/1.1" 200 16706 "https://dayakbaru.com/" "Mozilla/5.0 (Linux; Android 10; K) AppleWebKit/537.36 (KHTML, like Gecko) Chrome/138.0.0.0 Mobile Safari/537.36"
160.25.237.102 - - [31/Oct/2025:14:10:58 +0700] "GET /bonus-terbesar.jpg HTTP/1.1" 200 341794 "https://dayakbaru.com/" "Mozilla/5.0 (Linux; Android 10; K) AppleWebKit/537.36 (KHTML, like Gecko) Chrome/138.0.0.0 Mobile Safari/537.36"
140.213.230.139 - - [31/Oct/2025:14:11:17 +0700] "GET / HTTP/1.1" 200 6294 "https://www.google.com/" "Mozilla/5.0 (Linux; Android 10; K) AppleWebKit/537.36 (KHTML, like Gecko) Chrome/141.0.0.0 Mobile Safari/537.36"
140.213.230.139 - - [31/Oct/2025:14:11:18 +0700] "GET /98cc8d55-e35a-49de-90ed-9b4775ab33e1.webp HTTP/1.1" 304 0 "https://dayakbaru.com/" "Mozilla/5.0 (Linux; Android 10; K) AppleWebKit/537.36 (KHTML, like Gecko) Chrome/141.0.0.0 Mobile Safari/537.36"
140.213.230.139 - - [31/Oct/2025:14:11:22 +0700] "GET /bonus-terbesar.jpg HTTP/1.1" 200 341794 "https://dayakbaru.com/" "Mozilla/5.0 (Linux; Android 10; K) AppleWebKit/537.36 (KHTML, like Gecko) Chrome/141.0.0.0 Mobile Safari/537.36"
66.249.65.67 - - [31/Oct/2025:14:11:44 +0700] "GET / HTTP/1.1" 200 6294 "-" "Mozilla/5.0 (Linux; Android 6.0.1; Nexus 5X Build/MMB29P) AppleWebKit/537.36 (KHTML, like Gecko) Chrome/141.0.7390.122 Mobile Safari/537.36 (compatible; Googlebot/2.1; +http://www.google.com/bot.html)"
66.249.65.66 - - [31/Oct/2025:14:11:45 +0700] "GET /bonus-terbesar.jpg HTTP/1.1" 304 0 "-" "Googlebot-Image/1.0"
66.249.65.68 - - [31/Oct/2025:14:11:46 +0700] "GET /98cc8d55-e35a-49de-90ed-9b4775ab33e1.webp HTTP/1.1" 304 0 "-" "Googlebot-Image/1.0"
66.249.65.68 - - [31/Oct/2025:14:11:46 +0700] "GET /logo-pintutogel.webp HTTP/1.1" 304 0 "-" "Googlebot-Image/1.0"
66.249.65.66 - - [31/Oct/2025:14:11:47 +0700] "GET /apkpintu.webp HTTP/1.1" 304 0 "-" "Googlebot-Image/1.0"
202.125.100.77 - - [31/Oct/2025:14:12:14 +0700] "GET / HTTP/1.1" 200 6294 "https://www.google.com/" "Mozilla/5.0 (Linux; Android 10; K) AppleWebKit/537.36 (KHTML, like Gecko) Chrome/142.0.0.0 Mobile Safari/537.36"
202.125.100.77 - - [31/Oct/2025:14:12:17 +0700] "GET /98cc8d55-e35a-49de-90ed-9b4775ab33e1.webp HTTP/1.1" 200 53598 "https://dayakbaru.com/" "Mozilla/5.0 (Linux; Android 10; K) AppleWebKit/537.36 (KHTML, like Gecko) Chrome/142.0.0.0 Mobile Safari/537.36"
202.125.100.77 - - [31/Oct/2025:14:12:17 +0700] "GET /apkpintu.webp HTTP/1.1" 200 41540 "https://dayakbaru.com/" "Mozilla/5.0 (Linux; Android 10; K) AppleWebKit/537.36 (KHTML, like Gecko) Chrome/142.0.0.0 Mobile Safari/537.36"
202.125.100.77 - - [31/Oct/2025:14:12:17 +0700] "GET /logo-pintutogel.webp HTTP/1.1" 200 16706 "https://dayakbaru.com/" "Mozilla/5.0 (Linux; Android 10; K) AppleWebKit/537.36 (KHTML, like Gecko) Chrome/142.0.0.0 Mobile Safari/537.36"
202.125.100.77 - - [31/Oct/2025:14:12:22 +0700] "GET /bonus-terbesar.jpg HTTP/1.1" 200 341794 "https://dayakbaru.com/" "Mozilla/5.0 (Linux; Android 10; K) AppleWebKit/537.36 (KHTML, like Gecko) Chrome/142.0.0.0 Mobile Safari/537.36"
66.249.65.68 - - [31/Oct/2025:14:12:43 +0700] "GET / HTTP/1.1" 200 6294 "-" "Mozilla/5.0 (Linux; Android 6.0.1; Nexus 5X Build/MMB29P) AppleWebKit/537.36 (KHTML, like Gecko) Chrome/141.0.7390.122 Mobile Safari/537.36 (compatible; Googlebot/2.1; +http://www.google.com/bot.html)"
66.249.65.68 - - [31/Oct/2025:14:12:43 +0700] "GET /bonus-terbesar.jpg HTTP/1.1" 304 0 "-" "Googlebot-Image/1.0"
66.249.65.68 - - [31/Oct/2025:14:12:44 +0700] "GET /98cc8d55-e35a-49de-90ed-9b4775ab33e1.webp HTTP/1.1" 304 0 "-" "Googlebot-Image/1.0"
66.249.65.68 - - [31/Oct/2025:14:12:44 +0700] "GET /logo-pintutogel.webp HTTP/1.1" 304 0 "-" "Googlebot-Image/1.0"
66.249.65.67 - - [31/Oct/2025:14:12:44 +0700] "GET /apkpintu.webp HTTP/1.1" 304 0 "-" "Googlebot-Image/1.0"
66.249.65.66 - - [31/Oct/2025:14:12:58 +0700] "GET / HTTP/1.1" 200 6294 "-" "Mozilla/5.0 (Linux; Android 6.0.1; Nexus 5X Build/MMB29P) AppleWebKit/537.36 (KHTML, like Gecko) Chrome/141.0.7390.122 Mobile Safari/537.36 (compatible; Googlebot/2.1; +http://www.google.com/bot.html)"
140.213.148.32 - - [31/Oct/2025:14:13:12 +0700] "GET / HTTP/1.1" 200 6294 "https://www.google.com/" "Mozilla/5.0 (Linux; Android 10; K) AppleWebKit/537.36 (KHTML, like Gecko) Chrome/140.0.0.0 Mobile Safari/537.36"
140.213.148.32 - - [31/Oct/2025:14:13:13 +0700] "GET /98cc8d55-e35a-49de-90ed-9b4775ab33e1.webp HTTP/1.1" 200 53598 "https://dayakbaru.com/" "Mozilla/5.0 (Linux; Android 10; K) AppleWebKit/537.36 (KHTML, like Gecko) Chrome/140.0.0.0 Mobile Safari/537.36"
140.213.148.32 - - [31/Oct/2025:14:13:14 +0700] "GET /logo-pintutogel.webp HTTP/1.1" 200 16706 "https://dayakbaru.com/" "Mozilla/5.0 (Linux; Android 10; K) AppleWebKit/537.36 (KHTML, like Gecko) Chrome/140.0.0.0 Mobile Safari/537.36"
140.213.148.32 - - [31/Oct/2025:14:13:14 +0700] "GET /apkpintu.webp HTTP/1.1" 200 41540 "https://dayakbaru.com/" "Mozilla/5.0 (Linux; Android 10; K) AppleWebKit/537.36 (KHTML, like Gecko) Chrome/140.0.0.0 Mobile Safari/537.36"
140.213.148.32 - - [31/Oct/2025:14:13:15 +0700] "GET /bonus-terbesar.jpg HTTP/1.1" 200 341794 "https://dayakbaru.com/" "Mozilla/5.0 (Linux; Android 10; K) AppleWebKit/537.36 (KHTML, like Gecko) Chrome/140.0.0.0 Mobile Safari/537.36"
66.249.65.66 - - [31/Oct/2025:14:13:34 +0700] "GET /bonus-terbesar.jpg HTTP/1.1" 304 0 "-" "Googlebot-Image/1.0"
66.249.65.68 - - [31/Oct/2025:14:13:35 +0700] "GET /98cc8d55-e35a-49de-90ed-9b4775ab33e1.webp HTTP/1.1" 304 0 "-" "Googlebot-Image/1.0"
66.249.65.67 - - [31/Oct/2025:14:13:35 +0700] "GET /logo-pintutogel.webp HTTP/1.1" 304 0 "-" "Googlebot-Image/1.0"
66.249.65.67 - - [31/Oct/2025:14:13:35 +0700] "GET /apkpintu.webp HTTP/1.1" 304 0 "-" "Googlebot-Image/1.0"
66.249.65.66 - - [31/Oct/2025:14:14:26 +0700] "GET / HTTP/1.1" 200 6294 "-" "Mozilla/5.0 (Linux; Android 6.0.1; Nexus 5X Build/MMB29P) AppleWebKit/537.36 (KHTML, like Gecko) Chrome/141.0.7390.122 Mobile Safari/537.36 (compatible; Googlebot/2.1; +http://www.google.com/bot.html)"
66.249.65.66 - - [31/Oct/2025:14:14:26 +0700] "GET /bonus-terbesar.jpg HTTP/1.1" 304 0 "-" "Googlebot-Image/1.0"
66.249.65.67 - - [31/Oct/2025:14:14:26 +0700] "GET /98cc8d55-e35a-49de-90ed-9b4775ab33e1.webp HTTP/1.1" 304 0 "-" "Googlebot-Image/1.0"
66.249.65.68 - - [31/Oct/2025:14:14:26 +0700] "GET /apkpintu.webp HTTP/1.1" 304 0 "-" "Googlebot-Image/1.0"
66.249.65.66 - - [31/Oct/2025:14:14:26 +0700] "GET /logo-pintutogel.webp HTTP/1.1" 304 0 "-" "Googlebot-Image/1.0"
66.249.65.67 - - [31/Oct/2025:14:14:47 +0700] "GET / HTTP/1.1" 200 6294 "-" "Mozilla/5.0 (Linux; Android 6.0.1; Nexus 5X Build/MMB29P) AppleWebKit/537.36 (KHTML, like Gecko) Chrome/141.0.7390.122 Mobile Safari/537.36 (compatible; Googlebot/2.1; +http://www.google.com/bot.html)"
66.249.65.68 - - [31/Oct/2025:14:15:11 +0700] "GET /apkpintu.webp HTTP/1.1" 304 0 "-" "Googlebot-Image/1.0"
112.215.168.19 - - [31/Oct/2025:14:15:13 +0700] "GET / HTTP/1.1" 200 6294 "https://www.google.com/" "Mozilla/5.0 (Linux; Android 10; K) AppleWebKit/537.36 (KHTML, like Gecko) Chrome/141.0.0.0 Mobile Safari/537.36"
112.215.168.19 - - [31/Oct/2025:14:15:14 +0700] "GET /98cc8d55-e35a-49de-90ed-9b4775ab33e1.webp HTTP/1.1" 200 53598 "https://dayakbaru.com/" "Mozilla/5.0 (Linux; Android 10; K) AppleWebKit/537.36 (KHTML, like Gecko) Chrome/141.0.0.0 Mobile Safari/537.36"
112.215.168.19 - - [31/Oct/2025:14:15:15 +0700] "GET /logo-pintutogel.webp HTTP/1.1" 200 16706 "https://dayakbaru.com/" "Mozilla/5.0 (Linux; Android 10; K) AppleWebKit/537.36 (KHTML, like Gecko) Chrome/141.0.0.0 Mobile Safari/537.36"
112.215.168.19 - - [31/Oct/2025:14:15:15 +0700] "GET /apkpintu.webp HTTP/1.1" 200 41540 "https://dayakbaru.com/" "Mozilla/5.0 (Linux; Android 10; K) AppleWebKit/537.36 (KHTML, like Gecko) Chrome/141.0.0.0 Mobile Safari/537.36"
112.215.168.19 - - [31/Oct/2025:14:15:16 +0700] "GET /bonus-terbesar.jpg HTTP/1.1" 200 341794 "https://dayakbaru.com/" "Mozilla/5.0 (Linux; Android 10; K) AppleWebKit/537.36 (KHTML, like Gecko) Chrome/141.0.0.0 Mobile Safari/537.36"
112.215.168.19 - - [31/Oct/2025:14:15:19 +0700] "GET / HTTP/1.1" 200 6294 "https://dayakbaru.com/" "Mozilla/5.0 (Linux; Android 10; K) AppleWebKit/537.36 (KHTML, like Gecko) Chrome/141.0.0.0 Mobile Safari/537.36"
66.249.65.67 - - [31/Oct/2025:14:15:34 +0700] "GET / HTTP/1.1" 200 6294 "-" "Mozilla/5.0 (Linux; Android 6.0.1; Nexus 5X Build/MMB29P) AppleWebKit/537.36 (KHTML, like Gecko) Chrome/141.0.7390.122 Mobile Safari/537.36 (compatible; Googlebot/2.1; +http://www.google.com/bot.html)"
66.249.65.66 - - [31/Oct/2025:14:15:35 +0700] "GET /bonus-terbesar.jpg HTTP/1.1" 304 0 "-" "Googlebot-Image/1.0"
66.249.65.66 - - [31/Oct/2025:14:15:35 +0700] "GET /98cc8d55-e35a-49de-90ed-9b4775ab33e1.webp HTTP/1.1" 304 0 "-" "Googlebot-Image/1.0"
114.10.151.160 - - [31/Oct/2025:14:15:35 +0700] "GET / HTTP/1.1" 200 6294 "https://www.google.com/" "Mozilla/5.0 (Linux; Android 10; K) AppleWebKit/537.36 (KHTML, like Gecko) Chrome/141.0.0.0 Mobile Safari/537.36"
114.10.151.160 - - [31/Oct/2025:14:15:36 +0700] "GET /98cc8d55-e35a-49de-90ed-9b4775ab33e1.webp HTTP/1.1" 200 53598 "https://dayakbaru.com/" "Mozilla/5.0 (Linux; Android 10; K) AppleWebKit/537.36 (KHTML, like Gecko) Chrome/141.0.0.0 Mobile Safari/537.36"
114.10.151.160 - - [31/Oct/2025:14:15:36 +0700] "GET /apkpintu.webp HTTP/1.1" 200 41540 "https://dayakbaru.com/" "Mozilla/5.0 (Linux; Android 10; K) AppleWebKit/537.36 (KHTML, like Gecko) Chrome/141.0.0.0 Mobile Safari/537.36"
114.10.151.160 - - [31/Oct/2025:14:15:36 +0700] "GET /logo-pintutogel.webp HTTP/1.1" 200 16706 "https://dayakbaru.com/" "Mozilla/5.0 (Linux; Android 10; K) AppleWebKit/537.36 (KHTML, like Gecko) Chrome/141.0.0.0 Mobile Safari/537.36"
66.249.65.66 - - [31/Oct/2025:14:15:36 +0700] "GET /logo-pintutogel.webp HTTP/1.1" 304 0 "-" "Googlebot-Image/1.0"
114.10.151.160 - - [31/Oct/2025:14:15:37 +0700] "GET /bonus-terbesar.jpg HTTP/1.1" 200 341794 "https://dayakbaru.com/" "Mozilla/5.0 (Linux; Android 10; K) AppleWebKit/537.36 (KHTML, like Gecko) Chrome/141.0.0.0 Mobile Safari/537.36"
66.249.65.66 - - [31/Oct/2025:14:16:08 +0700] "GET /apkpintu.webp HTTP/1.1" 304 0 "-" "Googlebot-Image/1.0"
66.249.65.66 - - [31/Oct/2025:14:16:21 +0700] "GET / HTTP/1.1" 200 6294 "-" "Mozilla/5.0 (Linux; Android 6.0.1; Nexus 5X Build/MMB29P) AppleWebKit/537.36 (KHTML, like Gecko) Chrome/141.0.7390.122 Mobile Safari/537.36 (compatible; Googlebot/2.1; +http://www.google.com/bot.html)"
66.249.65.66 - - [31/Oct/2025:14:16:26 +0700] "GET /bonus-terbesar.jpg HTTP/1.1" 304 0 "-" "Googlebot-Image/1.0"
66.249.65.66 - - [31/Oct/2025:14:16:26 +0700] "GET /98cc8d55-e35a-49de-90ed-9b4775ab33e1.webp HTTP/1.1" 304 0 "-" "Googlebot-Image/1.0"
66.249.65.66 - - [31/Oct/2025:14:16:31 +0700] "GET /logo-pintutogel.webp HTTP/1.1" 304 0 "-" "Googlebot-Image/1.0"
114.10.8.170 - - [31/Oct/2025:14:16:41 +0700] "GET / HTTP/1.1" 200 6294 "https://www.google.com/" "Mozilla/5.0 (Linux; Android 10; K) AppleWebKit/537.36 (KHTML, like Gecko) Chrome/138.0.0.0 Mobile Safari/537.36"
114.10.8.170 - - [31/Oct/2025:14:16:41 +0700] "GET /98cc8d55-e35a-49de-90ed-9b4775ab33e1.webp HTTP/1.1" 304 0 "https://dayakbaru.com/" "Mozilla/5.0 (Linux; Android 10; K) AppleWebKit/537.36 (KHTML, like Gecko) Chrome/138.0.0.0 Mobile Safari/537.36"
66.249.65.68 - - [31/Oct/2025:14:17:38 +0700] "GET / HTTP/1.1" 200 6294 "-" "Mozilla/5.0 (Linux; Android 6.0.1; Nexus 5X Build/MMB29P) AppleWebKit/537.36 (KHTML, like Gecko) Chrome/141.0.7390.122 Mobile Safari/537.36 (compatible; Googlebot/2.1; +http://www.google.com/bot.html)"
66.249.65.67 - - [31/Oct/2025:14:17:38 +0700] "GET /bonus-terbesar.jpg HTTP/1.1" 304 0 "-" "Googlebot-Image/1.0"
66.249.65.68 - - [31/Oct/2025:14:17:38 +0700] "GET /98cc8d55-e35a-49de-90ed-9b4775ab33e1.webp HTTP/1.1" 304 0 "-" "Googlebot-Image/1.0"
66.249.65.67 - - [31/Oct/2025:14:17:39 +0700] "GET /logo-pintutogel.webp HTTP/1.1" 304 0 "-" "Googlebot-Image/1.0"
66.249.65.68 - - [31/Oct/2025:14:17:39 +0700] "GET /apkpintu.webp HTTP/1.1" 304 0 "-" "Googlebot-Image/1.0"
140.213.230.139 - - [31/Oct/2025:14:17:54 +0700] "GET / HTTP/1.1" 200 6294 "https://www.google.com/" "Mozilla/5.0 (Linux; Android 10; K) AppleWebKit/537.36 (KHTML, like Gecko) Chrome/141.0.0.0 Mobile Safari/537.36"
66.249.65.68 - - [31/Oct/2025:14:18:01 +0700] "GET / HTTP/1.1" 200 6294 "-" "Mozilla/5.0 (Linux; Android 6.0.1; Nexus 5X Build/MMB29P) AppleWebKit/537.36 (KHTML, like Gecko) Chrome/141.0.7390.122 Mobile Safari/537.36 (compatible; Googlebot/2.1; +http://www.google.com/bot.html)"
43.128.80.22 - - [31/Oct/2025:14:18:09 +0700] "GET / HTTP/1.1" 200 7028 "-" "Mozilla/5.0 (Windows NT 10.0; Win64; x64) AppleWebKit/537.36 (KHTML, like Gecko) Chrome/129.0.0.0 Safari/537.36"
66.249.65.67 - - [31/Oct/2025:14:18:44 +0700] "GET /bonus-terbesar.jpg HTTP/1.1" 304 0 "-" "Googlebot-Image/1.0"
66.249.65.67 - - [31/Oct/2025:14:18:44 +0700] "GET /apkpintu.webp HTTP/1.1" 304 0 "-" "Googlebot-Image/1.0"
66.249.65.66 - - [31/Oct/2025:14:18:44 +0700] "GET /98cc8d55-e35a-49de-90ed-9b4775ab33e1.webp HTTP/1.1" 304 0 "-" "Googlebot-Image/1.0"
66.249.65.67 - - [31/Oct/2025:14:18:44 +0700] "GET /logo-pintutogel.webp HTTP/1.1" 304 0 "-" "Googlebot-Image/1.0"
66.249.65.66 - - [31/Oct/2025:14:18:49 +0700] "GET / HTTP/1.1" 200 6294 "-" "Mozilla/5.0 (Linux; Android 6.0.1; Nexus 5X Build/MMB29P) AppleWebKit/537.36 (KHTML, like Gecko) Chrome/141.0.7390.122 Mobile Safari/537.36 (compatible; Googlebot/2.1; +http://www.google.com/bot.html)"
66.249.65.68 - - [31/Oct/2025:14:19:33 +0700] "GET /bonus-terbesar.jpg HTTP/1.1" 304 0 "-" "Googlebot-Image/1.0"
66.249.65.67 - - [31/Oct/2025:14:19:33 +0700] "GET /98cc8d55-e35a-49de-90ed-9b4775ab33e1.webp HTTP/1.1" 304 0 "-" "Googlebot-Image/1.0"
66.249.65.66 - - [31/Oct/2025:14:19:33 +0700] "GET /logo-pintutogel.webp HTTP/1.1" 304 0 "-" "Googlebot-Image/1.0"
66.249.65.66 - - [31/Oct/2025:14:19:34 +0700] "GET /apkpintu.webp HTTP/1.1" 304 0 "-" "Googlebot-Image/1.0"
66.249.65.67 - - [31/Oct/2025:14:19:49 +0700] "GET / HTTP/1.1" 200 6294 "-" "Mozilla/5.0 (Linux; Android 6.0.1; Nexus 5X Build/MMB29P) AppleWebKit/537.36 (KHTML, like Gecko) Chrome/141.0.7390.122 Mobile Safari/537.36 (compatible; Googlebot/2.1; +http://www.google.com/bot.html)"
52.167.144.215 - - [31/Oct/2025:14:20:18 +0700] "GET /harga-mobil-honda-di-yogyakarta-dealer-resmi/ HTTP/1.1" 301 275 "-" "Mozilla/5.0 AppleWebKit/537.36 (KHTML, like Gecko; compatible; bingbot/2.0; +http://www.bing.com/bingbot.htm) Chrome/116.0.1938.76 Safari/537.36"
104.28.218.136 - - [31/Oct/2025:14:20:19 +0700] "GET / HTTP/1.1" 200 6294 "https://www.google.com/" "Mozilla/5.0 (Linux; Android 10; K) AppleWebKit/537.36 (KHTML, like Gecko) Chrome/141.0.0.0 Mobile Safari/537.36"
66.249.65.67 - - [31/Oct/2025:14:20:20 +0700] "GET /bonus-terbesar.jpg HTTP/1.1" 304 0 "-" "Googlebot-Image/1.0"
66.249.65.66 - - [31/Oct/2025:14:20:21 +0700] "GET /98cc8d55-e35a-49de-90ed-9b4775ab33e1.webp HTTP/1.1" 304 0 "-" "Googlebot-Image/1.0"
66.249.65.66 - - [31/Oct/2025:14:20:21 +0700] "GET /apkpintu.webp HTTP/1.1" 304 0 "-" "Googlebot-Image/1.0"
66.249.65.67 - - [31/Oct/2025:14:20:32 +0700] "GET /logo-pintutogel.webp HTTP/1.1" 304 0 "-" "Googlebot-Image/1.0"
66.249.65.67 - - [31/Oct/2025:14:21:15 +0700] "GET / HTTP/1.1" 200 6294 "-" "Mozilla/5.0 (Linux; Android 6.0.1; Nexus 5X Build/MMB29P) AppleWebKit/537.36 (KHTML, like Gecko) Chrome/141.0.7390.122 Mobile Safari/537.36 (compatible; Googlebot/2.1; +http://www.google.com/bot.html)"
66.249.65.67 - - [31/Oct/2025:14:21:15 +0700] "GET /bonus-terbesar.jpg HTTP/1.1" 304 0 "-" "Googlebot-Image/1.0"
66.249.65.67 - - [31/Oct/2025:14:21:15 +0700] "GET /98cc8d55-e35a-49de-90ed-9b4775ab33e1.webp HTTP/1.1" 304 0 "-" "Googlebot-Image/1.0"
66.249.65.66 - - [31/Oct/2025:14:21:15 +0700] "GET /apkpintu.webp HTTP/1.1" 304 0 "-" "Googlebot-Image/1.0"
114.10.24.83 - - [31/Oct/2025:14:21:22 +0700] "GET / HTTP/1.1" 200 6294 "https://www.google.com/" "Mozilla/5.0 (Linux; Android 10; K) AppleWebKit/537.36 (KHTML, like Gecko) Chrome/131.0.0.0 Mobile Safari/537.36"
66.249.65.66 - - [31/Oct/2025:14:21:24 +0700] "GET /logo-pintutogel.webp HTTP/1.1" 304 0 "-" "Googlebot-Image/1.0"
114.10.24.83 - - [31/Oct/2025:14:21:24 +0700] "GET /98cc8d55-e35a-49de-90ed-9b4775ab33e1.webp HTTP/1.1" 200 53598 "https://dayakbaru.com/" "Mozilla/5.0 (Linux; Android 10; K) AppleWebKit/537.36 (KHTML, like Gecko) Chrome/131.0.0.0 Mobile Safari/537.36"
114.10.24.83 - - [31/Oct/2025:14:21:24 +0700] "GET /logo-pintutogel.webp HTTP/1.1" 200 16706 "https://dayakbaru.com/" "Mozilla/5.0 (Linux; Android 10; K) AppleWebKit/537.36 (KHTML, like Gecko) Chrome/131.0.0.0 Mobile Safari/537.36"
210.87.89.97 - - [31/Oct/2025:14:21:24 +0700] "GET / HTTP/1.1" 200 6294 "https://www.google.com/" "Mozilla/5.0 (Linux; Android 10; K) AppleWebKit/537.36 (KHTML, like Gecko) Chrome/141.0.0.0 Mobile Safari/537.36"
114.10.24.83 - - [31/Oct/2025:14:21:25 +0700] "GET /apkpintu.webp HTTP/1.1" 200 41540 "https://dayakbaru.com/" "Mozilla/5.0 (Linux; Android 10; K) AppleWebKit/537.36 (KHTML, like Gecko) Chrome/131.0.0.0 Mobile Safari/537.36"
210.87.89.97 - - [31/Oct/2025:14:21:25 +0700] "GET /98cc8d55-e35a-49de-90ed-9b4775ab33e1.webp HTTP/1.1" 200 53598 "https://dayakbaru.com/" "Mozilla/5.0 (Linux; Android 10; K) AppleWebKit/537.36 (KHTML, like Gecko) Chrome/141.0.0.0 Mobile Safari/537.36"
114.10.24.83 - - [31/Oct/2025:14:21:26 +0700] "GET /bonus-terbesar.jpg HTTP/1.1" 200 341794 "https://dayakbaru.com/" "Mozilla/5.0 (Linux; Android 10; K) AppleWebKit/537.36 (KHTML, like Gecko) Chrome/131.0.0.0 Mobile Safari/537.36"
210.87.89.97 - - [31/Oct/2025:14:21:26 +0700] "GET /logo-pintutogel.webp HTTP/1.1" 200 16706 "https://dayakbaru.com/" "Mozilla/5.0 (Linux; Android 10; K) AppleWebKit/537.36 (KHTML, like Gecko) Chrome/141.0.0.0 Mobile Safari/537.36"
210.87.89.97 - - [31/Oct/2025:14:21:26 +0700] "GET /apkpintu.webp HTTP/1.1" 200 41540 "https://dayakbaru.com/" "Mozilla/5.0 (Linux; Android 10; K) AppleWebKit/537.36 (KHTML, like Gecko) Chrome/141.0.0.0 Mobile Safari/537.36"
210.87.89.97 - - [31/Oct/2025:14:21:28 +0700] "GET /bonus-terbesar.jpg HTTP/1.1" 200 341794 "https://dayakbaru.com/" "Mozilla/5.0 (Linux; Android 10; K) AppleWebKit/537.36 (KHTML, like Gecko) Chrome/141.0.0.0 Mobile Safari/537.36"
66.249.93.98 - - [31/Oct/2025:14:21:58 +0700] "HEAD / HTTP/1.1" 200 0 "-" "FeedBurner/1.0 (http://www.FeedBurner.com)"
66.249.93.99 - - [31/Oct/2025:14:21:59 +0700] "GET / HTTP/1.1" 200 6294 "-" "FeedBurner/1.0 (http://www.FeedBurner.com)"
36.85.232.158 - - [31/Oct/2025:14:22:18 +0700] "GET / HTTP/1.1" 200 6294 "https://www.google.com/" "Mozilla/5.0 (Linux; Android 10; K) AppleWebKit/537.36 (KHTML, like Gecko) Chrome/141.0.0.0 Mobile Safari/537.36"
36.85.232.158 - - [31/Oct/2025:14:22:19 +0700] "GET /98cc8d55-e35a-49de-90ed-9b4775ab33e1.webp HTTP/1.1" 200 53598 "https://dayakbaru.com/" "Mozilla/5.0 (Linux; Android 10; K) AppleWebKit/537.36 (KHTML, like Gecko) Chrome/141.0.0.0 Mobile Safari/537.36"
36.85.232.158 - - [31/Oct/2025:14:22:19 +0700] "GET /logo-pintutogel.webp HTTP/1.1" 200 16706 "https://dayakbaru.com/" "Mozilla/5.0 (Linux; Android 10; K) AppleWebKit/537.36 (KHTML, like Gecko) Chrome/141.0.0.0 Mobile Safari/537.36"
36.85.232.158 - - [31/Oct/2025:14:22:20 +0700] "GET /apkpintu.webp HTTP/1.1" 200 41540 "https://dayakbaru.com/" "Mozilla/5.0 (Linux; Android 10; K) AppleWebKit/537.36 (KHTML, like Gecko) Chrome/141.0.0.0 Mobile Safari/537.36"
36.85.232.158 - - [31/Oct/2025:14:22:23 +0700] "GET /bonus-terbesar.jpg HTTP/1.1" 200 341794 "https://dayakbaru.com/" "Mozilla/5.0 (Linux; Android 10; K) AppleWebKit/537.36 (KHTML, like Gecko) Chrome/141.0.0.0 Mobile Safari/537.36"
66.249.65.68 - - [31/Oct/2025:14:22:24 +0700] "GET / HTTP/1.1" 200 6294 "-" "Mozilla/5.0 (Linux; Android 6.0.1; Nexus 5X Build/MMB29P) AppleWebKit/537.36 (KHTML, like Gecko) Chrome/141.0.7390.122 Mobile Safari/537.36 (compatible; Googlebot/2.1; +http://www.google.com/bot.html)"
66.249.65.68 - - [31/Oct/2025:14:22:24 +0700] "GET /bonus-terbesar.jpg HTTP/1.1" 304 0 "-" "Googlebot-Image/1.0"
66.249.65.67 - - [31/Oct/2025:14:22:24 +0700] "GET /98cc8d55-e35a-49de-90ed-9b4775ab33e1.webp HTTP/1.1" 304 0 "-" "Googlebot-Image/1.0"
66.249.65.67 - - [31/Oct/2025:14:22:29 +0700] "GET /logo-pintutogel.webp HTTP/1.1" 304 0 "-" "Googlebot-Image/1.0"
66.249.65.67 - - [31/Oct/2025:14:23:30 +0700] "GET /logo-pintutogel.webp HTTP/1.1" 304 0 "-" "Googlebot-Image/1.0"
66.249.65.67 - - [31/Oct/2025:14:23:30 +0700] "GET /apkpintu.webp HTTP/1.1" 304 0 "-" "Googlebot-Image/1.0"
66.249.65.67 - - [31/Oct/2025:14:23:37 +0700] "GET / HTTP/1.1" 200 6294 "-" "Mozilla/5.0 (Linux; Android 6.0.1; Nexus 5X Build/MMB29P) AppleWebKit/537.36 (KHTML, like Gecko) Chrome/141.0.7390.122 Mobile Safari/537.36 (compatible; Googlebot/2.1; +http://www.google.com/bot.html)"
66.249.65.67 - - [31/Oct/2025:14:23:37 +0700] "GET /bonus-terbesar.jpg HTTP/1.1" 304 0 "-" "Googlebot-Image/1.0"
66.249.65.67 - - [31/Oct/2025:14:23:38 +0700] "GET /98cc8d55-e35a-49de-90ed-9b4775ab33e1.webp HTTP/1.1" 304 0 "-" "Googlebot-Image/1.0"
66.249.65.66 - - [31/Oct/2025:14:24:48 +0700] "GET / HTTP/1.1" 200 6294 "-" "Mozilla/5.0 (Linux; Android 6.0.1; Nexus 5X Build/MMB29P) AppleWebKit/537.36 (KHTML, like Gecko) Chrome/141.0.7390.122 Mobile Safari/537.36 (compatible; Googlebot/2.1; +http://www.google.com/bot.html)"
66.249.65.67 - - [31/Oct/2025:14:24:48 +0700] "GET /bonus-terbesar.jpg HTTP/1.1" 304 0 "-" "Googlebot-Image/1.0"
66.249.65.66 - - [31/Oct/2025:14:24:48 +0700] "GET /98cc8d55-e35a-49de-90ed-9b4775ab33e1.webp HTTP/1.1" 304 0 "-" "Googlebot-Image/1.0"
66.249.65.66 - - [31/Oct/2025:14:24:58 +0700] "GET /apkpintu.webp HTTP/1.1" 304 0 "-" "Googlebot-Image/1.0"
66.249.65.66 - - [31/Oct/2025:14:24:58 +0700] "GET /logo-pintutogel.webp HTTP/1.1" 304 0 "-" "Googlebot-Image/1.0"
66.249.65.67 - - [31/Oct/2025:14:25:42 +0700] "GET / HTTP/1.1" 200 6294 "-" "Mozilla/5.0 (Linux; Android 6.0.1; Nexus 5X Build/MMB29P) AppleWebKit/537.36 (KHTML, like Gecko) Chrome/141.0.7390.122 Mobile Safari/537.36 (compatible; Googlebot/2.1; +http://www.google.com/bot.html)"
66.249.65.68 - - [31/Oct/2025:14:25:43 +0700] "GET /98cc8d55-e35a-49de-90ed-9b4775ab33e1.webp HTTP/1.1" 304 0 "-" "Googlebot-Image/1.0"
66.249.65.68 - - [31/Oct/2025:14:25:43 +0700] "GET /bonus-terbesar.jpg HTTP/1.1" 304 0 "-" "Googlebot-Image/1.0"
66.249.65.66 - - [31/Oct/2025:14:25:43 +0700] "GET /apkpintu.webp HTTP/1.1" 304 0 "-" "Googlebot-Image/1.0"
66.249.65.67 - - [31/Oct/2025:14:25:44 +0700] "GET /logo-pintutogel.webp HTTP/1.1" 304 0 "-" "Googlebot-Image/1.0"
43.173.178.202 - - [31/Oct/2025:14:25:47 +0700] "GET /tag/master-seo-indonesia-terbaik/ HTTP/1.1" 302 206 "-" "Mozilla/5.0 (Windows NT 6.1; Win64; x64) AppleWebKit/537.36 (KHTML, like Gecko) Chrome/126.0.6478.114 Safari/537.36"
43.173.178.202 - - [31/Oct/2025:14:25:47 +0700] "GET / HTTP/1.1" 200 7028 "https://dayakbaru.com/tag/master-seo-indonesia-terbaik/" "Mozilla/5.0 (Windows NT 6.1; Win64; x64) AppleWebKit/537.36 (KHTML, like Gecko) Chrome/126.0.6478.114 Safari/537.36"
66.249.65.68 - - [31/Oct/2025:14:26:28 +0700] "GET /bonus-terbesar.jpg HTTP/1.1" 304 0 "-" "Googlebot-Image/1.0"
66.249.65.66 - - [31/Oct/2025:14:26:28 +0700] "GET /98cc8d55-e35a-49de-90ed-9b4775ab33e1.webp HTTP/1.1" 304 0 "-" "Googlebot-Image/1.0"
66.249.65.68 - - [31/Oct/2025:14:26:29 +0700] "GET /logo-pintutogel.webp HTTP/1.1" 304 0 "-" "Googlebot-Image/1.0"
66.249.65.66 - - [31/Oct/2025:14:26:30 +0700] "GET /apkpintu.webp HTTP/1.1" 304 0 "-" "Googlebot-Image/1.0"
182.8.162.92 - - [31/Oct/2025:14:26:31 +0700] "GET / HTTP/1.1" 200 6294 "https://www.google.com/" "Mozilla/5.0 (Linux; Android 10; K) AppleWebKit/537.36 (KHTML, like Gecko) Chrome/135.0.0.0 Mobile Safari/537.36"
182.8.162.92 - - [31/Oct/2025:14:26:32 +0700] "GET /98cc8d55-e35a-49de-90ed-9b4775ab33e1.webp HTTP/1.1" 304 0 "https://dayakbaru.com/" "Mozilla/5.0 (Linux; Android 10; K) AppleWebKit/537.36 (KHTML, like Gecko) Chrome/135.0.0.0 Mobile Safari/537.36"
182.8.162.92 - - [31/Oct/2025:14:26:32 +0700] "GET /logo-pintutogel.webp HTTP/1.1" 304 0 "https://dayakbaru.com/" "Mozilla/5.0 (Linux; Android 10; K) AppleWebKit/537.36 (KHTML, like Gecko) Chrome/135.0.0.0 Mobile Safari/537.36"
